[INFO] fetching crate den-core 0.1.0...
[INFO] testing den-core-0.1.0 against 1.99.0-beta.8+cargoflags=--release for beta-release-1.100-2
[INFO] extracting crate den-core 0.1.0 into /workspace/builds/worker-4-tc1/source
[INFO] started tweaking crates.io crate den-core 0.1.0
[INFO] removed 0 missing tests
[INFO] finished tweaking crates.io crate den-core 0.1.0
[INFO] tweaked toml for crates.io crate den-core 0.1.0 written to /workspace/builds/worker-4-tc1/source/Cargo.toml
[INFO] validating manifest of crates.io crate den-core 0.1.0 on toolchain 1.99.0-beta.8
[INFO] running `Command { std: CARGO_HOME="/workspace/cargo-home" RUSTUP_HOME="/workspace/rustup-home" "/workspace/cargo-home/bin/cargo" "+1.99.0-beta.8" "metadata" "--manifest-path" "Cargo.toml" "--no-deps", kill_on_drop: false }`
[INFO] crate crates.io crate den-core 0.1.0 already has a lockfile, it will not be regenerated
[INFO] running `Command { std: CARGO_HOME="/workspace/cargo-home" RUSTUP_HOME="/workspace/rustup-home" "/workspace/cargo-home/bin/cargo" "+1.99.0-beta.8" "fetch" "--manifest-path" "Cargo.toml", kill_on_drop: false }`
[INFO] [stderr]     Updating crates.io index
[INFO] [stderr]  Downloading crates ...
[INFO] [stderr]   Downloaded unsafe-libyaml-norway v0.2.15
[INFO] [stderr]   Downloaded windows-targets v0.53.5
[INFO] [stderr]   Downloaded gix-config-value v0.19.1
[INFO] [stderr]   Downloaded gix-macros v0.1.6
[INFO] [stderr]   Downloaded gix-trace v0.1.21
[INFO] [stderr]   Downloaded gix-shallow v0.13.0
[INFO] [stderr]   Downloaded i18n-embed-impl v0.8.4
[INFO] [stderr]   Downloaded i18n-config v0.4.8
[INFO] [stderr]   Downloaded serde_norway v0.9.42
[INFO] [stderr]   Downloaded gix-quote v0.8.0
[INFO] [stderr]   Downloaded find-crate v0.6.3
[INFO] [stderr]   Downloaded gix-validate v0.11.4
[INFO] [stderr]   Downloaded gix-chunk v0.8.0
[INFO] [stderr]   Downloaded gix-sec v0.14.2
[INFO] [stderr]   Downloaded gix-note v0.1.1
[INFO] [stderr]   Downloaded salsa20 v0.10.2
[INFO] [stderr]   Downloaded proc-macro-error-attr3 v3.1.1
[INFO] [stderr]   Downloaded intl-memoizer v0.5.3
[INFO] [stderr]   Downloaded gix-actor v0.42.0
[INFO] [stderr]   Downloaded gix-lock v24.0.0
[INFO] [stderr]   Downloaded gix-bitmap v0.4.0
[INFO] [stderr]   Downloaded gix-ignore v0.22.1
[INFO] [stderr]   Downloaded keccak v0.1.6
[INFO] [stderr]   Downloaded pbkdf2 v0.12.2
[INFO] [stderr]   Downloaded rust-embed-utils v8.12.0
[INFO] [stderr]   Downloaded rust-embed-impl v8.12.0
[INFO] [stderr]   Downloaded kem v0.3.0-pre.0
[INFO] [stderr]   Downloaded unic-langid v0.9.6
[INFO] [stderr]   Downloaded inotify-sys v0.1.8
[INFO] [stderr]   Downloaded gix-commitgraph v0.39.0
[INFO] [stderr]   Downloaded gix-worktree v0.56.0
[INFO] [stderr]   Downloaded unicase v2.9.0
[INFO] [stderr]   Downloaded notify-types v2.1.0
[INFO] [stderr]   Downloaded kqueue-sys v1.1.2
[INFO] [stderr]   Downloaded fsevent-sys v4.1.0
[INFO] [stderr]   Downloaded smallvec v1.16.1
[INFO] [stderr]   Downloaded gix-utils v0.3.6
[INFO] [stderr]   Downloaded gix-tempfile v24.0.0
[INFO] [stderr]   Downloaded gix-fs v0.22.1
[INFO] [stderr]   Downloaded gix-hashtable v0.16.0
[INFO] [stderr]   Downloaded gix-hash v0.26.2
[INFO] [stderr]   Downloaded gix-date v0.16.0
[INFO] [stderr]   Downloaded gix-command v0.10.1
[INFO] [stderr]   Downloaded gix-submodule v0.34.0
[INFO] [stderr]   Downloaded gix-refspec v0.45.1
[INFO] [stderr]   Downloaded scrypt v0.11.0
[INFO] [stderr]   Downloaded i18n-embed-fl v0.10.1
[INFO] [stderr]   Downloaded basic-toml v0.1.10
[INFO] [stderr]   Downloaded fluent v0.17.0
[INFO] [stderr]   Downloaded intl_pluralrules v7.0.2
[INFO] [stderr]   Downloaded secrecy v0.10.3
[INFO] [stderr]   Downloaded gix-zlib v0.1.0
[INFO] [stderr]   Downloaded gix-revwalk v0.35.0
[INFO] [stderr]   Downloaded gix-packetline v0.22.2
[INFO] [stderr]   Downloaded gix-attributes v0.35.0
[INFO] [stderr]   Downloaded mime_guess v2.0.5
[INFO] [stderr]   Downloaded kqueue v1.2.1
[INFO] [stderr]   Downloaded inotify v0.11.5
[INFO] [stderr]   Downloaded gix-error v0.3.2
[INFO] [stderr]   Downloaded gix-url v0.38.0
[INFO] [stderr]   Downloaded gix-discover v0.55.0
[INFO] [stderr]   Downloaded gix-revision v0.49.1
[INFO] [stderr]   Downloaded proc-macro-error3 v3.1.1
[INFO] [stderr]   Downloaded notify v8.2.0
[INFO] [stderr]   Downloaded gix-worktree-stream v0.36.1
[INFO] [stderr]   Downloaded gix-path v0.12.6
[INFO] [stderr]   Downloaded gix-pathspec v0.20.0
[INFO] [stderr]   Downloaded gix-imara-diff v0.2.5
[INFO] [stderr]   Downloaded gix-blame v0.17.1
[INFO] [stderr]   Downloaded hybrid-array v0.2.3
[INFO] [stderr]   Downloaded i18n-embed v0.16.0
[INFO] [stderr]   Downloaded console v0.16.6
[INFO] [stderr]   Downloaded gix-traverse v0.61.0
[INFO] [stderr]   Downloaded gix-features v0.49.1
[INFO] [stderr]   Downloaded gix-filter v0.34.0
[INFO] [stderr]   Downloaded gix-glob v0.27.1
[INFO] [stderr]   Downloaded gix-dir v0.29.1
[INFO] [stderr]   Downloaded ml-kem v0.2.3
[INFO] [stderr]   Downloaded fluent-langneg v0.13.1
[INFO] [stderr]   Downloaded similar v2.7.0
[INFO] [stderr]   Downloaded gix-index v0.55.0
[INFO] [stderr]   Downloaded gix-ref v0.67.1
[INFO] [stderr]   Downloaded gix-status v0.34.1
[INFO] [stderr]   Downloaded gix-protocol v0.65.1
[INFO] [stderr]   Downloaded gix-object v0.64.1
[INFO] [stderr]   Downloaded gix-config v0.60.0
[INFO] [stderr]   Downloaded gix-diff v0.67.1
[INFO] [stderr]   Downloaded gix-transport v0.59.2
[INFO] [stderr]   Downloaded x25519-dalek v2.0.1
[INFO] [stderr]   Downloaded unic-langid-impl v0.9.6
[INFO] [stderr]   Downloaded io_tee v0.1.1
[INFO] [stderr]   Downloaded libproc v0.14.11
[INFO] [stderr]   Downloaded gix-odb v0.84.0
[INFO] [stderr]   Downloaded age-core v0.12.0
[INFO] [stderr]   Downloaded fluent-syntax v0.12.0
[INFO] [stderr]   Downloaded self_cell v1.3.0
[INFO] [stderr]   Downloaded poly1305 v0.8.0
[INFO] [stderr]   Downloaded cookie-factory v0.3.3
[INFO] [stderr]   Downloaded insta v1.48.0
[INFO] [stderr]   Downloaded zerocopy-derive v0.8.58
[INFO] [stderr]   Downloaded fluent-bundle v0.16.0
[INFO] [stderr]   Downloaded chacha20poly1305 v0.10.1
[INFO] [stderr]   Downloaded chacha20 v0.9.1
[INFO] [stderr]   Downloaded gix-pack v0.74.2
[INFO] [stderr]   Downloaded age v0.12.1
[INFO] [stderr]   Downloaded zerocopy v0.8.58
[INFO] [stderr]   Downloaded gix v0.87.1
[INFO] [stderr]   Downloaded windows_aarch64_gnullvm v0.53.1
[INFO] [stderr]   Downloaded windows_x86_64_gnullvm v0.53.1
[INFO] [stderr]   Downloaded windows_x86_64_msvc v0.53.1
[INFO] [stderr]   Downloaded sha3 v0.10.9
[INFO] [stderr]   Downloaded windows_aarch64_msvc v0.53.1
[INFO] [stderr]   Downloaded sha1-checked v0.10.0
[INFO] [stderr]   Downloaded windows_i686_gnullvm v0.53.1
[INFO] [stderr]   Downloaded rust-embed v8.12.0
[INFO] [stderr]   Downloaded windows_x86_64_gnu v0.53.1
[INFO] [stderr]   Downloaded windows_i686_msvc v0.53.1
[INFO] [stderr]   Downloaded windows_i686_gnu v0.53.1
[INFO] [stderr]   Downloaded hpke v0.12.0
[INFO] running `Command { std: "docker" "create" "-v" "/var/lib/crater-agent-workspace/builds/worker-4-tc1/source:/opt/rustwide/workdir:ro,Z" "-v" "/var/lib/crater-agent-workspace/builds/worker-4-tc1/target:/opt/rustwide/target:rw,Z" "-v" "/var/lib/crater-agent-workspace/cargo-home:/opt/rustwide/cargo-home:ro,Z" "-v" "/var/lib/crater-agent-workspace/rustup-home:/opt/rustwide/rustup-home:ro,Z" "-m" "1610612736" "--network" "none" "ghcr.io/rust-lang/crates-build-env/linux@sha256:77db811e55d90add9212f6832c23229e3de5f1c1f9905e8cb07319ea15df73ac" "sleep" "infinity", kill_on_drop: false }`
[INFO] [stdout] 5fd7dbdc80d773ef4b7498f7d65d276301223194d1a8eaaf1592f512fa6d2a16
[INFO] running `Command { std: "docker" "start" "5fd7dbdc80d773ef4b7498f7d65d276301223194d1a8eaaf1592f512fa6d2a16", kill_on_drop: false }`
[INFO] running `Command { std: "docker" "inspect" "5fd7dbdc80d773ef4b7498f7d65d276301223194d1a8eaaf1592f512fa6d2a16", kill_on_drop: false }`
[INFO] running `Command { std: "docker" "exec" "-e" "SOURCE_DIR=/opt/rustwide/workdir" "-e" "CARGO_HOME=/opt/rustwide/cargo-home" "-e" "RUSTUP_HOME=/opt/rustwide/rustup-home" "-e" "CARGO_TARGET_DIR=/opt/rustwide/target" "-w" "/opt/rustwide/workdir" "--user" "0:0" "5fd7dbdc80d773ef4b7498f7d65d276301223194d1a8eaaf1592f512fa6d2a16" "/opt/rustwide/cargo-home/bin/cargo" "+1.99.0-beta.8" "metadata" "--no-deps" "--format-version=1", kill_on_drop: false }`
[INFO] running `Command { std: "docker" "inspect" "5fd7dbdc80d773ef4b7498f7d65d276301223194d1a8eaaf1592f512fa6d2a16", kill_on_drop: false }`
[INFO] running `Command { std: "docker" "exec" "-e" "SOURCE_DIR=/opt/rustwide/workdir" "-e" "CARGO_HOME=/opt/rustwide/cargo-home" "-e" "RUSTUP_HOME=/opt/rustwide/rustup-home" "-e" "CARGO_TARGET_DIR=/opt/rustwide/target" "-e" "CARGO_INCREMENTAL=0" "-e" "RUST_BACKTRACE=full" "-e" "RUSTFLAGS=--cap-lints=warn" "-e" "RUSTDOCFLAGS=--cap-lints=warn" "-w" "/opt/rustwide/workdir" "--user" "0:0" "5fd7dbdc80d773ef4b7498f7d65d276301223194d1a8eaaf1592f512fa6d2a16" "/opt/rustwide/cargo-home/bin/cargo" "+1.99.0-beta.8" "build" "--frozen" "--message-format=json" "--release", kill_on_drop: false }`
[INFO] [stderr]    Compiling unicode-ident v1.0.26
[INFO] [stderr]    Compiling libc v0.2.189
[INFO] [stderr]    Compiling typenum v1.20.1
[INFO] [stderr]    Compiling generic-array v0.14.7
[INFO] [stderr]    Compiling thiserror v2.0.21
[INFO] [stderr]    Compiling subtle v2.6.1
[INFO] [stderr]    Compiling regex-automata v0.4.18
[INFO] [stderr]    Compiling parking_lot_core v0.9.12
[INFO] [stderr]    Compiling smallvec v1.16.1
[INFO] [stderr]    Compiling proc-macro2 v1.0.107
[INFO] [stderr]    Compiling getrandom v0.4.3
[INFO] [stderr]    Compiling same-file v1.0.6
[INFO] [stderr]    Compiling lock_api v0.4.14
[INFO] [stderr]    Compiling walkdir v2.5.0
[INFO] [stderr]    Compiling gix-trace v0.1.21
[INFO] [stderr]    Compiling fastrand v2.5.0
[INFO] [stderr]    Compiling tinyvec v1.13.3
[INFO] [stderr]    Compiling bitflags v2.13.2
[INFO] [stderr]    Compiling crc32fast v1.5.2
[INFO] [stderr]    Compiling quote v1.0.47
[INFO] [stderr]    Compiling syn v3.0.6
[INFO] [stderr]    Compiling syn v2.0.119
[INFO] [stderr]    Compiling byteorder v1.5.0
[INFO] [stderr]    Compiling unicode-normalization v0.1.25
[INFO] [stderr]    Compiling heapless v0.8.0
[INFO] [stderr]    Compiling hash32 v0.3.1
[INFO] [stderr]    Compiling faster-hex v0.10.1
[INFO] [stderr]    Compiling rustix v1.1.5
[INFO] [stderr]    Compiling equivalent v1.0.2
[INFO] [stderr]    Compiling bstr v1.13.1
[INFO] [stderr]    Compiling foldhash v0.2.0
[INFO] [stderr]    Compiling crossbeam-utils v0.8.23
[INFO] [stderr]    Compiling linux-raw-sys v0.12.1
[INFO] [stderr]    Compiling gix-validate v0.11.4
[INFO] [stderr]    Compiling gix-error v0.3.2
[INFO] [stderr]    Compiling hashbrown v0.17.1
[INFO] [stderr]    Compiling hashbrown v0.14.5
[INFO] [stderr]    Compiling jiff-core v0.1.1
[INFO] [stderr]    Compiling getrandom v0.2.17
[INFO] [stderr]    Compiling rand_core v0.6.4
[INFO] [stderr]    Compiling serde v1.0.229
[INFO] [stderr]    Compiling parking_lot v0.12.5
[INFO] [stderr]    Compiling gix-utils v0.3.6
[INFO] [stderr]    Compiling serde_core v1.0.229
[INFO] [stderr]    Compiling dashmap v6.2.1
[INFO] [stderr]    Compiling prodash v31.0.0
[INFO] [stderr]    Compiling gix-quote v0.8.0
[INFO] [stderr]    Compiling jiff v0.2.37
[INFO] [stderr]    Compiling memmap2 v0.9.11
[INFO] [stderr]    Compiling tempfile v3.27.0
[INFO] [stderr]    Compiling gix-chunk v0.8.0
[INFO] [stderr]    Compiling nonempty v0.12.0
[INFO] [stderr]    Compiling unicode-bom v2.0.3
[INFO] [stderr]    Compiling const-oid v0.10.2
[INFO] [stderr]    Compiling unicase v2.9.0
[INFO] [stderr]    Compiling thiserror-impl v2.0.21
[INFO] [stderr]    Compiling displaydoc v0.2.7
[INFO] [stderr]    Compiling serde_derive v1.0.229
[INFO] [stderr]    Compiling mime_guess v2.0.5
[INFO] [stderr]    Compiling hybrid-array v0.4.15
[INFO] [stderr]    Compiling tinystr v0.8.4
[INFO] [stderr]    Compiling cpufeatures v0.3.1
[INFO] [stderr]    Compiling unic-langid-impl v0.9.6
[INFO] [stderr]    Compiling gix-sec v0.14.2
[INFO] [stderr]    Compiling block-buffer v0.12.1
[INFO] [stderr]    Compiling crypto-common v0.2.2
[INFO] [stderr]    Compiling gix-path v0.12.6
[INFO] [stderr]    Compiling gix-features v0.49.1
[INFO] [stderr]    Compiling zeroize_derive v1.5.0
[INFO] [stderr]    Compiling gix-command v0.10.1
[INFO] [stderr]    Compiling gix-fs v0.22.1
[INFO] [stderr]    Compiling gix-glob v0.27.1
[INFO] [stderr]    Compiling thiserror-impl v1.0.69
[INFO] [stderr]    Compiling zeroize v1.9.0
[INFO] [stderr]    Compiling gix-tempfile v24.0.0
[INFO] [stderr]    Compiling digest v0.11.3
[INFO] [stderr]    Compiling gix-attributes v0.35.0
[INFO] [stderr]    Compiling gix-lock v24.0.0
[INFO] [stderr]    Compiling sha2 v0.11.0
[INFO] [stderr]    Compiling gix-date v0.16.0
[INFO] [stderr]    Compiling crypto-common v0.1.7
[INFO] [stderr]    Compiling block-buffer v0.10.4
[INFO] [stderr]    Compiling inout v0.1.4
[INFO] [stderr]    Compiling digest v0.10.7
[INFO] [stderr]    Compiling cipher v0.4.4
[INFO] [stderr]    Compiling gix-actor v0.42.0
[INFO] [stderr]    Compiling sha1 v0.10.7
[INFO] [stderr]    Compiling hmac v0.12.1
[INFO] [stderr]    Compiling sha1-checked v0.10.0
[INFO] [stderr]    Compiling universal-hash v0.5.1
[INFO] [stderr]    Compiling gix-config-value v0.19.1
[INFO] [stderr]    Compiling mime v0.3.17
[INFO] [stderr]    Compiling gix-hash v0.26.2
[INFO] [stderr]    Compiling unic-langid v0.9.6
[INFO] [stderr]    Compiling der v0.7.10
[INFO] [stderr]    Compiling gix-hashtable v0.16.0
[INFO] [stderr]    Compiling gix-commitgraph v0.39.0
[INFO] [stderr]    Compiling gix-object v0.64.1
[INFO] [stderr]    Compiling rust-embed-utils v8.12.0
[INFO] [stderr]    Compiling gix-packetline v0.22.2
[INFO] [stderr]    Compiling thiserror v1.0.69
[INFO] [stderr]    Compiling ff v0.13.1
[INFO] [stderr]    Compiling filetime v0.2.29
[INFO] [stderr]    Compiling gix-bitmap v0.4.0
[INFO] [stderr]    Compiling zerocopy v0.8.58
[INFO] [stderr]    Compiling futures-sink v0.3.34
[INFO] [stderr]    Compiling base16ct v0.2.0
[INFO] [stderr]    Compiling futures-core v0.3.34
[INFO] [stderr]    Compiling rustc-hash v2.1.3
[INFO] [stderr]    Compiling type-map v0.5.1
[INFO] [stderr]    Compiling futures-channel v0.3.34
[INFO] [stderr]    Compiling sec1 v0.7.3
[INFO] [stderr]    Compiling group v0.13.0
[INFO] [stderr]    Compiling rust-embed-impl v8.12.0
[INFO] [stderr]    Compiling gix-pathspec v0.20.0
[INFO] [stderr]    Compiling basic-toml v0.1.10
[INFO] [stderr]    Compiling toml v0.5.11
[INFO] [stderr]    Compiling gix-revwalk v0.35.0
[INFO] [stderr]    Compiling gix-ref v0.67.1
[INFO] [stderr]    Compiling hkdf v0.12.4
[INFO] [stderr]    Compiling crypto-bigint v0.5.5
[INFO] [stderr]    Compiling gix-traverse v0.61.0
[INFO] [stderr]    Compiling gix-ignore v0.22.1
[INFO] [stderr]    Compiling gix-index v0.55.0
[INFO] [stderr]    Compiling futures-macro v0.3.34
[INFO] [stderr]    Compiling semver v1.0.28
[INFO] [stderr]    Compiling slab v0.4.12
[INFO] [stderr]    Compiling log v0.4.34
[INFO] [stderr]    Compiling futures-io v0.3.34
[INFO] [stderr]    Compiling futures-task v0.3.34
[INFO] [stderr]    Compiling gix-worktree v0.56.0
[INFO] [stderr]    Compiling futures-util v0.3.34
[INFO] [stderr]    Compiling fluent-syntax v0.12.0
[INFO] [stderr]    Compiling i18n-config v0.4.8
[INFO] [stderr]    Compiling rustc_version v0.4.1
[INFO] [stderr]    Compiling elliptic-curve v0.13.8
[INFO] [stderr]    Compiling find-crate v0.6.3
[INFO] [stderr]    Compiling intl-memoizer v0.5.3
[INFO] [stderr]    Compiling polyval v0.6.2
[INFO] [stderr]    Compiling intl_pluralrules v7.0.2
[INFO] [stderr]    Compiling fluent-langneg v0.13.1
[INFO] [stderr]    Compiling aead v0.5.2
[INFO] [stderr]    Compiling self_cell v1.3.0
[INFO] [stderr]    Compiling scopeguard v1.2.0
[INFO] [stderr]    Compiling gix-url v0.38.0
[INFO] [stderr]    Compiling fluent-bundle v0.16.0
[INFO] [stderr]    Compiling ghash v0.5.1
[INFO] [stderr]    Compiling primeorder v0.13.6
[INFO] [stderr]    Compiling i18n-embed-impl v0.8.4
[INFO] [stderr]    Compiling curve25519-dalek v4.1.3
[INFO] [stderr]    Compiling gix-filter v0.34.0
[INFO] [stderr]    Compiling poly1305 v0.8.0
[INFO] [stderr]    Compiling futures-executor v0.3.34
[INFO] [stderr]    Compiling chacha20 v0.9.1
[INFO] [stderr]    Compiling ctr v0.9.2
[INFO] [stderr]    Compiling aes v0.8.4
[INFO] [stderr]    Compiling sha2 v0.10.9
[INFO] [stderr]    Compiling arc-swap v1.9.2
[INFO] [stderr]    Compiling gix-imara-diff v0.2.5
[INFO] [stderr]    Compiling hashbrown v0.16.1
[INFO] [stderr]    Compiling inotify-sys v0.1.8
[INFO] [stderr]    Compiling zlib-rs v0.6.8
[INFO] [stderr]    Compiling clru v0.6.3
[INFO] [stderr]    Compiling aes-gcm v0.10.3
[INFO] [stderr]    Compiling gix-diff v0.67.1
[INFO] [stderr]    Compiling chacha20poly1305 v0.10.1
[INFO] [stderr]    Compiling futures v0.3.34
[INFO] [stderr]    Compiling p256 v0.13.2
[INFO] [stderr]    Compiling fluent v0.17.0
[INFO] [stderr]    Compiling ppv-lite86 v0.2.21
[INFO] [stderr]    Compiling gix-discover v0.55.0
[INFO] [stderr]    Compiling rust-embed v8.12.0
[INFO] [stderr]    Compiling curve25519-dalek-derive v0.1.1
[INFO] [stderr]    Compiling rand_chacha v0.3.1
[INFO] [stderr]    Compiling memoffset v0.9.1
[INFO] [stderr]    Compiling proc-macro-error-attr3 v3.1.1
[INFO] [stderr]    Compiling keccak v0.1.6
[INFO] [stderr]    Compiling cfg_aliases v0.2.2
[INFO] [stderr]    Compiling nix v0.31.3
[INFO] [stderr]    Compiling proc-macro-error3 v3.1.1
[INFO] [stderr]    Compiling sha3 v0.10.9
[INFO] [stderr]    Compiling i18n-embed v0.16.0
[INFO] [stderr]    Compiling rand v0.8.8
[INFO] [stderr]    Compiling gix-zlib v0.1.0
[INFO] [stderr]    Compiling gix-pack v0.74.2
[INFO] [stderr]    Compiling gix-dir v0.29.1
[INFO] [stderr]    Compiling hpke v0.12.0
[INFO] [stderr]    Compiling cookie-factory v0.3.3
[INFO] [stderr]    Compiling gix-transport v0.59.2
[INFO] [stderr]    Compiling gix-config v0.60.0
[INFO] [stderr]    Compiling gix-refspec v0.45.1
[INFO] [stderr]    Compiling gix-shallow v0.13.0
[INFO] [stderr]    Compiling pbkdf2 v0.12.2
[INFO] [stderr]    Compiling salsa20 v0.10.2
[INFO] [stderr]    Compiling secrecy v0.10.3
[INFO] [stderr]    Compiling kem v0.3.0-pre.0
[INFO] [stderr]    Compiling gix-macros v0.1.6
[INFO] [stderr]    Compiling pin-project-internal v1.1.13
[INFO] [stderr]    Compiling hybrid-array v0.2.3
[INFO] [stderr]    Compiling nom v8.0.0
[INFO] [stderr]    Compiling io_tee v0.1.1
[INFO] [stderr]    Compiling base64 v0.22.1
[INFO] [stderr]    Compiling serde_json v1.0.151
[INFO] [stderr]    Compiling bech32 v0.11.1
[INFO] [stderr]    Compiling strsim v0.11.1
[INFO] [stderr]    Compiling pin-project v1.1.13
[INFO] [stderr]    Compiling gix-submodule v0.34.0
[INFO] [stderr]    Compiling i18n-embed-fl v0.10.1
[INFO] [stderr]    Compiling ml-kem v0.2.3
[INFO] [stderr]    Compiling gix-protocol v0.65.1
[INFO] [stderr]    Compiling scrypt v0.11.0
[INFO] [stderr]    Compiling gix-odb v0.84.0
[INFO] [stderr]    Compiling x25519-dalek v2.0.1
[INFO] [stderr]    Compiling inotify v0.11.5
[INFO] [stderr]    Compiling gix-status v0.34.1
[INFO] [stderr]    Compiling gix-blame v0.17.1
[INFO] [stderr]    Compiling mio v1.2.3
[INFO] [stderr]    Compiling gix-revision v0.49.1
[INFO] [stderr]    Compiling indexmap v2.14.2
[INFO] [stderr]    Compiling notify-types v2.1.0
[INFO] [stderr]    Compiling lazy_static v1.5.0
[INFO] [stderr]    Compiling unsafe-libyaml-norway v0.2.15
[INFO] [stderr]    Compiling age-core v0.12.0
[INFO] [stderr]    Compiling notify v8.2.0
[INFO] [stderr]    Compiling gix v0.87.1
[INFO] [stderr]    Compiling serde_norway v0.9.42
[INFO] [stderr]    Compiling age v0.12.1
[INFO] [stderr]    Compiling gethostname v1.1.0
[INFO] [stderr]    Compiling den-core v0.1.0 (/opt/rustwide/workdir)
[INFO] [stderr]     Finished `release` profile [optimized] target(s) in 6m 00s
[INFO] running `Command { std: "docker" "inspect" "5fd7dbdc80d773ef4b7498f7d65d276301223194d1a8eaaf1592f512fa6d2a16", kill_on_drop: false }`
[INFO] running `Command { std: "docker" "exec" "-e" "SOURCE_DIR=/opt/rustwide/workdir" "-e" "CARGO_HOME=/opt/rustwide/cargo-home" "-e" "RUSTUP_HOME=/opt/rustwide/rustup-home" "-e" "CARGO_TARGET_DIR=/opt/rustwide/target" "-e" "CARGO_INCREMENTAL=0" "-e" "RUST_BACKTRACE=full" "-e" "RUSTFLAGS=--cap-lints=warn" "-e" "RUSTDOCFLAGS=--cap-lints=warn" "-w" "/opt/rustwide/workdir" "--user" "0:0" "5fd7dbdc80d773ef4b7498f7d65d276301223194d1a8eaaf1592f512fa6d2a16" "/opt/rustwide/cargo-home/bin/cargo" "+1.99.0-beta.8" "test" "--frozen" "--no-run" "--message-format=json" "--release", kill_on_drop: false }`
[INFO] [stderr]    Compiling console v0.16.6
[INFO] [stderr]    Compiling similar v2.7.0
[INFO] [stderr]    Compiling insta v1.48.0
[INFO] [stderr]    Compiling den-core v0.1.0 (/opt/rustwide/workdir)
[INFO] [stderr]     Finished `release` profile [optimized] target(s) in 42.98s
[INFO] running `Command { std: "docker" "inspect" "5fd7dbdc80d773ef4b7498f7d65d276301223194d1a8eaaf1592f512fa6d2a16", kill_on_drop: false }`
[INFO] running `Command { std: "docker" "exec" "-e" "SOURCE_DIR=/opt/rustwide/workdir" "-e" "CARGO_HOME=/opt/rustwide/cargo-home" "-e" "RUSTUP_HOME=/opt/rustwide/rustup-home" "-e" "CARGO_TARGET_DIR=/opt/rustwide/target" "-e" "CARGO_INCREMENTAL=0" "-e" "RUST_BACKTRACE=full" "-e" "RUSTFLAGS=--cap-lints=warn" "-e" "RUSTDOCFLAGS=--cap-lints=warn" "-w" "/opt/rustwide/workdir" "--user" "0:0" "5fd7dbdc80d773ef4b7498f7d65d276301223194d1a8eaaf1592f512fa6d2a16" "/opt/rustwide/cargo-home/bin/cargo" "+1.99.0-beta.8" "test" "--frozen" "--release", kill_on_drop: false }`
[INFO] [stderr]     Finished `release` profile [optimized] target(s) in 0.31s
[INFO] [stderr]      Running unittests src/lib.rs (/opt/rustwide/target/release/deps/den_core-558dd05e7aa7eb75)
[INFO] [stdout] 
[INFO] [stdout] running 97 tests
[INFO] [stdout] test config::tests::a_missing_file_means_defaults ... ok
[INFO] [stdout] test config::tests::machine_names_are_safe_file_names ... ok
[INFO] [stdout] test conflict::tests::a_removed_tag_stays_removed ... ok
[INFO] [stdout] test config::tests::nudges_cannot_be_switched_off_here ... ok
[INFO] [stdout] test config::tests::reads_partial_settings ... ok
[INFO] [stdout] test conflict::tests::additions_from_both_sides_are_kept_in_place ... ok
[INFO] [stdout] test conflict::tests::an_unfinished_marker_is_not_a_hunk ... ok
[INFO] [stdout] test conflict::tests::a_removed_task_stays_removed_unless_the_other_side_changed_it ... ok
[INFO] [stdout] test conflict::tests::a_task_of_only_tags_is_never_duplicated ... ok
[INFO] [stdout] test conflict::tests::done_on_one_machine_and_tagged_on_the_other_keeps_both ... ok
[INFO] [stdout] test config::tests::typos_are_errors_not_silence ... ok
[INFO] [stdout] test conflict::tests::finishing_wins_over_dropping ... ok
[INFO] [stdout] test conflict::tests::prose_edited_on_both_sides_is_never_combined ... ok
[INFO] [stdout] test conflict::tests::reads_diff3_hunks_with_labels ... ok
[INFO] [stdout] test conflict::tests::two_different_due_dates_need_the_person ... ok
[INFO] [stdout] test conflict::tests::without_a_base_only_identical_sides_combine ... ok
[INFO] [stdout] test frontmatter::tests::an_unclosed_block_is_reported_not_guessed ... ok
[INFO] [stdout] test frontmatter::tests::reads_fields_only_at_the_top ... ok
[INFO] [stdout] test conflict::tests::several_hunks_and_windows_line_endings_survive ... ok
[INFO] [stdout] test conflict::tests::the_same_task_reworded_on_both_machines_needs_the_person ... ok
[INFO] [stdout] test frontmatter::tests::set_field_creates_the_block ... ok
[INFO] [stdout] test frontmatter::tests::set_field_touches_only_its_line ... ok
[INFO] [stdout] test frontmatter::tests::broken_yaml_is_reported ... ok
[INFO] [stdout] test frontmatter::tests::values_that_would_change_meaning_are_quoted ... ok
[INFO] [stdout] test lock::tests::locked_notes_merge_task_edits_and_leave_real_clashes_alone ... ok
[INFO] [stdout] test lock::tests::a_short_password_is_refused_and_nothing_is_written ... ok
[INFO] [stdout] test lock::tests::folders_can_make_new_notes_locked ... ok
[INFO] [stdout] test editing::tests::lists_are_shared_and_cleared ... ok
[INFO] [stdout] test lock::tests::the_key_prints_no_secret ... ok
[INFO] [stdout] test nudge::tests::a_long_stretch_in_the_chair_gets_a_nudge ... ok
[INFO] [stdout] test nudge::tests::a_seal_turns_nudges_off_until_its_date ... ok
[INFO] [stdout] test nudge::tests::answers_are_respected ... ok
[INFO] [stdout] test nudge::tests::extreme_settings_and_endless_snoozes_do_not_switch_nudges_off ... ok
[INFO] [stdout] test nudge::tests::seal::a_seal_anyone_else_could_have_written_does_not ... ok
[INFO] [stdout] test nudge::tests::seal::a_seal_from_the_trusted_owner_counts ... ok
[INFO] [stdout] test nudge::tests::seal::the_seal_command_writes_only_fixed_paths_and_a_date ... ok
[INFO] [stdout] test nudge::tests::someone_already_away_is_not_nudged ... ok
[INFO] [stdout] test nudge::tests::sunset_on_a_day_without_a_walk_comes_sooner ... ok
[INFO] [stdout] test ops::tests::a_block_takes_loose_and_tab_indented_children ... ok
[INFO] [stdout] test ops::tests::a_capture_lands_before_a_subsection_of_the_inbox ... ok
[INFO] [stdout] test ops::tests::appends_after_the_last_item_of_a_section ... ok
[INFO] [stdout] test ops::tests::creates_a_missing_section_in_its_place ... ok
[INFO] [stdout] test ops::tests::done_adds_the_date_and_reopening_removes_it ... ok
[INFO] [stdout] test ops::tests::fills_an_empty_section ... ok
[INFO] [stdout] test ops::tests::long_dates_read_naturally ... ok
[INFO] [stdout] test ops::tests::nothing_is_added_inside_an_unclosed_code_block ... ok
[INFO] [stdout] test ops::tests::remove_meta_leaves_other_words_alone ... ok
[INFO] [stdout] test ops::tests::state_changes_keep_indentation_and_bullets ... ok
[INFO] [stdout] test ops::tests::words_that_only_look_like_dates_are_kept ... ok
[INFO] [stdout] test parse::names::a_task_of_only_tags_keeps_its_name_when_finished ... ok
[INFO] [stdout] test parse::names::a_top_level_heading_ends_a_section ... ok
[INFO] [stdout] test parse::tests::a_bad_date_is_reported_and_left_visible ... ok
[INFO] [stdout] test lock::tests::setup_writes_the_public_key_and_two_wrapped_copies ... ok
[INFO] [stdout] test parse::tests::frontmatter_lines_are_not_body ... ok
[INFO] [stdout] test parse::tests::ignores_non_tasks ... ok
[INFO] [stdout] test parse::tests::keeps_tags_that_are_part_of_the_sentence ... ok
[INFO] [stdout] test parse::tests::nothing_inside_a_code_block_counts ... ok
[INFO] [stdout] test parse::tests::a_longer_fence_needs_a_longer_close ... ok
[INFO] [stdout] test parse::tests::numbers_and_urls_are_not_tags ... ok
[INFO] [stdout] test parse::tests::reads_the_four_states ... ok
[INFO] [stdout] test parse::tests::splits_title_tags_and_dates ... ok
[INFO] [stdout] test parse::tests::task_line_finds_the_mark ... ok
[INFO] [stdout] test parse::tests::title_and_sections ... ok
[INFO] [stdout] test slug::tests::slugs_read_like_the_title ... ok
[INFO] [stdout] test steps::tests::yesterdays_or_broken_files_are_ignored ... ok
[INFO] [stdout] test steps::tests::reads_today_in_the_shapes_shortcuts_writes ... ok
[INFO] [stdout] test sun::tests::near_the_poles_some_days_have_no_sunset ... ok
[INFO] [stdout] test sun::tests::matches_noaa ... ok
[INFO] [stdout] test text::tests::crlf_lines_do_not_keep_the_carriage_return ... ok
[INFO] [stdout] test text::tests::mixed_endings_survive_an_edit_to_one_line ... ok
[INFO] [stdout] test text::tests::round_trips_every_shape_of_text ... ok
[INFO] [stdout] test timer::tests::bad_lines_are_reported_not_fatal ... ok
[INFO] [stdout] test sync::tests::failures_are_sorted_into_what_to_tell_the_person ... ok
[INFO] [stdout] test nudge::tests::seal::turning_nudges_back_on_needs_no_password_and_cannot_be_undone ... ok
[INFO] [stdout] test lock::tests::a_new_password_replaces_the_old_one ... ok
[INFO] [stdout] test lock::tests::notes_round_trip_and_only_the_right_key_reads_them ... ok
[INFO] [stdout] test vault::tests::classifies_vault_paths ... ok
[INFO] [stdout] test timer::tests::history_follows_a_rename ... ok
[INFO] [stdout] test timer::tests::tasks_in_locked_notes_leave_no_text_in_the_log ... ok
[INFO] [stdout] test timer::tests::reads_other_machines_and_survives_a_reload ... ok
[INFO] [stdout] test write::tests::checks_every_file_before_writing_any ... ok
[INFO] [stdout] test lock::tests::a_copy_from_another_vault_is_refused ... ok
[INFO] [stdout] test lock::tests::the_password_and_the_recovery_key_both_unlock ... ok
[INFO] [stdout] test write::tests::creates_new_files_but_never_over_existing_ones ... ok
[INFO] [stdout] test write::tests::refuses_a_dirty_file ... ok
[INFO] [stdout] test write::tests::keeps_permissions ... ok
[INFO] [stdout] test timer::tests::starting_a_task_stops_the_last_one ... ok
[INFO] [stdout] test write::tests::refuses_paths_that_leave_the_vault ... ok
[INFO] [stdout] test write::tests::refuses_a_file_that_moved_underneath ... ok
[INFO] [stdout] test write::tests::leaves_no_temporary_files ... ok
[INFO] [stdout] test write::tests::writes_when_the_file_is_as_expected ... ok
[INFO] [stdout] test write::tests::symlinks_out_of_the_vault_are_refused ... ok
[INFO] [stdout] test write::tests::writes_through_a_symlink_and_keeps_the_link ... ok
[INFO] [stdout] test lock::tests::a_swapped_public_key_stops_locking_in_a_git_clone ... ok
[INFO] [stdout] test worktree::tests::a_linked_worktree_maps_back_to_its_main_checkout ... ok
[INFO] [stdout] test watch::tests::a_renamed_folder_asks_for_a_rescan ... ok
[INFO] [stdout] test watch::tests::reports_a_note_written_from_outside ... ok
[INFO] [stdout] 
[INFO] [stdout] test result: ok. 97 passed; 0 failed; 0 ignored; 0 measured; 0 filtered out; finished in 0.28s
[INFO] [stdout] 
[INFO] [stderr]      Running tests/review.rs (/opt/rustwide/target/release/deps/review-13ef7c273dff9060)
[INFO] [stdout] 
[INFO] [stdout] running 5 tests
[INFO] [stdout] test history_tells_the_burndown_when_open_tasks_appeared ... FAILED
[INFO] [stdout] test a_day_in_facts ... FAILED
[INFO] [stdout] test progress_and_a_burndown_for_projects_with_an_end_date ... FAILED
[INFO] [stdout] test a_task_ticked_without_a_date_leaves_the_burndown_today ... ok
[INFO] [stdout] test a_week_of_time_and_two_weeks_of_finished_tasks ... FAILED
[INFO] [stdout] 
[INFO] [stdout] failures:
[INFO] [stdout] 
[INFO] [stdout] ---- history_tells_the_burndown_when_open_tasks_appeared stdout ----
[INFO] [stdout] 
[INFO] [stdout] thread 'history_tells_the_burndown_when_open_tasks_appeared' (4180) panicked at tests/review.rs:25:40:
[INFO] [stdout] called `Result::unwrap()` on an `Err` value: Io { path: "/opt/rustwide/workdir/../../tests/vault", source: Os { code: 2, kind: NotFound, message: "No such file or directory" } }
[INFO] [stdout] stack backtrace:
[INFO] [stdout]    0:     0x5ac58ebe9431 - <<std[70759c8f55707aa4]::sys::backtrace::BacktraceLock>::print::DisplayBacktrace as core[df12db4294e9bfd3]::fmt::Display>::fmt
[INFO] [stdout]    1:     0x5ac58ec0041a - core[df12db4294e9bfd3]::fmt::write
[INFO] [stdout]    2:     0x5ac58ebedbbc - <alloc[2182bb758b4b3781]::vec::Vec<u8> as core[df12db4294e9bfd3]::io::write::Write>::write_fmt
[INFO] [stdout]    3:     0x5ac58ebc3296 - std[70759c8f55707aa4]::panicking::default_hook::{closure#0}
[INFO] [stdout]    4:     0x5ac58ebe0959 - std[70759c8f55707aa4]::panicking::default_hook
[INFO] [stdout]    5:     0x5ac58eb03ca0 - test[9d35eded1c95d3be]::test_main_inner::<test[9d35eded1c95d3be]::test_main_static::{closure#0}>::{closure#0}
[INFO] [stdout]    6:     0x5ac58ebe0b12 - std[70759c8f55707aa4]::panicking::panic_with_hook
[INFO] [stdout]    7:     0x5ac58ebc3342 - std[70759c8f55707aa4]::panicking::panic_handler::{closure#0}
[INFO] [stdout]    8:     0x5ac58ebbbd79 - std[70759c8f55707aa4]::sys::backtrace::__rust_end_short_backtrace::<std[70759c8f55707aa4]::panicking::panic_handler::{closure#0}, !>
[INFO] [stdout]    9:     0x5ac58ebc3f3d - __rustc[8fa7c3cbc660c2b3]::rust_begin_unwind
[INFO] [stdout]   10:     0x5ac58ec00bcc - core[df12db4294e9bfd3]::panicking::panic_fmt
[INFO] [stdout]   11:     0x5ac58ec009a2 - core[df12db4294e9bfd3]::result::unwrap_failed
[INFO] [stdout]   12:     0x5ac58eaf165d - review[2517086876bf0c2d]::open
[INFO] [stdout]   13:     0x5ac58eaf2c41 - <review[2517086876bf0c2d]::history_tells_the_burndown_when_open_tasks_appeared::{closure#0} as core[df12db4294e9bfd3]::ops::function::FnOnce<()>>::call_once
[INFO] [stdout]   14:     0x5ac58eaf6f8b - test[9d35eded1c95d3be]::__rust_begin_short_backtrace::<core[df12db4294e9bfd3]::result::Result<(), alloc[2182bb758b4b3781]::string::String>, fn() -> core[df12db4294e9bfd3]::result::Result<(), alloc[2182bb758b4b3781]::string::String>>
[INFO] [stdout]   15:     0x5ac58eb045f5 - test[9d35eded1c95d3be]::run_test::{closure#0}
[INFO] [stdout]   16:     0x5ac58eafdeb4 - std[70759c8f55707aa4]::sys::backtrace::__rust_begin_short_backtrace::<test[9d35eded1c95d3be]::run_test::{closure#1}, ()>
[INFO] [stdout]   17:     0x5ac58eb07752 - <std[70759c8f55707aa4]::thread::lifecycle::spawn_unchecked<test[9d35eded1c95d3be]::run_test::{closure#1}, ()>::{closure#1} as core[df12db4294e9bfd3]::ops::function::FnOnce<()>>::call_once::{shim:vtable#0}
[INFO] [stdout]   18:     0x5ac58ebe8489 - <std[70759c8f55707aa4]::sys::thread::unix::Thread>::new::thread_start
[INFO] [stdout]   19:     0x7bf563b35dfa - <unknown>
[INFO] [stdout]   20:     0x7bf563bc93d4 - clone
[INFO] [stdout]   21:                0x0 - <unknown>
[INFO] [stdout] 
[INFO] [stdout] ---- a_day_in_facts stdout ----
[INFO] [stdout] 
[INFO] [stdout] thread 'a_day_in_facts' (4177) panicked at tests/review.rs:25:40:
[INFO] [stdout] called `Result::unwrap()` on an `Err` value: Io { path: "/opt/rustwide/workdir/../../tests/vault", source: Os { code: 2, kind: NotFound, message: "No such file or directory" } }
[INFO] [stdout] stack backtrace:
[INFO] [stdout]    0:     0x5ac58ebe9431 - <<std[70759c8f55707aa4]::sys::backtrace::BacktraceLock>::print::DisplayBacktrace as core[df12db4294e9bfd3]::fmt::Display>::fmt
[INFO] [stdout]    1:     0x5ac58ec0041a - core[df12db4294e9bfd3]::fmt::write
[INFO] [stdout]    2:     0x5ac58ebedbbc - <alloc[2182bb758b4b3781]::vec::Vec<u8> as core[df12db4294e9bfd3]::io::write::Write>::write_fmt
[INFO] [stdout]    3:     0x5ac58ebc3296 - std[70759c8f55707aa4]::panicking::default_hook::{closure#0}
[INFO] [stdout]    4:     0x5ac58ebe0959 - std[70759c8f55707aa4]::panicking::default_hook
[INFO] [stdout]    5:     0x5ac58eb03ca0 - test[9d35eded1c95d3be]::test_main_inner::<test[9d35eded1c95d3be]::test_main_static::{closure#0}>::{closure#0}
[INFO] [stdout]    6:     0x5ac58ebe0b12 - std[70759c8f55707aa4]::panicking::panic_with_hook
[INFO] [stdout]    7:     0x5ac58ebc3342 - std[70759c8f55707aa4]::panicking::panic_handler::{closure#0}
[INFO] [stdout]    8:     0x5ac58ebbbd79 - std[70759c8f55707aa4]::sys::backtrace::__rust_end_short_backtrace::<std[70759c8f55707aa4]::panicking::panic_handler::{closure#0}, !>
[INFO] [stdout]    9:     0x5ac58ebc3f3d - __rustc[8fa7c3cbc660c2b3]::rust_begin_unwind
[INFO] [stdout]   10:     0x5ac58ec00bcc - core[df12db4294e9bfd3]::panicking::panic_fmt
[INFO] [stdout]   11:     0x5ac58ec009a2 - core[df12db4294e9bfd3]::result::unwrap_failed
[INFO] [stdout]   12:     0x5ac58eaf165d - review[2517086876bf0c2d]::open
[INFO] [stdout]   13:     0x5ac58eaf19ad - <review[2517086876bf0c2d]::a_day_in_facts::{closure#0} as core[df12db4294e9bfd3]::ops::function::FnOnce<()>>::call_once
[INFO] [stdout]   14:     0x5ac58eaf6f8b - test[9d35eded1c95d3be]::__rust_begin_short_backtrace::<core[df12db4294e9bfd3]::result::Result<(), alloc[2182bb758b4b3781]::string::String>, fn() -> core[df12db4294e9bfd3]::result::Result<(), alloc[2182bb758b4b3781]::string::String>>
[INFO] [stdout]   15:     0x5ac58eb045f5 - test[9d35eded1c95d3be]::run_test::{closure#0}
[INFO] [stdout]   16:     0x5ac58eafdeb4 - std[70759c8f55707aa4]::sys::backtrace::__rust_begin_short_backtrace::<test[9d35eded1c95d3be]::run_test::{closure#1}, ()>
[INFO] [stdout]   17:     0x5ac58eb07752 - <std[70759c8f55707aa4]::thread::lifecycle::spawn_unchecked<test[9d35eded1c95d3be]::run_test::{closure#1}, ()>::{closure#1} as core[df12db4294e9bfd3]::ops::function::FnOnce<()>>::call_once::{shim:vtable#0}
[INFO] [stdout]   18:     0x5ac58ebe8489 - <std[70759c8f55707aa4]::sys::thread::unix::Thread>::new::thread_start
[INFO] [stdout]   19:     0x7bf563b35dfa - <unknown>
[INFO] [stdout]   20:     0x7bf563bc93d4 - clone
[INFO] [stdout]   21:                0x0 - <unknown>
[INFO] [stdout] 
[INFO] [stdout] ---- progress_and_a_burndown_for_projects_with_an_end_date stdout ----
[INFO] [stdout] 
[INFO] [stdout] thread 'progress_and_a_burndown_for_projects_with_an_end_date' (4181) panicked at tests/review.rs:25:40:
[INFO] [stdout] called `Result::unwrap()` on an `Err` value: Io { path: "/opt/rustwide/workdir/../../tests/vault", source: Os { code: 2, kind: NotFound, message: "No such file or directory" } }
[INFO] [stdout] stack backtrace:
[INFO] [stdout]    0:     0x5ac58ebe9431 - <<std[70759c8f55707aa4]::sys::backtrace::BacktraceLock>::print::DisplayBacktrace as core[df12db4294e9bfd3]::fmt::Display>::fmt
[INFO] [stdout]    1:     0x5ac58ec0041a - core[df12db4294e9bfd3]::fmt::write
[INFO] [stdout]    2:     0x5ac58ebedbbc - <alloc[2182bb758b4b3781]::vec::Vec<u8> as core[df12db4294e9bfd3]::io::write::Write>::write_fmt
[INFO] [stdout]    3:     0x5ac58ebc3296 - std[70759c8f55707aa4]::panicking::default_hook::{closure#0}
[INFO] [stdout]    4:     0x5ac58ebe0959 - std[70759c8f55707aa4]::panicking::default_hook
[INFO] [stdout]    5:     0x5ac58eb03ca0 - test[9d35eded1c95d3be]::test_main_inner::<test[9d35eded1c95d3be]::test_main_static::{closure#0}>::{closure#0}
[INFO] [stdout]    6:     0x5ac58ebe0b12 - std[70759c8f55707aa4]::panicking::panic_with_hook
[INFO] [stdout]    7:     0x5ac58ebc3342 - std[70759c8f55707aa4]::panicking::panic_handler::{closure#0}
[INFO] [stdout]    8:     0x5ac58ebbbd79 - std[70759c8f55707aa4]::sys::backtrace::__rust_end_short_backtrace::<std[70759c8f55707aa4]::panicking::panic_handler::{closure#0}, !>
[INFO] [stdout]    9:     0x5ac58ebc3f3d - __rustc[8fa7c3cbc660c2b3]::rust_begin_unwind
[INFO] [stdout]   10:     0x5ac58ec00bcc - core[df12db4294e9bfd3]::panicking::panic_fmt
[INFO] [stdout]   11:     0x5ac58ec009a2 - core[df12db4294e9bfd3]::result::unwrap_failed
[INFO] [stdout]   12:     0x5ac58eaf165d - review[2517086876bf0c2d]::open
[INFO] [stdout]   13:     0x5ac58eaf3389 - <review[2517086876bf0c2d]::progress_and_a_burndown_for_projects_with_an_end_date::{closure#0} as core[df12db4294e9bfd3]::ops::function::FnOnce<()>>::call_once
[INFO] [stdout]   14:     0x5ac58eaf6f8b - test[9d35eded1c95d3be]::__rust_begin_short_backtrace::<core[df12db4294e9bfd3]::result::Result<(), alloc[2182bb758b4b3781]::string::String>, fn() -> core[df12db4294e9bfd3]::result::Result<(), alloc[2182bb758b4b3781]::string::String>>
[INFO] [stdout]   15:     0x5ac58eb045f5 - test[9d35eded1c95d3be]::run_test::{closure#0}
[INFO] [stdout]   16:     0x5ac58eafdeb4 - std[70759c8f55707aa4]::sys::backtrace::__rust_begin_short_backtrace::<test[9d35eded1c95d3be]::run_test::{closure#1}, ()>
[INFO] [stdout]   17:     0x5ac58eb07752 - <std[70759c8f55707aa4]::thread::lifecycle::spawn_unchecked<test[9d35eded1c95d3be]::run_test::{closure#1}, ()>::{closure#1} as core[df12db4294e9bfd3]::ops::function::FnOnce<()>>::call_once::{shim:vtable#0}
[INFO] [stdout]   18:     0x5ac58ebe8489 - <std[70759c8f55707aa4]::sys::thread::unix::Thread>::new::thread_start
[INFO] [stdout]   19:     0x7bf563b35dfa - <unknown>
[INFO] [stdout]   20:     0x7bf563bc93d4 - clone
[INFO] [stdout]   21:                0x0 - <unknown>
[INFO] [stdout] 
[INFO] [stdout] ---- a_week_of_time_and_two_weeks_of_finished_tasks stdout ----
[INFO] [stdout] 
[INFO] [stdout] thread 'a_week_of_time_and_two_weeks_of_finished_tasks' (4179) panicked at tests/review.rs:25:40:
[INFO] [stdout] called `Result::unwrap()` on an `Err` value: Io { path: "/opt/rustwide/workdir/../../tests/vault", source: Os { code: 2, kind: NotFound, message: "No such file or directory" } }
[INFO] [stdout] stack backtrace:
[INFO] [stdout]    0:     0x5ac58ebe9431 - <<std[70759c8f55707aa4]::sys::backtrace::BacktraceLock>::print::DisplayBacktrace as core[df12db4294e9bfd3]::fmt::Display>::fmt
[INFO] [stdout]    1:     0x5ac58ec0041a - core[df12db4294e9bfd3]::fmt::write
[INFO] [stdout]    2:     0x5ac58ebedbbc - <alloc[2182bb758b4b3781]::vec::Vec<u8> as core[df12db4294e9bfd3]::io::write::Write>::write_fmt
[INFO] [stdout]    3:     0x5ac58ebc3296 - std[70759c8f55707aa4]::panicking::default_hook::{closure#0}
[INFO] [stdout]    4:     0x5ac58ebe0959 - std[70759c8f55707aa4]::panicking::default_hook
[INFO] [stdout]    5:     0x5ac58eb03ca0 - test[9d35eded1c95d3be]::test_main_inner::<test[9d35eded1c95d3be]::test_main_static::{closure#0}>::{closure#0}
[INFO] [stdout]    6:     0x5ac58ebe0b12 - std[70759c8f55707aa4]::panicking::panic_with_hook
[INFO] [stdout]    7:     0x5ac58ebc3342 - std[70759c8f55707aa4]::panicking::panic_handler::{closure#0}
[INFO] [stdout]    8:     0x5ac58ebbbd79 - std[70759c8f55707aa4]::sys::backtrace::__rust_end_short_backtrace::<std[70759c8f55707aa4]::panicking::panic_handler::{closure#0}, !>
[INFO] [stdout]    9:     0x5ac58ebc3f3d - __rustc[8fa7c3cbc660c2b3]::rust_begin_unwind
[INFO] [stdout]   10:     0x5ac58ec00bcc - core[df12db4294e9bfd3]::panicking::panic_fmt
[INFO] [stdout]   11:     0x5ac58ec009a2 - core[df12db4294e9bfd3]::result::unwrap_failed
[INFO] [stdout]   12:     0x5ac58eaf165d - review[2517086876bf0c2d]::open
[INFO] [stdout]   13:     0x5ac58eaf20be - <review[2517086876bf0c2d]::a_week_of_time_and_two_weeks_of_finished_tasks::{closure#0} as core[df12db4294e9bfd3]::ops::function::FnOnce<()>>::call_once
[INFO] [stdout]   14:     0x5ac58eaf6f8b - test[9d35eded1c95d3be]::__rust_begin_short_backtrace::<core[df12db4294e9bfd3]::result::Result<(), alloc[2182bb758b4b3781]::string::String>, fn() -> core[df12db4294e9bfd3]::result::Result<(), alloc[2182bb758b4b3781]::string::String>>
[INFO] [stdout]   15:     0x5ac58eb045f5 - test[9d35eded1c95d3be]::run_test::{closure#0}
[INFO] [stdout]   16:     0x5ac58eafdeb4 - std[70759c8f55707aa4]::sys::backtrace::__rust_begin_short_backtrace::<test[9d35eded1c95d3be]::run_test::{closure#1}, ()>
[INFO] [stdout]   17:     0x5ac58eb07752 - <std[70759c8f55707aa4]::thread::lifecycle::spawn_unchecked<test[9d35eded1c95d3be]::run_test::{closure#1}, ()>::{closure#1} as core[df12db4294e9bfd3]::ops::function::FnOnce<()>>::call_once::{shim:vtable#0}
[INFO] [stdout]   18:     0x5ac58ebe8489 - <std[70759c8f55707aa4]::sys::thread::unix::Thread>::new::thread_start
[INFO] [stdout]   19:     0x7bf563b35dfa - <unknown>
[INFO] [stdout]   20:     0x7bf563bc93d4 - clone
[INFO] [stdout]   21:                0x0 - <unknown>
[INFO] [stdout] 
[INFO] [stdout] 
[INFO] [stdout] failures:
[INFO] [stdout]     a_day_in_facts
[INFO] [stdout]     a_week_of_time_and_two_weeks_of_finished_tasks
[INFO] [stdout]     history_tells_the_burndown_when_open_tasks_appeared
[INFO] [stdout]     progress_and_a_burndown_for_projects_with_an_end_date
[INFO] [stdout] 
[INFO] [stdout] test result: FAILED. 1 passed; 4 failed; 0 ignored; 0 measured; 0 filtered out; finished in 0.00s
[INFO] [stdout] 
[INFO] [stderr] error: test failed, to rerun pass `--test review`
[INFO] running `Command { std: "docker" "inspect" "5fd7dbdc80d773ef4b7498f7d65d276301223194d1a8eaaf1592f512fa6d2a16", kill_on_drop: false }`
[INFO] running `Command { std: "docker" "rm" "-f" "5fd7dbdc80d773ef4b7498f7d65d276301223194d1a8eaaf1592f512fa6d2a16", kill_on_drop: false }`
[INFO] [stdout] 5fd7dbdc80d773ef4b7498f7d65d276301223194d1a8eaaf1592f512fa6d2a16
