[INFO] fetching crate demostf-client 0.5.1...
[INFO] testing demostf-client-0.5.1 against 1.100.0-beta.1+cargoflags=--release for beta-release-1.100-2
[INFO] extracting crate demostf-client 0.5.1 into /workspace/builds/worker-0-tc2/source
[INFO] started tweaking crates.io crate demostf-client 0.5.1
[INFO] removed 0 missing tests
[INFO] finished tweaking crates.io crate demostf-client 0.5.1
[INFO] tweaked toml for crates.io crate demostf-client 0.5.1 written to /workspace/builds/worker-0-tc2/source/Cargo.toml
[INFO] validating manifest of crates.io crate demostf-client 0.5.1 on toolchain 1.100.0-beta.1
[INFO] running `Command { std: CARGO_HOME="/workspace/cargo-home" RUSTUP_HOME="/workspace/rustup-home" "/workspace/cargo-home/bin/cargo" "+1.100.0-beta.1" "metadata" "--manifest-path" "Cargo.toml" "--no-deps", kill_on_drop: false }`
[INFO] crate crates.io crate demostf-client 0.5.1 already has a lockfile, it will not be regenerated
[INFO] running `Command { std: CARGO_HOME="/workspace/cargo-home" RUSTUP_HOME="/workspace/rustup-home" "/workspace/cargo-home/bin/cargo" "+1.100.0-beta.1" "fetch" "--manifest-path" "Cargo.toml", kill_on_drop: false }`
[INFO] running `Command { std: "docker" "create" "-v" "/var/lib/crater-agent-workspace/builds/worker-0-tc2/source:/opt/rustwide/workdir:ro,Z" "-v" "/var/lib/crater-agent-workspace/builds/worker-0-tc2/target:/opt/rustwide/target:rw,Z" "-v" "/var/lib/crater-agent-workspace/cargo-home:/opt/rustwide/cargo-home:ro,Z" "-v" "/var/lib/crater-agent-workspace/rustup-home:/opt/rustwide/rustup-home:ro,Z" "-m" "1610612736" "--network" "none" "ghcr.io/rust-lang/crates-build-env/linux@sha256:77db811e55d90add9212f6832c23229e3de5f1c1f9905e8cb07319ea15df73ac" "sleep" "infinity", kill_on_drop: false }`
[INFO] [stdout] e44949ced72d1e9e2e3679b5fb4bb6b44e97d0dae0287b15a4256948b59ccda4
[INFO] running `Command { std: "docker" "start" "e44949ced72d1e9e2e3679b5fb4bb6b44e97d0dae0287b15a4256948b59ccda4", kill_on_drop: false }`
[INFO] running `Command { std: "docker" "inspect" "e44949ced72d1e9e2e3679b5fb4bb6b44e97d0dae0287b15a4256948b59ccda4", kill_on_drop: false }`
[INFO] running `Command { std: "docker" "exec" "-e" "SOURCE_DIR=/opt/rustwide/workdir" "-e" "CARGO_HOME=/opt/rustwide/cargo-home" "-e" "RUSTUP_HOME=/opt/rustwide/rustup-home" "-e" "CARGO_TARGET_DIR=/opt/rustwide/target" "-w" "/opt/rustwide/workdir" "--user" "0:0" "e44949ced72d1e9e2e3679b5fb4bb6b44e97d0dae0287b15a4256948b59ccda4" "/opt/rustwide/cargo-home/bin/cargo" "+1.100.0-beta.1" "metadata" "--no-deps" "--format-version=1", kill_on_drop: false }`
[INFO] running `Command { std: "docker" "inspect" "e44949ced72d1e9e2e3679b5fb4bb6b44e97d0dae0287b15a4256948b59ccda4", kill_on_drop: false }`
[INFO] running `Command { std: "docker" "exec" "-e" "SOURCE_DIR=/opt/rustwide/workdir" "-e" "CARGO_HOME=/opt/rustwide/cargo-home" "-e" "RUSTUP_HOME=/opt/rustwide/rustup-home" "-e" "CARGO_TARGET_DIR=/opt/rustwide/target" "-e" "CARGO_INCREMENTAL=0" "-e" "RUST_BACKTRACE=full" "-e" "RUSTFLAGS=--cap-lints=warn" "-e" "RUSTDOCFLAGS=--cap-lints=warn" "-w" "/opt/rustwide/workdir" "--user" "0:0" "e44949ced72d1e9e2e3679b5fb4bb6b44e97d0dae0287b15a4256948b59ccda4" "/opt/rustwide/cargo-home/bin/cargo" "+1.100.0-beta.1" "build" "--frozen" "--message-format=json" "--release", kill_on_drop: false }`
[INFO] [stderr]    Compiling writeable v0.6.3
[INFO] [stderr]    Compiling syn v2.0.117
[INFO] [stderr]    Compiling aws-lc-rs v1.17.0
[INFO] [stderr]    Compiling zeroize v1.8.2
[INFO] [stderr]    Compiling litemap v0.8.2
[INFO] [stderr]    Compiling icu_properties_data v2.2.0
[INFO] [stderr]    Compiling jobserver v0.1.34
[INFO] [stderr]    Compiling tokio v1.52.3
[INFO] [stderr]    Compiling icu_normalizer_data v2.2.0
[INFO] [stderr]    Compiling rustls-pki-types v1.14.1
[INFO] [stderr]    Compiling cc v1.2.62
[INFO] [stderr]    Compiling rustls v0.23.40
[INFO] [stderr]    Compiling futures-channel v0.3.32
[INFO] [stderr]    Compiling unicase v2.9.0
[INFO] [stderr]    Compiling sync_wrapper v1.0.2
[INFO] [stderr]    Compiling ipnet v2.12.0
[INFO] [stderr]    Compiling mime_guess v2.0.5
[INFO] [stderr]    Compiling bitflags v2.11.1
[INFO] [stderr]    Compiling rustls-native-certs v0.8.3
[INFO] [stderr]    Compiling serde_json v1.0.149
[INFO] [stderr]    Compiling deranged v0.5.8
[INFO] [stderr]    Compiling num-conv v0.2.1
[INFO] [stderr]    Compiling cmake v0.1.58
[INFO] [stderr]    Compiling time-core v0.1.8
[INFO] [stderr]    Compiling md5 v0.8.0
[INFO] [stderr]    Compiling steamid-ng v3.0.0
[INFO] [stderr]    Compiling aws-lc-sys v0.41.0
[INFO] [stderr]    Compiling time v0.3.47
[INFO] [stderr]    Compiling synstructure v0.13.2
[INFO] [stderr]    Compiling zerofrom-derive v0.1.7
[INFO] [stderr]    Compiling yoke-derive v0.8.2
[INFO] [stderr]    Compiling zerovec-derive v0.11.3
[INFO] [stderr]    Compiling displaydoc v0.2.5
[INFO] [stderr]    Compiling zerofrom v0.1.8
[INFO] [stderr]    Compiling yoke v0.8.2
[INFO] [stderr]    Compiling futures-macro v0.3.32
[INFO] [stderr]    Compiling tracing-attributes v0.1.31
[INFO] [stderr]    Compiling hyper v1.9.0
[INFO] [stderr]    Compiling zerotrie v0.2.4
[INFO] [stderr]    Compiling serde_derive v1.0.228
[INFO] [stderr]    Compiling zerovec v0.11.6
[INFO] [stderr]    Compiling tokio-util v0.7.18
[INFO] [stderr]    Compiling futures-util v0.3.32
[INFO] [stderr]    Compiling tracing v0.1.44
[INFO] [stderr]    Compiling thiserror-impl v2.0.18
[INFO] [stderr]    Compiling tinystr v0.8.3
[INFO] [stderr]    Compiling icu_locale_core v2.2.0
[INFO] [stderr]    Compiling potential_utf v0.1.5
[INFO] [stderr]    Compiling icu_collections v2.2.0
[INFO] [stderr]    Compiling thiserror v2.0.18
[INFO] [stderr]    Compiling icu_provider v2.2.0
[INFO] [stderr]    Compiling tower v0.5.3
[INFO] [stderr]    Compiling hyper-util v0.1.20
[INFO] [stderr]    Compiling icu_properties v2.2.0
[INFO] [stderr]    Compiling icu_normalizer v2.2.0
[INFO] [stderr]    Compiling serde v1.0.228
[INFO] [stderr]    Compiling serde_urlencoded v0.7.1
[INFO] [stderr]    Compiling idna_adapter v1.2.2
[INFO] [stderr]    Compiling idna v1.1.0
[INFO] [stderr]    Compiling url v2.5.8
[INFO] [stderr]    Compiling tower-http v0.6.10
[INFO] [stderr]    Compiling rustls-webpki v0.103.13
[INFO] [stderr]    Compiling tokio-rustls v0.26.4
[INFO] [stderr]    Compiling rustls-platform-verifier v0.7.0
[INFO] [stderr]    Compiling hyper-rustls v0.27.9
[INFO] [stderr]    Compiling reqwest v0.13.3
[INFO] [stderr]    Compiling demostf-client v0.5.1 (/opt/rustwide/workdir)
[INFO] [stderr]     Finished `release` profile [optimized] target(s) in 3m 15s
[INFO] running `Command { std: "docker" "inspect" "e44949ced72d1e9e2e3679b5fb4bb6b44e97d0dae0287b15a4256948b59ccda4", kill_on_drop: false }`
[INFO] running `Command { std: "docker" "exec" "-e" "SOURCE_DIR=/opt/rustwide/workdir" "-e" "CARGO_HOME=/opt/rustwide/cargo-home" "-e" "RUSTUP_HOME=/opt/rustwide/rustup-home" "-e" "CARGO_TARGET_DIR=/opt/rustwide/target" "-e" "CARGO_INCREMENTAL=0" "-e" "RUST_BACKTRACE=full" "-e" "RUSTFLAGS=--cap-lints=warn" "-e" "RUSTDOCFLAGS=--cap-lints=warn" "-w" "/opt/rustwide/workdir" "--user" "0:0" "e44949ced72d1e9e2e3679b5fb4bb6b44e97d0dae0287b15a4256948b59ccda4" "/opt/rustwide/cargo-home/bin/cargo" "+1.100.0-beta.1" "test" "--frozen" "--no-run" "--message-format=json" "--release", kill_on_drop: false }`
[INFO] [stderr]    Compiling serde v1.0.228
[INFO] [stderr]    Compiling ring v0.17.14
[INFO] [stderr]    Compiling zerofrom v0.1.8
[INFO] [stderr]    Compiling zerocopy v0.8.48
[INFO] [stderr]    Compiling getrandom v0.2.17
[INFO] [stderr]    Compiling tokio-macros v2.7.0
[INFO] [stderr]    Compiling serde_json v1.0.149
[INFO] [stderr]    Compiling typenum v1.20.0
[INFO] [stderr]    Compiling yoke v0.8.2
[INFO] [stderr]    Compiling litemap v0.8.2
[INFO] [stderr]    Compiling writeable v0.6.3
[INFO] [stderr]    Compiling zerovec v0.11.6
[INFO] [stderr]    Compiling zerotrie v0.2.4
[INFO] [stderr]    Compiling tokio v1.52.3
[INFO] [stderr]    Compiling smallvec v1.15.1
[INFO] [stderr]    Compiling subtle v2.6.1
[INFO] [stderr]    Compiling tinystr v0.8.3
[INFO] [stderr]    Compiling potential_utf v0.1.5
[INFO] [stderr]    Compiling icu_normalizer_data v2.2.0
[INFO] [stderr]    Compiling icu_properties_data v2.2.0
[INFO] [stderr]    Compiling zeroize v1.8.2
[INFO] [stderr]    Compiling icu_collections v2.2.0
[INFO] [stderr]    Compiling icu_locale_core v2.2.0
[INFO] [stderr]    Compiling rustls v0.23.40
[INFO] [stderr]    Compiling futures-util v0.3.32
[INFO] [stderr]    Compiling generic-array v0.14.7
[INFO] [stderr]    Compiling icu_normalizer v2.2.0
[INFO] [stderr]    Compiling rustls-pki-types v1.14.1
[INFO] [stderr]    Compiling block-buffer v0.10.4
[INFO] [stderr]    Compiling crypto-common v0.1.7
[INFO] [stderr]    Compiling digest v0.10.7
[INFO] [stderr]    Compiling futures-core v0.3.32
[INFO] [stderr]    Compiling idna_adapter v1.2.2
[INFO] [stderr]    Compiling icu_provider v2.2.0
[INFO] [stderr]    Compiling tracing v0.1.44
[INFO] [stderr]    Compiling untrusted v0.9.0
[INFO] [stderr]    Compiling icu_properties v2.2.0
[INFO] [stderr]    Compiling parking_lot_core v0.9.12
[INFO] [stderr]    Compiling idna v1.1.0
[INFO] [stderr]    Compiling zmij v1.0.21
[INFO] [stderr]    Compiling mio v1.2.0
[INFO] [stderr]    Compiling socket2 v0.6.3
[INFO] [stderr]    Compiling futures-sink v0.3.32
[INFO] [stderr]    Compiling memchr v2.8.0
[INFO] [stderr]    Compiling bytes v1.11.1
[INFO] [stderr]    Compiling form_urlencoded v1.2.2
[INFO] [stderr]    Compiling tinyvec v1.11.0
[INFO] [stderr]    Compiling url v2.5.8
[INFO] [stderr]    Compiling parking_lot v0.12.5
[INFO] [stderr]    Compiling webpki-roots v1.0.7
[INFO] [stderr]    Compiling rand_core v0.6.4
[INFO] [stderr]    Compiling thiserror v2.0.18
[INFO] [stderr]    Compiling futures-task v0.3.32
[INFO] [stderr]    Compiling crc-catalog v2.5.0
[INFO] [stderr]    Compiling futures-io v0.3.32
[INFO] [stderr]    Compiling slab v0.4.12
[INFO] [stderr]    Compiling crc v3.4.0
[INFO] [stderr]    Compiling event-listener v5.4.1
[INFO] [stderr]    Compiling rustls-webpki v0.103.13
[INFO] [stderr]    Compiling ppv-lite86 v0.2.21
[INFO] [stderr]    Compiling sha2 v0.10.9
[INFO] [stderr]    Compiling rand_chacha v0.3.1
[INFO] [stderr]    Compiling futures-intrusive v0.5.0
[INFO] [stderr]    Compiling webpki-roots v0.26.11
[INFO] [stderr]    Compiling tokio-stream v0.1.18
[INFO] [stderr]    Compiling unicode-normalization v0.1.25
[INFO] [stderr]    Compiling hmac v0.12.1
[INFO] [stderr]    Compiling either v1.15.0
[INFO] [stderr]    Compiling unicode-properties v0.1.4
[INFO] [stderr]    Compiling unicode-bidi v0.3.18
[INFO] [stderr]    Compiling hyper v1.9.0
[INFO] [stderr]    Compiling stringprep v0.1.5
[INFO] [stderr]    Compiling hkdf v0.12.4
[INFO] [stderr]    Compiling rand v0.8.6
[INFO] [stderr]    Compiling futures-channel v0.3.32
[INFO] [stderr]    Compiling md-5 v0.10.6
[INFO] [stderr]    Compiling whoami v1.6.1
[INFO] [stderr]    Compiling bitflags v2.11.1
[INFO] [stderr]    Compiling home v0.5.12
[INFO] [stderr]    Compiling hyper-util v0.1.20
[INFO] [stderr]    Compiling sqlx-core v0.8.6
[INFO] [stderr]    Compiling tower v0.5.3
[INFO] [stderr]    Compiling regex-syntax v0.8.10
[INFO] [stderr]    Compiling sqlx-postgres v0.8.6
[INFO] [stderr]    Compiling serde_urlencoded v0.7.1
[INFO] [stderr]    Compiling deranged v0.5.8
[INFO] [stderr]    Compiling tower-http v0.6.10
[INFO] [stderr]    Compiling regex-automata v0.4.14
[INFO] [stderr]    Compiling tokio-util v0.7.18
[INFO] [stderr]    Compiling time v0.3.47
[INFO] [stderr]    Compiling matchers v0.2.0
[INFO] [stderr]    Compiling tracing-subscriber v0.3.23
[INFO] [stderr]    Compiling tokio-rustls v0.26.4
[INFO] [stderr]    Compiling rustls-platform-verifier v0.7.0
[INFO] [stderr]    Compiling hyper-rustls v0.27.9
[INFO] [stderr]    Compiling sqlx-macros-core v0.8.6
[INFO] [stderr]    Compiling reqwest v0.13.3
[INFO] [stderr]    Compiling sqlx-macros v0.8.6
[INFO] [stderr]    Compiling demostf-client v0.5.1 (/opt/rustwide/workdir)
[INFO] [stderr]    Compiling sqlx v0.8.6
[INFO] [stderr]     Finished `release` profile [optimized] target(s) in 4m 17s
[INFO] running `Command { std: "docker" "inspect" "e44949ced72d1e9e2e3679b5fb4bb6b44e97d0dae0287b15a4256948b59ccda4", kill_on_drop: false }`
[INFO] running `Command { std: "docker" "exec" "-e" "SOURCE_DIR=/opt/rustwide/workdir" "-e" "CARGO_HOME=/opt/rustwide/cargo-home" "-e" "RUSTUP_HOME=/opt/rustwide/rustup-home" "-e" "CARGO_TARGET_DIR=/opt/rustwide/target" "-e" "CARGO_INCREMENTAL=0" "-e" "RUST_BACKTRACE=full" "-e" "RUSTFLAGS=--cap-lints=warn" "-e" "RUSTDOCFLAGS=--cap-lints=warn" "-w" "/opt/rustwide/workdir" "--user" "0:0" "e44949ced72d1e9e2e3679b5fb4bb6b44e97d0dae0287b15a4256948b59ccda4" "/opt/rustwide/cargo-home/bin/cargo" "+1.100.0-beta.1" "test" "--frozen" "--release", kill_on_drop: false }`
[INFO] [stderr]     Finished `release` profile [optimized] target(s) in 0.50s
[INFO] [stderr]      Running unittests src/lib.rs (/opt/rustwide/target/release/build/demostf-client/5dfe11c92c643efe/out/demostf_client-5dfe11c92c643efe)
[INFO] [stdout] 
[INFO] [stdout] running 2 tests
[INFO] [stdout] test test_serialize_player_list ... ok
[INFO] [stderr]      Running tests/tests.rs (/opt/rustwide/target/release/build/demostf-client/8598125a1a8fade4/out/tests-8598125a1a8fade4)
[INFO] [stdout] test client::test_url ... ok
[INFO] [stdout] 
[INFO] [stdout] test result: ok. 2 passed; 0 failed; 0 ignored; 0 measured; 0 filtered out; finished in 0.17s
[INFO] [stdout] 
[INFO] [stdout] 
[INFO] [stdout] running 15 tests
[INFO] [stdout] test test_get_chat ... FAILED
[INFO] [stdout] test test_download_demo ... FAILED
[INFO] [stdout] test test_list_demos ... FAILED
[INFO] [stdout] test test_get_user ... FAILED
[INFO] [stdout] test test_list_upload ... FAILED
[INFO] [stdout] test test_set_url ... FAILED
[INFO] [stdout] test test_search_players ... FAILED
[INFO] [stdout] test test_get_demo_not_found ... FAILED
[INFO] [stdout] test test_set_url_unknown_demo ... FAILED
[INFO] [stdout] test test_get_players ... FAILED
[INFO] [stdout] test test_get_demo ... FAILED
[INFO] [stdout] test test_set_url_invalid_hash ... FAILED
[INFO] [stdout] test test_set_url_invalid_key ... FAILED
[INFO] [stdout] test test_upload_invalid_key ... FAILED
[INFO] [stdout] test test_list_players ... FAILED
[INFO] [stdout] 
[INFO] [stdout] failures:
[INFO] [stdout] 
[INFO] [stdout] ---- test_get_chat stdout ----
[INFO] [stdout] 
[INFO] [stdout] thread 'test_get_chat' (4414) panicked at tests/tests.rs:190:41:
[INFO] [stdout] called `Result::unwrap()` on an `Err` value: Request(reqwest::Error { kind: Request, url: "http://localhost:8888/demos/1/chat", source: hyper_util::client::legacy::Error(Connect, ConnectError("tcp connect error", 127.0.0.1:8888, Os { code: 111, kind: ConnectionRefused, message: "Connection refused" })) })
[INFO] [stdout] stack backtrace:
[INFO] [stdout]    0:     0x647ef8b1d8b1 - <<std[617be2ca0a6fd877]::sys::backtrace::BacktraceLock>::print::DisplayBacktrace as core[a373ad73a504971]::fmt::Display>::fmt
[INFO] [stdout]    1:     0x647ef8b358da - core[a373ad73a504971]::fmt::write
[INFO] [stdout]    2:     0x647ef8b2251c - <alloc[2e1b2a31b91974c5]::vec::Vec<u8> as core[a373ad73a504971]::io::write::Write>::write_fmt
[INFO] [stdout]    3:     0x647ef8af8026 - std[617be2ca0a6fd877]::panicking::default_hook::{closure#0}
[INFO] [stdout]    4:     0x647ef8b15289 - std[617be2ca0a6fd877]::panicking::default_hook
[INFO] [stdout]    5:     0x647ef85bb270 - test[aada8e7e76ba119b]::test_main_inner::{closure#0}
[INFO] [stdout]    6:     0x647ef8b155b2 - std[617be2ca0a6fd877]::panicking::panic_with_hook
[INFO] [stdout]    7:     0x647ef8af80d2 - std[617be2ca0a6fd877]::panicking::panic_handler::{closure#0}
[INFO] [stdout]    8:     0x647ef8af0ad9 - std[617be2ca0a6fd877]::sys::backtrace::__rust_end_short_backtrace::<std[617be2ca0a6fd877]::panicking::panic_handler::{closure#0}, !>
[INFO] [stdout]    9:     0x647ef8af8ecd - __rustc[ea4f61d10b84890b]::rust_begin_unwind
[INFO] [stdout]   10:     0x647ef8b360bc - core[a373ad73a504971]::panicking::panic_fmt
[INFO] [stdout]   11:     0x647ef8b35e92 - core[a373ad73a504971]::result::unwrap_failed
[INFO] [stdout]   12:     0x647ef8534b0b - tests[1fed44594c184323]::test_get_chat::{closure#0}
[INFO] [stdout]   13:     0x647ef8585d13 - <tokio[6bca60c41083f1d3]::runtime::scheduler::current_thread::Context>::enter::<core[a373ad73a504971]::task::poll::Poll<()>, <tokio[6bca60c41083f1d3]::runtime::scheduler::current_thread::CoreGuard>::block_on<core[a373ad73a504971]::pin::Pin<&mut core[a373ad73a504971]::pin::Pin<&mut dyn core[a373ad73a504971]::future::future::Future<Output = ()>>>>::{closure#0}::{closure#0}>
[INFO] [stdout]   14:     0x647ef858c45c - <tokio[6bca60c41083f1d3]::runtime::context::scoped::Scoped<tokio[6bca60c41083f1d3]::runtime::scheduler::Context>>::set::<<tokio[6bca60c41083f1d3]::runtime::scheduler::current_thread::CoreGuard>::enter<<tokio[6bca60c41083f1d3]::runtime::scheduler::current_thread::CoreGuard>::block_on<core[a373ad73a504971]::pin::Pin<&mut core[a373ad73a504971]::pin::Pin<&mut dyn core[a373ad73a504971]::future::future::Future<Output = ()>>>>::{closure#0}, core[a373ad73a504971]::option::Option<()>>::{closure#0}, (alloc[2e1b2a31b91974c5]::boxed::Box<tokio[6bca60c41083f1d3]::runtime::scheduler::current_thread::Core>, core[a373ad73a504971]::option::Option<()>)>
[INFO] [stdout]   15:     0x647ef8586825 - <tokio[6bca60c41083f1d3]::runtime::scheduler::current_thread::CoreGuard>::block_on::<core[a373ad73a504971]::pin::Pin<&mut core[a373ad73a504971]::pin::Pin<&mut dyn core[a373ad73a504971]::future::future::Future<Output = ()>>>>
[INFO] [stdout]   16:     0x647ef858e6e0 - tokio[6bca60c41083f1d3]::runtime::context::runtime::enter_runtime::<<tokio[6bca60c41083f1d3]::runtime::scheduler::current_thread::CurrentThread>::block_on<core[a373ad73a504971]::pin::Pin<&mut dyn core[a373ad73a504971]::future::future::Future<Output = ()>>>::{closure#0}, ()>
[INFO] [stdout]   17:     0x647ef857505b - <tokio[6bca60c41083f1d3]::runtime::runtime::Runtime>::block_on::<core[a373ad73a504971]::pin::Pin<&mut dyn core[a373ad73a504971]::future::future::Future<Output = ()>>>
[INFO] [stdout]   18:     0x647ef854662f - <tests[1fed44594c184323]::test_get_chat::{closure#0} as core[a373ad73a504971]::ops::function::FnOnce<()>>::call_once
[INFO] [stdout]   19:     0x647ef85ae6bb - test[aada8e7e76ba119b]::__rust_begin_short_backtrace::<core[a373ad73a504971]::result::Result<(), alloc[2e1b2a31b91974c5]::string::String>, fn() -> core[a373ad73a504971]::result::Result<(), alloc[2e1b2a31b91974c5]::string::String>>
[INFO] [stdout]   20:     0x647ef85bb895 - test[aada8e7e76ba119b]::run_test::{closure#0}
[INFO] [stdout]   21:     0x647ef85b5184 - std[617be2ca0a6fd877]::sys::backtrace::__rust_begin_short_backtrace::<test[aada8e7e76ba119b]::run_test::{closure#1}, ()>
[INFO] [stdout]   22:     0x647ef85be922 - <std[617be2ca0a6fd877]::thread::lifecycle::spawn_unchecked<test[aada8e7e76ba119b]::run_test::{closure#1}, ()>::{closure#1} as core[a373ad73a504971]::ops::function::FnOnce<()>>::call_once::{shim:vtable#0}
[INFO] [stdout]   23:     0x647ef8b1ca4f - <std[617be2ca0a6fd877]::sys::thread::unix::Thread>::new::thread_start
[INFO] [stdout]   24:     0x781530487dfa - <unknown>
[INFO] [stdout]   25:     0x78153051b3d4 - clone
[INFO] [stdout]   26:                0x0 - <unknown>
[INFO] [stdout] 
[INFO] [stdout] ---- test_download_demo stdout ----
[INFO] [stdout] 
[INFO] [stdout] thread 'test_download_demo' (4413) panicked at tests/tests.rs:364:40:
[INFO] [stdout] called `Result::unwrap()` on an `Err` value: Request(reqwest::Error { kind: Request, url: "http://localhost:8888/demos/1", source: hyper_util::client::legacy::Error(Connect, ConnectError("tcp connect error", 127.0.0.1:8888, Os { code: 111, kind: ConnectionRefused, message: "Connection refused" })) })
[INFO] [stdout] stack backtrace:
[INFO] [stdout]    0:     0x647ef8b1d8b1 - <<std[617be2ca0a6fd877]::sys::backtrace::BacktraceLock>::print::DisplayBacktrace as core[a373ad73a504971]::fmt::Display>::fmt
[INFO] [stdout]    1:     0x647ef8b358da - core[a373ad73a504971]::fmt::write
[INFO] [stdout]    2:     0x647ef8b2251c - <alloc[2e1b2a31b91974c5]::vec::Vec<u8> as core[a373ad73a504971]::io::write::Write>::write_fmt
[INFO] [stdout]    3:     0x647ef8af8026 - std[617be2ca0a6fd877]::panicking::default_hook::{closure#0}
[INFO] [stdout]    4:     0x647ef8b15289 - std[617be2ca0a6fd877]::panicking::default_hook
[INFO] [stdout]    5:     0x647ef85bb270 - test[aada8e7e76ba119b]::test_main_inner::{closure#0}
[INFO] [stdout]    6:     0x647ef8b155b2 - std[617be2ca0a6fd877]::panicking::panic_with_hook
[INFO] [stdout]    7:     0x647ef8af80d2 - std[617be2ca0a6fd877]::panicking::panic_handler::{closure#0}
[INFO] [stdout]    8:     0x647ef8af0ad9 - std[617be2ca0a6fd877]::sys::backtrace::__rust_end_short_backtrace::<std[617be2ca0a6fd877]::panicking::panic_handler::{closure#0}, !>
[INFO] [stdout]    9:     0x647ef8af8ecd - __rustc[ea4f61d10b84890b]::rust_begin_unwind
[INFO] [stdout]   10:     0x647ef8b360bc - core[a373ad73a504971]::panicking::panic_fmt
[INFO] [stdout]   11:     0x647ef8b35e92 - core[a373ad73a504971]::result::unwrap_failed
[INFO] [stdout]   12:     0x647ef853959e - tests[1fed44594c184323]::test_download_demo::{closure#0}
[INFO] [stdout]   13:     0x647ef8585d13 - <tokio[6bca60c41083f1d3]::runtime::scheduler::current_thread::Context>::enter::<core[a373ad73a504971]::task::poll::Poll<()>, <tokio[6bca60c41083f1d3]::runtime::scheduler::current_thread::CoreGuard>::block_on<core[a373ad73a504971]::pin::Pin<&mut core[a373ad73a504971]::pin::Pin<&mut dyn core[a373ad73a504971]::future::future::Future<Output = ()>>>>::{closure#0}::{closure#0}>
[INFO] [stdout]   14:     0x647ef858c45c - <tokio[6bca60c41083f1d3]::runtime::context::scoped::Scoped<tokio[6bca60c41083f1d3]::runtime::scheduler::Context>>::set::<<tokio[6bca60c41083f1d3]::runtime::scheduler::current_thread::CoreGuard>::enter<<tokio[6bca60c41083f1d3]::runtime::scheduler::current_thread::CoreGuard>::block_on<core[a373ad73a504971]::pin::Pin<&mut core[a373ad73a504971]::pin::Pin<&mut dyn core[a373ad73a504971]::future::future::Future<Output = ()>>>>::{closure#0}, core[a373ad73a504971]::option::Option<()>>::{closure#0}, (alloc[2e1b2a31b91974c5]::boxed::Box<tokio[6bca60c41083f1d3]::runtime::scheduler::current_thread::Core>, core[a373ad73a504971]::option::Option<()>)>
[INFO] [stdout]   15:     0x647ef8586825 - <tokio[6bca60c41083f1d3]::runtime::scheduler::current_thread::CoreGuard>::block_on::<core[a373ad73a504971]::pin::Pin<&mut core[a373ad73a504971]::pin::Pin<&mut dyn core[a373ad73a504971]::future::future::Future<Output = ()>>>>
[INFO] [stdout]   16:     0x647ef858e6e0 - tokio[6bca60c41083f1d3]::runtime::context::runtime::enter_runtime::<<tokio[6bca60c41083f1d3]::runtime::scheduler::current_thread::CurrentThread>::block_on<core[a373ad73a504971]::pin::Pin<&mut dyn core[a373ad73a504971]::future::future::Future<Output = ()>>>::{closure#0}, ()>
[INFO] [stdout]   17:     0x647ef857505b - <tokio[6bca60c41083f1d3]::runtime::runtime::Runtime>::block_on::<core[a373ad73a504971]::pin::Pin<&mut dyn core[a373ad73a504971]::future::future::Future<Output = ()>>>
[INFO] [stdout]   18:     0x647ef8546fab - <tests[1fed44594c184323]::test_download_demo::{closure#0} as core[a373ad73a504971]::ops::function::FnOnce<()>>::call_once
[INFO] [stdout]   19:     0x647ef85ae6bb - test[aada8e7e76ba119b]::__rust_begin_short_backtrace::<core[a373ad73a504971]::result::Result<(), alloc[2e1b2a31b91974c5]::string::String>, fn() -> core[a373ad73a504971]::result::Result<(), alloc[2e1b2a31b91974c5]::string::String>>
[INFO] [stdout]   20:     0x647ef85bb895 - test[aada8e7e76ba119b]::run_test::{closure#0}
[INFO] [stdout]   21:     0x647ef85b5184 - std[617be2ca0a6fd877]::sys::backtrace::__rust_begin_short_backtrace::<test[aada8e7e76ba119b]::run_test::{closure#1}, ()>
[INFO] [stdout]   22:     0x647ef85be922 - <std[617be2ca0a6fd877]::thread::lifecycle::spawn_unchecked<test[aada8e7e76ba119b]::run_test::{closure#1}, ()>::{closure#1} as core[a373ad73a504971]::ops::function::FnOnce<()>>::call_once::{shim:vtable#0}
[INFO] [stdout]   23:     0x647ef8b1ca4f - <std[617be2ca0a6fd877]::sys::thread::unix::Thread>::new::thread_start
[INFO] [stdout]   24:     0x781530487dfa - <unknown>
[INFO] [stdout]   25:     0x78153051b3d4 - clone
[INFO] [stdout]   26:                0x0 - <unknown>
[INFO] [stdout] 
[INFO] [stdout] ---- test_list_demos stdout ----
[INFO] [stdout] 
[INFO] [stdout] thread 'test_list_demos' (4419) panicked at tests/tests.rs:142:10:
[INFO] [stdout] called `Result::unwrap()` on an `Err` value: Request(reqwest::Error { kind: Request, url: "http://localhost:8888/demos?page=1&order=ASC&players=", source: hyper_util::client::legacy::Error(Connect, ConnectError("tcp connect error", 127.0.0.1:8888, Os { code: 111, kind: ConnectionRefused, message: "Connection refused" })) })
[INFO] [stdout] stack backtrace:
[INFO] [stdout]    0:     0x647ef8b1d8b1 - <<std[617be2ca0a6fd877]::sys::backtrace::BacktraceLock>::print::DisplayBacktrace as core[a373ad73a504971]::fmt::Display>::fmt
[INFO] [stdout]    1:     0x647ef8b358da - core[a373ad73a504971]::fmt::write
[INFO] [stdout]    2:     0x647ef8b2251c - <alloc[2e1b2a31b91974c5]::vec::Vec<u8> as core[a373ad73a504971]::io::write::Write>::write_fmt
[INFO] [stdout]    3:     0x647ef8af8026 - std[617be2ca0a6fd877]::panicking::default_hook::{closure#0}
[INFO] [stdout]    4:     0x647ef8b15289 - std[617be2ca0a6fd877]::panicking::default_hook
[INFO] [stdout]    5:     0x647ef85bb270 - test[aada8e7e76ba119b]::test_main_inner::{closure#0}
[INFO] [stdout]    6:     0x647ef8b155b2 - std[617be2ca0a6fd877]::panicking::panic_with_hook
[INFO] [stdout]    7:     0x647ef8af80d2 - std[617be2ca0a6fd877]::panicking::panic_handler::{closure#0}
[INFO] [stdout]    8:     0x647ef8af0ad9 - std[617be2ca0a6fd877]::sys::backtrace::__rust_end_short_backtrace::<std[617be2ca0a6fd877]::panicking::panic_handler::{closure#0}, !>
[INFO] [stdout]    9:     0x647ef8af8ecd - __rustc[ea4f61d10b84890b]::rust_begin_unwind
[INFO] [stdout]   10:     0x647ef8b360bc - core[a373ad73a504971]::panicking::panic_fmt
[INFO] [stdout]   11:     0x647ef8b35e92 - core[a373ad73a504971]::result::unwrap_failed
[INFO] [stdout]   12:     0x647ef8535e9d - tests[1fed44594c184323]::test_list_demos::{closure#0}
[INFO] [stdout]   13:     0x647ef8585d13 - <tokio[6bca60c41083f1d3]::runtime::scheduler::current_thread::Context>::enter::<core[a373ad73a504971]::task::poll::Poll<()>, <tokio[6bca60c41083f1d3]::runtime::scheduler::current_thread::CoreGuard>::block_on<core[a373ad73a504971]::pin::Pin<&mut core[a373ad73a504971]::pin::Pin<&mut dyn core[a373ad73a504971]::future::future::Future<Output = ()>>>>::{closure#0}::{closure#0}>
[INFO] [stdout]   14:     0x647ef858c45c - <tokio[6bca60c41083f1d3]::runtime::context::scoped::Scoped<tokio[6bca60c41083f1d3]::runtime::scheduler::Context>>::set::<<tokio[6bca60c41083f1d3]::runtime::scheduler::current_thread::CoreGuard>::enter<<tokio[6bca60c41083f1d3]::runtime::scheduler::current_thread::CoreGuard>::block_on<core[a373ad73a504971]::pin::Pin<&mut core[a373ad73a504971]::pin::Pin<&mut dyn core[a373ad73a504971]::future::future::Future<Output = ()>>>>::{closure#0}, core[a373ad73a504971]::option::Option<()>>::{closure#0}, (alloc[2e1b2a31b91974c5]::boxed::Box<tokio[6bca60c41083f1d3]::runtime::scheduler::current_thread::Core>, core[a373ad73a504971]::option::Option<()>)>
[INFO] [stdout]   15:     0x647ef8586825 - <tokio[6bca60c41083f1d3]::runtime::scheduler::current_thread::CoreGuard>::block_on::<core[a373ad73a504971]::pin::Pin<&mut core[a373ad73a504971]::pin::Pin<&mut dyn core[a373ad73a504971]::future::future::Future<Output = ()>>>>
[INFO] [stdout]   16:     0x647ef858e6e0 - tokio[6bca60c41083f1d3]::runtime::context::runtime::enter_runtime::<<tokio[6bca60c41083f1d3]::runtime::scheduler::current_thread::CurrentThread>::block_on<core[a373ad73a504971]::pin::Pin<&mut dyn core[a373ad73a504971]::future::future::Future<Output = ()>>>::{closure#0}, ()>
[INFO] [stdout]   17:     0x647ef857505b - <tokio[6bca60c41083f1d3]::runtime::runtime::Runtime>::block_on::<core[a373ad73a504971]::pin::Pin<&mut dyn core[a373ad73a504971]::future::future::Future<Output = ()>>>
[INFO] [stdout]   18:     0x647ef8546aab - <tests[1fed44594c184323]::test_list_demos::{closure#0} as core[a373ad73a504971]::ops::function::FnOnce<()>>::call_once
[INFO] [stdout]   19:     0x647ef85ae6bb - test[aada8e7e76ba119b]::__rust_begin_short_backtrace::<core[a373ad73a504971]::result::Result<(), alloc[2e1b2a31b91974c5]::string::String>, fn() -> core[a373ad73a504971]::result::Result<(), alloc[2e1b2a31b91974c5]::string::String>>
[INFO] [stdout]   20:     0x647ef85bb895 - test[aada8e7e76ba119b]::run_test::{closure#0}
[INFO] [stdout]   21:     0x647ef85b5184 - std[617be2ca0a6fd877]::sys::backtrace::__rust_begin_short_backtrace::<test[aada8e7e76ba119b]::run_test::{closure#1}, ()>
[INFO] [stdout]   22:     0x647ef85be922 - <std[617be2ca0a6fd877]::thread::lifecycle::spawn_unchecked<test[aada8e7e76ba119b]::run_test::{closure#1}, ()>::{closure#1} as core[a373ad73a504971]::ops::function::FnOnce<()>>::call_once::{shim:vtable#0}
[INFO] [stdout]   23:     0x647ef8b1ca4f - <std[617be2ca0a6fd877]::sys::thread::unix::Thread>::new::thread_start
[INFO] [stdout]   24:     0x781530487dfa - <unknown>
[INFO] [stdout]   25:     0x78153051b3d4 - clone
[INFO] [stdout]   26:                0x0 - <unknown>
[INFO] [stdout] 
[INFO] [stdout] ---- test_get_user stdout ----
[INFO] [stdout] 
[INFO] [stdout] thread 'test_get_user' (4418) panicked at tests/tests.rs:96:41:
[INFO] [stdout] called `Result::unwrap()` on an `Err` value: Request(reqwest::Error { kind: Request, url: "http://localhost:8888/users/1", source: hyper_util::client::legacy::Error(Connect, ConnectError("tcp connect error", 127.0.0.1:8888, Os { code: 111, kind: ConnectionRefused, message: "Connection refused" })) })
[INFO] [stdout] stack backtrace:
[INFO] [stdout]    0:     0x647ef8b1d8b1 - <<std[617be2ca0a6fd877]::sys::backtrace::BacktraceLock>::print::DisplayBacktrace as core[a373ad73a504971]::fmt::Display>::fmt
[INFO] [stdout]    1:     0x647ef8b358da - core[a373ad73a504971]::fmt::write
[INFO] [stdout]    2:     0x647ef8b2251c - <alloc[2e1b2a31b91974c5]::vec::Vec<u8> as core[a373ad73a504971]::io::write::Write>::write_fmt
[INFO] [stdout]    3:     0x647ef8af8026 - std[617be2ca0a6fd877]::panicking::default_hook::{closure#0}
[INFO] [stdout]    4:     0x647ef8b15289 - std[617be2ca0a6fd877]::panicking::default_hook
[INFO] [stdout]    5:     0x647ef85bb270 - test[aada8e7e76ba119b]::test_main_inner::{closure#0}
[INFO] [stdout]    6:     0x647ef8b155b2 - std[617be2ca0a6fd877]::panicking::panic_with_hook
[INFO] [stdout]    7:     0x647ef8af80d2 - std[617be2ca0a6fd877]::panicking::panic_handler::{closure#0}
[INFO] [stdout]    8:     0x647ef8af0ad9 - std[617be2ca0a6fd877]::sys::backtrace::__rust_end_short_backtrace::<std[617be2ca0a6fd877]::panicking::panic_handler::{closure#0}, !>
[INFO] [stdout]    9:     0x647ef8af8ecd - __rustc[ea4f61d10b84890b]::rust_begin_unwind
[INFO] [stdout]   10:     0x647ef8b360bc - core[a373ad73a504971]::panicking::panic_fmt
[INFO] [stdout]   11:     0x647ef8b35e92 - core[a373ad73a504971]::result::unwrap_failed
[INFO] [stdout]   12:     0x647ef8535a15 - tests[1fed44594c184323]::test_get_user::{closure#0}
[INFO] [stdout]   13:     0x647ef8585d13 - <tokio[6bca60c41083f1d3]::runtime::scheduler::current_thread::Context>::enter::<core[a373ad73a504971]::task::poll::Poll<()>, <tokio[6bca60c41083f1d3]::runtime::scheduler::current_thread::CoreGuard>::block_on<core[a373ad73a504971]::pin::Pin<&mut core[a373ad73a504971]::pin::Pin<&mut dyn core[a373ad73a504971]::future::future::Future<Output = ()>>>>::{closure#0}::{closure#0}>
[INFO] [stdout]   14:     0x647ef858c45c - <tokio[6bca60c41083f1d3]::runtime::context::scoped::Scoped<tokio[6bca60c41083f1d3]::runtime::scheduler::Context>>::set::<<tokio[6bca60c41083f1d3]::runtime::scheduler::current_thread::CoreGuard>::enter<<tokio[6bca60c41083f1d3]::runtime::scheduler::current_thread::CoreGuard>::block_on<core[a373ad73a504971]::pin::Pin<&mut core[a373ad73a504971]::pin::Pin<&mut dyn core[a373ad73a504971]::future::future::Future<Output = ()>>>>::{closure#0}, core[a373ad73a504971]::option::Option<()>>::{closure#0}, (alloc[2e1b2a31b91974c5]::boxed::Box<tokio[6bca60c41083f1d3]::runtime::scheduler::current_thread::Core>, core[a373ad73a504971]::option::Option<()>)>
[INFO] [stdout]   15:     0x647ef8586825 - <tokio[6bca60c41083f1d3]::runtime::scheduler::current_thread::CoreGuard>::block_on::<core[a373ad73a504971]::pin::Pin<&mut core[a373ad73a504971]::pin::Pin<&mut dyn core[a373ad73a504971]::future::future::Future<Output = ()>>>>
[INFO] [stdout]   16:     0x647ef858e6e0 - tokio[6bca60c41083f1d3]::runtime::context::runtime::enter_runtime::<<tokio[6bca60c41083f1d3]::runtime::scheduler::current_thread::CurrentThread>::block_on<core[a373ad73a504971]::pin::Pin<&mut dyn core[a373ad73a504971]::future::future::Future<Output = ()>>>::{closure#0}, ()>
[INFO] [stdout]   17:     0x647ef857505b - <tokio[6bca60c41083f1d3]::runtime::runtime::Runtime>::block_on::<core[a373ad73a504971]::pin::Pin<&mut dyn core[a373ad73a504971]::future::future::Future<Output = ()>>>
[INFO] [stdout]   18:     0x647ef854690f - <tests[1fed44594c184323]::test_get_user::{closure#0} as core[a373ad73a504971]::ops::function::FnOnce<()>>::call_once
[INFO] [stdout]   19:     0x647ef85ae6bb - test[aada8e7e76ba119b]::__rust_begin_short_backtrace::<core[a373ad73a504971]::result::Result<(), alloc[2e1b2a31b91974c5]::string::String>, fn() -> core[a373ad73a504971]::result::Result<(), alloc[2e1b2a31b91974c5]::string::String>>
[INFO] [stdout]   20:     0x647ef85bb895 - test[aada8e7e76ba119b]::run_test::{closure#0}
[INFO] [stdout]   21:     0x647ef85b5184 - std[617be2ca0a6fd877]::sys::backtrace::__rust_begin_short_backtrace::<test[aada8e7e76ba119b]::run_test::{closure#1}, ()>
[INFO] [stdout]   22:     0x647ef85be922 - <std[617be2ca0a6fd877]::thread::lifecycle::spawn_unchecked<test[aada8e7e76ba119b]::run_test::{closure#1}, ()>::{closure#1} as core[a373ad73a504971]::ops::function::FnOnce<()>>::call_once::{shim:vtable#0}
[INFO] [stdout]   23:     0x647ef8b1ca4f - <std[617be2ca0a6fd877]::sys::thread::unix::Thread>::new::thread_start
[INFO] [stdout]   24:     0x781530487dfa - <unknown>
[INFO] [stdout]   25:     0x78153051b3d4 - clone
[INFO] [stdout]   26:                0x0 - <unknown>
[INFO] [stdout] 
[INFO] [stdout] ---- test_list_upload stdout ----
[INFO] [stdout] 
[INFO] [stdout] thread 'test_list_upload' (4425) panicked at tests/tests.rs:309:10:
[INFO] [stdout] called `Result::unwrap()` on an `Err` value: Request(reqwest::Error { kind: Request, url: "http://localhost:8888/uploads/76561198024494987?page=1&order=ASC&players=", source: hyper_util::client::legacy::Error(Connect, ConnectError("tcp connect error", 127.0.0.1:8888, Os { code: 111, kind: ConnectionRefused, message: "Connection refused" })) })
[INFO] [stdout] stack backtrace:
[INFO] [stdout]    0:     0x647ef8b1d8b1 - <<std[617be2ca0a6fd877]::sys::backtrace::BacktraceLock>::print::DisplayBacktrace as core[a373ad73a504971]::fmt::Display>::fmt
[INFO] [stdout]    1:     0x647ef8b358da - core[a373ad73a504971]::fmt::write
[INFO] [stdout]    2:     0x647ef8b2251c - <alloc[2e1b2a31b91974c5]::vec::Vec<u8> as core[a373ad73a504971]::io::write::Write>::write_fmt
[INFO] [stdout]    3:     0x647ef8af8026 - std[617be2ca0a6fd877]::panicking::default_hook::{closure#0}
[INFO] [stdout]    4:     0x647ef8b15289 - std[617be2ca0a6fd877]::panicking::default_hook
[INFO] [stdout]    5:     0x647ef85bb270 - test[aada8e7e76ba119b]::test_main_inner::{closure#0}
[INFO] [stdout]    6:     0x647ef8b155b2 - std[617be2ca0a6fd877]::panicking::panic_with_hook
[INFO] [stdout]    7:     0x647ef8af80d2 - std[617be2ca0a6fd877]::panicking::panic_handler::{closure#0}
[INFO] [stdout]    8:     0x647ef8af0ad9 - std[617be2ca0a6fd877]::sys::backtrace::__rust_end_short_backtrace::<std[617be2ca0a6fd877]::panicking::panic_handler::{closure#0}, !>
[INFO] [stdout]    9:     0x647ef8af8ecd - __rustc[ea4f61d10b84890b]::rust_begin_unwind
[INFO] [stdout]   10:     0x647ef8b360bc - core[a373ad73a504971]::panicking::panic_fmt
[INFO] [stdout]   11:     0x647ef8b35e92 - core[a373ad73a504971]::result::unwrap_failed
[INFO] [stdout]   12:     0x647ef853739a - tests[1fed44594c184323]::test_list_upload::{closure#0}
[INFO] [stdout]   13:     0x647ef8585d13 - <tokio[6bca60c41083f1d3]::runtime::scheduler::current_thread::Context>::enter::<core[a373ad73a504971]::task::poll::Poll<()>, <tokio[6bca60c41083f1d3]::runtime::scheduler::current_thread::CoreGuard>::block_on<core[a373ad73a504971]::pin::Pin<&mut core[a373ad73a504971]::pin::Pin<&mut dyn core[a373ad73a504971]::future::future::Future<Output = ()>>>>::{closure#0}::{closure#0}>
[INFO] [stdout]   14:     0x647ef858c45c - <tokio[6bca60c41083f1d3]::runtime::context::scoped::Scoped<tokio[6bca60c41083f1d3]::runtime::scheduler::Context>>::set::<<tokio[6bca60c41083f1d3]::runtime::scheduler::current_thread::CoreGuard>::enter<<tokio[6bca60c41083f1d3]::runtime::scheduler::current_thread::CoreGuard>::block_on<core[a373ad73a504971]::pin::Pin<&mut core[a373ad73a504971]::pin::Pin<&mut dyn core[a373ad73a504971]::future::future::Future<Output = ()>>>>::{closure#0}, core[a373ad73a504971]::option::Option<()>>::{closure#0}, (alloc[2e1b2a31b91974c5]::boxed::Box<tokio[6bca60c41083f1d3]::runtime::scheduler::current_thread::Core>, core[a373ad73a504971]::option::Option<()>)>
[INFO] [stdout]   15:     0x647ef8586825 - <tokio[6bca60c41083f1d3]::runtime::scheduler::current_thread::CoreGuard>::block_on::<core[a373ad73a504971]::pin::Pin<&mut core[a373ad73a504971]::pin::Pin<&mut dyn core[a373ad73a504971]::future::future::Future<Output = ()>>>>
[INFO] [stdout]   16:     0x647ef858e6e0 - tokio[6bca60c41083f1d3]::runtime::context::runtime::enter_runtime::<<tokio[6bca60c41083f1d3]::runtime::scheduler::current_thread::CurrentThread>::block_on<core[a373ad73a504971]::pin::Pin<&mut dyn core[a373ad73a504971]::future::future::Future<Output = ()>>>::{closure#0}, ()>
[INFO] [stdout]   17:     0x647ef857505b - <tokio[6bca60c41083f1d3]::runtime::runtime::Runtime>::block_on::<core[a373ad73a504971]::pin::Pin<&mut dyn core[a373ad73a504971]::future::future::Future<Output = ()>>>
[INFO] [stdout]   18:     0x647ef8546d2b - <tests[1fed44594c184323]::test_list_upload::{closure#0} as core[a373ad73a504971]::ops::function::FnOnce<()>>::call_once
[INFO] [stdout]   19:     0x647ef85ae6bb - test[aada8e7e76ba119b]::__rust_begin_short_backtrace::<core[a373ad73a504971]::result::Result<(), alloc[2e1b2a31b91974c5]::string::String>, fn() -> core[a373ad73a504971]::result::Result<(), alloc[2e1b2a31b91974c5]::string::String>>
[INFO] [stdout]   20:     0x647ef85bb895 - test[aada8e7e76ba119b]::run_test::{closure#0}
[INFO] [stdout]   21:     0x647ef85b5184 - std[617be2ca0a6fd877]::sys::backtrace::__rust_begin_short_backtrace::<test[aada8e7e76ba119b]::run_test::{closure#1}, ()>
[INFO] [stdout]   22:     0x647ef85be922 - <std[617be2ca0a6fd877]::thread::lifecycle::spawn_unchecked<test[aada8e7e76ba119b]::run_test::{closure#1}, ()>::{closure#1} as core[a373ad73a504971]::ops::function::FnOnce<()>>::call_once::{shim:vtable#0}
[INFO] [stdout]   23:     0x647ef8b1ca4f - <std[617be2ca0a6fd877]::sys::thread::unix::Thread>::new::thread_start
[INFO] [stdout]   24:     0x781530487dfa - <unknown>
[INFO] [stdout]   25:     0x78153051b3d4 - clone
[INFO] [stdout]   26:                0x0 - <unknown>
[INFO] [stdout] 
[INFO] [stdout] ---- test_set_url stdout ----
[INFO] [stdout] 
[INFO] [stdout] thread 'test_set_url' (4427) panicked at tests/tests.rs:267:36:
[INFO] [stdout] called `Result::unwrap()` on an `Err` value: Request(reqwest::Error { kind: Request, url: "http://localhost:8888/demos/1", source: hyper_util::client::legacy::Error(Connect, ConnectError("tcp connect error", 127.0.0.1:8888, Os { code: 111, kind: ConnectionRefused, message: "Connection refused" })) })
[INFO] [stdout] stack backtrace:
[INFO] [stdout]    0:     0x647ef8b1d8b1 - <<std[617be2ca0a6fd877]::sys::backtrace::BacktraceLock>::print::DisplayBacktrace as core[a373ad73a504971]::fmt::Display>::fmt
[INFO] [stdout]    1:     0x647ef8b358da - core[a373ad73a504971]::fmt::write
[INFO] [stdout]    2:     0x647ef8b2251c - <alloc[2e1b2a31b91974c5]::vec::Vec<u8> as core[a373ad73a504971]::io::write::Write>::write_fmt
[INFO] [stdout]    3:     0x647ef8af8026 - std[617be2ca0a6fd877]::panicking::default_hook::{closure#0}
[INFO] [stdout]    4:     0x647ef8b15289 - std[617be2ca0a6fd877]::panicking::default_hook
[INFO] [stdout]    5:     0x647ef85bb270 - test[aada8e7e76ba119b]::test_main_inner::{closure#0}
[INFO] [stdout]    6:     0x647ef8b155b2 - std[617be2ca0a6fd877]::panicking::panic_with_hook
[INFO] [stdout]    7:     0x647ef8af80d2 - std[617be2ca0a6fd877]::panicking::panic_handler::{closure#0}
[INFO] [stdout]    8:     0x647ef8af0ad9 - std[617be2ca0a6fd877]::sys::backtrace::__rust_end_short_backtrace::<std[617be2ca0a6fd877]::panicking::panic_handler::{closure#0}, !>
[INFO] [stdout]    9:     0x647ef8af8ecd - __rustc[ea4f61d10b84890b]::rust_begin_unwind
[INFO] [stdout]   10:     0x647ef8b360bc - core[a373ad73a504971]::panicking::panic_fmt
[INFO] [stdout]   11:     0x647ef8b35e92 - core[a373ad73a504971]::result::unwrap_failed
[INFO] [stdout]   12:     0x647ef8533bb9 - tests[1fed44594c184323]::test_set_url::{closure#0}
[INFO] [stdout]   13:     0x647ef8585d13 - <tokio[6bca60c41083f1d3]::runtime::scheduler::current_thread::Context>::enter::<core[a373ad73a504971]::task::poll::Poll<()>, <tokio[6bca60c41083f1d3]::runtime::scheduler::current_thread::CoreGuard>::block_on<core[a373ad73a504971]::pin::Pin<&mut core[a373ad73a504971]::pin::Pin<&mut dyn core[a373ad73a504971]::future::future::Future<Output = ()>>>>::{closure#0}::{closure#0}>
[INFO] [stdout]   14:     0x647ef858c45c - <tokio[6bca60c41083f1d3]::runtime::context::scoped::Scoped<tokio[6bca60c41083f1d3]::runtime::scheduler::Context>>::set::<<tokio[6bca60c41083f1d3]::runtime::scheduler::current_thread::CoreGuard>::enter<<tokio[6bca60c41083f1d3]::runtime::scheduler::current_thread::CoreGuard>::block_on<core[a373ad73a504971]::pin::Pin<&mut core[a373ad73a504971]::pin::Pin<&mut dyn core[a373ad73a504971]::future::future::Future<Output = ()>>>>::{closure#0}, core[a373ad73a504971]::option::Option<()>>::{closure#0}, (alloc[2e1b2a31b91974c5]::boxed::Box<tokio[6bca60c41083f1d3]::runtime::scheduler::current_thread::Core>, core[a373ad73a504971]::option::Option<()>)>
[INFO] [stdout]   15:     0x647ef8586825 - <tokio[6bca60c41083f1d3]::runtime::scheduler::current_thread::CoreGuard>::block_on::<core[a373ad73a504971]::pin::Pin<&mut core[a373ad73a504971]::pin::Pin<&mut dyn core[a373ad73a504971]::future::future::Future<Output = ()>>>>
[INFO] [stdout]   16:     0x647ef858e6e0 - tokio[6bca60c41083f1d3]::runtime::context::runtime::enter_runtime::<<tokio[6bca60c41083f1d3]::runtime::scheduler::current_thread::CurrentThread>::block_on<core[a373ad73a504971]::pin::Pin<&mut dyn core[a373ad73a504971]::future::future::Future<Output = ()>>>::{closure#0}, ()>
[INFO] [stdout]   17:     0x647ef857505b - <tokio[6bca60c41083f1d3]::runtime::runtime::Runtime>::block_on::<core[a373ad73a504971]::pin::Pin<&mut dyn core[a373ad73a504971]::future::future::Future<Output = ()>>>
[INFO] [stdout]   18:     0x647ef85464eb - <tests[1fed44594c184323]::test_set_url::{closure#0} as core[a373ad73a504971]::ops::function::FnOnce<()>>::call_once
[INFO] [stdout]   19:     0x647ef85ae6bb - test[aada8e7e76ba119b]::__rust_begin_short_backtrace::<core[a373ad73a504971]::result::Result<(), alloc[2e1b2a31b91974c5]::string::String>, fn() -> core[a373ad73a504971]::result::Result<(), alloc[2e1b2a31b91974c5]::string::String>>
[INFO] [stdout]   20:     0x647ef85bb895 - test[aada8e7e76ba119b]::run_test::{closure#0}
[INFO] [stdout]   21:     0x647ef85b5184 - std[617be2ca0a6fd877]::sys::backtrace::__rust_begin_short_backtrace::<test[aada8e7e76ba119b]::run_test::{closure#1}, ()>
[INFO] [stdout]   22:     0x647ef85be922 - <std[617be2ca0a6fd877]::thread::lifecycle::spawn_unchecked<test[aada8e7e76ba119b]::run_test::{closure#1}, ()>::{closure#1} as core[a373ad73a504971]::ops::function::FnOnce<()>>::call_once::{shim:vtable#0}
[INFO] [stdout]   23:     0x647ef8b1ca4f - <std[617be2ca0a6fd877]::sys::thread::unix::Thread>::new::thread_start
[INFO] [stdout]   24:     0x781530487dfa - <unknown>
[INFO] [stdout]   25:     0x78153051b3d4 - clone
[INFO] [stdout]   26:                0x0 - <unknown>
[INFO] [stdout] 
[INFO] [stdout] ---- test_search_players stdout ----
[INFO] [stdout] 
[INFO] [stdout] thread 'test_search_players' (4426) panicked at tests/tests.rs:355:51:
[INFO] [stdout] called `Result::unwrap()` on an `Err` value: Request(reqwest::Error { kind: Request, url: "http://localhost:8888/users/search?query=freak", source: hyper_util::client::legacy::Error(Connect, ConnectError("tcp connect error", 127.0.0.1:8888, Os { code: 111, kind: ConnectionRefused, message: "Connection refused" })) })
[INFO] [stdout] stack backtrace:
[INFO] [stdout]    0:     0x647ef8b1d8b1 - <<std[617be2ca0a6fd877]::sys::backtrace::BacktraceLock>::print::DisplayBacktrace as core[a373ad73a504971]::fmt::Display>::fmt
[INFO] [stdout]    1:     0x647ef8b358da - core[a373ad73a504971]::fmt::write
[INFO] [stdout]    2:     0x647ef8b2251c - <alloc[2e1b2a31b91974c5]::vec::Vec<u8> as core[a373ad73a504971]::io::write::Write>::write_fmt
[INFO] [stdout]    3:     0x647ef8af8026 - std[617be2ca0a6fd877]::panicking::default_hook::{closure#0}
[INFO] [stdout]    4:     0x647ef8b15289 - std[617be2ca0a6fd877]::panicking::default_hook
[INFO] [stdout]    5:     0x647ef85bb270 - test[aada8e7e76ba119b]::test_main_inner::{closure#0}
[INFO] [stdout]    6:     0x647ef8b155b2 - std[617be2ca0a6fd877]::panicking::panic_with_hook
[INFO] [stdout]    7:     0x647ef8af80d2 - std[617be2ca0a6fd877]::panicking::panic_handler::{closure#0}
[INFO] [stdout]    8:     0x647ef8af0ad9 - std[617be2ca0a6fd877]::sys::backtrace::__rust_end_short_backtrace::<std[617be2ca0a6fd877]::panicking::panic_handler::{closure#0}, !>
[INFO] [stdout]    9:     0x647ef8af8ecd - __rustc[ea4f61d10b84890b]::rust_begin_unwind
[INFO] [stdout]   10:     0x647ef8b360bc - core[a373ad73a504971]::panicking::panic_fmt
[INFO] [stdout]   11:     0x647ef8b35e92 - core[a373ad73a504971]::result::unwrap_failed
[INFO] [stdout]   12:     0x647ef853b1a0 - tests[1fed44594c184323]::test_search_players::{closure#0}
[INFO] [stdout]   13:     0x647ef8585d13 - <tokio[6bca60c41083f1d3]::runtime::scheduler::current_thread::Context>::enter::<core[a373ad73a504971]::task::poll::Poll<()>, <tokio[6bca60c41083f1d3]::runtime::scheduler::current_thread::CoreGuard>::block_on<core[a373ad73a504971]::pin::Pin<&mut core[a373ad73a504971]::pin::Pin<&mut dyn core[a373ad73a504971]::future::future::Future<Output = ()>>>>::{closure#0}::{closure#0}>
[INFO] [stdout]   14:     0x647ef858c45c - <tokio[6bca60c41083f1d3]::runtime::context::scoped::Scoped<tokio[6bca60c41083f1d3]::runtime::scheduler::Context>>::set::<<tokio[6bca60c41083f1d3]::runtime::scheduler::current_thread::CoreGuard>::enter<<tokio[6bca60c41083f1d3]::runtime::scheduler::current_thread::CoreGuard>::block_on<core[a373ad73a504971]::pin::Pin<&mut core[a373ad73a504971]::pin::Pin<&mut dyn core[a373ad73a504971]::future::future::Future<Output = ()>>>>::{closure#0}, core[a373ad73a504971]::option::Option<()>>::{closure#0}, (alloc[2e1b2a31b91974c5]::boxed::Box<tokio[6bca60c41083f1d3]::runtime::scheduler::current_thread::Core>, core[a373ad73a504971]::option::Option<()>)>
[INFO] [stdout]   15:     0x647ef8586825 - <tokio[6bca60c41083f1d3]::runtime::scheduler::current_thread::CoreGuard>::block_on::<core[a373ad73a504971]::pin::Pin<&mut core[a373ad73a504971]::pin::Pin<&mut dyn core[a373ad73a504971]::future::future::Future<Output = ()>>>>
[INFO] [stdout]   16:     0x647ef858e6e0 - tokio[6bca60c41083f1d3]::runtime::context::runtime::enter_runtime::<<tokio[6bca60c41083f1d3]::runtime::scheduler::current_thread::CurrentThread>::block_on<core[a373ad73a504971]::pin::Pin<&mut dyn core[a373ad73a504971]::future::future::Future<Output = ()>>>::{closure#0}, ()>
[INFO] [stdout]   17:     0x647ef857505b - <tokio[6bca60c41083f1d3]::runtime::runtime::Runtime>::block_on::<core[a373ad73a504971]::pin::Pin<&mut dyn core[a373ad73a504971]::future::future::Future<Output = ()>>>
[INFO] [stdout]   18:     0x647ef85470ef - <tests[1fed44594c184323]::test_search_players::{closure#0} as core[a373ad73a504971]::ops::function::FnOnce<()>>::call_once
[INFO] [stdout]   19:     0x647ef85ae6bb - test[aada8e7e76ba119b]::__rust_begin_short_backtrace::<core[a373ad73a504971]::result::Result<(), alloc[2e1b2a31b91974c5]::string::String>, fn() -> core[a373ad73a504971]::result::Result<(), alloc[2e1b2a31b91974c5]::string::String>>
[INFO] [stdout]   20:     0x647ef85bb895 - test[aada8e7e76ba119b]::run_test::{closure#0}
[INFO] [stdout]   21:     0x647ef85b5184 - std[617be2ca0a6fd877]::sys::backtrace::__rust_begin_short_backtrace::<test[aada8e7e76ba119b]::run_test::{closure#1}, ()>
[INFO] [stdout]   22:     0x647ef85be922 - <std[617be2ca0a6fd877]::thread::lifecycle::spawn_unchecked<test[aada8e7e76ba119b]::run_test::{closure#1}, ()>::{closure#1} as core[a373ad73a504971]::ops::function::FnOnce<()>>::call_once::{shim:vtable#0}
[INFO] [stdout]   23:     0x647ef8b1ca4f - <std[617be2ca0a6fd877]::sys::thread::unix::Thread>::new::thread_start
[INFO] [stdout]   24:     0x781530487dfa - <unknown>
[INFO] [stdout]   25:     0x78153051b3d4 - clone
[INFO] [stdout]   26:                0x0 - <unknown>
[INFO] [stdout] 
[INFO] [stdout] ---- test_get_demo_not_found stdout ----
[INFO] [stdout] [tests/tests.rs:293:9] client.get(999).await.unwrap_err() = Request(
[INFO] [stdout]     reqwest::Error {
[INFO] [stdout]         kind: Request,
[INFO] [stdout]         url: "http://localhost:8888/demos/999",
[INFO] [stdout]         source: hyper_util::client::legacy::Error(
[INFO] [stdout]             Connect,
[INFO] [stdout]             ConnectError(
[INFO] [stdout]                 "tcp connect error",
[INFO] [stdout]                 127.0.0.1:8888,
[INFO] [stdout]                 Os {
[INFO] [stdout]                     code: 111,
[INFO] [stdout]                     kind: ConnectionRefused,
[INFO] [stdout]                     message: "Connection refused",
[INFO] [stdout]                 },
[INFO] [stdout]             ),
[INFO] [stdout]         ),
[INFO] [stdout]     },
[INFO] [stdout] )
[INFO] [stdout] 
[INFO] [stdout] thread 'test_get_demo_not_found' (4416) panicked at tests/tests.rs:292:5:
[INFO] [stdout] assertion failed: matches!(dbg!(client.get(999).await.unwrap_err()), Error::DemoNotFound(999))
[INFO] [stdout] stack backtrace:
[INFO] [stdout]    0:     0x647ef8b1d8b1 - <<std[617be2ca0a6fd877]::sys::backtrace::BacktraceLock>::print::DisplayBacktrace as core[a373ad73a504971]::fmt::Display>::fmt
[INFO] [stdout]    1:     0x647ef8b358da - core[a373ad73a504971]::fmt::write
[INFO] [stdout]    2:     0x647ef8b2251c - <alloc[2e1b2a31b91974c5]::vec::Vec<u8> as core[a373ad73a504971]::io::write::Write>::write_fmt
[INFO] [stdout]    3:     0x647ef8af8026 - std[617be2ca0a6fd877]::panicking::default_hook::{closure#0}
[INFO] [stdout]    4:     0x647ef8b15289 - std[617be2ca0a6fd877]::panicking::default_hook
[INFO] [stdout]    5:     0x647ef85bb270 - test[aada8e7e76ba119b]::test_main_inner::{closure#0}
[INFO] [stdout]    6:     0x647ef8b155b2 - std[617be2ca0a6fd877]::panicking::panic_with_hook
[INFO] [stdout]    7:     0x647ef8af8104 - std[617be2ca0a6fd877]::panicking::panic_handler::{closure#0}
[INFO] [stdout]    8:     0x647ef8af0ad9 - std[617be2ca0a6fd877]::sys::backtrace::__rust_end_short_backtrace::<std[617be2ca0a6fd877]::panicking::panic_handler::{closure#0}, !>
[INFO] [stdout]    9:     0x647ef8af8ecd - __rustc[ea4f61d10b84890b]::rust_begin_unwind
[INFO] [stdout]   10:     0x647ef8b360bc - core[a373ad73a504971]::panicking::panic_fmt
[INFO] [stdout]   11:     0x647ef8b36082 - core[a373ad73a504971]::panicking::panic
[INFO] [stdout]   12:     0x647ef853b6bc - tests[1fed44594c184323]::test_get_demo_not_found::{closure#0}
[INFO] [stdout]   13:     0x647ef8585d13 - <tokio[6bca60c41083f1d3]::runtime::scheduler::current_thread::Context>::enter::<core[a373ad73a504971]::task::poll::Poll<()>, <tokio[6bca60c41083f1d3]::runtime::scheduler::current_thread::CoreGuard>::block_on<core[a373ad73a504971]::pin::Pin<&mut core[a373ad73a504971]::pin::Pin<&mut dyn core[a373ad73a504971]::future::future::Future<Output = ()>>>>::{closure#0}::{closure#0}>
[INFO] [stdout]   14:     0x647ef858c45c - <tokio[6bca60c41083f1d3]::runtime::context::scoped::Scoped<tokio[6bca60c41083f1d3]::runtime::scheduler::Context>>::set::<<tokio[6bca60c41083f1d3]::runtime::scheduler::current_thread::CoreGuard>::enter<<tokio[6bca60c41083f1d3]::runtime::scheduler::current_thread::CoreGuard>::block_on<core[a373ad73a504971]::pin::Pin<&mut core[a373ad73a504971]::pin::Pin<&mut dyn core[a373ad73a504971]::future::future::Future<Output = ()>>>>::{closure#0}, core[a373ad73a504971]::option::Option<()>>::{closure#0}, (alloc[2e1b2a31b91974c5]::boxed::Box<tokio[6bca60c41083f1d3]::runtime::scheduler::current_thread::Core>, core[a373ad73a504971]::option::Option<()>)>
[INFO] [stdout]   15:     0x647ef8586825 - <tokio[6bca60c41083f1d3]::runtime::scheduler::current_thread::CoreGuard>::block_on::<core[a373ad73a504971]::pin::Pin<&mut core[a373ad73a504971]::pin::Pin<&mut dyn core[a373ad73a504971]::future::future::Future<Output = ()>>>>
[INFO] [stdout]   16:     0x647ef858e6e0 - tokio[6bca60c41083f1d3]::runtime::context::runtime::enter_runtime::<<tokio[6bca60c41083f1d3]::runtime::scheduler::current_thread::CurrentThread>::block_on<core[a373ad73a504971]::pin::Pin<&mut dyn core[a373ad73a504971]::future::future::Future<Output = ()>>>::{closure#0}, ()>
[INFO] [stdout]   17:     0x647ef857505b - <tokio[6bca60c41083f1d3]::runtime::runtime::Runtime>::block_on::<core[a373ad73a504971]::pin::Pin<&mut dyn core[a373ad73a504971]::future::future::Future<Output = ()>>>
[INFO] [stdout]   18:     0x647ef854728f - <tests[1fed44594c184323]::test_get_demo_not_found::{closure#0} as core[a373ad73a504971]::ops::function::FnOnce<()>>::call_once
[INFO] [stdout]   19:     0x647ef85ae6bb - test[aada8e7e76ba119b]::__rust_begin_short_backtrace::<core[a373ad73a504971]::result::Result<(), alloc[2e1b2a31b91974c5]::string::String>, fn() -> core[a373ad73a504971]::result::Result<(), alloc[2e1b2a31b91974c5]::string::String>>
[INFO] [stdout]   20:     0x647ef85bb895 - test[aada8e7e76ba119b]::run_test::{closure#0}
[INFO] [stdout]   21:     0x647ef85b5184 - std[617be2ca0a6fd877]::sys::backtrace::__rust_begin_short_backtrace::<test[aada8e7e76ba119b]::run_test::{closure#1}, ()>
[INFO] [stdout]   22:     0x647ef85be922 - <std[617be2ca0a6fd877]::thread::lifecycle::spawn_unchecked<test[aada8e7e76ba119b]::run_test::{closure#1}, ()>::{closure#1} as core[a373ad73a504971]::ops::function::FnOnce<()>>::call_once::{shim:vtable#0}
[INFO] [stdout]   23:     0x647ef8b1ca4f - <std[617be2ca0a6fd877]::sys::thread::unix::Thread>::new::thread_start
[INFO] [stdout]   24:     0x781530487dfa - <unknown>
[INFO] [stdout]   25:     0x78153051b3d4 - clone
[INFO] [stdout]   26:                0x0 - <unknown>
[INFO] [stdout] 
[INFO] [stdout] ---- test_set_url_unknown_demo stdout ----
[INFO] [stdout] [tests/tests.rs:260:5] &res = Err(
[INFO] [stdout]     Request(
[INFO] [stdout]         reqwest::Error {
[INFO] [stdout]             kind: Request,
[INFO] [stdout]             url: "http://localhost:8888/demos/99/url",
[INFO] [stdout]             source: hyper_util::client::legacy::Error(
[INFO] [stdout]                 Connect,
[INFO] [stdout]                 ConnectError(
[INFO] [stdout]                     "tcp connect error",
[INFO] [stdout]                     127.0.0.1:8888,
[INFO] [stdout]                     Os {
[INFO] [stdout]                         code: 111,
[INFO] [stdout]                         kind: ConnectionRefused,
[INFO] [stdout]                         message: "Connection refused",
[INFO] [stdout]                     },
[INFO] [stdout]                 ),
[INFO] [stdout]             ),
[INFO] [stdout]         },
[INFO] [stdout]     ),
[INFO] [stdout] )
[INFO] [stdout] 
[INFO] [stdout] thread 'test_set_url_unknown_demo' (4434) panicked at tests/tests.rs:261:5:
[INFO] [stdout] assertion failed: matches!(res.unwrap_err(), Error::DemoNotFound(99))
[INFO] [stdout] stack backtrace:
[INFO] [stdout]    0:     0x647ef8b1d8b1 - <<std[617be2ca0a6fd877]::sys::backtrace::BacktraceLock>::print::DisplayBacktrace as core[a373ad73a504971]::fmt::Display>::fmt
[INFO] [stdout]    1:     0x647ef8b358da - core[a373ad73a504971]::fmt::write
[INFO] [stdout]    2:     0x647ef8b2251c - <alloc[2e1b2a31b91974c5]::vec::Vec<u8> as core[a373ad73a504971]::io::write::Write>::write_fmt
[INFO] [stdout]    3:     0x647ef8af8026 - std[617be2ca0a6fd877]::panicking::default_hook::{closure#0}
[INFO] [stdout]    4:     0x647ef8b15289 - std[617be2ca0a6fd877]::panicking::default_hook
[INFO] [stdout]    5:     0x647ef85bb270 - test[aada8e7e76ba119b]::test_main_inner::{closure#0}
[INFO] [stdout]    6:     0x647ef8b155b2 - std[617be2ca0a6fd877]::panicking::panic_with_hook
[INFO] [stdout]    7:     0x647ef8af8104 - std[617be2ca0a6fd877]::panicking::panic_handler::{closure#0}
[INFO] [stdout]    8:     0x647ef8af0ad9 - std[617be2ca0a6fd877]::sys::backtrace::__rust_end_short_backtrace::<std[617be2ca0a6fd877]::panicking::panic_handler::{closure#0}, !>
[INFO] [stdout]    9:     0x647ef8af8ecd - __rustc[ea4f61d10b84890b]::rust_begin_unwind
[INFO] [stdout]   10:     0x647ef8b360bc - core[a373ad73a504971]::panicking::panic_fmt
[INFO] [stdout]   11:     0x647ef8b36082 - core[a373ad73a504971]::panicking::panic
[INFO] [stdout]   12:     0x647ef853c31b - tests[1fed44594c184323]::test_set_url_unknown_demo::{closure#0}
[INFO] [stdout]   13:     0x647ef8585d13 - <tokio[6bca60c41083f1d3]::runtime::scheduler::current_thread::Context>::enter::<core[a373ad73a504971]::task::poll::Poll<()>, <tokio[6bca60c41083f1d3]::runtime::scheduler::current_thread::CoreGuard>::block_on<core[a373ad73a504971]::pin::Pin<&mut core[a373ad73a504971]::pin::Pin<&mut dyn core[a373ad73a504971]::future::future::Future<Output = ()>>>>::{closure#0}::{closure#0}>
[INFO] [stdout]   14:     0x647ef858c45c - <tokio[6bca60c41083f1d3]::runtime::context::scoped::Scoped<tokio[6bca60c41083f1d3]::runtime::scheduler::Context>>::set::<<tokio[6bca60c41083f1d3]::runtime::scheduler::current_thread::CoreGuard>::enter<<tokio[6bca60c41083f1d3]::runtime::scheduler::current_thread::CoreGuard>::block_on<core[a373ad73a504971]::pin::Pin<&mut core[a373ad73a504971]::pin::Pin<&mut dyn core[a373ad73a504971]::future::future::Future<Output = ()>>>>::{closure#0}, core[a373ad73a504971]::option::Option<()>>::{closure#0}, (alloc[2e1b2a31b91974c5]::boxed::Box<tokio[6bca60c41083f1d3]::runtime::scheduler::current_thread::Core>, core[a373ad73a504971]::option::Option<()>)>
[INFO] [stdout]   15:     0x647ef8586825 - <tokio[6bca60c41083f1d3]::runtime::scheduler::current_thread::CoreGuard>::block_on::<core[a373ad73a504971]::pin::Pin<&mut core[a373ad73a504971]::pin::Pin<&mut dyn core[a373ad73a504971]::future::future::Future<Output = ()>>>>
[INFO] [stdout]   16:     0x647ef858e6e0 - tokio[6bca60c41083f1d3]::runtime::context::runtime::enter_runtime::<<tokio[6bca60c41083f1d3]::runtime::scheduler::current_thread::CurrentThread>::block_on<core[a373ad73a504971]::pin::Pin<&mut dyn core[a373ad73a504971]::future::future::Future<Output = ()>>>::{closure#0}, ()>
[INFO] [stdout]   17:     0x647ef857505b - <tokio[6bca60c41083f1d3]::runtime::runtime::Runtime>::block_on::<core[a373ad73a504971]::pin::Pin<&mut dyn core[a373ad73a504971]::future::future::Future<Output = ()>>>
[INFO] [stdout]   18:     0x647ef854791f - <tests[1fed44594c184323]::test_set_url_unknown_demo::{closure#0} as core[a373ad73a504971]::ops::function::FnOnce<()>>::call_once
[INFO] [stdout]   19:     0x647ef85ae6bb - test[aada8e7e76ba119b]::__rust_begin_short_backtrace::<core[a373ad73a504971]::result::Result<(), alloc[2e1b2a31b91974c5]::string::String>, fn() -> core[a373ad73a504971]::result::Result<(), alloc[2e1b2a31b91974c5]::string::String>>
[INFO] [stdout]   20:     0x647ef85bb895 - test[aada8e7e76ba119b]::run_test::{closure#0}
[INFO] [stdout]   21:     0x647ef85b5184 - std[617be2ca0a6fd877]::sys::backtrace::__rust_begin_short_backtrace::<test[aada8e7e76ba119b]::run_test::{closure#1}, ()>
[INFO] [stdout]   22:     0x647ef85be922 - <std[617be2ca0a6fd877]::thread::lifecycle::spawn_unchecked<test[aada8e7e76ba119b]::run_test::{closure#1}, ()>::{closure#1} as core[a373ad73a504971]::ops::function::FnOnce<()>>::call_once::{shim:vtable#0}
[INFO] [stdout]   23:     0x647ef8b1ca4f - <std[617be2ca0a6fd877]::sys::thread::unix::Thread>::new::thread_start
[INFO] [stdout]   24:     0x781530487dfa - <unknown>
[INFO] [stdout]   25:     0x78153051b3d4 - clone
[INFO] [stdout]   26:                0x0 - <unknown>
[INFO] [stdout] 
[INFO] [stdout] ---- test_get_players stdout ----
[INFO] [stdout] 
[INFO] [stdout] thread 'test_get_players' (4417) panicked at tests/tests.rs:206:10:
[INFO] [stdout] called `Result::unwrap()` on an `Err` value: Request(reqwest::Error { kind: Request, url: "http://localhost:8888/demos?page=1&order=ASC&players=", source: hyper_util::client::legacy::Error(Connect, ConnectError("tcp connect error", 127.0.0.1:8888, Os { code: 111, kind: ConnectionRefused, message: "Connection refused" })) })
[INFO] [stdout] stack backtrace:
[INFO] [stdout]    0:     0x647ef8b1d8b1 - <<std[617be2ca0a6fd877]::sys::backtrace::BacktraceLock>::print::DisplayBacktrace as core[a373ad73a504971]::fmt::Display>::fmt
[INFO] [stdout]    1:     0x647ef8b358da - core[a373ad73a504971]::fmt::write
[INFO] [stdout]    2:     0x647ef8b2251c - <alloc[2e1b2a31b91974c5]::vec::Vec<u8> as core[a373ad73a504971]::io::write::Write>::write_fmt
[INFO] [stdout]    3:     0x647ef8af8026 - std[617be2ca0a6fd877]::panicking::default_hook::{closure#0}
[INFO] [stdout]    4:     0x647ef8b15289 - std[617be2ca0a6fd877]::panicking::default_hook
[INFO] [stdout]    5:     0x647ef85bb270 - test[aada8e7e76ba119b]::test_main_inner::{closure#0}
[INFO] [stdout]    6:     0x647ef8b155b2 - std[617be2ca0a6fd877]::panicking::panic_with_hook
[INFO] [stdout]    7:     0x647ef8af80d2 - std[617be2ca0a6fd877]::panicking::panic_handler::{closure#0}
[INFO] [stdout]    8:     0x647ef8af0ad9 - std[617be2ca0a6fd877]::sys::backtrace::__rust_end_short_backtrace::<std[617be2ca0a6fd877]::panicking::panic_handler::{closure#0}, !>
[INFO] [stdout]    9:     0x647ef8af8ecd - __rustc[ea4f61d10b84890b]::rust_begin_unwind
[INFO] [stdout]   10:     0x647ef8b360bc - core[a373ad73a504971]::panicking::panic_fmt
[INFO] [stdout]   11:     0x647ef8b35e92 - core[a373ad73a504971]::result::unwrap_failed
[INFO] [stdout]   12:     0x647ef853683c - tests[1fed44594c184323]::test_get_players::{closure#0}
[INFO] [stdout]   13:     0x647ef8585d13 - <tokio[6bca60c41083f1d3]::runtime::scheduler::current_thread::Context>::enter::<core[a373ad73a504971]::task::poll::Poll<()>, <tokio[6bca60c41083f1d3]::runtime::scheduler::current_thread::CoreGuard>::block_on<core[a373ad73a504971]::pin::Pin<&mut core[a373ad73a504971]::pin::Pin<&mut dyn core[a373ad73a504971]::future::future::Future<Output = ()>>>>::{closure#0}::{closure#0}>
[INFO] [stdout]   14:     0x647ef858c45c - <tokio[6bca60c41083f1d3]::runtime::context::scoped::Scoped<tokio[6bca60c41083f1d3]::runtime::scheduler::Context>>::set::<<tokio[6bca60c41083f1d3]::runtime::scheduler::current_thread::CoreGuard>::enter<<tokio[6bca60c41083f1d3]::runtime::scheduler::current_thread::CoreGuard>::block_on<core[a373ad73a504971]::pin::Pin<&mut core[a373ad73a504971]::pin::Pin<&mut dyn core[a373ad73a504971]::future::future::Future<Output = ()>>>>::{closure#0}, core[a373ad73a504971]::option::Option<()>>::{closure#0}, (alloc[2e1b2a31b91974c5]::boxed::Box<tokio[6bca60c41083f1d3]::runtime::scheduler::current_thread::Core>, core[a373ad73a504971]::option::Option<()>)>
[INFO] [stdout]   15:     0x647ef8586825 - <tokio[6bca60c41083f1d3]::runtime::scheduler::current_thread::CoreGuard>::block_on::<core[a373ad73a504971]::pin::Pin<&mut core[a373ad73a504971]::pin::Pin<&mut dyn core[a373ad73a504971]::future::future::Future<Output = ()>>>>
[INFO] [stdout]   16:     0x647ef858e6e0 - tokio[6bca60c41083f1d3]::runtime::context::runtime::enter_runtime::<<tokio[6bca60c41083f1d3]::runtime::scheduler::current_thread::CurrentThread>::block_on<core[a373ad73a504971]::pin::Pin<&mut dyn core[a373ad73a504971]::future::future::Future<Output = ()>>>::{closure#0}, ()>
[INFO] [stdout]   17:     0x647ef857505b - <tokio[6bca60c41083f1d3]::runtime::runtime::Runtime>::block_on::<core[a373ad73a504971]::pin::Pin<&mut dyn core[a373ad73a504971]::future::future::Future<Output = ()>>>
[INFO] [stdout]   18:     0x647ef8546beb - <tests[1fed44594c184323]::test_get_players::{closure#0} as core[a373ad73a504971]::ops::function::FnOnce<()>>::call_once
[INFO] [stdout]   19:     0x647ef85ae6bb - test[aada8e7e76ba119b]::__rust_begin_short_backtrace::<core[a373ad73a504971]::result::Result<(), alloc[2e1b2a31b91974c5]::string::String>, fn() -> core[a373ad73a504971]::result::Result<(), alloc[2e1b2a31b91974c5]::string::String>>
[INFO] [stdout]   20:     0x647ef85bb895 - test[aada8e7e76ba119b]::run_test::{closure#0}
[INFO] [stdout]   21:     0x647ef85b5184 - std[617be2ca0a6fd877]::sys::backtrace::__rust_begin_short_backtrace::<test[aada8e7e76ba119b]::run_test::{closure#1}, ()>
[INFO] [stdout]   22:     0x647ef85be922 - <std[617be2ca0a6fd877]::thread::lifecycle::spawn_unchecked<test[aada8e7e76ba119b]::run_test::{closure#1}, ()>::{closure#1} as core[a373ad73a504971]::ops::function::FnOnce<()>>::call_once::{shim:vtable#0}
[INFO] [stdout]   23:     0x647ef8b1ca4f - <std[617be2ca0a6fd877]::sys::thread::unix::Thread>::new::thread_start
[INFO] [stdout]   24:     0x781530487dfa - <unknown>
[INFO] [stdout]   25:     0x78153051b3d4 - clone
[INFO] [stdout]   26:                0x0 - <unknown>
[INFO] [stdout] 
[INFO] [stdout] ---- test_get_demo stdout ----
[INFO] [stdout] 
[INFO] [stdout] thread 'test_get_demo' (4415) panicked at tests/tests.rs:161:36:
[INFO] [stdout] called `Result::unwrap()` on an `Err` value: Request(reqwest::Error { kind: Request, url: "http://localhost:8888/demos/1", source: hyper_util::client::legacy::Error(Connect, ConnectError("tcp connect error", 127.0.0.1:8888, Os { code: 111, kind: ConnectionRefused, message: "Connection refused" })) })
[INFO] [stdout] stack backtrace:
[INFO] [stdout]    0:     0x647ef8b1d8b1 - <<std[617be2ca0a6fd877]::sys::backtrace::BacktraceLock>::print::DisplayBacktrace as core[a373ad73a504971]::fmt::Display>::fmt
[INFO] [stdout]    1:     0x647ef8b358da - core[a373ad73a504971]::fmt::write
[INFO] [stdout]    2:     0x647ef8b2251c - <alloc[2e1b2a31b91974c5]::vec::Vec<u8> as core[a373ad73a504971]::io::write::Write>::write_fmt
[INFO] [stdout]    3:     0x647ef8af8026 - std[617be2ca0a6fd877]::panicking::default_hook::{closure#0}
[INFO] [stdout]    4:     0x647ef8b15289 - std[617be2ca0a6fd877]::panicking::default_hook
[INFO] [stdout]    5:     0x647ef85bb270 - test[aada8e7e76ba119b]::test_main_inner::{closure#0}
[INFO] [stdout]    6:     0x647ef8b155b2 - std[617be2ca0a6fd877]::panicking::panic_with_hook
[INFO] [stdout]    7:     0x647ef8af80d2 - std[617be2ca0a6fd877]::panicking::panic_handler::{closure#0}
[INFO] [stdout]    8:     0x647ef8af0ad9 - std[617be2ca0a6fd877]::sys::backtrace::__rust_end_short_backtrace::<std[617be2ca0a6fd877]::panicking::panic_handler::{closure#0}, !>
[INFO] [stdout]    9:     0x647ef8af8ecd - __rustc[ea4f61d10b84890b]::rust_begin_unwind
[INFO] [stdout]   10:     0x647ef8b360bc - core[a373ad73a504971]::panicking::panic_fmt
[INFO] [stdout]   11:     0x647ef8b35e92 - core[a373ad73a504971]::result::unwrap_failed
[INFO] [stdout]   12:     0x647ef8535395 - tests[1fed44594c184323]::test_get_demo::{closure#0}
[INFO] [stdout]   13:     0x647ef8585d13 - <tokio[6bca60c41083f1d3]::runtime::scheduler::current_thread::Context>::enter::<core[a373ad73a504971]::task::poll::Poll<()>, <tokio[6bca60c41083f1d3]::runtime::scheduler::current_thread::CoreGuard>::block_on<core[a373ad73a504971]::pin::Pin<&mut core[a373ad73a504971]::pin::Pin<&mut dyn core[a373ad73a504971]::future::future::Future<Output = ()>>>>::{closure#0}::{closure#0}>
[INFO] [stdout]   14:     0x647ef858c45c - <tokio[6bca60c41083f1d3]::runtime::context::scoped::Scoped<tokio[6bca60c41083f1d3]::runtime::scheduler::Context>>::set::<<tokio[6bca60c41083f1d3]::runtime::scheduler::current_thread::CoreGuard>::enter<<tokio[6bca60c41083f1d3]::runtime::scheduler::current_thread::CoreGuard>::block_on<core[a373ad73a504971]::pin::Pin<&mut core[a373ad73a504971]::pin::Pin<&mut dyn core[a373ad73a504971]::future::future::Future<Output = ()>>>>::{closure#0}, core[a373ad73a504971]::option::Option<()>>::{closure#0}, (alloc[2e1b2a31b91974c5]::boxed::Box<tokio[6bca60c41083f1d3]::runtime::scheduler::current_thread::Core>, core[a373ad73a504971]::option::Option<()>)>
[INFO] [stdout]   15:     0x647ef8586825 - <tokio[6bca60c41083f1d3]::runtime::scheduler::current_thread::CoreGuard>::block_on::<core[a373ad73a504971]::pin::Pin<&mut core[a373ad73a504971]::pin::Pin<&mut dyn core[a373ad73a504971]::future::future::Future<Output = ()>>>>
[INFO] [stdout]   16:     0x647ef858e6e0 - tokio[6bca60c41083f1d3]::runtime::context::runtime::enter_runtime::<<tokio[6bca60c41083f1d3]::runtime::scheduler::current_thread::CurrentThread>::block_on<core[a373ad73a504971]::pin::Pin<&mut dyn core[a373ad73a504971]::future::future::Future<Output = ()>>>::{closure#0}, ()>
[INFO] [stdout]   17:     0x647ef857505b - <tokio[6bca60c41083f1d3]::runtime::runtime::Runtime>::block_on::<core[a373ad73a504971]::pin::Pin<&mut dyn core[a373ad73a504971]::future::future::Future<Output = ()>>>
[INFO] [stdout]   18:     0x647ef85467cb - <tests[1fed44594c184323]::test_get_demo::{closure#0} as core[a373ad73a504971]::ops::function::FnOnce<()>>::call_once
[INFO] [stdout]   19:     0x647ef85ae6bb - test[aada8e7e76ba119b]::__rust_begin_short_backtrace::<core[a373ad73a504971]::result::Result<(), alloc[2e1b2a31b91974c5]::string::String>, fn() -> core[a373ad73a504971]::result::Result<(), alloc[2e1b2a31b91974c5]::string::String>>
[INFO] [stdout]   20:     0x647ef85bb895 - test[aada8e7e76ba119b]::run_test::{closure#0}
[INFO] [stdout]   21:     0x647ef85b5184 - std[617be2ca0a6fd877]::sys::backtrace::__rust_begin_short_backtrace::<test[aada8e7e76ba119b]::run_test::{closure#1}, ()>
[INFO] [stdout]   22:     0x647ef85be922 - <std[617be2ca0a6fd877]::thread::lifecycle::spawn_unchecked<test[aada8e7e76ba119b]::run_test::{closure#1}, ()>::{closure#1} as core[a373ad73a504971]::ops::function::FnOnce<()>>::call_once::{shim:vtable#0}
[INFO] [stdout]   23:     0x647ef8b1ca4f - <std[617be2ca0a6fd877]::sys::thread::unix::Thread>::new::thread_start
[INFO] [stdout]   24:     0x781530487dfa - <unknown>
[INFO] [stdout]   25:     0x78153051b3d4 - clone
[INFO] [stdout]   26:                0x0 - <unknown>
[INFO] [stdout] 
[INFO] [stdout] ---- test_set_url_invalid_hash stdout ----
[INFO] [stdout] 
[INFO] [stdout] thread 'test_set_url_invalid_hash' (4429) panicked at tests/tests.rs:243:5:
[INFO] [stdout] assertion failed: matches!(res.unwrap_err(), Error::HashMisMatch)
[INFO] [stdout] stack backtrace:
[INFO] [stdout]    0:     0x647ef8b1d8b1 - <<std[617be2ca0a6fd877]::sys::backtrace::BacktraceLock>::print::DisplayBacktrace as core[a373ad73a504971]::fmt::Display>::fmt
[INFO] [stdout]    1:     0x647ef8b358da - core[a373ad73a504971]::fmt::write
[INFO] [stdout]    2:     0x647ef8b2251c - <alloc[2e1b2a31b91974c5]::vec::Vec<u8> as core[a373ad73a504971]::io::write::Write>::write_fmt
[INFO] [stdout]    3:     0x647ef8af8026 - std[617be2ca0a6fd877]::panicking::default_hook::{closure#0}
[INFO] [stdout]    4:     0x647ef8b15289 - std[617be2ca0a6fd877]::panicking::default_hook
[INFO] [stdout]    5:     0x647ef85bb270 - test[aada8e7e76ba119b]::test_main_inner::{closure#0}
[INFO] [stdout]    6:     0x647ef8b155b2 - std[617be2ca0a6fd877]::panicking::panic_with_hook
[INFO] [stdout]    7:     0x647ef8af8104 - std[617be2ca0a6fd877]::panicking::panic_handler::{closure#0}
[INFO] [stdout]    8:     0x647ef8af0ad9 - std[617be2ca0a6fd877]::sys::backtrace::__rust_end_short_backtrace::<std[617be2ca0a6fd877]::panicking::panic_handler::{closure#0}, !>
[INFO] [stdout]    9:     0x647ef8af8ecd - __rustc[ea4f61d10b84890b]::rust_begin_unwind
[INFO] [stdout]   10:     0x647ef8b360bc - core[a373ad73a504971]::panicking::panic_fmt
[INFO] [stdout]   11:     0x647ef8b36082 - core[a373ad73a504971]::panicking::panic
[INFO] [stdout]   12:     0x647ef853c070 - tests[1fed44594c184323]::test_set_url_invalid_hash::{closure#0}
[INFO] [stdout]   13:     0x647ef8585d13 - <tokio[6bca60c41083f1d3]::runtime::scheduler::current_thread::Context>::enter::<core[a373ad73a504971]::task::poll::Poll<()>, <tokio[6bca60c41083f1d3]::runtime::scheduler::current_thread::CoreGuard>::block_on<core[a373ad73a504971]::pin::Pin<&mut core[a373ad73a504971]::pin::Pin<&mut dyn core[a373ad73a504971]::future::future::Future<Output = ()>>>>::{closure#0}::{closure#0}>
[INFO] [stdout]   14:     0x647ef858c45c - <tokio[6bca60c41083f1d3]::runtime::context::scoped::Scoped<tokio[6bca60c41083f1d3]::runtime::scheduler::Context>>::set::<<tokio[6bca60c41083f1d3]::runtime::scheduler::current_thread::CoreGuard>::enter<<tokio[6bca60c41083f1d3]::runtime::scheduler::current_thread::CoreGuard>::block_on<core[a373ad73a504971]::pin::Pin<&mut core[a373ad73a504971]::pin::Pin<&mut dyn core[a373ad73a504971]::future::future::Future<Output = ()>>>>::{closure#0}, core[a373ad73a504971]::option::Option<()>>::{closure#0}, (alloc[2e1b2a31b91974c5]::boxed::Box<tokio[6bca60c41083f1d3]::runtime::scheduler::current_thread::Core>, core[a373ad73a504971]::option::Option<()>)>
[INFO] [stdout]   15:     0x647ef8586825 - <tokio[6bca60c41083f1d3]::runtime::scheduler::current_thread::CoreGuard>::block_on::<core[a373ad73a504971]::pin::Pin<&mut core[a373ad73a504971]::pin::Pin<&mut dyn core[a373ad73a504971]::future::future::Future<Output = ()>>>>
[INFO] [stdout]   16:     0x647ef858e6e0 - tokio[6bca60c41083f1d3]::runtime::context::runtime::enter_runtime::<<tokio[6bca60c41083f1d3]::runtime::scheduler::current_thread::CurrentThread>::block_on<core[a373ad73a504971]::pin::Pin<&mut dyn core[a373ad73a504971]::future::future::Future<Output = ()>>>::{closure#0}, ()>
[INFO] [stdout]   17:     0x647ef857505b - <tokio[6bca60c41083f1d3]::runtime::runtime::Runtime>::block_on::<core[a373ad73a504971]::pin::Pin<&mut dyn core[a373ad73a504971]::future::future::Future<Output = ()>>>
[INFO] [stdout]   18:     0x647ef854777f - <tests[1fed44594c184323]::test_set_url_invalid_hash::{closure#0} as core[a373ad73a504971]::ops::function::FnOnce<()>>::call_once
[INFO] [stdout]   19:     0x647ef85ae6bb - test[aada8e7e76ba119b]::__rust_begin_short_backtrace::<core[a373ad73a504971]::result::Result<(), alloc[2e1b2a31b91974c5]::string::String>, fn() -> core[a373ad73a504971]::result::Result<(), alloc[2e1b2a31b91974c5]::string::String>>
[INFO] [stdout]   20:     0x647ef85bb895 - test[aada8e7e76ba119b]::run_test::{closure#0}
[INFO] [stdout]   21:     0x647ef85b5184 - std[617be2ca0a6fd877]::sys::backtrace::__rust_begin_short_backtrace::<test[aada8e7e76ba119b]::run_test::{closure#1}, ()>
[INFO] [stdout]   22:     0x647ef85be922 - <std[617be2ca0a6fd877]::thread::lifecycle::spawn_unchecked<test[aada8e7e76ba119b]::run_test::{closure#1}, ()>::{closure#1} as core[a373ad73a504971]::ops::function::FnOnce<()>>::call_once::{shim:vtable#0}
[INFO] [stdout]   23:     0x647ef8b1ca4f - <std[617be2ca0a6fd877]::sys::thread::unix::Thread>::new::thread_start
[INFO] [stdout]   24:     0x781530487dfa - <unknown>
[INFO] [stdout]   25:     0x78153051b3d4 - clone
[INFO] [stdout]   26:                0x0 - <unknown>
[INFO] [stdout] 
[INFO] [stdout] ---- test_set_url_invalid_key stdout ----
[INFO] [stdout] 
[INFO] [stdout] thread 'test_set_url_invalid_key' (4433) panicked at tests/tests.rs:226:5:
[INFO] [stdout] assertion failed: matches!(res.unwrap_err(), Error::InvalidApiKey)
[INFO] [stdout] stack backtrace:
[INFO] [stdout]    0:     0x647ef8b1d8b1 - <<std[617be2ca0a6fd877]::sys::backtrace::BacktraceLock>::print::DisplayBacktrace as core[a373ad73a504971]::fmt::Display>::fmt
[INFO] [stdout]    1:     0x647ef8b358da - core[a373ad73a504971]::fmt::write
[INFO] [stdout]    2:     0x647ef8b2251c - <alloc[2e1b2a31b91974c5]::vec::Vec<u8> as core[a373ad73a504971]::io::write::Write>::write_fmt
[INFO] [stdout]    3:     0x647ef8af8026 - std[617be2ca0a6fd877]::panicking::default_hook::{closure#0}
[INFO] [stdout]    4:     0x647ef8b15289 - std[617be2ca0a6fd877]::panicking::default_hook
[INFO] [stdout]    5:     0x647ef85bb270 - test[aada8e7e76ba119b]::test_main_inner::{closure#0}
[INFO] [stdout]    6:     0x647ef8b155b2 - std[617be2ca0a6fd877]::panicking::panic_with_hook
[INFO] [stdout]    7:     0x647ef8af8104 - std[617be2ca0a6fd877]::panicking::panic_handler::{closure#0}
[INFO] [stdout]    8:     0x647ef8af0ad9 - std[617be2ca0a6fd877]::sys::backtrace::__rust_end_short_backtrace::<std[617be2ca0a6fd877]::panicking::panic_handler::{closure#0}, !>
[INFO] [stdout]    9:     0x647ef8af8ecd - __rustc[ea4f61d10b84890b]::rust_begin_unwind
[INFO] [stdout]   10:     0x647ef8b360bc - core[a373ad73a504971]::panicking::panic_fmt
[INFO] [stdout]   11:     0x647ef8b36082 - core[a373ad73a504971]::panicking::panic
[INFO] [stdout]   12:     0x647ef853be30 - tests[1fed44594c184323]::test_set_url_invalid_key::{closure#0}
[INFO] [stdout]   13:     0x647ef8585d13 - <tokio[6bca60c41083f1d3]::runtime::scheduler::current_thread::Context>::enter::<core[a373ad73a504971]::task::poll::Poll<()>, <tokio[6bca60c41083f1d3]::runtime::scheduler::current_thread::CoreGuard>::block_on<core[a373ad73a504971]::pin::Pin<&mut core[a373ad73a504971]::pin::Pin<&mut dyn core[a373ad73a504971]::future::future::Future<Output = ()>>>>::{closure#0}::{closure#0}>
[INFO] [stdout]   14:     0x647ef858c45c - <tokio[6bca60c41083f1d3]::runtime::context::scoped::Scoped<tokio[6bca60c41083f1d3]::runtime::scheduler::Context>>::set::<<tokio[6bca60c41083f1d3]::runtime::scheduler::current_thread::CoreGuard>::enter<<tokio[6bca60c41083f1d3]::runtime::scheduler::current_thread::CoreGuard>::block_on<core[a373ad73a504971]::pin::Pin<&mut core[a373ad73a504971]::pin::Pin<&mut dyn core[a373ad73a504971]::future::future::Future<Output = ()>>>>::{closure#0}, core[a373ad73a504971]::option::Option<()>>::{closure#0}, (alloc[2e1b2a31b91974c5]::boxed::Box<tokio[6bca60c41083f1d3]::runtime::scheduler::current_thread::Core>, core[a373ad73a504971]::option::Option<()>)>
[INFO] [stdout]   15:     0x647ef8586825 - <tokio[6bca60c41083f1d3]::runtime::scheduler::current_thread::CoreGuard>::block_on::<core[a373ad73a504971]::pin::Pin<&mut core[a373ad73a504971]::pin::Pin<&mut dyn core[a373ad73a504971]::future::future::Future<Output = ()>>>>
[INFO] [stdout]   16:     0x647ef858e6e0 - tokio[6bca60c41083f1d3]::runtime::context::runtime::enter_runtime::<<tokio[6bca60c41083f1d3]::runtime::scheduler::current_thread::CurrentThread>::block_on<core[a373ad73a504971]::pin::Pin<&mut dyn core[a373ad73a504971]::future::future::Future<Output = ()>>>::{closure#0}, ()>
[INFO] [stdout]   17:     0x647ef857505b - <tokio[6bca60c41083f1d3]::runtime::runtime::Runtime>::block_on::<core[a373ad73a504971]::pin::Pin<&mut dyn core[a373ad73a504971]::future::future::Future<Output = ()>>>
[INFO] [stdout]   18:     0x647ef85475df - <tests[1fed44594c184323]::test_set_url_invalid_key::{closure#0} as core[a373ad73a504971]::ops::function::FnOnce<()>>::call_once
[INFO] [stdout]   19:     0x647ef85ae6bb - test[aada8e7e76ba119b]::__rust_begin_short_backtrace::<core[a373ad73a504971]::result::Result<(), alloc[2e1b2a31b91974c5]::string::String>, fn() -> core[a373ad73a504971]::result::Result<(), alloc[2e1b2a31b91974c5]::string::String>>
[INFO] [stdout]   20:     0x647ef85bb895 - test[aada8e7e76ba119b]::run_test::{closure#0}
[INFO] [stdout]   21:     0x647ef85b5184 - std[617be2ca0a6fd877]::sys::backtrace::__rust_begin_short_backtrace::<test[aada8e7e76ba119b]::run_test::{closure#1}, ()>
[INFO] [stdout]   22:     0x647ef85be922 - <std[617be2ca0a6fd877]::thread::lifecycle::spawn_unchecked<test[aada8e7e76ba119b]::run_test::{closure#1}, ()>::{closure#1} as core[a373ad73a504971]::ops::function::FnOnce<()>>::call_once::{shim:vtable#0}
[INFO] [stdout]   23:     0x647ef8b1ca4f - <std[617be2ca0a6fd877]::sys::thread::unix::Thread>::new::thread_start
[INFO] [stdout]   24:     0x781530487dfa - <unknown>
[INFO] [stdout]   25:     0x78153051b3d4 - clone
[INFO] [stdout]   26:                0x0 - <unknown>
[INFO] [stdout] 
[INFO] [stdout] ---- test_upload_invalid_key stdout ----
[INFO] [stdout] 
[INFO] [stdout] thread 'test_upload_invalid_key' (4437) panicked at tests/tests.rs:119:48:
[INFO] [stdout] called `Result::unwrap()` on an `Err` value: Os { code: 2, kind: NotFound, message: "No such file or directory" }
[INFO] [stdout] stack backtrace:
[INFO] [stdout]    0:     0x647ef8b1d8b1 - <<std[617be2ca0a6fd877]::sys::backtrace::BacktraceLock>::print::DisplayBacktrace as core[a373ad73a504971]::fmt::Display>::fmt
[INFO] [stdout]    1:     0x647ef8b358da - core[a373ad73a504971]::fmt::write
[INFO] [stdout]    2:     0x647ef8b2251c - <alloc[2e1b2a31b91974c5]::vec::Vec<u8> as core[a373ad73a504971]::io::write::Write>::write_fmt
[INFO] [stdout]    3:     0x647ef8af8026 - std[617be2ca0a6fd877]::panicking::default_hook::{closure#0}
[INFO] [stdout]    4:     0x647ef8b15289 - std[617be2ca0a6fd877]::panicking::default_hook
[INFO] [stdout]    5:     0x647ef85bb270 - test[aada8e7e76ba119b]::test_main_inner::{closure#0}
[INFO] [stdout]    6:     0x647ef8b155b2 - std[617be2ca0a6fd877]::panicking::panic_with_hook
[INFO] [stdout]    7:     0x647ef8af80d2 - std[617be2ca0a6fd877]::panicking::panic_handler::{closure#0}
[INFO] [stdout]    8:     0x647ef8af0ad9 - std[617be2ca0a6fd877]::sys::backtrace::__rust_end_short_backtrace::<std[617be2ca0a6fd877]::panicking::panic_handler::{closure#0}, !>
[INFO] [stdout]    9:     0x647ef8af8ecd - __rustc[ea4f61d10b84890b]::rust_begin_unwind
[INFO] [stdout]   10:     0x647ef8b360bc - core[a373ad73a504971]::panicking::panic_fmt
[INFO] [stdout]   11:     0x647ef8b35e92 - core[a373ad73a504971]::result::unwrap_failed
[INFO] [stdout]   12:     0x647ef853ba73 - tests[1fed44594c184323]::test_upload_invalid_key::{closure#0}
[INFO] [stdout]   13:     0x647ef8585d13 - <tokio[6bca60c41083f1d3]::runtime::scheduler::current_thread::Context>::enter::<core[a373ad73a504971]::task::poll::Poll<()>, <tokio[6bca60c41083f1d3]::runtime::scheduler::current_thread::CoreGuard>::block_on<core[a373ad73a504971]::pin::Pin<&mut core[a373ad73a504971]::pin::Pin<&mut dyn core[a373ad73a504971]::future::future::Future<Output = ()>>>>::{closure#0}::{closure#0}>
[INFO] [stdout]   14:     0x647ef858c45c - <tokio[6bca60c41083f1d3]::runtime::context::scoped::Scoped<tokio[6bca60c41083f1d3]::runtime::scheduler::Context>>::set::<<tokio[6bca60c41083f1d3]::runtime::scheduler::current_thread::CoreGuard>::enter<<tokio[6bca60c41083f1d3]::runtime::scheduler::current_thread::CoreGuard>::block_on<core[a373ad73a504971]::pin::Pin<&mut core[a373ad73a504971]::pin::Pin<&mut dyn core[a373ad73a504971]::future::future::Future<Output = ()>>>>::{closure#0}, core[a373ad73a504971]::option::Option<()>>::{closure#0}, (alloc[2e1b2a31b91974c5]::boxed::Box<tokio[6bca60c41083f1d3]::runtime::scheduler::current_thread::Core>, core[a373ad73a504971]::option::Option<()>)>
[INFO] [stdout]   15:     0x647ef8586825 - <tokio[6bca60c41083f1d3]::runtime::scheduler::current_thread::CoreGuard>::block_on::<core[a373ad73a504971]::pin::Pin<&mut core[a373ad73a504971]::pin::Pin<&mut dyn core[a373ad73a504971]::future::future::Future<Output = ()>>>>
[INFO] [stdout]   16:     0x647ef858e6e0 - tokio[6bca60c41083f1d3]::runtime::context::runtime::enter_runtime::<<tokio[6bca60c41083f1d3]::runtime::scheduler::current_thread::CurrentThread>::block_on<core[a373ad73a504971]::pin::Pin<&mut dyn core[a373ad73a504971]::future::future::Future<Output = ()>>>::{closure#0}, ()>
[INFO] [stdout]   17:     0x647ef857505b - <tokio[6bca60c41083f1d3]::runtime::runtime::Runtime>::block_on::<core[a373ad73a504971]::pin::Pin<&mut dyn core[a373ad73a504971]::future::future::Future<Output = ()>>>
[INFO] [stdout]   18:     0x647ef854742f - <tests[1fed44594c184323]::test_upload_invalid_key::{closure#0} as core[a373ad73a504971]::ops::function::FnOnce<()>>::call_once
[INFO] [stdout]   19:     0x647ef85ae6bb - test[aada8e7e76ba119b]::__rust_begin_short_backtrace::<core[a373ad73a504971]::result::Result<(), alloc[2e1b2a31b91974c5]::string::String>, fn() -> core[a373ad73a504971]::result::Result<(), alloc[2e1b2a31b91974c5]::string::String>>
[INFO] [stdout]   20:     0x647ef85bb895 - test[aada8e7e76ba119b]::run_test::{closure#0}
[INFO] [stdout]   21:     0x647ef85b5184 - std[617be2ca0a6fd877]::sys::backtrace::__rust_begin_short_backtrace::<test[aada8e7e76ba119b]::run_test::{closure#1}, ()>
[INFO] [stdout]   22:     0x647ef85be922 - <std[617be2ca0a6fd877]::thread::lifecycle::spawn_unchecked<test[aada8e7e76ba119b]::run_test::{closure#1}, ()>::{closure#1} as core[a373ad73a504971]::ops::function::FnOnce<()>>::call_once::{shim:vtable#0}
[INFO] [stdout]   23:     0x647ef8b1ca4f - <std[617be2ca0a6fd877]::sys::thread::unix::Thread>::new::thread_start
[INFO] [stdout]   24:     0x781530487dfa - <unknown>
[INFO] [stdout]   25:     0x78153051b3d4 - clone
[INFO] [stdout]   26:                0x0 - <unknown>
[INFO] [stdout] 
[INFO] [stdout] ---- test_list_players stdout ----
[INFO] [stdout] 
[INFO] [stdout] thread 'test_list_players' (4420) panicked at tests/tests.rs:33:10:
[INFO] [stdout] called `Result::unwrap()` on an `Err` value: PoolTimedOut
[INFO] [stdout] stack backtrace:
[INFO] [stdout]    0:     0x647ef8b1d8b1 - <<std[617be2ca0a6fd877]::sys::backtrace::BacktraceLock>::print::DisplayBacktrace as core[a373ad73a504971]::fmt::Display>::fmt
[INFO] [stdout]    1:     0x647ef8b358da - core[a373ad73a504971]::fmt::write
[INFO] [stdout]    2:     0x647ef8b2251c - <alloc[2e1b2a31b91974c5]::vec::Vec<u8> as core[a373ad73a504971]::io::write::Write>::write_fmt
[INFO] [stdout]    3:     0x647ef8af8026 - std[617be2ca0a6fd877]::panicking::default_hook::{closure#0}
[INFO] [stdout]    4:     0x647ef8b15289 - std[617be2ca0a6fd877]::panicking::default_hook
[INFO] [stdout]    5:     0x647ef85bb270 - test[aada8e7e76ba119b]::test_main_inner::{closure#0}
[INFO] [stdout]    6:     0x647ef8b155b2 - std[617be2ca0a6fd877]::panicking::panic_with_hook
[INFO] [stdout]    7:     0x647ef8af80d2 - std[617be2ca0a6fd877]::panicking::panic_handler::{closure#0}
[INFO] [stdout]    8:     0x647ef8af0ad9 - std[617be2ca0a6fd877]::sys::backtrace::__rust_end_short_backtrace::<std[617be2ca0a6fd877]::panicking::panic_handler::{closure#0}, !>
[INFO] [stdout]    9:     0x647ef8af8ecd - __rustc[ea4f61d10b84890b]::rust_begin_unwind
[INFO] [stdout]   10:     0x647ef8b360bc - core[a373ad73a504971]::panicking::panic_fmt
[INFO] [stdout]   11:     0x647ef8b35e92 - core[a373ad73a504971]::result::unwrap_failed
[INFO] [stdout]   12:     0x647ef85306d2 - tests[1fed44594c184323]::setup::{closure#0}
[INFO] [stdout]   13:     0x647ef852f2fd - tests[1fed44594c184323]::test_client::{closure#0}
[INFO] [stdout]   14:     0x647ef853765e - tests[1fed44594c184323]::test_list_players::{closure#0}
[INFO] [stdout]   15:     0x647ef8585d13 - <tokio[6bca60c41083f1d3]::runtime::scheduler::current_thread::Context>::enter::<core[a373ad73a504971]::task::poll::Poll<()>, <tokio[6bca60c41083f1d3]::runtime::scheduler::current_thread::CoreGuard>::block_on<core[a373ad73a504971]::pin::Pin<&mut core[a373ad73a504971]::pin::Pin<&mut dyn core[a373ad73a504971]::future::future::Future<Output = ()>>>>::{closure#0}::{closure#0}>
[INFO] [stdout]   16:     0x647ef858c45c - <tokio[6bca60c41083f1d3]::runtime::context::scoped::Scoped<tokio[6bca60c41083f1d3]::runtime::scheduler::Context>>::set::<<tokio[6bca60c41083f1d3]::runtime::scheduler::current_thread::CoreGuard>::enter<<tokio[6bca60c41083f1d3]::runtime::scheduler::current_thread::CoreGuard>::block_on<core[a373ad73a504971]::pin::Pin<&mut core[a373ad73a504971]::pin::Pin<&mut dyn core[a373ad73a504971]::future::future::Future<Output = ()>>>>::{closure#0}, core[a373ad73a504971]::option::Option<()>>::{closure#0}, (alloc[2e1b2a31b91974c5]::boxed::Box<tokio[6bca60c41083f1d3]::runtime::scheduler::current_thread::Core>, core[a373ad73a504971]::option::Option<()>)>
[INFO] [stdout]   17:     0x647ef8586825 - <tokio[6bca60c41083f1d3]::runtime::scheduler::current_thread::CoreGuard>::block_on::<core[a373ad73a504971]::pin::Pin<&mut core[a373ad73a504971]::pin::Pin<&mut dyn core[a373ad73a504971]::future::future::Future<Output = ()>>>>
[INFO] [stdout]   18:     0x647ef858e6e0 - tokio[6bca60c41083f1d3]::runtime::context::runtime::enter_runtime::<<tokio[6bca60c41083f1d3]::runtime::scheduler::current_thread::CurrentThread>::block_on<core[a373ad73a504971]::pin::Pin<&mut dyn core[a373ad73a504971]::future::future::Future<Output = ()>>>::{closure#0}, ()>
[INFO] [stdout]   19:     0x647ef857505b - <tokio[6bca60c41083f1d3]::runtime::runtime::Runtime>::block_on::<core[a373ad73a504971]::pin::Pin<&mut dyn core[a373ad73a504971]::future::future::Future<Output = ()>>>
[INFO] [stdout]   20:     0x647ef8546e6b - <tests[1fed44594c184323]::test_list_players::{closure#0} as core[a373ad73a504971]::ops::function::FnOnce<()>>::call_once
[INFO] [stdout]   21:     0x647ef85ae6bb - test[aada8e7e76ba119b]::__rust_begin_short_backtrace::<core[a373ad73a504971]::result::Result<(), alloc[2e1b2a31b91974c5]::string::String>, fn() -> core[a373ad73a504971]::result::Result<(), alloc[2e1b2a31b91974c5]::string::String>>
[INFO] [stdout]   22:     0x647ef85bb895 - test[aada8e7e76ba119b]::run_test::{closure#0}
[INFO] [stdout]   23:     0x647ef85b5184 - std[617be2ca0a6fd877]::sys::backtrace::__rust_begin_short_backtrace::<test[aada8e7e76ba119b]::run_test::{closure#1}, ()>
[INFO] [stdout]   24:     0x647ef85be922 - <std[617be2ca0a6fd877]::thread::lifecycle::spawn_unchecked<test[aada8e7e76ba119b]::run_test::{closure#1}, ()>::{closure#1} as core[a373ad73a504971]::ops::function::FnOnce<()>>::call_once::{shim:vtable#0}
[INFO] [stdout]   25:     0x647ef8b1ca4f - <std[617be2ca0a6fd877]::sys::thread::unix::Thread>::new::thread_start
[INFO] [stdout]   26:     0x781530487dfa - <unknown>
[INFO] [stdout]   27:     0x78153051b3d4 - clone
[INFO] [stdout]   28:                0x0 - <unknown>
[INFO] [stdout] 
[INFO] [stdout] 
[INFO] [stdout] failures:
[INFO] [stdout]     test_download_demo
[INFO] [stdout]     test_get_chat
[INFO] [stdout]     test_get_demo
[INFO] [stdout]     test_get_demo_not_found
[INFO] [stdout]     test_get_players
[INFO] [stdout]     test_get_user
[INFO] [stdout]     test_list_demos
[INFO] [stdout]     test_list_players
[INFO] [stdout]     test_list_upload
[INFO] [stdout]     test_search_players
[INFO] [stdout]     test_set_url
[INFO] [stdout]     test_set_url_invalid_hash
[INFO] [stdout]     test_set_url_invalid_key
[INFO] [stdout]     test_set_url_unknown_demo
[INFO] [stdout]     test_upload_invalid_key
[INFO] [stdout] 
[INFO] [stdout] test result: FAILED. 0 passed; 15 failed; 0 ignored; 0 measured; 0 filtered out; finished in 30.01s
[INFO] [stdout] 
[INFO] [stderr] error: test failed, to rerun pass `--test tests`
[INFO] running `Command { std: "docker" "inspect" "e44949ced72d1e9e2e3679b5fb4bb6b44e97d0dae0287b15a4256948b59ccda4", kill_on_drop: false }`
[INFO] running `Command { std: "docker" "rm" "-f" "e44949ced72d1e9e2e3679b5fb4bb6b44e97d0dae0287b15a4256948b59ccda4", kill_on_drop: false }`
[INFO] [stdout] e44949ced72d1e9e2e3679b5fb4bb6b44e97d0dae0287b15a4256948b59ccda4
