[INFO] fetching crate demonator 0.5.0...
[INFO] testing demonator-0.5.0 against 1.99.0-beta.8+cargoflags=--release for beta-release-1.100-2
[INFO] extracting crate demonator 0.5.0 into /workspace/builds/worker-6-tc1/source
[INFO] started tweaking crates.io crate demonator 0.5.0
[INFO] finished tweaking crates.io crate demonator 0.5.0
[INFO] tweaked toml for crates.io crate demonator 0.5.0 written to /workspace/builds/worker-6-tc1/source/Cargo.toml
[INFO] validating manifest of crates.io crate demonator 0.5.0 on toolchain 1.99.0-beta.8
[INFO] running `Command { std: CARGO_HOME="/workspace/cargo-home" RUSTUP_HOME="/workspace/rustup-home" "/workspace/cargo-home/bin/cargo" "+1.99.0-beta.8" "metadata" "--manifest-path" "Cargo.toml" "--no-deps", kill_on_drop: false }`
[INFO] crate crates.io crate demonator 0.5.0 already has a lockfile, it will not be regenerated
[INFO] running `Command { std: CARGO_HOME="/workspace/cargo-home" RUSTUP_HOME="/workspace/rustup-home" "/workspace/cargo-home/bin/cargo" "+1.99.0-beta.8" "fetch" "--manifest-path" "Cargo.toml", kill_on_drop: false }`
[INFO] running `Command { std: "docker" "create" "-v" "/var/lib/crater-agent-workspace/builds/worker-6-tc1/source:/opt/rustwide/workdir:ro,Z" "-v" "/var/lib/crater-agent-workspace/builds/worker-6-tc1/target:/opt/rustwide/target:rw,Z" "-v" "/var/lib/crater-agent-workspace/cargo-home:/opt/rustwide/cargo-home:ro,Z" "-v" "/var/lib/crater-agent-workspace/rustup-home:/opt/rustwide/rustup-home:ro,Z" "-m" "1610612736" "--network" "none" "ghcr.io/rust-lang/crates-build-env/linux@sha256:77db811e55d90add9212f6832c23229e3de5f1c1f9905e8cb07319ea15df73ac" "sleep" "infinity", kill_on_drop: false }`
[INFO] [stdout] 4bf4b41ec73e7c32cb874f0b4bd69d61923f086228b74fc8da3e0b1f38c38ba2
[INFO] running `Command { std: "docker" "start" "4bf4b41ec73e7c32cb874f0b4bd69d61923f086228b74fc8da3e0b1f38c38ba2", kill_on_drop: false }`
[INFO] running `Command { std: "docker" "inspect" "4bf4b41ec73e7c32cb874f0b4bd69d61923f086228b74fc8da3e0b1f38c38ba2", kill_on_drop: false }`
[INFO] running `Command { std: "docker" "exec" "-e" "SOURCE_DIR=/opt/rustwide/workdir" "-e" "CARGO_HOME=/opt/rustwide/cargo-home" "-e" "RUSTUP_HOME=/opt/rustwide/rustup-home" "-e" "CARGO_TARGET_DIR=/opt/rustwide/target" "-w" "/opt/rustwide/workdir" "--user" "0:0" "4bf4b41ec73e7c32cb874f0b4bd69d61923f086228b74fc8da3e0b1f38c38ba2" "/opt/rustwide/cargo-home/bin/cargo" "+1.99.0-beta.8" "metadata" "--no-deps" "--format-version=1", kill_on_drop: false }`
[INFO] running `Command { std: "docker" "inspect" "4bf4b41ec73e7c32cb874f0b4bd69d61923f086228b74fc8da3e0b1f38c38ba2", kill_on_drop: false }`
[INFO] running `Command { std: "docker" "exec" "-e" "SOURCE_DIR=/opt/rustwide/workdir" "-e" "CARGO_HOME=/opt/rustwide/cargo-home" "-e" "RUSTUP_HOME=/opt/rustwide/rustup-home" "-e" "CARGO_TARGET_DIR=/opt/rustwide/target" "-e" "CARGO_INCREMENTAL=0" "-e" "RUST_BACKTRACE=full" "-e" "RUSTFLAGS=--cap-lints=warn" "-e" "RUSTDOCFLAGS=--cap-lints=warn" "-w" "/opt/rustwide/workdir" "--user" "0:0" "4bf4b41ec73e7c32cb874f0b4bd69d61923f086228b74fc8da3e0b1f38c38ba2" "/opt/rustwide/cargo-home/bin/cargo" "+1.99.0-beta.8" "build" "--frozen" "--message-format=json" "--release", kill_on_drop: false }`
[INFO] [stderr]    Compiling proc-macro2 v1.0.106
[INFO] [stderr]    Compiling quote v1.0.45
[INFO] [stderr]    Compiling unicode-ident v1.0.24
[INFO] [stderr]    Compiling libc v0.2.183
[INFO] [stderr]    Compiling zerocopy v0.8.42
[INFO] [stderr]    Compiling serde_core v1.0.228
[INFO] [stderr]    Compiling utf8parse v0.2.2
[INFO] [stderr]    Compiling cfg-if v1.0.4
[INFO] [stderr]    Compiling memchr v2.8.0
[INFO] [stderr]    Compiling colorchoice v1.0.4
[INFO] [stderr]    Compiling anstyle-query v1.1.5
[INFO] [stderr]    Compiling anstyle v1.0.13
[INFO] [stderr]    Compiling serde v1.0.228
[INFO] [stderr]    Compiling zmij v1.0.21
[INFO] [stderr]    Compiling is_terminal_polyfill v1.70.2
[INFO] [stderr]    Compiling heck v0.5.0
[INFO] [stderr]    Compiling strsim v0.11.1
[INFO] [stderr]    Compiling clap_lex v1.1.0
[INFO] [stderr]    Compiling anstyle-parse v1.0.0
[INFO] [stderr]    Compiling serde_json v1.0.149
[INFO] [stderr]    Compiling regex-syntax v0.8.10
[INFO] [stderr]    Compiling hashbrown v0.16.1
[INFO] [stderr]    Compiling equivalent v1.0.2
[INFO] [stderr]    Compiling itoa v1.0.17
[INFO] [stderr]    Compiling unsafe-libyaml v0.2.11
[INFO] [stderr]    Compiling anstream v1.0.0
[INFO] [stderr]    Compiling ryu v1.0.23
[INFO] [stderr]    Compiling clap_builder v4.6.0
[INFO] [stderr]    Compiling indexmap v2.13.0
[INFO] [stderr]    Compiling aho-corasick v1.1.4
[INFO] [stderr]    Compiling syn v2.0.117
[INFO] [stderr]    Compiling getrandom v0.2.17
[INFO] [stderr]    Compiling rand_core v0.6.4
[INFO] [stderr]    Compiling regex-automata v0.4.14
[INFO] [stderr]    Compiling serde_derive v1.0.228
[INFO] [stderr]    Compiling clap_derive v4.6.0
[INFO] [stderr]    Compiling ppv-lite86 v0.2.21
[INFO] [stderr]    Compiling clap v4.6.0
[INFO] [stderr]    Compiling rand_chacha v0.3.1
[INFO] [stderr]    Compiling regex v1.12.3
[INFO] [stderr]    Compiling rand v0.8.5
[INFO] [stderr]    Compiling serde_yaml v0.9.34+deprecated
[INFO] [stderr]    Compiling demonator v0.5.0 (/opt/rustwide/workdir)
[INFO] [stderr]     Finished `release` profile [optimized] target(s) in 56.05s
[INFO] running `Command { std: "docker" "inspect" "4bf4b41ec73e7c32cb874f0b4bd69d61923f086228b74fc8da3e0b1f38c38ba2", kill_on_drop: false }`
[INFO] running `Command { std: "docker" "exec" "-e" "SOURCE_DIR=/opt/rustwide/workdir" "-e" "CARGO_HOME=/opt/rustwide/cargo-home" "-e" "RUSTUP_HOME=/opt/rustwide/rustup-home" "-e" "CARGO_TARGET_DIR=/opt/rustwide/target" "-e" "CARGO_INCREMENTAL=0" "-e" "RUST_BACKTRACE=full" "-e" "RUSTFLAGS=--cap-lints=warn" "-e" "RUSTDOCFLAGS=--cap-lints=warn" "-w" "/opt/rustwide/workdir" "--user" "0:0" "4bf4b41ec73e7c32cb874f0b4bd69d61923f086228b74fc8da3e0b1f38c38ba2" "/opt/rustwide/cargo-home/bin/cargo" "+1.99.0-beta.8" "test" "--frozen" "--no-run" "--message-format=json" "--release", kill_on_drop: false }`
[INFO] [stderr]    Compiling demonator v0.5.0 (/opt/rustwide/workdir)
[INFO] [stderr]     Finished `release` profile [optimized] target(s) in 28.11s
[INFO] running `Command { std: "docker" "inspect" "4bf4b41ec73e7c32cb874f0b4bd69d61923f086228b74fc8da3e0b1f38c38ba2", kill_on_drop: false }`
[INFO] running `Command { std: "docker" "exec" "-e" "SOURCE_DIR=/opt/rustwide/workdir" "-e" "CARGO_HOME=/opt/rustwide/cargo-home" "-e" "RUSTUP_HOME=/opt/rustwide/rustup-home" "-e" "CARGO_TARGET_DIR=/opt/rustwide/target" "-e" "CARGO_INCREMENTAL=0" "-e" "RUST_BACKTRACE=full" "-e" "RUSTFLAGS=--cap-lints=warn" "-e" "RUSTDOCFLAGS=--cap-lints=warn" "-w" "/opt/rustwide/workdir" "--user" "0:0" "4bf4b41ec73e7c32cb874f0b4bd69d61923f086228b74fc8da3e0b1f38c38ba2" "/opt/rustwide/cargo-home/bin/cargo" "+1.99.0-beta.8" "test" "--frozen" "--release", kill_on_drop: false }`
[INFO] [stderr]     Finished `release` profile [optimized] target(s) in 0.09s
[INFO] [stderr]      Running unittests src/main.rs (/opt/rustwide/target/release/deps/demonator-d7c95593a557d509)
[INFO] [stdout] 
[INFO] [stdout] running 53 tests
[INFO] [stdout] test tests::test_chapters ... ok
[INFO] [stdout] test tests::test_comment_step ... ok
[INFO] [stdout] test tests::test_comment_step_no_style ... ok
[INFO] [stdout] test tests::test_auto_advance ... ok
[INFO] [stdout] test tests::test_comment_timing_resolves_correctly ... ok
[INFO] [stdout] test tests::test_conditional_if ... ok
[INFO] [stdout] test tests::test_capture_regex_extraction ... ok
[INFO] [stdout] test tests::test_config_empty_steps ... ok
[INFO] [stdout] test tests::test_config_no_steps_or_chapters_parses ... ok
[INFO] [stdout] test tests::test_capture_deserialize ... ok
[INFO] [stdout] test tests::test_config_deserialize_full ... ok
[INFO] [stdout] test tests::test_config_deserialize_minimal ... FAILED
[INFO] [stdout] test tests::test_extract_json_path_invalid_json ... ok
[INFO] [stdout] test tests::test_expand_colors_basic ... ok
[INFO] [stdout] test tests::test_clear_directive ... ok
[INFO] [stdout] test tests::test_expand_colors_multiple ... ok
[INFO] [stdout] test tests::test_extract_json_path_nested ... ok
[INFO] [stdout] test tests::test_extract_json_path_no_match ... ok
[INFO] [stdout] test tests::test_extract_json_path_simple_key ... ok
[INFO] [stdout] test tests::test_highlight_command_basic ... ok
[INFO] [stdout] test tests::test_highlight_command_pipe ... ok
[INFO] [stdout] test tests::test_highlight_command_variable ... ok
[INFO] [stdout] test tests::test_interact_no_expect ... ok
[INFO] [stdout] test tests::test_output_speed ... ok
[INFO] [stdout] test tests::test_conditional_unless ... ok
[INFO] [stdout] test tests::test_expand_colors_all_colors ... ok
[INFO] [stdout] test tests::test_resolve_demo_chapters ... ok
[INFO] [stdout] test tests::test_fake_output ... ok
[INFO] [stdout] test tests::test_expand_colors_no_placeholders ... ok
[INFO] [stdout] test tests::test_hidden_step ... ok
[INFO] [stdout] test tests::test_json_path_capture_deserialize ... ok
[INFO] [stdout] test tests::test_pause_directive ... ok
[INFO] [stdout] test tests::test_extract_json_path_array_index ... ok
[INFO] [stdout] test tests::test_step_override_resolves_correctly ... ok
[INFO] [stdout] test tests::test_setup_teardown ... ok
[INFO] [stdout] test tests::test_highlight_command_strings ... ok
[INFO] [stdout] test tests::test_substitute_vars_basic ... ok
[INFO] [stdout] test tests::test_highlight_command_flags ... ok
[INFO] [stdout] test tests::test_substitute_vars_does_not_replace_colors ... ok
[INFO] [stdout] test tests::test_substitute_vars_multiple ... ok
[INFO] [stdout] test tests::test_highlight_config ... ok
[INFO] [stdout] test tests::test_timed_pause_step ... ok
[INFO] [stdout] test tests::test_interact_deserialize ... ok
[INFO] [stdout] test tests::test_substitute_vars_no_match ... ok
[INFO] [stdout] test tests::test_should_run_step_if_present ... ok
[INFO] [stdout] test tests::test_step_without_capture ... ok
[INFO] [stdout] test tests::test_should_run_step_unless_present ... ok
[INFO] [stdout] test tests::test_style_to_ansi ... ok
[INFO] [stdout] test tests::test_speed_override_resolves_correctly ... ok
[INFO] [stdout] test tests::test_step_defaults_to_none ... ok
[INFO] [stdout] test tests::test_wait_for_pattern ... ok
[INFO] [stdout] test tests::test_exported_env_persists_between_commands ... ok
[INFO] [stdout] test tests::test_default_values ... FAILED
[INFO] [stdout] 
[INFO] [stdout] failures:
[INFO] [stdout] 
[INFO] [stdout] ---- tests::test_config_deserialize_minimal stdout ----
[INFO] [stdout] 
[INFO] [stdout] thread 'tests::test_config_deserialize_minimal' (906) panicked at src/main.rs:1978:9:
[INFO] [stdout] assertion `left == right` failed
[INFO] [stdout]   left: 0
[INFO] [stdout]  right: 200
[INFO] [stdout] stack backtrace:
[INFO] [stdout]    0:     0x55ec328e00c7 - <unknown>
[INFO] [stdout]    1:     0x55ec32811b4a - <unknown>
[INFO] [stdout]    2:     0x55ec328df67b - <unknown>
[INFO] [stdout]    3:     0x55ec328df15f - <unknown>
[INFO] [stdout]    4:     0x55ec328ded8a - <unknown>
[INFO] [stdout]    5:     0x55ec328de8c2 - <unknown>
[INFO] [stdout]    6:     0x55ec32905c31 - <unknown>
[INFO] [stdout]    7:     0x55ec32905be9 - <unknown>
[INFO] [stdout]    8:     0x55ec329060fc - <unknown>
[INFO] [stdout]    9:     0x55ec328119db - <unknown>
[INFO] [stdout]   10:     0x55ec328118fe - <unknown>
[INFO] [stdout]   11:     0x55ec32812e1d - <unknown>
[INFO] [stdout]   12:     0x55ec327dc81c - <unknown>
[INFO] [stdout]   13:     0x55ec3291e83b - <unknown>
[INFO] [stdout]   14:     0x55ec3291a9b1 - <unknown>
[INFO] [stdout]   15:     0x55ec3291a19c - <unknown>
[INFO] [stdout]   16:     0x55ec329367bc - <unknown>
[INFO] [stdout]   17:     0x55ec329073f2 - <unknown>
[INFO] [stdout]   18:     0x7cfb1037bdfa - <unknown>
[INFO] [stdout]   19:     0x7cfb1040f3d4 - clone
[INFO] [stdout]   20:                0x0 - <unknown>
[INFO] [stdout] 
[INFO] [stdout] ---- tests::test_default_values stdout ----
[INFO] [stdout] 
[INFO] [stdout] thread 'tests::test_default_values' (909) panicked at src/main.rs:1961:9:
[INFO] [stdout] assertion `left == right` failed
[INFO] [stdout]   left: 0
[INFO] [stdout]  right: 200
[INFO] [stdout] stack backtrace:
[INFO] [stdout]    0:     0x55ec328e00c7 - <unknown>
[INFO] [stdout]    1:     0x55ec32811b4a - <unknown>
[INFO] [stdout]    2:     0x55ec328df67b - <unknown>
[INFO] [stdout]    3:     0x55ec328df15f - <unknown>
[INFO] [stdout]    4:     0x55ec328ded8a - <unknown>
[INFO] [stdout]    5:     0x55ec328de8c2 - <unknown>
[INFO] [stdout]    6:     0x55ec32905c31 - <unknown>
[INFO] [stdout]    7:     0x55ec32905be9 - <unknown>
[INFO] [stdout]    8:     0x55ec329060fc - <unknown>
[INFO] [stdout]    9:     0x55ec328119db - <unknown>
[INFO] [stdout]   10:     0x55ec328118fe - <unknown>
[INFO] [stdout]   11:     0x55ec32812e1d - <unknown>
[INFO] [stdout]   12:     0x55ec3282e26f - <unknown>
[INFO] [stdout]   13:     0x55ec327d7ece - <unknown>
[INFO] [stdout]   14:     0x55ec3291e83b - <unknown>
[INFO] [stdout]   15:     0x55ec3291a9b1 - <unknown>
[INFO] [stdout]   16:     0x55ec3291a19c - <unknown>
[INFO] [stdout]   17:     0x55ec329367bc - <unknown>
[INFO] [stdout]   18:     0x55ec329073f2 - <unknown>
[INFO] [stdout]   19:     0x7cfb1037bdfa - <unknown>
[INFO] [stdout]   20:     0x7cfb1040f3d4 - clone
[INFO] [stdout]   21:                0x0 - <unknown>
[INFO] [stdout] 
[INFO] [stdout] 
[INFO] [stdout] failures:
[INFO] [stdout]     tests::test_config_deserialize_minimal
[INFO] [stdout]     tests::test_default_values
[INFO] [stdout] 
[INFO] [stdout] test result: FAILED. 51 passed; 2 failed; 0 ignored; 0 measured; 0 filtered out; finished in 0.06s
[INFO] [stdout] 
[INFO] [stderr] error: test failed, to rerun pass `--bin demonator`
[INFO] running `Command { std: "docker" "inspect" "4bf4b41ec73e7c32cb874f0b4bd69d61923f086228b74fc8da3e0b1f38c38ba2", kill_on_drop: false }`
[INFO] running `Command { std: "docker" "rm" "-f" "4bf4b41ec73e7c32cb874f0b4bd69d61923f086228b74fc8da3e0b1f38c38ba2", kill_on_drop: false }`
[INFO] [stdout] 4bf4b41ec73e7c32cb874f0b4bd69d61923f086228b74fc8da3e0b1f38c38ba2
