[INFO] fetching crate demand 2.4.0...
[INFO] testing demand-2.4.0 against 1.99.0-beta.8+cargoflags=--release for beta-release-1.100-2
[INFO] extracting crate demand 2.4.0 into /workspace/builds/worker-6-tc1/source
[INFO] started tweaking crates.io crate demand 2.4.0
[INFO] removed 0 missing examples
[INFO] finished tweaking crates.io crate demand 2.4.0
[INFO] tweaked toml for crates.io crate demand 2.4.0 written to /workspace/builds/worker-6-tc1/source/Cargo.toml
[INFO] validating manifest of crates.io crate demand 2.4.0 on toolchain 1.99.0-beta.8
[INFO] running `Command { std: CARGO_HOME="/workspace/cargo-home" RUSTUP_HOME="/workspace/rustup-home" "/workspace/cargo-home/bin/cargo" "+1.99.0-beta.8" "metadata" "--manifest-path" "Cargo.toml" "--no-deps", kill_on_drop: false }`
[INFO] crate crates.io crate demand 2.4.0 already has a lockfile, it will not be regenerated
[INFO] running `Command { std: CARGO_HOME="/workspace/cargo-home" RUSTUP_HOME="/workspace/rustup-home" "/workspace/cargo-home/bin/cargo" "+1.99.0-beta.8" "fetch" "--manifest-path" "Cargo.toml", kill_on_drop: false }`
[INFO] [stderr]     Updating crates.io index
[INFO] [stderr]  Downloading crates ...
[INFO] [stderr]   Downloaded teletypewriter v0.5.28
[INFO] [stderr]   Downloaded miow v0.5.0
[INFO] [stderr]   Downloaded corcovado v0.5.28
[INFO] [stderr]   Downloaded rio-grapheme-width v0.5.28
[INFO] [stderr]   Downloaded miow v0.6.1
[INFO] [stderr]   Downloaded rio-unicode v0.5.28
[INFO] [stderr]   Downloaded rio-graphics v0.5.28
[INFO] [stderr]   Downloaded rio-vt v0.5.28
[INFO] running `Command { std: "docker" "create" "-v" "/var/lib/crater-agent-workspace/builds/worker-6-tc1/source:/opt/rustwide/workdir:ro,Z" "-v" "/var/lib/crater-agent-workspace/builds/worker-6-tc1/target:/opt/rustwide/target:rw,Z" "-v" "/var/lib/crater-agent-workspace/cargo-home:/opt/rustwide/cargo-home:ro,Z" "-v" "/var/lib/crater-agent-workspace/rustup-home:/opt/rustwide/rustup-home:ro,Z" "-m" "1610612736" "--network" "none" "ghcr.io/rust-lang/crates-build-env/linux@sha256:77db811e55d90add9212f6832c23229e3de5f1c1f9905e8cb07319ea15df73ac" "sleep" "infinity", kill_on_drop: false }`
[INFO] [stdout] a4b2dc2d4e5f4dc32dadfcc2a8cb0d1d749cf983f4e31bf3abbe0ecb41046e7f
[INFO] running `Command { std: "docker" "start" "a4b2dc2d4e5f4dc32dadfcc2a8cb0d1d749cf983f4e31bf3abbe0ecb41046e7f", kill_on_drop: false }`
[INFO] running `Command { std: "docker" "inspect" "a4b2dc2d4e5f4dc32dadfcc2a8cb0d1d749cf983f4e31bf3abbe0ecb41046e7f", kill_on_drop: false }`
[INFO] running `Command { std: "docker" "exec" "-e" "SOURCE_DIR=/opt/rustwide/workdir" "-e" "CARGO_HOME=/opt/rustwide/cargo-home" "-e" "RUSTUP_HOME=/opt/rustwide/rustup-home" "-e" "CARGO_TARGET_DIR=/opt/rustwide/target" "-w" "/opt/rustwide/workdir" "--user" "0:0" "a4b2dc2d4e5f4dc32dadfcc2a8cb0d1d749cf983f4e31bf3abbe0ecb41046e7f" "/opt/rustwide/cargo-home/bin/cargo" "+1.99.0-beta.8" "metadata" "--no-deps" "--format-version=1", kill_on_drop: false }`
[INFO] running `Command { std: "docker" "inspect" "a4b2dc2d4e5f4dc32dadfcc2a8cb0d1d749cf983f4e31bf3abbe0ecb41046e7f", kill_on_drop: false }`
[INFO] running `Command { std: "docker" "exec" "-e" "SOURCE_DIR=/opt/rustwide/workdir" "-e" "CARGO_HOME=/opt/rustwide/cargo-home" "-e" "RUSTUP_HOME=/opt/rustwide/rustup-home" "-e" "CARGO_TARGET_DIR=/opt/rustwide/target" "-e" "CARGO_INCREMENTAL=0" "-e" "RUST_BACKTRACE=full" "-e" "RUSTFLAGS=--cap-lints=warn" "-e" "RUSTDOCFLAGS=--cap-lints=warn" "-w" "/opt/rustwide/workdir" "--user" "0:0" "a4b2dc2d4e5f4dc32dadfcc2a8cb0d1d749cf983f4e31bf3abbe0ecb41046e7f" "/opt/rustwide/cargo-home/bin/cargo" "+1.99.0-beta.8" "build" "--frozen" "--message-format=json" "--release", kill_on_drop: false }`
[INFO] [stderr]    Compiling errno v0.3.14
[INFO] [stderr]    Compiling signal-hook v0.4.5
[INFO] [stderr]    Compiling unicode-width v0.2.2
[INFO] [stderr]    Compiling either v1.19.0
[INFO] [stderr]    Compiling termcolor v1.4.1
[INFO] [stderr]    Compiling thread_local v1.1.10
[INFO] [stderr]    Compiling signal-hook-registry v1.4.8
[INFO] [stderr]    Compiling console v0.16.6
[INFO] [stderr]    Compiling fuzzy-matcher v0.3.7
[INFO] [stderr]    Compiling itertools v0.15.0
[INFO] [stderr]    Compiling demand v2.4.0 (/opt/rustwide/workdir)
[INFO] [stderr]     Finished `release` profile [optimized] target(s) in 12.04s
[INFO] running `Command { std: "docker" "inspect" "a4b2dc2d4e5f4dc32dadfcc2a8cb0d1d749cf983f4e31bf3abbe0ecb41046e7f", kill_on_drop: false }`
[INFO] running `Command { std: "docker" "exec" "-e" "SOURCE_DIR=/opt/rustwide/workdir" "-e" "CARGO_HOME=/opt/rustwide/cargo-home" "-e" "RUSTUP_HOME=/opt/rustwide/rustup-home" "-e" "CARGO_TARGET_DIR=/opt/rustwide/target" "-e" "CARGO_INCREMENTAL=0" "-e" "RUST_BACKTRACE=full" "-e" "RUSTFLAGS=--cap-lints=warn" "-e" "RUSTDOCFLAGS=--cap-lints=warn" "-w" "/opt/rustwide/workdir" "--user" "0:0" "a4b2dc2d4e5f4dc32dadfcc2a8cb0d1d749cf983f4e31bf3abbe0ecb41046e7f" "/opt/rustwide/cargo-home/bin/cargo" "+1.99.0-beta.8" "test" "--frozen" "--no-run" "--message-format=json" "--release", kill_on_drop: false }`
[INFO] [stderr]    Compiling libc v0.2.190
[INFO] [stderr]    Compiling cc v1.6.0
[INFO] [stderr]    Compiling crc32fast v1.5.2
[INFO] [stderr]    Compiling siphasher v1.0.4
[INFO] [stderr]    Compiling parking_lot_core v0.9.12
[INFO] [stderr]    Compiling nix v0.28.0
[INFO] [stderr]    Compiling thiserror-impl v1.0.69
[INFO] [stderr]    Compiling syn v3.0.6
[INFO] [stderr]    Compiling aho-corasick v1.1.5
[INFO] [stderr]    Compiling phf_shared v0.13.1
[INFO] [stderr]    Compiling smallvec v1.16.2
[INFO] [stderr]    Compiling anyhow v1.0.104
[INFO] [stderr]    Compiling phf v0.13.1
[INFO] [stderr]    Compiling lock_api v0.4.14
[INFO] [stderr]    Compiling rio-graphics v0.5.28
[INFO] [stderr]    Compiling flate2 v1.1.10
[INFO] [stderr]    Compiling rio-grapheme-width v0.5.28
[INFO] [stderr]    Compiling cursor-icon v1.2.0
[INFO] [stderr]    Compiling shell-words v1.1.1
[INFO] [stderr]    Compiling linktime-proc-macro v0.2.3
[INFO] [stderr]    Compiling thiserror v1.0.69
[INFO] [stderr]    Compiling similar v2.7.0
[INFO] [stderr]    Compiling link-section v0.19.3
[INFO] [stderr]    Compiling regex-automata v0.4.18
[INFO] [stderr]    Compiling rio-unicode v0.5.28
[INFO] [stderr]    Compiling indoc v2.0.7
[INFO] [stderr]    Compiling ctor v1.0.13
[INFO] [stderr]    Compiling simdutf v0.7.0
[INFO] [stderr]    Compiling errno v0.3.14
[INFO] [stderr]    Compiling dirs-sys v0.5.0
[INFO] [stderr]    Compiling signal-hook-registry v1.4.8
[INFO] [stderr]    Compiling corcovado v0.5.28
[INFO] [stderr]    Compiling signal-hook v0.4.5
[INFO] [stderr]    Compiling dirs v6.0.0
[INFO] [stderr]    Compiling serde_derive v1.0.229
[INFO] [stderr]    Compiling getrandom v0.4.3
[INFO] [stderr]    Compiling console v0.16.6
[INFO] [stderr]    Compiling parking_lot v0.12.5
[INFO] [stderr]    Compiling tempfile v3.27.0
[INFO] [stderr]    Compiling teletypewriter v0.5.28
[INFO] [stderr]    Compiling serial2 v0.2.38
[INFO] [stderr]    Compiling filedescriptor v0.8.3
[INFO] [stderr]    Compiling insta v1.49.0
[INFO] [stderr]    Compiling demand v2.4.0 (/opt/rustwide/workdir)
[INFO] [stderr]    Compiling regex v1.13.1
[INFO] [stderr]    Compiling portable-pty v0.9.0
[INFO] [stderr]    Compiling serde v1.0.229
[INFO] [stderr]    Compiling rio-vt v0.5.28
[INFO] [stderr]     Finished `release` profile [optimized] target(s) in 2m 53s
[INFO] running `Command { std: "docker" "inspect" "a4b2dc2d4e5f4dc32dadfcc2a8cb0d1d749cf983f4e31bf3abbe0ecb41046e7f", kill_on_drop: false }`
[INFO] running `Command { std: "docker" "exec" "-e" "SOURCE_DIR=/opt/rustwide/workdir" "-e" "CARGO_HOME=/opt/rustwide/cargo-home" "-e" "RUSTUP_HOME=/opt/rustwide/rustup-home" "-e" "CARGO_TARGET_DIR=/opt/rustwide/target" "-e" "CARGO_INCREMENTAL=0" "-e" "RUST_BACKTRACE=full" "-e" "RUSTFLAGS=--cap-lints=warn" "-e" "RUSTDOCFLAGS=--cap-lints=warn" "-w" "/opt/rustwide/workdir" "--user" "0:0" "a4b2dc2d4e5f4dc32dadfcc2a8cb0d1d749cf983f4e31bf3abbe0ecb41046e7f" "/opt/rustwide/cargo-home/bin/cargo" "+1.99.0-beta.8" "test" "--frozen" "--release", kill_on_drop: false }`
[INFO] [stderr]     Finished `release` profile [optimized] target(s) in 0.17s
[INFO] [stderr]      Running unittests src/lib.rs (/opt/rustwide/target/release/deps/demand-7a752a5e72433b08)
[INFO] [stdout] 
[INFO] [stdout] running 115 tests
[INFO] [stdout] test confirm::tests::test_calculate_hints_identical_prefixes ... ok
[INFO] [stdout] test dialog::tests::test_render ... ok
[INFO] [stdout] test confirm::tests::test_calculate_hints_with_conflict ... ok
[INFO] [stdout] test confirm::tests::test_calculate_hints_no_conflict ... ok
[INFO] [stdout] test editor::tests::edit_reports_an_editor_that_isnt_found ... ok
[INFO] [stderr] no-such-editor-xyz --wait: 1: no-such-editor-xyz: not found
[INFO] [stdout] test confirm::tests::a_wrapped_description_does_not_stack_copies_of_the_frame ... ok
[INFO] [stdout] test dialog::tests::a_wrapped_description_does_not_stack_copies_of_the_frame ... ok
[INFO] [stdout] test editor::tests::edit_passes_shell_quoted_arguments_through ... ok
[INFO] [stdout] test editor::tests::split_words_keeps_double_quoted_spaces_together ... ok
[INFO] [stdout] test editor::tests::editor_command_uses_the_shell_like_git ... ok
[INFO] [stdout] test editor::tests::temp_file_is_private_to_its_owner ... ok
[INFO] [stdout] test editor::tests::temp_file_is_removed_on_drop ... ok
[INFO] [stdout] test editor::tests::edit_reports_an_editor_that_fails ... ok
[INFO] [stdout] test editor::tests::test_render_success ... ok
[INFO] [stdout] test frame::tests::a_change_on_the_cursor_row_stays_put ... ok
[INFO] [stdout] test editor::tests::test_render_preview_is_cut_off ... ok
[INFO] [stdout] test editor::tests::test_render_empty ... ok
[INFO] [stdout] test editor::tests::edit_returns_what_the_editor_saved ... ok
[INFO] [stdout] test frame::tests::a_reflowed_frame_is_rewritten_whole ... ok
[INFO] [stdout] test frame::tests::a_shorter_frame_clears_what_it_no_longer_covers ... ok
[INFO] [stdout] test frame::tests::active_style_resets ... ok
[INFO] [stdout] test frame::tests::leaves_content_below_the_frame_alone ... ok
[INFO] [stdout] test frame::tests::rewrites_from_the_first_changed_line ... ok
[INFO] [stdout] test frame::tests::the_first_frame_is_written_whole ... ok
[INFO] [stdout] test frame::tests::an_identical_frame_writes_nothing ... ok
[INFO] [stdout] test frame::tests::moves_up_past_wrapped_rows ... ok
[INFO] [stdout] test frame::tests::restores_the_color_the_skipped_lines_left_set ... ok
[INFO] [stdout] test fuzzy::tests::indices_include_matches_from_every_term ... ok
[INFO] [stdout] test fuzzy::tests::repeated_whitespace_is_ignored ... ok
[INFO] [stdout] test grid_select::tests::filter_applies_choices_to_the_matching_row ... ok
[INFO] [stdout] test grid_select::tests::full_page_fits_the_terminal ... ok
[INFO] [stdout] test fuzzy::tests::space_separated_terms_are_anded ... ok
[INFO] [stdout] test grid_select::tests::redraw_does_not_drift_upward ... ok
[INFO] [stdout] test grid_select::tests::rows_without_a_choice_are_left_out ... ok
[INFO] [stdout] test grid_select::tests::selection_on_unavailable_cell_moves_to_first_available ... ok
[INFO] [stdout] test grid_select::tests::step_skips_unavailable_cells_and_stops_at_edges ... ok
[INFO] [stdout] test grid_select::tests::success_lists_rows_moved_off_the_first_column ... ok
[INFO] [stdout] test grid_select::tests::test_render ... ok
[INFO] [stdout] test grid_select::tests::trailing_empty_columns_are_dropped ... ok
[INFO] [stdout] test height::tests::a_wide_char_at_the_edge_wraps_whole ... ok
[INFO] [stdout] test grid_select::tests::line_breaks_in_labels_and_cells_become_spaces ... ok
[INFO] [stdout] test grid_select::tests::paging_follows_the_cursor ... ok
[INFO] [stdout] test height::tests::rendered_rows_counts_a_frame_the_cursor_sits_inside ... ok
[INFO] [stdout] test height::tests::counts_a_line_that_fits_as_one_row ... ok
[INFO] [stdout] test height::tests::counts_the_rows_an_over_wide_line_wraps_into ... ok
[INFO] [stdout] test height::tests::drops_the_trailing_reset_fragment ... ok
[INFO] [stdout] test height::tests::measures_printed_width_not_byte_length ... ok
[INFO] [stdout] test height::tests::treats_zero_width_as_one_row_per_line ... ok
[INFO] [stdout] test input::tests::a_resize_redraws_from_a_clear_screen ... ok
[INFO] [stdout] test input::tests::a_wrapped_input_row_keeps_the_caret_and_redraws_cleanly ... ok
[INFO] [stdout] test input::tests::alt_b_and_alt_f_move_by_words ... ok
[INFO] [stdout] test input::tests::alt_d_and_alt_backspace_kill_words ... ok
[INFO] [stdout] test input::tests::caret_follows_a_wide_char_wrapped_at_the_edge ... ok
[INFO] [stdout] test input::tests::ctrl_k_kills_to_end_and_ctrl_y_yanks_it_back ... ok
[INFO] [stdout] test input::tests::ctrl_d_deletes_under_the_cursor ... ok
[INFO] [stdout] test input::tests::ctrl_t_does_not_join_letters_across_a_joiner ... ok
[INFO] [stdout] test input::tests::ctrl_t_keeps_joined_emoji_together ... ok
[INFO] [stdout] test input::tests::ctrl_t_transposes ... ok
[INFO] [stdout] test input::tests::ctrl_u_and_ctrl_w_fill_the_kill_buffer ... ok
[INFO] [stdout] test input::tests::ctrl_t_keeps_combining_marks_with_their_letter ... ok
[INFO] [stdout] test input::tests::ctrl_w_keeps_the_cursor_in_chars_for_wide_text ... ok
[INFO] [stdout] test input::tests::incremental_redraws_match_a_full_redraw ... ok
[INFO] [stdout] test input::tests::inline_input_has_no_rows_above_it ... ok
[INFO] [stdout] test input::tests::renders_multibyte_char_under_the_caret ... ok
[INFO] [stdout] test input::tests::test_render ... ok
[INFO] [stdout] test input::tests::input_line_offset_counts_rows_not_lines ... ok
[INFO] [stdout] test input::tests::caret_measures_wide_chars ... ok
[INFO] [stdout] test input::tests::caret_on_a_zero_width_char_stays_in_the_input ... ok
[INFO] [stdout] test input::tests::test_render_description ... ok
[INFO] [stdout] test input::tests::test_render_inline ... ok
[INFO] [stdout] test input::tests::test_render_prompt ... ok
[INFO] [stdout] test input::tests::test_render_placeholder ... ok
[INFO] [stdout] test input::tests::test_render_success_mask_on_submit ... ok
[INFO] [stdout] test input::tests::test_render_title ... ok
[INFO] [stdout] test input::tests::test_render_validation ... ok
[INFO] [stdout] test input::tests::test_render_success_password ... ok
[INFO] [stdout] test list::tests::resize_clamps_scroll_to_last_full_view ... ok
[INFO] [stdout] test list::tests::resize_preserves_first_visible_entry ... ok
[INFO] [stdout] test input::tests::test_render_success_mask_on_submit_empty ... ok
[INFO] [stdout] test list::tests::test_render ... ok
[INFO] [stdout] test multiselect::tests::non_display ... ok
[INFO] [stdout] test multiselect::tests::redraw_clears_rows_when_wrapped_frame_shrinks ... ok
[INFO] [stdout] test multiselect::tests::redraw_does_not_drift_upward ... ok
[INFO] [stdout] test multiselect::tests::resize_preserves_focused_option ... ok
[INFO] [stdout] test multiselect::tests::test_render ... ok
[INFO] [stdout] test multiselect::tests::wrapped_option_does_not_stack_copies_of_the_frame ... ok
[INFO] [stdout] test confirm::tests::test_render ... ok
[INFO] [stdout] test multiselect::tests::wrapping_descriptions_take_rows_from_the_page ... ok
[INFO] [stdout] test confirm::tests::test_render_custom_labels_no_conflict ... ok
[INFO] [stdout] test select::tests::a_page_of_wrapping_descriptions_fits_the_terminal ... ok
[INFO] [stdout] test confirm::tests::test_render_custom_labels_with_conflict ... ok
[INFO] [stdout] test input::tests::test_render_validation_inline ... ok
[INFO] [stdout] test input::tests::word_motions_in_a_password_do_not_reveal_word_boundaries ... ok
[INFO] [stdout] test select::tests::a_wrapped_option_does_not_stack_copies_of_the_frame ... ok
[INFO] [stdout] test select::tests::a_wrapping_title_takes_rows_from_the_options ... ok
[INFO] [stdout] test select::tests::a_cut_description_of_wide_characters_fits_its_rows ... ok
[INFO] [stdout] test select::tests::handle_updates_apply_before_the_next_frame ... ok
[INFO] [stdout] test select::tests::an_unchanged_frame_writes_nothing ... ok
[INFO] [stdout] test select::tests::non_display ... ok
[INFO] [stdout] test select::tests::test_render ... ok
[INFO] [stdout] test select::tests::multi_line_labels_count_when_a_description_is_cut ... ok
[INFO] [stdout] test select::tests::incremental_redraws_match_a_full_redraw ... ok
[INFO] [stdout] test select::tests::resize_preserves_focused_option ... ok
[INFO] [stdout] test select::tests::a_description_taller_than_the_screen_is_cut_short ... ok
[INFO] [stdout] test select::tests::descriptions_line_up_across_pages ... ok
[INFO] [stdout] test select::tests::filter_matches_space_separated_terms ... ok
[INFO] [stdout] test wizard::tests::test_section_creation ... ok
[INFO] [stdout] test wizard::tests::test_handle_navigation_key ... ok
[INFO] [stdout] test wizard::tests::test_navigation_enum ... ok
[INFO] [stdout] test synchronized_output::tests::closes_an_update_after_an_error ... ok
[INFO] [stdout] test spinner::test::test_render ... ok
[INFO] [stdout] test select::tests::wrapping_descriptions_take_rows_from_the_page ... ok
[INFO] [stdout] test synchronized_output::tests::brackets_an_update ... ok
[INFO] [stdout] test wizard::tests::test_wizard_builder ... ok
[INFO] [stdout] test spinner::test::scope_test ... ok
[INFO] [stdout] 
[INFO] [stdout] test result: ok. 115 passed; 0 failed; 0 ignored; 0 measured; 0 filtered out; finished in 0.14s
[INFO] [stdout] 
[INFO] [stderr] [?25l[?2026h
[2K[0m- [0mScoped[?2026l
[2K[?25h   Doc-tests demand
[INFO] [stdout] 
[INFO] [stdout] running 19 tests
[INFO] [stdout] test src/editor.rs - editor::Editor (line 25) - compile ... ok
[INFO] [stdout] test src/input.rs - input::InputParser (line 1161) - compile ... ok
[INFO] [stdout] test src/input.rs - input::Input<'a>::run_parsed (line 391) - compile ... ok
[INFO] [stdout] test src/handle.rs - handle::PromptHandle (line 13) - compile ... ok
[INFO] [stdout] test src/input.rs - input::Input (line 146) ... ok
[INFO] [stdout] test src/confirm.rs - confirm::Confirm (line 13) ... ok
[INFO] [stdout] test src/list.rs - list::List (line 16) ... FAILED
[INFO] [stdout] test src/input.rs - input::Autocomplete (line 26) ... ok
[INFO] [stdout] test src/input.rs - input::InputValidator (line 1109) ... ok
[INFO] [stdout] test src/input.rs - input::InputValidator (line 1126) ... ok
[INFO] [stdout] test src/wizard.rs - wizard::Wizard (line 54) ... ignored
[INFO] [stdout] test src/wizard.rs - wizard::handle_navigation_key (line 257) ... ignored
[INFO] [stdout] test src/spinner.rs - spinner::SpinnerStyle (line 227) ... ok
[INFO] [stdout] test src/theme.rs - theme::Theme (line 18) ... ok
[INFO] [stdout] test src/select.rs - select::Select (line 19) ... FAILED
[INFO] [stdout] test src/grid_select.rs - grid_select::GridSelect (line 25) ... FAILED
[INFO] [stdout] test src/multiselect.rs - multiselect::MultiSelect (line 19) ... FAILED
[INFO] [stdout] test src/spinner.rs - spinner::Spinner (line 75) ... ok
[INFO] [stdout] test src/dialog.rs - dialog::Dialog (line 37) has been running for over 60 seconds
[ERROR] error running command: no output for 300 seconds
[INFO] running `Command { std: "docker" "inspect" "a4b2dc2d4e5f4dc32dadfcc2a8cb0d1d749cf983f4e31bf3abbe0ecb41046e7f", kill_on_drop: false }`
[INFO] running `Command { std: "docker" "rm" "-f" "a4b2dc2d4e5f4dc32dadfcc2a8cb0d1d749cf983f4e31bf3abbe0ecb41046e7f", kill_on_drop: false }`
[INFO] [stdout] a4b2dc2d4e5f4dc32dadfcc2a8cb0d1d749cf983f4e31bf3abbe0ecb41046e7f
