[INFO] fetching crate demagnetize 0.7.0...
[INFO] testing demagnetize-0.7.0 against 1.100.0-beta.1+cargoflags=--release for beta-release-1.100-2
[INFO] extracting crate demagnetize 0.7.0 into /workspace/builds/worker-3-tc2/source
[INFO] started tweaking crates.io crate demagnetize 0.7.0
[INFO] removed 0 missing tests
[INFO] finished tweaking crates.io crate demagnetize 0.7.0
[INFO] tweaked toml for crates.io crate demagnetize 0.7.0 written to /workspace/builds/worker-3-tc2/source/Cargo.toml
[INFO] validating manifest of crates.io crate demagnetize 0.7.0 on toolchain 1.100.0-beta.1
[INFO] running `Command { std: CARGO_HOME="/workspace/cargo-home" RUSTUP_HOME="/workspace/rustup-home" "/workspace/cargo-home/bin/cargo" "+1.100.0-beta.1" "metadata" "--manifest-path" "Cargo.toml" "--no-deps", kill_on_drop: false }`
[INFO] crate crates.io crate demagnetize 0.7.0 already has a lockfile, it will not be regenerated
[INFO] running `Command { std: CARGO_HOME="/workspace/cargo-home" RUSTUP_HOME="/workspace/rustup-home" "/workspace/cargo-home/bin/cargo" "+1.100.0-beta.1" "fetch" "--manifest-path" "Cargo.toml", kill_on_drop: false }`
[INFO] running `Command { std: "docker" "create" "-v" "/var/lib/crater-agent-workspace/builds/worker-3-tc2/source:/opt/rustwide/workdir:ro,Z" "-v" "/var/lib/crater-agent-workspace/builds/worker-3-tc2/target:/opt/rustwide/target:rw,Z" "-v" "/var/lib/crater-agent-workspace/cargo-home:/opt/rustwide/cargo-home:ro,Z" "-v" "/var/lib/crater-agent-workspace/rustup-home:/opt/rustwide/rustup-home:ro,Z" "-m" "1610612736" "--network" "none" "ghcr.io/rust-lang/crates-build-env/linux@sha256:77db811e55d90add9212f6832c23229e3de5f1c1f9905e8cb07319ea15df73ac" "sleep" "infinity", kill_on_drop: false }`
[INFO] [stdout] dea5650df3eb511a01ce245a59f1532a3a117c8ee714c5f3618fc8b9b7a0340c
[INFO] running `Command { std: "docker" "start" "dea5650df3eb511a01ce245a59f1532a3a117c8ee714c5f3618fc8b9b7a0340c", kill_on_drop: false }`
[INFO] running `Command { std: "docker" "inspect" "dea5650df3eb511a01ce245a59f1532a3a117c8ee714c5f3618fc8b9b7a0340c", kill_on_drop: false }`
[INFO] running `Command { std: "docker" "exec" "-e" "SOURCE_DIR=/opt/rustwide/workdir" "-e" "CARGO_HOME=/opt/rustwide/cargo-home" "-e" "RUSTUP_HOME=/opt/rustwide/rustup-home" "-e" "CARGO_TARGET_DIR=/opt/rustwide/target" "-w" "/opt/rustwide/workdir" "--user" "0:0" "dea5650df3eb511a01ce245a59f1532a3a117c8ee714c5f3618fc8b9b7a0340c" "/opt/rustwide/cargo-home/bin/cargo" "+1.100.0-beta.1" "metadata" "--no-deps" "--format-version=1", kill_on_drop: false }`
[INFO] running `Command { std: "docker" "inspect" "dea5650df3eb511a01ce245a59f1532a3a117c8ee714c5f3618fc8b9b7a0340c", kill_on_drop: false }`
[INFO] running `Command { std: "docker" "exec" "-e" "SOURCE_DIR=/opt/rustwide/workdir" "-e" "CARGO_HOME=/opt/rustwide/cargo-home" "-e" "RUSTUP_HOME=/opt/rustwide/rustup-home" "-e" "CARGO_TARGET_DIR=/opt/rustwide/target" "-e" "CARGO_INCREMENTAL=0" "-e" "RUST_BACKTRACE=full" "-e" "RUSTFLAGS=--cap-lints=warn" "-e" "RUSTDOCFLAGS=--cap-lints=warn" "-w" "/opt/rustwide/workdir" "--user" "0:0" "dea5650df3eb511a01ce245a59f1532a3a117c8ee714c5f3618fc8b9b7a0340c" "/opt/rustwide/cargo-home/bin/cargo" "+1.100.0-beta.1" "build" "--frozen" "--message-format=json" "--release", kill_on_drop: false }`
[INFO] [stderr]    Compiling proc-macro2 v1.0.106
[INFO] [stderr]    Compiling unicode-ident v1.0.24
[INFO] [stderr]    Compiling quote v1.0.45
[INFO] [stderr]    Compiling libc v0.2.183
[INFO] [stderr]    Compiling futures-core v0.3.32
[INFO] [stderr]    Compiling bytes v1.11.1
[INFO] [stderr]    Compiling shlex v1.3.0
[INFO] [stderr]    Compiling stable_deref_trait v1.2.1
[INFO] [stderr]    Compiling find-msvc-tools v0.1.9
[INFO] [stderr]    Compiling fs_extra v1.3.0
[INFO] [stderr]    Compiling dunce v1.0.5
[INFO] [stderr]    Compiling futures-sink v0.3.32
[INFO] [stderr]    Compiling futures-task v0.3.32
[INFO] [stderr]    Compiling typenum v1.19.0
[INFO] [stderr]    Compiling zeroize v1.8.2
[INFO] [stderr]    Compiling itoa v1.0.18
[INFO] [stderr]    Compiling aws-lc-rs v1.16.2
[INFO] [stderr]    Compiling litemap v0.8.1
[INFO] [stderr]    Compiling writeable v0.6.2
[INFO] [stderr]    Compiling smallvec v1.15.1
[INFO] [stderr]    Compiling rustls-pki-types v1.14.0
[INFO] [stderr]    Compiling thiserror v2.0.18
[INFO] [stderr]    Compiling icu_normalizer_data v2.1.1
[INFO] [stderr]    Compiling hashbrown v0.15.5
[INFO] [stderr]    Compiling icu_properties_data v2.1.2
[INFO] [stderr]    Compiling serde_core v1.0.228
[INFO] [stderr]    Compiling tracing-core v0.1.36
[INFO] [stderr]    Compiling bitflags v2.11.0
[INFO] [stderr]    Compiling httparse v1.10.1
[INFO] [stderr]    Compiling rustls v0.23.37
[INFO] [stderr]    Compiling crossbeam-utils v0.8.21
[INFO] [stderr]    Compiling untrusted v0.9.0
[INFO] [stderr]    Compiling equivalent v1.0.2
[INFO] [stderr]    Compiling hashbrown v0.16.1
[INFO] [stderr]    Compiling num-traits v0.2.19
[INFO] [stderr]    Compiling subtle v2.6.1
[INFO] [stderr]    Compiling winnow v1.0.1
[INFO] [stderr]    Compiling tower-service v0.3.3
[INFO] [stderr]    Compiling fnv v1.0.7
[INFO] [stderr]    Compiling try-lock v0.2.5
[INFO] [stderr]    Compiling cfg-if v1.0.4
[INFO] [stderr]    Compiling rustix v1.1.4
[INFO] [stderr]    Compiling percent-encoding v2.3.2
[INFO] [stderr]    Compiling want v0.3.1
[INFO] [stderr]    Compiling futures-channel v0.3.32
[INFO] [stderr]    Compiling toml_datetime v1.1.0+spec-1.1.0
[INFO] [stderr]    Compiling tracing v0.1.44
[INFO] [stderr]    Compiling indexmap v2.13.0
[INFO] [stderr]    Compiling jobserver v0.1.34
[INFO] [stderr]    Compiling syn v2.0.117
[INFO] [stderr]    Compiling http v1.4.0
[INFO] [stderr]    Compiling hybrid-array v0.4.9
[INFO] [stderr]    Compiling pin-utils v0.1.0
[INFO] [stderr]    Compiling rustversion v1.0.22
[INFO] [stderr]    Compiling linux-raw-sys v0.12.1
[INFO] [stderr]    Compiling mio v1.2.0
[INFO] [stderr]    Compiling socket2 v0.6.3
[INFO] [stderr]    Compiling concurrent-queue v2.5.0
[INFO] [stderr]    Compiling cc v1.2.58
[INFO] [stderr]    Compiling toml_parser v1.1.0+spec-1.1.0
[INFO] [stderr]    Compiling sync_wrapper v1.0.2
[INFO] [stderr]    Compiling ipnet v2.12.0
[INFO] [stderr]    Compiling getrandom v0.4.2
[INFO] [stderr]    Compiling anstyle v1.0.14
[INFO] [stderr]    Compiling base64 v0.22.1
[INFO] [stderr]    Compiling cpufeatures v0.3.0
[INFO] [stderr]    Compiling utf8_iter v1.0.4
[INFO] [stderr]    Compiling serde v1.0.228
[INFO] [stderr]    Compiling rand_core v0.10.0
[INFO] [stderr]    Compiling log v0.4.29
[INFO] [stderr]    Compiling heck v0.5.0
[INFO] [stderr]    Compiling openssl-probe v0.2.1
[INFO] [stderr]    Compiling block-buffer v0.12.0
[INFO] [stderr]    Compiling crypto-common v0.2.1
[INFO] [stderr]    Compiling tower-layer v0.3.3
[INFO] [stderr]    Compiling event-listener v5.4.1
[INFO] [stderr]    Compiling cmake v0.1.58
[INFO] [stderr]    Compiling rustls-native-certs v0.8.3
[INFO] [stderr]    Compiling inout v0.2.2
[INFO] [stderr]    Compiling toml_edit v0.25.8+spec-1.1.0
[INFO] [stderr]    Compiling form_urlencoded v1.2.2
[INFO] [stderr]    Compiling iri-string v0.7.12
[INFO] [stderr]    Compiling const-oid v0.10.2
[INFO] [stderr]    Compiling clap_lex v1.1.0
[INFO] [stderr]    Compiling http-body v1.0.1
[INFO] [stderr]    Compiling terminal_size v0.4.4
[INFO] [stderr]    Compiling option-ext v0.2.0
[INFO] [stderr]    Compiling strsim v0.11.1
[INFO] [stderr]    Compiling utf8parse v0.2.2
[INFO] [stderr]    Compiling anstyle-parse v1.0.0
[INFO] [stderr]    Compiling clap_builder v4.6.0
[INFO] [stderr]    Compiling dirs-sys v0.5.0
[INFO] [stderr]    Compiling http-body-util v0.1.3
[INFO] [stderr]    Compiling event-listener-strategy v0.5.4
[INFO] [stderr]    Compiling aws-lc-sys v0.39.1
[INFO] [stderr]    Compiling num-integer v0.1.46
[INFO] [stderr]    Compiling chacha20 v0.10.0
[INFO] [stderr]    Compiling proc-macro-crate v3.5.0
[INFO] [stderr]    Compiling cipher v0.5.1
[INFO] [stderr]    Compiling digest v0.11.2
[INFO] [stderr]    Compiling anstyle-query v1.1.5
[INFO] [stderr]    Compiling colorchoice v1.0.5
[INFO] [stderr]    Compiling is_terminal_polyfill v1.70.2
[INFO] [stderr]    Compiling toml_writer v1.1.0+spec-1.1.0
[INFO] [stderr]    Compiling either v1.15.0
[INFO] [stderr]    Compiling iana-time-zone v0.1.65
[INFO] [stderr]    Compiling anstream v1.0.0
[INFO] [stderr]    Compiling sha1 v0.11.0
[INFO] [stderr]    Compiling chrono v0.4.44
[INFO] [stderr]    Compiling rc4 v0.2.0
[INFO] [stderr]    Compiling rand v0.10.0
[INFO] [stderr]    Compiling num-bigint v0.4.6
[INFO] [stderr]    Compiling async-channel v2.5.0
[INFO] [stderr]    Compiling dirs v6.0.0
[INFO] [stderr]    Compiling fern v0.7.1
[INFO] [stderr]    Compiling data-encoding v2.10.0
[INFO] [stderr]    Compiling strum v0.28.0
[INFO] [stderr]    Compiling serde_spanned v1.1.0
[INFO] [stderr]    Compiling toml v1.1.0+spec-1.1.0
[INFO] [stderr]    Compiling synstructure v0.13.2
[INFO] [stderr]    Compiling zerofrom-derive v0.1.6
[INFO] [stderr]    Compiling yoke-derive v0.8.1
[INFO] [stderr]    Compiling zerovec-derive v0.11.2
[INFO] [stderr]    Compiling tokio-macros v2.6.1
[INFO] [stderr]    Compiling displaydoc v0.2.5
[INFO] [stderr]    Compiling futures-macro v0.3.32
[INFO] [stderr]    Compiling thiserror-impl v2.0.18
[INFO] [stderr]    Compiling serde_derive v1.0.228
[INFO] [stderr]    Compiling num_enum_derive v0.7.6
[INFO] [stderr]    Compiling tokio v1.50.0
[INFO] [stderr]    Compiling clap_derive v4.6.0
[INFO] [stderr]    Compiling strum_macros v0.28.0
[INFO] [stderr]    Compiling zerofrom v0.1.6
[INFO] [stderr]    Compiling yoke v0.8.1
[INFO] [stderr]    Compiling futures-util v0.3.32
[INFO] [stderr]    Compiling zerotrie v0.2.3
[INFO] [stderr]    Compiling zerovec v0.11.5
[INFO] [stderr]    Compiling num_enum v0.7.6
[INFO] [stderr]    Compiling demagnetize v0.7.0 (/opt/rustwide/workdir)
[INFO] [stderr]    Compiling bendy v0.6.1
[INFO] [stderr]    Compiling tinystr v0.8.2
[INFO] [stderr]    Compiling potential_utf v0.1.4
[INFO] [stderr]    Compiling clap v4.6.0
[INFO] [stderr]    Compiling icu_locale_core v2.1.1
[INFO] [stderr]    Compiling icu_collections v2.1.1
[INFO] [stderr]    Compiling icu_provider v2.1.1
[INFO] [stderr]    Compiling icu_normalizer v2.1.1
[INFO] [stderr]    Compiling icu_properties v2.1.2
[INFO] [stderr]    Compiling mitsein v0.9.0
[INFO] [stderr]    Compiling idna_adapter v1.2.1
[INFO] [stderr]    Compiling idna v1.1.0
[INFO] [stderr]    Compiling url v2.5.8
[INFO] [stderr]    Compiling tokio-util v0.7.18
[INFO] [stderr]    Compiling tower v0.5.3
[INFO] [stderr]    Compiling tokio-stream v0.1.18
[INFO] [stderr]    Compiling tower-http v0.6.8
[INFO] [stderr]    Compiling h2 v0.4.13
[INFO] [stderr]    Compiling patharg v0.4.1
[INFO] [stderr]    Compiling hyper v1.8.1
[INFO] [stderr]    Compiling hyper-util v0.1.20
[INFO] [stderr]    Compiling rustls-webpki v0.103.10
[INFO] [stderr]    Compiling tokio-rustls v0.26.4
[INFO] [stderr]    Compiling rustls-platform-verifier v0.6.2
[INFO] [stderr]    Compiling hyper-rustls v0.27.7
[INFO] [stderr]    Compiling reqwest v0.13.1
[INFO] [stderr]     Finished `release` profile [optimized] target(s) in 2m 27s
[INFO] running `Command { std: "docker" "inspect" "dea5650df3eb511a01ce245a59f1532a3a117c8ee714c5f3618fc8b9b7a0340c", kill_on_drop: false }`
[INFO] running `Command { std: "docker" "exec" "-e" "SOURCE_DIR=/opt/rustwide/workdir" "-e" "CARGO_HOME=/opt/rustwide/cargo-home" "-e" "RUSTUP_HOME=/opt/rustwide/rustup-home" "-e" "CARGO_TARGET_DIR=/opt/rustwide/target" "-e" "CARGO_INCREMENTAL=0" "-e" "RUST_BACKTRACE=full" "-e" "RUSTFLAGS=--cap-lints=warn" "-e" "RUSTDOCFLAGS=--cap-lints=warn" "-w" "/opt/rustwide/workdir" "--user" "0:0" "dea5650df3eb511a01ce245a59f1532a3a117c8ee714c5f3618fc8b9b7a0340c" "/opt/rustwide/cargo-home/bin/cargo" "+1.100.0-beta.1" "test" "--frozen" "--no-run" "--message-format=json" "--release", kill_on_drop: false }`
[INFO] [stderr]    Compiling syn v2.0.117
[INFO] [stderr]    Compiling rustix v1.1.4
[INFO] [stderr]    Compiling semver v1.0.27
[INFO] [stderr]    Compiling memchr v2.8.0
[INFO] [stderr]    Compiling zerocopy v0.8.48
[INFO] [stderr]    Compiling regex-syntax v0.8.10
[INFO] [stderr]    Compiling predicates-core v1.0.10
[INFO] [stderr]    Compiling glob v0.3.3
[INFO] [stderr]    Compiling relative-path v1.9.3
[INFO] [stderr]    Compiling difflib v0.4.0
[INFO] [stderr]    Compiling regex-automata v0.4.14
[INFO] [stderr]    Compiling assert_cmd v2.2.0
[INFO] [stderr]    Compiling cfg-if v1.0.4
[INFO] [stderr]    Compiling termtree v0.5.1
[INFO] [stderr]    Compiling wait-timeout v0.2.1
[INFO] [stderr]    Compiling fastrand v2.3.0
[INFO] [stderr]    Compiling predicates-tree v1.0.13
[INFO] [stderr]    Compiling assert_matches v1.5.0
[INFO] [stderr]    Compiling predicates v3.1.4
[INFO] [stderr]    Compiling rustc_version v0.4.1
[INFO] [stderr]    Compiling rstest_macros v0.26.1
[INFO] [stderr]    Compiling aho-corasick v1.1.4
[INFO] [stderr]    Compiling bstr v1.12.1
[INFO] [stderr]    Compiling terminal_size v0.4.4
[INFO] [stderr]    Compiling tempfile v3.27.0
[INFO] [stderr]    Compiling clap_builder v4.6.0
[INFO] [stderr]    Compiling synstructure v0.13.2
[INFO] [stderr]    Compiling regex v1.12.3
[INFO] [stderr]    Compiling zerofrom-derive v0.1.6
[INFO] [stderr]    Compiling yoke-derive v0.8.1
[INFO] [stderr]    Compiling zerovec-derive v0.11.2
[INFO] [stderr]    Compiling tokio-macros v2.6.1
[INFO] [stderr]    Compiling displaydoc v0.2.5
[INFO] [stderr]    Compiling futures-macro v0.3.32
[INFO] [stderr]    Compiling thiserror-impl v2.0.18
[INFO] [stderr]    Compiling serde_derive v1.0.228
[INFO] [stderr]    Compiling num_enum_derive v0.7.6
[INFO] [stderr]    Compiling clap_derive v4.6.0
[INFO] [stderr]    Compiling strum_macros v0.28.0
[INFO] [stderr]    Compiling ppv-lite86 v0.2.21
[INFO] [stderr]    Compiling tokio v1.50.0
[INFO] [stderr]    Compiling futures-util v0.3.32
[INFO] [stderr]    Compiling num_enum v0.7.6
[INFO] [stderr]    Compiling thiserror v2.0.18
[INFO] [stderr]    Compiling zerofrom v0.1.6
[INFO] [stderr]    Compiling demagnetize v0.7.0 (/opt/rustwide/workdir)
[INFO] [stderr]    Compiling bendy v0.6.1
[INFO] [stderr]    Compiling yoke v0.8.1
[INFO] [stderr]    Compiling rand_chacha v0.10.0
[INFO] [stderr]    Compiling zerotrie v0.2.3
[INFO] [stderr]    Compiling zerovec v0.11.5
[INFO] [stderr]    Compiling clap v4.6.0
[INFO] [stderr]    Compiling tinystr v0.8.2
[INFO] [stderr]    Compiling potential_utf v0.1.4
[INFO] [stderr]    Compiling icu_collections v2.1.1
[INFO] [stderr]    Compiling icu_locale_core v2.1.1
[INFO] [stderr]    Compiling rstest v0.26.1
[INFO] [stderr]    Compiling serde v1.0.228
[INFO] [stderr]    Compiling icu_provider v2.1.1
[INFO] [stderr]    Compiling icu_properties v2.1.2
[INFO] [stderr]    Compiling icu_normalizer v2.1.1
[INFO] [stderr]    Compiling mitsein v0.9.0
[INFO] [stderr]    Compiling idna_adapter v1.2.1
[INFO] [stderr]    Compiling idna v1.1.0
[INFO] [stderr]    Compiling url v2.5.8
[INFO] [stderr]    Compiling tokio-util v0.7.18
[INFO] [stderr]    Compiling tokio-rustls v0.26.4
[INFO] [stderr]    Compiling tower v0.5.3
[INFO] [stderr]    Compiling tokio-stream v0.1.18
[INFO] [stderr]    Compiling tower-http v0.6.8
[INFO] [stderr]    Compiling h2 v0.4.13
[INFO] [stderr]    Compiling patharg v0.4.1
[INFO] [stderr]    Compiling hyper v1.8.1
[INFO] [stderr]    Compiling hyper-util v0.1.20
[INFO] [stderr]    Compiling hyper-rustls v0.27.7
[INFO] [stderr]    Compiling reqwest v0.13.1
[INFO] [stderr]     Finished `release` profile [optimized] target(s) in 1m 58s
[INFO] running `Command { std: "docker" "inspect" "dea5650df3eb511a01ce245a59f1532a3a117c8ee714c5f3618fc8b9b7a0340c", kill_on_drop: false }`
[INFO] running `Command { std: "docker" "exec" "-e" "SOURCE_DIR=/opt/rustwide/workdir" "-e" "CARGO_HOME=/opt/rustwide/cargo-home" "-e" "RUSTUP_HOME=/opt/rustwide/rustup-home" "-e" "CARGO_TARGET_DIR=/opt/rustwide/target" "-e" "CARGO_INCREMENTAL=0" "-e" "RUST_BACKTRACE=full" "-e" "RUSTFLAGS=--cap-lints=warn" "-e" "RUSTDOCFLAGS=--cap-lints=warn" "-w" "/opt/rustwide/workdir" "--user" "0:0" "dea5650df3eb511a01ce245a59f1532a3a117c8ee714c5f3618fc8b9b7a0340c" "/opt/rustwide/cargo-home/bin/cargo" "+1.100.0-beta.1" "test" "--frozen" "--release", kill_on_drop: false }`
[INFO] [stderr]     Finished `release` profile [optimized] target(s) in 0.39s
[INFO] [stderr]      Running unittests src/main.rs (/opt/rustwide/target/release/build/demagnetize/500a1ff354990f34/out/demagnetize-500a1ff354990f34)
[INFO] [stdout] 
[INFO] [stdout] running 153 tests
[INFO] [stdout] test asyncutil::worker_nursery::tests::nest_nurseries ... ok
[INFO] [stdout] test asyncutil::worker_nursery::tests::nested_spawn ... ok
[INFO] [stdout] test asyncutil::worker_nursery::tests::no_close_until_drop ... ok
[INFO] [stdout] test asyncutil::worker_nursery::tests::dropping_receiver_closes_sender ... ok
[INFO] [stdout] test asyncutil::worker_nursery::tests::nursery_is_send ... ok
[INFO] [stdout] test asyncutil::worker_nursery::tests::queued_not_run_after_recv_shutdown ... ok
[INFO] [stdout] test asyncutil::worker_nursery::tests::queued_not_run_after_send_shutdown ... ok
[INFO] [stdout] test asyncutil::worker_nursery::tests::queued_run_after_close ... ok
[INFO] [stdout] test asyncutil::worker_nursery::tests::drop_tasks_on_drop_stream ... ok
[INFO] [stdout] test asyncutil::unique_stream::tests::test_unique_by_stream ... ok
[INFO] [stdout] test asyncutil::worker_nursery::tests::close_on_shutdown ... ok
[INFO] [stdout] test asyncutil::worker_nursery::tests::close_receiver ... ok
[INFO] [stdout] test asyncutil::worker_nursery::tests::collect ... ok
[INFO] [stdout] test asyncutil::worker_nursery::tests::reraise_panic_next ... ok
[INFO] [stdout] test config::tests::default_config ... ok
[INFO] [stdout] test asyncutil::worker_nursery::tests::reraise_panic_recv ... ok
[INFO] [stdout] test config::tests::descending_local_port_range ... ok
[INFO] [stdout] test config::tests::local_port_eq_range ... ok
[INFO] [stdout] test config::tests::empty_bootstrap_nodes ... ok
[INFO] [stdout] test asyncutil::worker_nursery::tests::close_sender ... ok
[INFO] [stdout] test config::tests::empty_config ... ok
[INFO] [stdout] test config::tests::int_str_local_port ... ok
[INFO] [stdout] test dht::messages::tests::decode::get_peers_response_nodes ... ok
[INFO] [stdout] test config::tests::full_config ... ok
[INFO] [stdout] test config::tests::generate_local_port_single_range ... ok
[INFO] [stdout] test config::tests::int_local_port ... ok
[INFO] [stdout] test config::tests::local_port_range ... ok
[INFO] [stdout] test dht::messages::tests::decode_response::query ... ok
[INFO] [stdout] test dht::messages::tests::encode::get_peers_query ... ok
[INFO] [stdout] test config::tests::local_port_spaced_range ... ok
[INFO] [stdout] test config::tests::zero_duration ... ok
[INFO] [stdout] test dht::messages::tests::prescan::no_y ... ok
[INFO] [stdout] test dht::messages::tests::encode::get_peers_query_all_fields ... ok
[INFO] [stdout] test dht::messages::tests::decode::error ... ok
[INFO] [stdout] test dht::messages::tests::prescan::empty ... ok
[INFO] [stdout] test dht::messages::tests::decode::get_peers_response_nodes6 ... ok
[INFO] [stdout] test dht::messages::tests::decode::get_peers_response_values ... ok
[INFO] [stdout] test dht::messages::tests::prescan::not_dict ... ok
[INFO] [stdout] test dht::messages::tests::decode_response::error ... ok
[INFO] [stdout] test dht::messages::tests::decode_response::get_peers_response ... ok
[INFO] [stdout] test dht::messages::tests::prescan::ok_query ... ok
[INFO] [stdout] test dht::messages::tests::encode::get_peers_query_want_n6 ... ok
[INFO] [stdout] test dht::messages::tests::prescan::bad_y ... ok
[INFO] [stdout] test dht::messages::tests::decode::get_peers_response_ipv6_values ... ok
[INFO] [stdout] test dht::messages::tests::encode::get_peers_query_want_n4 ... ok
[INFO] [stdout] test dht::messages::tests::prescan::ok_error ... ok
[INFO] [stdout] test dht::messages::tests::prescan::no_t ... ok
[INFO] [stdout] test dht::messages::tests::encode::get_peers_query_want_n4_n6 ... ok
[INFO] [stdout] test dht::tests::inet_addr::parse_ipv4_host::case_1 ... ok
[INFO] [stdout] test dht::tests::inet_addr::parse_ipv4_host::case_2 ... ok
[INFO] [stdout] test dht::tests::inet_addr::parse_ipv6_host::case_1 ... ok
[INFO] [stdout] test dht::tests::inet_addr::parse_ipv6_host::case_2 ... ok
[INFO] [stdout] test dht::tests::inet_addr::bad_parse::case_1 ... ok
[INFO] [stdout] test dht::tests::inet_addr::bad_parse::case_7 ... ok
[INFO] [stdout] test peer::extensions::tests::test_extension_set_all_unknown ... ok
[INFO] [stdout] test magnet::tests::parse_magnet_no_trackers ... ok
[INFO] [stdout] test peer::extensions::tests::test_extension_iter ... ok
[INFO] [stdout] test peer::extensions::tests::test_default_extension_set ... ok
[INFO] [stdout] test peer::extensions::tests::test_extension_set ... ok
[INFO] [stdout] test peer::extensions::tests::test_extension_set_unknown ... ok
[INFO] [stdout] test peer::messages::tests::test_decode_extended_handshake ... ok
[INFO] [stdout] test peer::messages::tests::test_decode_extended_handshake_with_e ... ok
[INFO] [stdout] test peer::messages::tests::test_encode_extended_handshake ... ok
[INFO] [stdout] test dht::tests::inet_addr::bad_parse::case_2 ... ok
[INFO] [stdout] test peer::messages::tests::test_handshake ... ok
[INFO] [stdout] test peer::messages::tests::test_handshake_unknown_ext ... ok
[INFO] [stdout] test peer::messages::tests::test_extended ... ok
[INFO] [stdout] test peer::messages::tests::test_havenone ... ok
[INFO] [stdout] test peer::messages::tests::test_metadata_request ... ok
[INFO] [stdout] test dht::messages::tests::prescan::ok_response ... ok
[INFO] [stdout] test dht::tests::inet_addr::bad_parse::case_3 ... ok
[INFO] [stdout] test dht::tests::inet_addr::bad_parse::case_5 ... ok
[INFO] [stdout] test dht::tests::inet_addr::bad_parse::case_6 ... ok
[INFO] [stdout] test dht::tests::inet_addr::bad_parse::case_4 ... ok
[INFO] [stdout] test dht::tests::inet_addr::parse_domain_host::case_1 ... ok
[INFO] [stdout] test dht::tests::inet_addr::bad_parse::case_8 ... ok
[INFO] [stdout] test magnet::tests::parse_magnet ... ok
[INFO] [stdout] test dht::tests::inet_addr::parse_ipv6_host::case_3 ... ok
[INFO] [stdout] test peer::messages::tests::test_port ... ok
[INFO] [stdout] test peer::messages::tests::test_haveall ... ok
[INFO] [stdout] test peer::messages::tests::test_metadata_data ... ok
[INFO] [stdout] test peer::msepe::tests::handshake::test_build ... ok
[INFO] [stdout] test peer::msepe::tests::handshake::test_handshake ... ok
[INFO] [stdout] test peer::tests::display_json::no_id ... ok
[INFO] [stdout] test peer::msepe::tests::test_prime_modulus ... ok
[INFO] [stdout] test peer::tests::test_unbencode_peer_trailing_bencode ... ok
[INFO] [stdout] test peer::tests::display_json::non_utf8_id ... ok
[INFO] [stdout] test peer::tests::display_json::requires_crypto ... ok
[INFO] [stdout] test peer::tests::test_unbencode_peer_empty ... ok
[INFO] [stdout] test peer::tests::display_json::simple_id ... ok
[INFO] [stdout] test peer::tests::test_unbencode_peer_no_peer_id ... ok
[INFO] [stdout] test peer::tests::test_unbencode_peer ... ok
[INFO] [stdout] test peer::tests::test_unbencode_peer_extra_field ... ok
[INFO] [stdout] test peer::tests::test_unbencode_peer_trailing_garbage ... ok
[INFO] [stdout] test peer::tests::test_write_json_str::case_1 ... ok
[INFO] [stdout] test peer::msepe::tests::handshake::test_build_custom_timeout ... ok
[INFO] [stdout] test peer::tests::display_json::non_ascii_id ... ok
[INFO] [stdout] test peer::tests::test_write_json_str::case_5 ... ok
[INFO] [stdout] test peer::tests::test_write_json_str::case_4 ... ok
[INFO] [stdout] test peer::tests::test_write_json_str::case_6 ... ok
[INFO] [stdout] test peer::tests::test_write_json_str::case_7 ... ok
[INFO] [stdout] test torrent::tests::check_bencode_dict::good ... ok
[INFO] [stdout] test peer::tests::test_write_json_str::case_8 ... ok
[INFO] [stdout] test torrent::tests::check_bencode_dict::empty ... ok
[INFO] [stdout] test torrent::tests::check_bencode_dict::invalid_bencode ... ok
[INFO] [stdout] test torrent::tests::check_bencode_dict::non_dict ... ok
[INFO] [stdout] test torrent::tests::check_bencode_dict::trailing_bencode ... ok
[INFO] [stdout] test torrent::tests::path_template::no_leading_or_trailing_literals ... ok
[INFO] [stdout] test torrent::tests::path_template::unmatched ... ok
[INFO] [stdout] test peer::tests::test_write_json_str::case_2 ... ok
[INFO] [stdout] test torrent::tests::torrent_file_with_nodes_into_bytes ... ok
[INFO] [stdout] test tracker::http::tests::test_decode_noncompact_response_no_peer_id ... ok
[INFO] [stdout] test peer::tests::test_write_json_str::case_3 ... ok
[INFO] [stdout] test torrent::tests::path_template::basic ... ok
[INFO] [stdout] test torrent::tests::path_template::escaped_braces ... ok
[INFO] [stdout] test torrent::tests::path_template::invalid_field ... ok
[INFO] [stdout] test torrent::tests::path_template::nested_field ... ok
[INFO] [stdout] test torrent::tests::path_template::unknown_field ... ok
[INFO] [stdout] test torrent::tests::torrent_file_into_bytes ... ok
[INFO] [stdout] test torrent::tests::test_torrent_info_builder ... ok
[INFO] [stdout] test tracker::http::tests::test_decode_response ... ok
[INFO] [stdout] test tracker::http::tests::test_decode_failure_response ... ok
[INFO] [stdout] test tracker::http::tests::test_decode_noncompact_response ... ok
[INFO] [stdout] test tracker::http::tests::test_decode_response_bad_peers6 ... ok
[INFO] [stdout] test types::tests::test_add_query_param ... ok
[INFO] [stdout] test tracker::udp::tests::udp_url::from_url ... ok
[INFO] [stdout] test tracker::udp::tests::build_announce_request_urldata ... ok
[INFO] [stdout] test types::tests::test_base32_info_hash ... ok
[INFO] [stdout] test tracker::http::tests::test_decode_response_with_crypto_flags ... ok
[INFO] [stdout] test tracker::http::tests::test_decode_response_with_peers6 ... ok
[INFO] [stdout] test tracker::udp::tests::parse_connection_response ... ok
[INFO] [stdout] test tracker::udp::tests::build_announce_request ... ok
[INFO] [stdout] test tracker::udp::tests::build_connection_request ... ok
[INFO] [stdout] test tracker::udp::tests::parse_announce_response_ipv4 ... ok
[INFO] [stdout] test tracker::udp::tests::parse_announce_response_ipv4_no_peers ... ok
[INFO] [stdout] test tracker::udp::tests::parse_announce_response_ipv6_not_all_peers ... ok
[INFO] [stdout] test tracker::udp::tests::udp_url::from_url_no_urldata ... ok
[INFO] [stdout] test tracker::udp::tests::udp_url::from_url_ipv6 ... ok
[INFO] [stdout] test tracker::udp::tests::udp_url::from_url_ipv4 ... ok
[INFO] [stdout] test types::tests::test_generate_peer_id_long_prefix ... ok
[INFO] [stdout] test util::tests::test_comma_list ... ok
[INFO] [stdout] test util::tests::test_try_get_i32 ... ok
[INFO] [stdout] test util::tests::test_try_get_u8 ... ok
[INFO] [stdout] test util::tests::test_try_get_socketaddrv4 ... ok
[INFO] [stdout] test util::tests::test_try_get_ipv6addr ... ok
[INFO] [stdout] test util::tests::test_try_get_u32 ... ok
[INFO] [stdout] test util::tests::test_try_get_u64 ... ok
[INFO] [stdout] test types::tests::test_generate_peer_id ... ok
[INFO] [stdout] test util::tests::test_try_get_socketaddrv6 ... ok
[INFO] [stdout] test util::tests::test_try_get_u16 ... ok
[INFO] [stdout] test types::tests::test_hex_info_hash ... ok
[INFO] [stdout] test util::tests::test_try_get_ipv4addr ... ok
[INFO] [stdout] test asyncutil::shutdown_group::tests::test_shutdown_group ... ok
[INFO] [stdout] 
[INFO] [stdout] test result: ok. 153 passed; 0 failed; 0 ignored; 0 measured; 0 filtered out; finished in 1.01s
[INFO] [stdout] 
[INFO] [stderr]      Running tests/cli.rs (/opt/rustwide/target/release/build/demagnetize/02418ffaf5faae9b/out/cli-02418ffaf5faae9b)
[INFO] [stdout] 
[INFO] [stdout] running 3 tests
[INFO] [stdout] test get_magnet_dht ... FAILED
[INFO] [stdout] test get_magnet_udp_trackers ... FAILED
[INFO] [stdout] test get_magnet_http_trackers_multipiece_info ... FAILED
[INFO] [stdout] 
[INFO] [stdout] failures:
[INFO] [stdout] 
[INFO] [stdout] ---- get_magnet_dht stdout ----
[INFO] [stdout] 
[INFO] [stdout] thread 'get_magnet_dht' (5930) panicked at /rustc/e3feeb59cd1bdd011a2bfcc0747b55125d9b8527/library/core/src/ops/function.rs:250:5:
[INFO] [stdout] Unexpected failure.
[INFO] [stdout] code=1
[INFO] [stdout] stderr=``````
[INFO] [stdout] 07:42:16 [DEBUG] Using local peer details: id = b\"-DM-0070-zFjMdLz6E8Y\", key = 2821790434, port = 31726
[INFO] [stdout] 07:42:16 [INFO ] Fetching metadata info for \"archlinux-2026.03.01-x86_64.iso\" (a4373c326657898d0c588c3ff892a0fac97ffa20)
[INFO] [stdout] 07:42:16 [TRACE] DHT node using UDP port 56395 for IPv4 communication
[INFO] [stdout] 07:42:16 [TRACE] DHT node using UDP port 55912 for IPv6 communication
[INFO] [stdout] 07:42:16 [INFO ] Starting up DHT node ...
[INFO] [stdout] 07:42:16 [WARN ] Failed to resolve domain \"relay.pkarr.org\": failed to lookup address information: Temporary failure in name resolution
[INFO] [stdout] 07:42:16 [WARN ] Failed to resolve domain \"router.bittorrent.com\": failed to lookup address information: Temporary failure in name resolution
[INFO] [stdout] 07:42:16 [WARN ] Failed to resolve domain \"dht.transmissionbt.com\": failed to lookup address information: Temporary failure in name resolution
[INFO] [stdout] 07:42:16 [ERROR] Failed to resolve any addresses for DHT bootstrap nodes
[INFO] [stdout] 07:42:16 [ERROR] Failed to download torrent file: failed to get peers from DHT: DHT actor is down
[INFO] [stdout] ```
[INFO] [stdout] ```
[INFO] [stdout] command=`"/opt/rustwide/target/release/demagnetize" "--log-level=TRACE" "--no-config" "get" "-o" "/tmp/.tmpeGRVa3/{hash}.torrent" "magnet:?xt=urn:btih:a4373c326657898d0c588c3ff892a0fac97ffa20&dn=archlinux-2026.03.01-x86_64.iso"`
[INFO] [stdout] code=1
[INFO] [stdout] stdout=""
[INFO] [stdout] stderr=```
[INFO] [stdout] 07:42:16 [DEBUG] Using local peer details: id = b\"-DM-0070-zFjMdLz6E8Y\", key = 2821790434, port = 31726
[INFO] [stdout] 07:42:16 [INFO ] Fetching metadata info for \"archlinux-2026.03.01-x86_64.iso\" (a4373c326657898d0c588c3ff892a0fac97ffa20)
[INFO] [stdout] 07:42:16 [TRACE] DHT node using UDP port 56395 for IPv4 communication
[INFO] [stdout] 07:42:16 [TRACE] DHT node using UDP port 55912 for IPv6 communication
[INFO] [stdout] 07:42:16 [INFO ] Starting up DHT node ...
[INFO] [stdout] 07:42:16 [WARN ] Failed to resolve domain \"relay.pkarr.org\": failed to lookup address information: Temporary failure in name resolution
[INFO] [stdout] 07:42:16 [WARN ] Failed to resolve domain \"router.bittorrent.com\": failed to lookup address information: Temporary failure in name resolution
[INFO] [stdout] 07:42:16 [WARN ] Failed to resolve domain \"dht.transmissionbt.com\": failed to lookup address information: Temporary failure in name resolution
[INFO] [stdout] 07:42:16 [ERROR] Failed to resolve any addresses for DHT bootstrap nodes
[INFO] [stdout] 07:42:16 [ERROR] Failed to download torrent file: failed to get peers from DHT: DHT actor is down
[INFO] [stdout] ```
[INFO] [stdout] 
[INFO] [stdout] 
[INFO] [stdout] stack backtrace:
[INFO] [stdout]    0:     0x630b21f16ca1 - <<std[617be2ca0a6fd877]::sys::backtrace::BacktraceLock>::print::DisplayBacktrace as core[a373ad73a504971]::fmt::Display>::fmt
[INFO] [stdout]    1:     0x630b21f2cf6a - core[a373ad73a504971]::fmt::write
[INFO] [stdout]    2:     0x630b21f1c50c - <alloc[2e1b2a31b91974c5]::vec::Vec<u8> as core[a373ad73a504971]::io::write::Write>::write_fmt
[INFO] [stdout]    3:     0x630b21ef1606 - std[617be2ca0a6fd877]::panicking::default_hook::{closure#0}
[INFO] [stdout]    4:     0x630b21f0e889 - std[617be2ca0a6fd877]::panicking::default_hook
[INFO] [stdout]    5:     0x630b21e94120 - test[aada8e7e76ba119b]::test_main_inner::{closure#0}
[INFO] [stdout]    6:     0x630b21f0ea42 - std[617be2ca0a6fd877]::panicking::panic_with_hook
[INFO] [stdout]    7:     0x630b21ef16b2 - std[617be2ca0a6fd877]::panicking::panic_handler::{closure#0}
[INFO] [stdout]    8:     0x630b21eea119 - std[617be2ca0a6fd877]::sys::backtrace::__rust_end_short_backtrace::<std[617be2ca0a6fd877]::panicking::panic_handler::{closure#0}, !>
[INFO] [stdout]    9:     0x630b21ef22bd - __rustc[ea4f61d10b84890b]::rust_begin_unwind
[INFO] [stdout]   10:     0x630b21f2d71c - core[a373ad73a504971]::panicking::panic_fmt
[INFO] [stdout]   11:     0x630b21ed2e53 - <assert_cmd[87ebc1cb378a0abc]::assert::AssertError>::panic::<assert_cmd[87ebc1cb378a0abc]::assert::Assert>
[INFO] [stdout]   12:     0x630b21ed3196 - <assert_cmd[87ebc1cb378a0abc]::assert::Assert>::success
[INFO] [stdout]   13:     0x630b21e854e0 - cli[a7958980bf3d1737]::test_get
[INFO] [stdout]   14:     0x630b21e8747a - <cli[a7958980bf3d1737]::get_magnet_dht::{closure#0} as core[a373ad73a504971]::ops::function::FnOnce<()>>::call_once
[INFO] [stdout]   15:     0x630b21e8756b - test[aada8e7e76ba119b]::__rust_begin_short_backtrace::<core[a373ad73a504971]::result::Result<(), alloc[2e1b2a31b91974c5]::string::String>, fn() -> core[a373ad73a504971]::result::Result<(), alloc[2e1b2a31b91974c5]::string::String>>
[INFO] [stdout]   16:     0x630b21e94745 - test[aada8e7e76ba119b]::run_test::{closure#0}
[INFO] [stdout]   17:     0x630b21e8e034 - std[617be2ca0a6fd877]::sys::backtrace::__rust_begin_short_backtrace::<test[aada8e7e76ba119b]::run_test::{closure#1}, ()>
[INFO] [stdout]   18:     0x630b21e977d2 - <std[617be2ca0a6fd877]::thread::lifecycle::spawn_unchecked<test[aada8e7e76ba119b]::run_test::{closure#1}, ()>::{closure#1} as core[a373ad73a504971]::ops::function::FnOnce<()>>::call_once::{shim:vtable#0}
[INFO] [stdout]   19:     0x630b21f1616f - <std[617be2ca0a6fd877]::sys::thread::unix::Thread>::new::thread_start
[INFO] [stdout]   20:     0x78f64a714dfa - <unknown>
[INFO] [stdout]   21:     0x78f64a7a83d4 - clone
[INFO] [stdout]   22:                0x0 - <unknown>
[INFO] [stdout] 
[INFO] [stdout] ---- get_magnet_udp_trackers stdout ----
[INFO] [stdout] 
[INFO] [stdout] thread 'get_magnet_udp_trackers' (5932) panicked at /rustc/e3feeb59cd1bdd011a2bfcc0747b55125d9b8527/library/core/src/ops/function.rs:250:5:
[INFO] [stdout] Unexpected failure.
[INFO] [stdout] code=1
[INFO] [stdout] stderr=``````
[INFO] [stdout] 07:42:16 [DEBUG] Using local peer details: id = b\"-DM-0070-qE39w8q44J0\", key = 173419695, port = 16774
[INFO] [stdout] 07:42:16 [INFO ] Fetching metadata info for \"libgen-rs-r_000\" (63a04291a8b266d968aa7ab8a276543fa63a9e84)
[INFO] [stdout] 07:42:16 [INFO ] Requesting peers for \"libgen-rs-r_000\" (63a04291a8b266d968aa7ab8a276543fa63a9e84) from <Tracker udp://tracker.opentrackr.org:1337/announce>
[INFO] [stdout] 07:42:16 [INFO ] Requesting peers for \"libgen-rs-r_000\" (63a04291a8b266d968aa7ab8a276543fa63a9e84) from <Tracker udp://exodus.desync.com:6969/announce>
[INFO] [stdout] 07:42:16 [INFO ] Requesting peers for \"libgen-rs-r_000\" (63a04291a8b266d968aa7ab8a276543fa63a9e84) from <Tracker udp://ipv4.tracker.harry.lu:80/announce>
[INFO] [stdout] 07:42:16 [INFO ] Requesting peers for \"libgen-rs-r_000\" (63a04291a8b266d968aa7ab8a276543fa63a9e84) from <Tracker udp://open.stealth.si:80/announce>
[INFO] [stdout] 07:42:16 [INFO ] Requesting peers for \"libgen-rs-r_000\" (63a04291a8b266d968aa7ab8a276543fa63a9e84) from <Tracker udp://tracker.coppersurfer.tk:6969/announce>
[INFO] [stdout] 07:42:16 [WARN ] Error communicating with <Tracker udp://open.stealth.si:80/announce> for \"libgen-rs-r_000\" (63a04291a8b266d968aa7ab8a276543fa63a9e84): failed to resolve remote hostname: failed to lookup address information: Temporary failure in name resolution
[INFO] [stdout] 07:42:16 [WARN ] Error communicating with <Tracker udp://ipv4.tracker.harry.lu:80/announce> for \"libgen-rs-r_000\" (63a04291a8b266d968aa7ab8a276543fa63a9e84): failed to resolve remote hostname: failed to lookup address information: Temporary failure in name resolution
[INFO] [stdout] 07:42:16 [WARN ] Error communicating with <Tracker udp://tracker.coppersurfer.tk:6969/announce> for \"libgen-rs-r_000\" (63a04291a8b266d968aa7ab8a276543fa63a9e84): failed to resolve remote hostname: failed to lookup address information: Temporary failure in name resolution
[INFO] [stdout] 07:42:16 [WARN ] Error communicating with <Tracker udp://tracker.opentrackr.org:1337/announce> for \"libgen-rs-r_000\" (63a04291a8b266d968aa7ab8a276543fa63a9e84): failed to resolve remote hostname: failed to lookup address information: Temporary failure in name resolution
[INFO] [stdout] 07:42:16 [WARN ] Error communicating with <Tracker udp://exodus.desync.com:6969/announce> for \"libgen-rs-r_000\" (63a04291a8b266d968aa7ab8a276543fa63a9e84): failed to resolve remote hostname: failed to lookup address information: Temporary failure in name resolution
[INFO] [stdout] 07:42:16 [ERROR] Failed to download torrent file: no peer returned metadata info
[INFO] [stdout] ```
[INFO] [stdout] ```
[INFO] [stdout] command=`"/opt/rustwide/target/release/demagnetize" "--log-level=TRACE" "--no-config" "get" "-o" "/tmp/.tmpgVdHO0/{hash}.torrent" "magnet:?xt=urn:btih:63a04291a8b266d968aa7ab8a276543fa63a9e84&dn=libgen-rs-r_000&tr=udp%3A%2F%2Ftracker.opentrackr.org%3A1337%2Fannounce&tr=udp%3A%2F%2Fexodus.desync.com%3A6969%2Fannounce&tr=udp%3A%2F%2Fipv4.tracker.harry.lu%3A80%2Fannounce&tr=udp%3A%2F%2Fopen.stealth.si%3A80%2Fannounce&tr=udp%3A%2F%2Ftracker.coppersurfer.tk%3A6969%2Fannounce"`
[INFO] [stdout] code=1
[INFO] [stdout] stdout=""
[INFO] [stdout] stderr=```
[INFO] [stdout] 07:42:16 [DEBUG] Using local peer details: id = b\"-DM-0070-qE39w8q44J0\", key = 173419695, port = 16774
[INFO] [stdout] 07:42:16 [INFO ] Fetching metadata info for \"libgen-rs-r_000\" (63a04291a8b266d968aa7ab8a276543fa63a9e84)
[INFO] [stdout] 07:42:16 [INFO ] Requesting peers for \"libgen-rs-r_000\" (63a04291a8b266d968aa7ab8a276543fa63a9e84) from <Tracker udp://tracker.opentrackr.org:1337/announce>
[INFO] [stdout] 07:42:16 [INFO ] Requesting peers for \"libgen-rs-r_000\" (63a04291a8b266d968aa7ab8a276543fa63a9e84) from <Tracker udp://exodus.desync.com:6969/announce>
[INFO] [stdout] 07:42:16 [INFO ] Requesting peers for \"libgen-rs-r_000\" (63a04291a8b266d968aa7ab8a276543fa63a9e84) from <Tracker udp://ipv4.tracker.harry.lu:80/announce>
[INFO] [stdout] 07:42:16 [INFO ] Requesting peers for \"libgen-rs-r_000\" (63a04291a8b266d968aa7ab8a276543fa63a9e84) from <Tracker udp://open.stealth.si:80/announce>
[INFO] [stdout] 07:42:16 [INFO ] Requesting peers for \"libgen-rs-r_000\" (63a04291a8b266d968aa7ab8a276543fa63a9e84) from <Tracker udp://tracker.coppersurfer.tk:6969/announce>
[INFO] [stdout] 07:42:16 [WARN ] Error communicating with <Tracker udp://open.stealth.si:80/announce> for \"libgen-rs-r_000\" (63a04291a8b266d968aa7ab8a276543fa63a9e84): failed to resolve remote hostname: failed to lookup address information: Temporary failure in name resolution
[INFO] [stdout] 07:42:16 [WARN ] Error communicating with <Tracker udp://ipv4.tracker.harry.lu:80/announce> for \"libgen-rs-r_000\" (63a04291a8b266d968aa7ab8a276543fa63a9e84): failed to resolve remote hostname: failed to lookup address information: Temporary failure in name resolution
[INFO] [stdout] 07:42:16 [WARN ] Error communicating with <Tracker udp://tracker.coppersurfer.tk:6969/announce> for \"libgen-rs-r_000\" (63a04291a8b266d968aa7ab8a276543fa63a9e84): failed to resolve remote hostname: failed to lookup address information: Temporary failure in name resolution
[INFO] [stdout] 07:42:16 [WARN ] Error communicating with <Tracker udp://tracker.opentrackr.org:1337/announce> for \"libgen-rs-r_000\" (63a04291a8b266d968aa7ab8a276543fa63a9e84): failed to resolve remote hostname: failed to lookup address information: Temporary failure in name resolution
[INFO] [stdout] 07:42:16 [WARN ] Error communicating with <Tracker udp://exodus.desync.com:6969/announce> for \"libgen-rs-r_000\" (63a04291a8b266d968aa7ab8a276543fa63a9e84): failed to resolve remote hostname: failed to lookup address information: Temporary failure in name resolution
[INFO] [stdout] 07:42:16 [ERROR] Failed to download torrent file: no peer returned metadata info
[INFO] [stdout] ```
[INFO] [stdout] 
[INFO] [stdout] 
[INFO] [stdout] stack backtrace:
[INFO] [stdout]    0:     0x630b21f16ca1 - <<std[617be2ca0a6fd877]::sys::backtrace::BacktraceLock>::print::DisplayBacktrace as core[a373ad73a504971]::fmt::Display>::fmt
[INFO] [stdout]    1:     0x630b21f2cf6a - core[a373ad73a504971]::fmt::write
[INFO] [stdout]    2:     0x630b21f1c50c - <alloc[2e1b2a31b91974c5]::vec::Vec<u8> as core[a373ad73a504971]::io::write::Write>::write_fmt
[INFO] [stdout]    3:     0x630b21ef1606 - std[617be2ca0a6fd877]::panicking::default_hook::{closure#0}
[INFO] [stdout]    4:     0x630b21f0e889 - std[617be2ca0a6fd877]::panicking::default_hook
[INFO] [stdout]    5:     0x630b21e94120 - test[aada8e7e76ba119b]::test_main_inner::{closure#0}
[INFO] [stdout]    6:     0x630b21f0ea42 - std[617be2ca0a6fd877]::panicking::panic_with_hook
[INFO] [stdout]    7:     0x630b21ef16b2 - std[617be2ca0a6fd877]::panicking::panic_handler::{closure#0}
[INFO] [stdout]    8:     0x630b21eea119 - std[617be2ca0a6fd877]::sys::backtrace::__rust_end_short_backtrace::<std[617be2ca0a6fd877]::panicking::panic_handler::{closure#0}, !>
[INFO] [stdout]    9:     0x630b21ef22bd - __rustc[ea4f61d10b84890b]::rust_begin_unwind
[INFO] [stdout]   10:     0x630b21f2d71c - core[a373ad73a504971]::panicking::panic_fmt
[INFO] [stdout]   11:     0x630b21ed2e53 - <assert_cmd[87ebc1cb378a0abc]::assert::AssertError>::panic::<assert_cmd[87ebc1cb378a0abc]::assert::Assert>
[INFO] [stdout]   12:     0x630b21ed3196 - <assert_cmd[87ebc1cb378a0abc]::assert::Assert>::success
[INFO] [stdout]   13:     0x630b21e854e0 - cli[a7958980bf3d1737]::test_get
[INFO] [stdout]   14:     0x630b21e874bc - <cli[a7958980bf3d1737]::get_magnet_udp_trackers::{closure#0} as core[a373ad73a504971]::ops::function::FnOnce<()>>::call_once
[INFO] [stdout]   15:     0x630b21e8756b - test[aada8e7e76ba119b]::__rust_begin_short_backtrace::<core[a373ad73a504971]::result::Result<(), alloc[2e1b2a31b91974c5]::string::String>, fn() -> core[a373ad73a504971]::result::Result<(), alloc[2e1b2a31b91974c5]::string::String>>
[INFO] [stdout]   16:     0x630b21e94745 - test[aada8e7e76ba119b]::run_test::{closure#0}
[INFO] [stdout]   17:     0x630b21e8e034 - std[617be2ca0a6fd877]::sys::backtrace::__rust_begin_short_backtrace::<test[aada8e7e76ba119b]::run_test::{closure#1}, ()>
[INFO] [stdout]   18:     0x630b21e977d2 - <std[617be2ca0a6fd877]::thread::lifecycle::spawn_unchecked<test[aada8e7e76ba119b]::run_test::{closure#1}, ()>::{closure#1} as core[a373ad73a504971]::ops::function::FnOnce<()>>::call_once::{shim:vtable#0}
[INFO] [stdout]   19:     0x630b21f1616f - <std[617be2ca0a6fd877]::sys::thread::unix::Thread>::new::thread_start
[INFO] [stdout]   20:     0x78f64a714dfa - <unknown>
[INFO] [stdout]   21:     0x78f64a7a83d4 - clone
[INFO] [stdout]   22:                0x0 - <unknown>
[INFO] [stdout] 
[INFO] [stdout] ---- get_magnet_http_trackers_multipiece_info stdout ----
[INFO] [stdout] 
[INFO] [stdout] thread 'get_magnet_http_trackers_multipiece_info' (5931) panicked at /rustc/e3feeb59cd1bdd011a2bfcc0747b55125d9b8527/library/core/src/ops/function.rs:250:5:
[INFO] [stdout] Unexpected failure.
[INFO] [stdout] code=1
[INFO] [stdout] stderr=``````
[INFO] [stdout] 07:42:16 [DEBUG] Using local peer details: id = b\"-DM-0070-CYXjIsgh4ks\", key = 3531055746, port = 59491
[INFO] [stdout] 07:42:16 [INFO ] Fetching metadata info for \"debian-12.0.0-amd64-netinst.iso\" (b851474b74f65cd19f981c723590e3e520242b97)
[INFO] [stdout] 07:42:16 [INFO ] Requesting peers for \"debian-12.0.0-amd64-netinst.iso\" (b851474b74f65cd19f981c723590e3e520242b97) from <Tracker http://bttracker.debian.org:6969/announce>
[INFO] [stdout] 07:42:17 [TRACE] Sending \"started\" announcement to <Tracker http://bttracker.debian.org:6969/announce> for \"debian-12.0.0-amd64-netinst.iso\" (b851474b74f65cd19f981c723590e3e520242b97)
[INFO] [stdout] 07:42:17 [WARN ] Error communicating with <Tracker http://bttracker.debian.org:6969/announce> for \"debian-12.0.0-amd64-netinst.iso\" (b851474b74f65cd19f981c723590e3e520242b97): failed to send request to HTTP tracker: error sending request for url (http://bttracker.debian.org:6969/announce?event=started&info_hash=%B8QGKt%F6%5C%D1%9F%98%1Cr5%90%E3%E5+%24%2B%97&peer_id=-DM-0070-CYXjIsgh4ks&supportcrypto=1&port=59491&uploaded=0&downloaded=0&left=65535&numwant=50&key=3531055746&compact=1): client error (Connect): dns error: failed to lookup address information: Temporary failure in name resolution
[INFO] [stdout] 07:42:17 [ERROR] Failed to download torrent file: no peer returned metadata info
[INFO] [stdout] ```
[INFO] [stdout] ```
[INFO] [stdout] command=`"/opt/rustwide/target/release/demagnetize" "--log-level=TRACE" "--no-config" "get" "-o" "/tmp/.tmpG4ooyt/{hash}.torrent" "magnet:?xt=urn:btih:b851474b74f65cd19f981c723590e3e520242b97&dn=debian-12.0.0-amd64-netinst.iso&tr=http%3A%2F%2Fbttracker.debian.org%3A6969%2Fannounce&ws=https%3A%2F%2Fcdimage.debian.org%2Fcdimage%2Frelease%2F12.0.0%2Famd64%2Fiso-cd%2Fdebian-12.0.0-amd64-netinst.iso&ws=https%3A%2F%2Fcdimage.debian.org%2Fcdimage%2Farchive%2F12.0.0%2Famd64%2Fiso-cd%2Fdebian-12.0.0-amd64-netinst.iso"`
[INFO] [stdout] code=1
[INFO] [stdout] stdout=""
[INFO] [stdout] stderr=```
[INFO] [stdout] 07:42:16 [DEBUG] Using local peer details: id = b\"-DM-0070-CYXjIsgh4ks\", key = 3531055746, port = 59491
[INFO] [stdout] 07:42:16 [INFO ] Fetching metadata info for \"debian-12.0.0-amd64-netinst.iso\" (b851474b74f65cd19f981c723590e3e520242b97)
[INFO] [stdout] 07:42:16 [INFO ] Requesting peers for \"debian-12.0.0-amd64-netinst.iso\" (b851474b74f65cd19f981c723590e3e520242b97) from <Tracker http://bttracker.debian.org:6969/announce>
[INFO] [stdout] 07:42:17 [TRACE] Sending \"started\" announcement to <Tracker http://bttracker.debian.org:6969/announce> for \"debian-12.0.0-amd64-netinst.iso\" (b851474b74f65cd19f981c723590e3e520242b97)
[INFO] [stdout] 07:42:17 [WARN ] Error communicating with <Tracker http://bttracker.debian.org:6969/announce> for \"debian-12.0.0-amd64-netinst.iso\" (b851474b74f65cd19f981c723590e3e520242b97): failed to send request to HTTP tracker: error sending request for url (http://bttracker.debian.org:6969/announce?event=started&info_hash=%B8QGKt%F6%5C%D1%9F%98%1Cr5%90%E3%E5+%24%2B%97&peer_id=-DM-0070-CYXjIsgh4ks&supportcrypto=1&port=59491&uploaded=0&downloaded=0&left=65535&numwant=50&key=3531055746&compact=1): client error (Connect): dns error: failed to lookup address information: Temporary failure in name resolution
[INFO] [stdout] 07:42:17 [ERROR] Failed to download torrent file: no peer returned metadata info
[INFO] [stdout] ```
[INFO] [stdout] 
[INFO] [stdout] 
[INFO] [stdout] stack backtrace:
[INFO] [stdout]    0:     0x630b21f16ca1 - <<std[617be2ca0a6fd877]::sys::backtrace::BacktraceLock>::print::DisplayBacktrace as core[a373ad73a504971]::fmt::Display>::fmt
[INFO] [stdout]    1:     0x630b21f2cf6a - core[a373ad73a504971]::fmt::write
[INFO] [stdout]    2:     0x630b21f1c50c - <alloc[2e1b2a31b91974c5]::vec::Vec<u8> as core[a373ad73a504971]::io::write::Write>::write_fmt
[INFO] [stdout]    3:     0x630b21ef1606 - std[617be2ca0a6fd877]::panicking::default_hook::{closure#0}
[INFO] [stdout]    4:     0x630b21f0e889 - std[617be2ca0a6fd877]::panicking::default_hook
[INFO] [stdout]    5:     0x630b21e94120 - test[aada8e7e76ba119b]::test_main_inner::{closure#0}
[INFO] [stdout]    6:     0x630b21f0ea42 - std[617be2ca0a6fd877]::panicking::panic_with_hook
[INFO] [stdout]    7:     0x630b21ef16b2 - std[617be2ca0a6fd877]::panicking::panic_handler::{closure#0}
[INFO] [stdout]    8:     0x630b21eea119 - std[617be2ca0a6fd877]::sys::backtrace::__rust_end_short_backtrace::<std[617be2ca0a6fd877]::panicking::panic_handler::{closure#0}, !>
[INFO] [stdout]    9:     0x630b21ef22bd - __rustc[ea4f61d10b84890b]::rust_begin_unwind
[INFO] [stdout]   10:     0x630b21f2d71c - core[a373ad73a504971]::panicking::panic_fmt
[INFO] [stdout]   11:     0x630b21ed2e53 - <assert_cmd[87ebc1cb378a0abc]::assert::AssertError>::panic::<assert_cmd[87ebc1cb378a0abc]::assert::Assert>
[INFO] [stdout]   12:     0x630b21ed3196 - <assert_cmd[87ebc1cb378a0abc]::assert::Assert>::success
[INFO] [stdout]   13:     0x630b21e854e0 - cli[a7958980bf3d1737]::test_get
[INFO] [stdout]   14:     0x630b21e874fc - <cli[a7958980bf3d1737]::get_magnet_http_trackers_multipiece_info::{closure#0} as core[a373ad73a504971]::ops::function::FnOnce<()>>::call_once
[INFO] [stdout]   15:     0x630b21e8756b - test[aada8e7e76ba119b]::__rust_begin_short_backtrace::<core[a373ad73a504971]::result::Result<(), alloc[2e1b2a31b91974c5]::string::String>, fn() -> core[a373ad73a504971]::result::Result<(), alloc[2e1b2a31b91974c5]::string::String>>
[INFO] [stdout]   16:     0x630b21e94745 - test[aada8e7e76ba119b]::run_test::{closure#0}
[INFO] [stdout]   17:     0x630b21e8e034 - std[617be2ca0a6fd877]::sys::backtrace::__rust_begin_short_backtrace::<test[aada8e7e76ba119b]::run_test::{closure#1}, ()>
[INFO] [stdout]   18:     0x630b21e977d2 - <std[617be2ca0a6fd877]::thread::lifecycle::spawn_unchecked<test[aada8e7e76ba119b]::run_test::{closure#1}, ()>::{closure#1} as core[a373ad73a504971]::ops::function::FnOnce<()>>::call_once::{shim:vtable#0}
[INFO] [stdout]   19:     0x630b21f1616f - <std[617be2ca0a6fd877]::sys::thread::unix::Thread>::new::thread_start
[INFO] [stdout]   20:     0x78f64a714dfa - <unknown>
[INFO] [stdout]   21:     0x78f64a7a83d4 - clone
[INFO] [stdout]   22:                0x0 - <unknown>
[INFO] [stdout] 
[INFO] [stdout] 
[INFO] [stdout] failures:
[INFO] [stdout]     get_magnet_dht
[INFO] [stdout]     get_magnet_http_trackers_multipiece_info
[INFO] [stdout]     get_magnet_udp_trackers
[INFO] [stdout] 
[INFO] [stdout] test result: FAILED. 0 passed; 3 failed; 0 ignored; 0 measured; 0 filtered out; finished in 0.14s
[INFO] [stdout] 
[INFO] [stderr] error: test failed, to rerun pass `--test cli`
[INFO] running `Command { std: "docker" "inspect" "dea5650df3eb511a01ce245a59f1532a3a117c8ee714c5f3618fc8b9b7a0340c", kill_on_drop: false }`
[INFO] running `Command { std: "docker" "rm" "-f" "dea5650df3eb511a01ce245a59f1532a3a117c8ee714c5f3618fc8b9b7a0340c", kill_on_drop: false }`
[INFO] [stdout] dea5650df3eb511a01ce245a59f1532a3a117c8ee714c5f3618fc8b9b7a0340c
