[INFO] fetching crate deluge_api 0.2.5...
[INFO] testing deluge_api-0.2.5 against 1.99.0-beta.8+cargoflags=--release for beta-release-1.100-2
[INFO] extracting crate deluge_api 0.2.5 into /workspace/builds/worker-5-tc1/source
[INFO] started tweaking crates.io crate deluge_api 0.2.5
[INFO] finished tweaking crates.io crate deluge_api 0.2.5
[INFO] tweaked toml for crates.io crate deluge_api 0.2.5 written to /workspace/builds/worker-5-tc1/source/Cargo.toml
[INFO] validating manifest of crates.io crate deluge_api 0.2.5 on toolchain 1.99.0-beta.8
[INFO] running `Command { std: CARGO_HOME="/workspace/cargo-home" RUSTUP_HOME="/workspace/rustup-home" "/workspace/cargo-home/bin/cargo" "+1.99.0-beta.8" "metadata" "--manifest-path" "Cargo.toml" "--no-deps", kill_on_drop: false }`
[INFO] running `Command { std: CARGO_HOME="/workspace/cargo-home" RUSTUP_HOME="/workspace/rustup-home" "/workspace/cargo-home/bin/cargo" "+1.99.0-beta.8" "generate-lockfile" "--manifest-path" "Cargo.toml", kill_on_drop: false }`
[INFO] [stderr]     Updating crates.io index
[INFO] [stderr]      Locking 203 packages to highest compatible versions
[INFO] [stderr]       Adding colored v2.2.0 (available: v3.1.1)
[INFO] [stderr]       Adding rand v0.8.8 (available: v0.10.3)
[INFO] [stderr]       Adding reqwest v0.12.28 (available: v0.13.5)
[INFO] [stderr]       Adding rogue_config v0.1.1 (available: v0.2.0)
[INFO] [stderr]       Adding rogue_logging v0.3.0 (available: v0.7.3)
[INFO] running `Command { std: CARGO_HOME="/workspace/cargo-home" RUSTUP_HOME="/workspace/rustup-home" "/workspace/cargo-home/bin/cargo" "+1.99.0-beta.8" "fetch" "--manifest-path" "Cargo.toml", kill_on_drop: false }`
[INFO] [stderr]     Blocking waiting for file lock on package cache
[INFO] [stderr]  Downloading crates ...
[INFO] [stderr]   Downloaded envy v0.4.2
[INFO] [stderr]   Downloaded rogue_config v0.1.1
[INFO] [stderr]   Downloaded rogue_logging v0.3.0
[INFO] running `Command { std: "docker" "create" "-v" "/var/lib/crater-agent-workspace/builds/worker-5-tc1/source:/opt/rustwide/workdir:ro,Z" "-v" "/var/lib/crater-agent-workspace/builds/worker-5-tc1/target:/opt/rustwide/target:rw,Z" "-v" "/var/lib/crater-agent-workspace/cargo-home:/opt/rustwide/cargo-home:ro,Z" "-v" "/var/lib/crater-agent-workspace/rustup-home:/opt/rustwide/rustup-home:ro,Z" "-m" "1610612736" "--network" "none" "ghcr.io/rust-lang/crates-build-env/linux@sha256:77db811e55d90add9212f6832c23229e3de5f1c1f9905e8cb07319ea15df73ac" "sleep" "infinity", kill_on_drop: false }`
[INFO] [stdout] 43b4e8bc7d1aee802ac74dc76c2c5a89acb7b3d051555fb8e7a6c1924ecf36dc
[INFO] running `Command { std: "docker" "start" "43b4e8bc7d1aee802ac74dc76c2c5a89acb7b3d051555fb8e7a6c1924ecf36dc", kill_on_drop: false }`
[INFO] running `Command { std: "docker" "inspect" "43b4e8bc7d1aee802ac74dc76c2c5a89acb7b3d051555fb8e7a6c1924ecf36dc", kill_on_drop: false }`
[INFO] running `Command { std: "docker" "exec" "-e" "SOURCE_DIR=/opt/rustwide/workdir" "-e" "CARGO_HOME=/opt/rustwide/cargo-home" "-e" "RUSTUP_HOME=/opt/rustwide/rustup-home" "-e" "CARGO_TARGET_DIR=/opt/rustwide/target" "-w" "/opt/rustwide/workdir" "--user" "0:0" "43b4e8bc7d1aee802ac74dc76c2c5a89acb7b3d051555fb8e7a6c1924ecf36dc" "/opt/rustwide/cargo-home/bin/cargo" "+1.99.0-beta.8" "metadata" "--no-deps" "--format-version=1", kill_on_drop: false }`
[INFO] running `Command { std: "docker" "inspect" "43b4e8bc7d1aee802ac74dc76c2c5a89acb7b3d051555fb8e7a6c1924ecf36dc", kill_on_drop: false }`
[INFO] running `Command { std: "docker" "exec" "-e" "SOURCE_DIR=/opt/rustwide/workdir" "-e" "CARGO_HOME=/opt/rustwide/cargo-home" "-e" "RUSTUP_HOME=/opt/rustwide/rustup-home" "-e" "CARGO_TARGET_DIR=/opt/rustwide/target" "-e" "CARGO_INCREMENTAL=0" "-e" "RUST_BACKTRACE=full" "-e" "RUSTFLAGS=--cap-lints=warn" "-e" "RUSTDOCFLAGS=--cap-lints=warn" "-w" "/opt/rustwide/workdir" "--user" "0:0" "43b4e8bc7d1aee802ac74dc76c2c5a89acb7b3d051555fb8e7a6c1924ecf36dc" "/opt/rustwide/cargo-home/bin/cargo" "+1.99.0-beta.8" "build" "--frozen" "--message-format=json" "--release", kill_on_drop: false }`
[INFO] [stderr]    Compiling getrandom v0.2.17
[INFO] [stderr]    Compiling slab v0.4.12
[INFO] [stderr]    Compiling ring v0.17.14
[INFO] [stderr]    Compiling futures-task v0.3.34
[INFO] [stderr]    Compiling rustls v0.23.46
[INFO] [stderr]    Compiling cookie v0.18.2
[INFO] [stderr]    Compiling time-macros v0.2.32
[INFO] [stderr]    Compiling unicase v2.10.0
[INFO] [stderr]    Compiling hyper v1.12.0
[INFO] [stderr]    Compiling clap_derive v4.6.7
[INFO] [stderr]    Compiling tokio-util v0.7.20
[INFO] [stderr]    Compiling idna v1.1.0
[INFO] [stderr]    Compiling futures-channel v0.3.34
[INFO] [stderr]    Compiling psl-types v2.0.11
[INFO] [stderr]    Compiling unsafe-libyaml v0.2.11
[INFO] [stderr]    Compiling litrs v1.0.1
[INFO] [stderr]    Compiling colored v2.2.0
[INFO] [stderr]    Compiling webpki-roots v1.0.9
[INFO] [stderr]    Compiling futures-util v0.3.34
[INFO] [stderr]    Compiling envy v0.4.2
[INFO] [stderr]    Compiling mime_guess v2.0.5
[INFO] [stderr]    Compiling rand_core v0.6.4
[INFO] [stderr]    Compiling document-features v0.2.12
[INFO] [stderr]    Compiling rand_chacha v0.3.1
[INFO] [stderr]    Compiling url v2.5.8
[INFO] [stderr]    Compiling publicsuffix v2.3.0
[INFO] [stderr]    Compiling rand v0.8.8
[INFO] [stderr]    Compiling serde_yaml v0.9.34+deprecated
[INFO] [stderr]    Compiling time v0.3.55
[INFO] [stderr]    Compiling clap v4.6.7
[INFO] [stderr]    Compiling tower v0.5.3
[INFO] [stderr]    Compiling hyper-util v0.1.21
[INFO] [stderr]    Compiling rogue_logging v0.3.0
[INFO] [stderr]    Compiling tower-http v0.6.11
[INFO] [stderr]    Compiling rogue_config v0.1.1
[INFO] [stderr]    Compiling cookie_store v0.22.1
[INFO] [stderr]    Compiling rustls-webpki v0.103.15
[INFO] [stderr]    Compiling tokio-rustls v0.26.6
[INFO] [stderr]    Compiling hyper-rustls v0.27.10
[INFO] [stderr]    Compiling reqwest v0.12.28
[INFO] [stderr]    Compiling deluge_api v0.2.5 (/opt/rustwide/workdir)
[INFO] [stderr]     Finished `release` profile [optimized] target(s) in 57.49s
[INFO] running `Command { std: "docker" "inspect" "43b4e8bc7d1aee802ac74dc76c2c5a89acb7b3d051555fb8e7a6c1924ecf36dc", kill_on_drop: false }`
[INFO] running `Command { std: "docker" "exec" "-e" "SOURCE_DIR=/opt/rustwide/workdir" "-e" "CARGO_HOME=/opt/rustwide/cargo-home" "-e" "RUSTUP_HOME=/opt/rustwide/rustup-home" "-e" "CARGO_TARGET_DIR=/opt/rustwide/target" "-e" "CARGO_INCREMENTAL=0" "-e" "RUST_BACKTRACE=full" "-e" "RUSTFLAGS=--cap-lints=warn" "-e" "RUSTDOCFLAGS=--cap-lints=warn" "-w" "/opt/rustwide/workdir" "--user" "0:0" "43b4e8bc7d1aee802ac74dc76c2c5a89acb7b3d051555fb8e7a6c1924ecf36dc" "/opt/rustwide/cargo-home/bin/cargo" "+1.99.0-beta.8" "test" "--frozen" "--no-run" "--message-format=json" "--release", kill_on_drop: false }`
[INFO] [stderr]    Compiling deluge_api v0.2.5 (/opt/rustwide/workdir)
[INFO] [stderr]     Finished `release` profile [optimized] target(s) in 9.05s
[INFO] running `Command { std: "docker" "inspect" "43b4e8bc7d1aee802ac74dc76c2c5a89acb7b3d051555fb8e7a6c1924ecf36dc", kill_on_drop: false }`
[INFO] running `Command { std: "docker" "exec" "-e" "SOURCE_DIR=/opt/rustwide/workdir" "-e" "CARGO_HOME=/opt/rustwide/cargo-home" "-e" "RUSTUP_HOME=/opt/rustwide/rustup-home" "-e" "CARGO_TARGET_DIR=/opt/rustwide/target" "-e" "CARGO_INCREMENTAL=0" "-e" "RUST_BACKTRACE=full" "-e" "RUSTFLAGS=--cap-lints=warn" "-e" "RUSTDOCFLAGS=--cap-lints=warn" "-w" "/opt/rustwide/workdir" "--user" "0:0" "43b4e8bc7d1aee802ac74dc76c2c5a89acb7b3d051555fb8e7a6c1924ecf36dc" "/opt/rustwide/cargo-home/bin/cargo" "+1.99.0-beta.8" "test" "--frozen" "--release", kill_on_drop: false }`
[INFO] [stderr]     Finished `release` profile [optimized] target(s) in 0.20s
[INFO] [stderr]      Running unittests src/lib.rs (/opt/rustwide/target/release/deps/deluge_api-e64e23d0ffabab96)
[INFO] [stdout] 
[INFO] [stdout] running 7 tests
[INFO] [stdout] test add_torrents::tests::add_torrents ... ignored
[INFO] [stdout] test get_torrent_status::tests::get_torrent_status ... FAILED
[INFO] [stdout] test get_interface::tests::get_interface ... FAILED
[INFO] [stdout] test get_torrents::tests::get_torrents ... FAILED
[INFO] [stdout] test login::tests::login ... FAILED
[INFO] [stdout] test get_hosts::tests::get_hosts ... FAILED
[INFO] [stderr] error: test failed, to rerun pass `--lib`
[INFO] [stdout] test get_host_status::tests::get_host_status ... FAILED
[INFO] [stdout] 
[INFO] [stdout] failures:
[INFO] [stdout] 
[INFO] [stdout] ---- get_torrent_status::tests::get_torrent_status stdout ----
[INFO] [stdout] Error: [1mFailed[0m to open options file
[INFO] [stdout] A file system error occurred
[INFO] [stdout] No such file or directory (os error 2)
[INFO] [stdout] 
[INFO] [stdout] ---- get_interface::tests::get_interface stdout ----
[INFO] [stdout] Error: [1mFailed[0m to open options file
[INFO] [stdout] A file system error occurred
[INFO] [stdout] No such file or directory (os error 2)
[INFO] [stdout] 
[INFO] [stdout] ---- get_torrents::tests::get_torrents stdout ----
[INFO] [stdout] Error: [1mFailed[0m to open options file
[INFO] [stdout] A file system error occurred
[INFO] [stdout] No such file or directory (os error 2)
[INFO] [stdout] 
[INFO] [stdout] ---- login::tests::login stdout ----
[INFO] [stdout] Error: [1mFailed[0m to open options file
[INFO] [stdout] A file system error occurred
[INFO] [stdout] No such file or directory (os error 2)
[INFO] [stdout] 
[INFO] [stdout] ---- get_hosts::tests::get_hosts stdout ----
[INFO] [stdout] Error: [1mFailed[0m to open options file
[INFO] [stdout] A file system error occurred
[INFO] [stdout] No such file or directory (os error 2)
[INFO] [stdout] 
[INFO] [stdout] ---- get_host_status::tests::get_host_status stdout ----
[INFO] [stdout] Error: [1mFailed[0m to open options file
[INFO] [stdout] A file system error occurred
[INFO] [stdout] No such file or directory (os error 2)
[INFO] [stdout] 
[INFO] [stdout] 
[INFO] [stdout] failures:
[INFO] [stdout]     get_host_status::tests::get_host_status
[INFO] [stdout]     get_hosts::tests::get_hosts
[INFO] [stdout]     get_interface::tests::get_interface
[INFO] [stdout]     get_torrent_status::tests::get_torrent_status
[INFO] [stdout]     get_torrents::tests::get_torrents
[INFO] [stdout]     login::tests::login
[INFO] [stdout] 
[INFO] [stdout] test result: FAILED. 0 passed; 6 failed; 1 ignored; 0 measured; 0 filtered out; finished in 0.01s
[INFO] [stdout] 
[INFO] running `Command { std: "docker" "inspect" "43b4e8bc7d1aee802ac74dc76c2c5a89acb7b3d051555fb8e7a6c1924ecf36dc", kill_on_drop: false }`
[INFO] running `Command { std: "docker" "rm" "-f" "43b4e8bc7d1aee802ac74dc76c2c5a89acb7b3d051555fb8e7a6c1924ecf36dc", kill_on_drop: false }`
[INFO] [stdout] 43b4e8bc7d1aee802ac74dc76c2c5a89acb7b3d051555fb8e7a6c1924ecf36dc
