[INFO] fetching crate delta-pack 0.3.0...
[INFO] testing delta-pack-0.3.0 against 1.100.0-beta.1+cargoflags=--release for beta-release-1.100-2
[INFO] extracting crate delta-pack 0.3.0 into /workspace/builds/worker-6-tc2/source
[INFO] started tweaking crates.io crate delta-pack 0.3.0
[INFO] removed 0 missing tests
[INFO] finished tweaking crates.io crate delta-pack 0.3.0
[INFO] tweaked toml for crates.io crate delta-pack 0.3.0 written to /workspace/builds/worker-6-tc2/source/Cargo.toml
[INFO] validating manifest of crates.io crate delta-pack 0.3.0 on toolchain 1.100.0-beta.1
[INFO] running `Command { std: CARGO_HOME="/workspace/cargo-home" RUSTUP_HOME="/workspace/rustup-home" "/workspace/cargo-home/bin/cargo" "+1.100.0-beta.1" "metadata" "--manifest-path" "Cargo.toml" "--no-deps", kill_on_drop: false }`
[INFO] crate crates.io crate delta-pack 0.3.0 already has a lockfile, it will not be regenerated
[INFO] running `Command { std: CARGO_HOME="/workspace/cargo-home" RUSTUP_HOME="/workspace/rustup-home" "/workspace/cargo-home/bin/cargo" "+1.100.0-beta.1" "fetch" "--manifest-path" "Cargo.toml", kill_on_drop: false }`
[INFO] [stderr]     Blocking waiting for file lock on package cache
[INFO] [stderr]     Blocking waiting for file lock on package cache
[INFO] running `Command { std: "docker" "create" "-v" "/var/lib/crater-agent-workspace/builds/worker-6-tc2/source:/opt/rustwide/workdir:ro,Z" "-v" "/var/lib/crater-agent-workspace/builds/worker-6-tc2/target:/opt/rustwide/target:rw,Z" "-v" "/var/lib/crater-agent-workspace/cargo-home:/opt/rustwide/cargo-home:ro,Z" "-v" "/var/lib/crater-agent-workspace/rustup-home:/opt/rustwide/rustup-home:ro,Z" "-m" "1610612736" "--network" "none" "ghcr.io/rust-lang/crates-build-env/linux@sha256:77db811e55d90add9212f6832c23229e3de5f1c1f9905e8cb07319ea15df73ac" "sleep" "infinity", kill_on_drop: false }`
[INFO] [stdout] cbd5c6947d5ef0cdde92a903062e4c2ffa32038028ddc89a88d3dd631385b51c
[INFO] running `Command { std: "docker" "start" "cbd5c6947d5ef0cdde92a903062e4c2ffa32038028ddc89a88d3dd631385b51c", kill_on_drop: false }`
[INFO] running `Command { std: "docker" "inspect" "cbd5c6947d5ef0cdde92a903062e4c2ffa32038028ddc89a88d3dd631385b51c", kill_on_drop: false }`
[INFO] running `Command { std: "docker" "exec" "-e" "SOURCE_DIR=/opt/rustwide/workdir" "-e" "CARGO_HOME=/opt/rustwide/cargo-home" "-e" "RUSTUP_HOME=/opt/rustwide/rustup-home" "-e" "CARGO_TARGET_DIR=/opt/rustwide/target" "-w" "/opt/rustwide/workdir" "--user" "0:0" "cbd5c6947d5ef0cdde92a903062e4c2ffa32038028ddc89a88d3dd631385b51c" "/opt/rustwide/cargo-home/bin/cargo" "+1.100.0-beta.1" "metadata" "--no-deps" "--format-version=1", kill_on_drop: false }`
[INFO] running `Command { std: "docker" "inspect" "cbd5c6947d5ef0cdde92a903062e4c2ffa32038028ddc89a88d3dd631385b51c", kill_on_drop: false }`
[INFO] running `Command { std: "docker" "exec" "-e" "SOURCE_DIR=/opt/rustwide/workdir" "-e" "CARGO_HOME=/opt/rustwide/cargo-home" "-e" "RUSTUP_HOME=/opt/rustwide/rustup-home" "-e" "CARGO_TARGET_DIR=/opt/rustwide/target" "-e" "CARGO_INCREMENTAL=0" "-e" "RUST_BACKTRACE=full" "-e" "RUSTFLAGS=--cap-lints=warn" "-e" "RUSTDOCFLAGS=--cap-lints=warn" "-w" "/opt/rustwide/workdir" "--user" "0:0" "cbd5c6947d5ef0cdde92a903062e4c2ffa32038028ddc89a88d3dd631385b51c" "/opt/rustwide/cargo-home/bin/cargo" "+1.100.0-beta.1" "build" "--frozen" "--message-format=json" "--release", kill_on_drop: false }`
[INFO] [stderr]    Compiling syn v2.0.117
[INFO] [stderr]    Compiling indexmap v2.14.0
[INFO] [stderr]    Compiling serde_derive v1.0.228
[INFO] [stderr]    Compiling delta-pack-derive v0.3.0
[INFO] [stderr]    Compiling serde v1.0.228
[INFO] [stderr]    Compiling delta-pack v0.3.0 (/opt/rustwide/workdir)
[INFO] [stderr] warning: unused dependency `serde`
[INFO] [stderr]  --> Cargo.toml:8:15
[INFO] [stderr]   |
[INFO] [stderr] 8 | [dependencies.serde]
[INFO] [stderr]   |               ^^^^^^
[INFO] [stderr]   |
[INFO] [stderr]   = note: `cargo::unused_dependencies` is set to `warn` by default
[INFO] [stderr] help: consider removing the dependency on `serde`
[INFO] [stderr] warning: `delta-pack` (manifest) generated 1 warning
[INFO] [stderr]     Finished `release` profile [optimized] target(s) in 7.93s
[INFO] running `Command { std: "docker" "inspect" "cbd5c6947d5ef0cdde92a903062e4c2ffa32038028ddc89a88d3dd631385b51c", kill_on_drop: false }`
[INFO] running `Command { std: "docker" "exec" "-e" "SOURCE_DIR=/opt/rustwide/workdir" "-e" "CARGO_HOME=/opt/rustwide/cargo-home" "-e" "RUSTUP_HOME=/opt/rustwide/rustup-home" "-e" "CARGO_TARGET_DIR=/opt/rustwide/target" "-e" "CARGO_INCREMENTAL=0" "-e" "RUST_BACKTRACE=full" "-e" "RUSTFLAGS=--cap-lints=warn" "-e" "RUSTDOCFLAGS=--cap-lints=warn" "-w" "/opt/rustwide/workdir" "--user" "0:0" "cbd5c6947d5ef0cdde92a903062e4c2ffa32038028ddc89a88d3dd631385b51c" "/opt/rustwide/cargo-home/bin/cargo" "+1.100.0-beta.1" "test" "--frozen" "--no-run" "--message-format=json" "--release", kill_on_drop: false }`
[INFO] [stderr]    Compiling memchr v2.8.0
[INFO] [stderr]    Compiling serde_json v1.0.149
[INFO] [stderr]    Compiling delta-pack v0.3.0 (/opt/rustwide/workdir)
[INFO] [stderr] warning: unused dependency `serde`
[INFO] [stderr]  --> Cargo.toml:8:15
[INFO] [stderr]   |
[INFO] [stderr] 8 | [dependencies.serde]
[INFO] [stderr]   |               ^^^^^^
[INFO] [stderr]   |
[INFO] [stderr]   = note: `cargo::unused_dependencies` is set to `warn` by default
[INFO] [stderr] help: consider removing the dependency on `serde`
[INFO] [stderr] help: to still use for development builds, move to `dev-dependencies`
[INFO] [stderr] warning: `delta-pack` (manifest) generated 1 warning
[INFO] [stderr]     Finished `release` profile [optimized] target(s) in 14.78s
[INFO] running `Command { std: "docker" "inspect" "cbd5c6947d5ef0cdde92a903062e4c2ffa32038028ddc89a88d3dd631385b51c", kill_on_drop: false }`
[INFO] running `Command { std: "docker" "exec" "-e" "SOURCE_DIR=/opt/rustwide/workdir" "-e" "CARGO_HOME=/opt/rustwide/cargo-home" "-e" "RUSTUP_HOME=/opt/rustwide/rustup-home" "-e" "CARGO_TARGET_DIR=/opt/rustwide/target" "-e" "CARGO_INCREMENTAL=0" "-e" "RUST_BACKTRACE=full" "-e" "RUSTFLAGS=--cap-lints=warn" "-e" "RUSTDOCFLAGS=--cap-lints=warn" "-w" "/opt/rustwide/workdir" "--user" "0:0" "cbd5c6947d5ef0cdde92a903062e4c2ffa32038028ddc89a88d3dd631385b51c" "/opt/rustwide/cargo-home/bin/cargo" "+1.100.0-beta.1" "test" "--frozen" "--release", kill_on_drop: false }`
[INFO] [stderr] warning: unused dependency `serde`
[INFO] [stderr]  --> Cargo.toml:8:15
[INFO] [stderr]   |
[INFO] [stderr] 8 | [dependencies.serde]
[INFO] [stderr]   |               ^^^^^^
[INFO] [stderr]   |
[INFO] [stderr]   = note: `cargo::unused_dependencies` is set to `warn` by default
[INFO] [stderr] help: consider removing the dependency on `serde`
[INFO] [stderr] help: to still use for development builds, move to `dev-dependencies`
[INFO] [stderr] warning: `delta-pack` (manifest) generated 1 warning
[INFO] [stderr]     Finished `release` profile [optimized] target(s) in 0.05s
[INFO] [stderr]      Running unittests src/lib.rs (/opt/rustwide/target/release/build/delta-pack/1e2c1ee083bd3735/out/delta_pack-1e2c1ee083bd3735)
[INFO] [stdout] 
[INFO] [stdout] running 28 tests
[INFO] [stdout] test decoder::tests::test_array_diff ... ok
[INFO] [stdout] test decoder::tests::test_array_encode_decode ... ok
[INFO] [stdout] test decoder::tests::test_encode_decode_boolean ... ok
[INFO] [stdout] test decoder::tests::test_encode_decode_float_quantized ... ok
[INFO] [stdout] test decoder::tests::test_encode_decode_float ... ok
[INFO] [stdout] test decoder::tests::test_diff_int ... ok
[INFO] [stdout] test decoder::tests::test_encode_decode_mixed ... ok
[INFO] [stdout] test decoder::tests::test_diff_string ... ok
[INFO] [stdout] test decoder::tests::test_encode_decode_string_dictionary ... ok
[INFO] [stdout] test decoder::tests::test_optional_diff ... ok
[INFO] [stdout] test decoder::tests::test_encode_decode_int ... ok
[INFO] [stdout] test encoder::tests::test_encode_string ... ok
[INFO] [stdout] test rle::tests::test_rle_multi_bits ... ok
[INFO] [stdout] test rle::tests::test_rle_run_of_same ... ok
[INFO] [stdout] test varint::tests::test_uvarint_roundtrip ... ok
[INFO] [stdout] test varint::tests::test_varint_roundtrip ... ok
[INFO] [stdout] test encoder::tests::test_encode_string_dictionary ... ok
[INFO] [stdout] test decoder::tests::test_optional_encode_decode ... ok
[INFO] [stdout] test decoder::tests::test_encode_decode_uint ... ok
[INFO] [stdout] test encoder::tests::test_encode_boolean ... ok
[INFO] [stdout] test varint::tests::test_zigzag_encoding ... ok
[INFO] [stdout] test encoder::tests::test_encode_int ... ok
[INFO] [stdout] test rle::tests::test_rle_empty - should panic ... ok
[INFO] [stdout] test rle::tests::test_rle_single_bit ... ok
[INFO] [stdout] test encoder::tests::test_encode_float ... ok
[INFO] [stdout] test decoder::tests::test_record_encode_decode ... ok
[INFO] [stdout] test rle::tests::test_rle_alternating_bits ... ok
[INFO] [stdout] test decoder::tests::test_encode_decode_string ... ok
[INFO] [stdout] 
[INFO] [stdout] test result: ok. 28 passed; 0 failed; 0 ignored; 0 measured; 0 filtered out; finished in 0.09s
[INFO] [stdout] 
[INFO] [stderr]      Running tests/conformance.rs (/opt/rustwide/target/release/build/delta-pack/7d39d5dc9e029a10/out/conformance-7d39d5dc9e029a10)
[INFO] [stdout] 
[INFO] [stdout] running 4 tests
[INFO] [stdout] test user ... FAILED
[INFO] [stdout] test test ... FAILED
[INFO] [stdout] test primitives ... FAILED
[INFO] [stdout] test game_state ... FAILED
[INFO] [stdout] 
[INFO] [stdout] failures:
[INFO] [stdout] 
[INFO] [stdout] ---- user stdout ----
[INFO] [stdout] 
[INFO] [stdout] thread 'user' (446) panicked at tests/conformance.rs:24:40:
[INFO] [stdout] Failed to read golden bytes "/opt/rustwide/examples/User/state1.snapshot.bin": No such file or directory (os error 2)
[INFO] [stdout] stack backtrace:
[INFO] [stdout]    0:     0x5c7dd7d2d211 - <<std[617be2ca0a6fd877]::sys::backtrace::BacktraceLock>::print::DisplayBacktrace as core[a373ad73a504971]::fmt::Display>::fmt
[INFO] [stdout]    1:     0x5c7dd7d420da - core[a373ad73a504971]::fmt::write
[INFO] [stdout]    2:     0x5c7dd7d3142c - <alloc[2e1b2a31b91974c5]::vec::Vec<u8> as core[a373ad73a504971]::io::write::Write>::write_fmt
[INFO] [stdout]    3:     0x5c7dd7d08df6 - std[617be2ca0a6fd877]::panicking::default_hook::{closure#0}
[INFO] [stdout]    4:     0x5c7dd7d25239 - std[617be2ca0a6fd877]::panicking::default_hook
[INFO] [stdout]    5:     0x5c7dd7cbfa40 - test[aada8e7e76ba119b]::test_main_inner::{closure#0}
[INFO] [stdout]    6:     0x5c7dd7d253f2 - std[617be2ca0a6fd877]::panicking::panic_with_hook
[INFO] [stdout]    7:     0x5c7dd7d08ea2 - std[617be2ca0a6fd877]::panicking::panic_handler::{closure#0}
[INFO] [stdout]    8:     0x5c7dd7d01a29 - std[617be2ca0a6fd877]::sys::backtrace::__rust_end_short_backtrace::<std[617be2ca0a6fd877]::panicking::panic_handler::{closure#0}, !>
[INFO] [stdout]    9:     0x5c7dd7d09aad - __rustc[ea4f61d10b84890b]::rust_begin_unwind
[INFO] [stdout]   10:     0x5c7dd7d4280c - core[a373ad73a504971]::panicking::panic_fmt
[INFO] [stdout]   11:     0x5c7dd7c94a6a - conformance[bc15aba132f90439]::read_golden_bytes::{closure#0}
[INFO] [stdout]   12:     0x5c7dd7c94e22 - conformance[bc15aba132f90439]::read_golden_bytes
[INFO] [stdout]   13:     0x5c7dd7c995f6 - <conformance[bc15aba132f90439]::user::{closure#0} as core[a373ad73a504971]::ops::function::FnOnce<()>>::call_once
[INFO] [stdout]   14:     0x5c7dd7cb2e8b - test[aada8e7e76ba119b]::__rust_begin_short_backtrace::<core[a373ad73a504971]::result::Result<(), alloc[2e1b2a31b91974c5]::string::String>, fn() -> core[a373ad73a504971]::result::Result<(), alloc[2e1b2a31b91974c5]::string::String>>
[INFO] [stdout]   15:     0x5c7dd7cc0065 - test[aada8e7e76ba119b]::run_test::{closure#0}
[INFO] [stdout]   16:     0x5c7dd7cb9954 - std[617be2ca0a6fd877]::sys::backtrace::__rust_begin_short_backtrace::<test[aada8e7e76ba119b]::run_test::{closure#1}, ()>
[INFO] [stdout]   17:     0x5c7dd7cc30f2 - <std[617be2ca0a6fd877]::thread::lifecycle::spawn_unchecked<test[aada8e7e76ba119b]::run_test::{closure#1}, ()>::{closure#1} as core[a373ad73a504971]::ops::function::FnOnce<()>>::call_once::{shim:vtable#0}
[INFO] [stdout]   18:     0x5c7dd7d2c3ff - <std[617be2ca0a6fd877]::sys::thread::unix::Thread>::new::thread_start
[INFO] [stdout]   19:     0x7957a3d78dfa - <unknown>
[INFO] [stdout]   20:     0x7957a3e0c3d4 - clone
[INFO] [stdout]   21:                0x0 - <unknown>
[INFO] [stdout] 
[INFO] [stdout] ---- test stdout ----
[INFO] [stdout] 
[INFO] [stdout] thread 'test' (445) panicked at tests/conformance.rs:24:40:
[INFO] [stdout] Failed to read golden bytes "/opt/rustwide/examples/Test/state1.snapshot.bin": No such file or directory (os error 2)
[INFO] [stdout] stack backtrace:
[INFO] [stdout]    0:     0x5c7dd7d2d211 - <<std[617be2ca0a6fd877]::sys::backtrace::BacktraceLock>::print::DisplayBacktrace as core[a373ad73a504971]::fmt::Display>::fmt
[INFO] [stdout]    1:     0x5c7dd7d420da - core[a373ad73a504971]::fmt::write
[INFO] [stdout]    2:     0x5c7dd7d3142c - <alloc[2e1b2a31b91974c5]::vec::Vec<u8> as core[a373ad73a504971]::io::write::Write>::write_fmt
[INFO] [stdout]    3:     0x5c7dd7d08df6 - std[617be2ca0a6fd877]::panicking::default_hook::{closure#0}
[INFO] [stdout]    4:     0x5c7dd7d25239 - std[617be2ca0a6fd877]::panicking::default_hook
[INFO] [stdout]    5:     0x5c7dd7cbfa40 - test[aada8e7e76ba119b]::test_main_inner::{closure#0}
[INFO] [stdout]    6:     0x5c7dd7d253f2 - std[617be2ca0a6fd877]::panicking::panic_with_hook
[INFO] [stdout]    7:     0x5c7dd7d08ea2 - std[617be2ca0a6fd877]::panicking::panic_handler::{closure#0}
[INFO] [stdout]    8:     0x5c7dd7d01a29 - std[617be2ca0a6fd877]::sys::backtrace::__rust_end_short_backtrace::<std[617be2ca0a6fd877]::panicking::panic_handler::{closure#0}, !>
[INFO] [stdout]    9:     0x5c7dd7d09aad - __rustc[ea4f61d10b84890b]::rust_begin_unwind
[INFO] [stdout]   10:     0x5c7dd7d4280c - core[a373ad73a504971]::panicking::panic_fmt
[INFO] [stdout]   11:     0x5c7dd7c94a6a - conformance[bc15aba132f90439]::read_golden_bytes::{closure#0}
[INFO] [stdout]   12:     0x5c7dd7c94e22 - conformance[bc15aba132f90439]::read_golden_bytes
[INFO] [stdout]   13:     0x5c7dd7c97d72 - <conformance[bc15aba132f90439]::test::{closure#0} as core[a373ad73a504971]::ops::function::FnOnce<()>>::call_once
[INFO] [stdout]   14:     0x5c7dd7cb2e8b - test[aada8e7e76ba119b]::__rust_begin_short_backtrace::<core[a373ad73a504971]::result::Result<(), alloc[2e1b2a31b91974c5]::string::String>, fn() -> core[a373ad73a504971]::result::Result<(), alloc[2e1b2a31b91974c5]::string::String>>
[INFO] [stdout]   15:     0x5c7dd7cc0065 - test[aada8e7e76ba119b]::run_test::{closure#0}
[INFO] [stdout]   16:     0x5c7dd7cb9954 - std[617be2ca0a6fd877]::sys::backtrace::__rust_begin_short_backtrace::<test[aada8e7e76ba119b]::run_test::{closure#1}, ()>
[INFO] [stdout]   17:     0x5c7dd7cc30f2 - <std[617be2ca0a6fd877]::thread::lifecycle::spawn_unchecked<test[aada8e7e76ba119b]::run_test::{closure#1}, ()>::{closure#1} as core[a373ad73a504971]::ops::function::FnOnce<()>>::call_once::{shim:vtable#0}
[INFO] [stdout]   18:     0x5c7dd7d2c3ff - <std[617be2ca0a6fd877]::sys::thread::unix::Thread>::new::thread_start
[INFO] [stdout]   19:     0x7957a3d78dfa - <unknown>
[INFO] [stdout]   20:     0x7957a3e0c3d4 - clone
[INFO] [stdout]   21:                0x0 - <unknown>
[INFO] [stdout] 
[INFO] [stdout] ---- primitives stdout ----
[INFO] [stdout] 
[INFO] [stdout] thread 'primitives' (444) panicked at tests/conformance.rs:24:40:
[INFO] [stdout] Failed to read golden bytes "/opt/rustwide/examples/Primitives/state1.snapshot.bin": No such file or directory (os error 2)
[INFO] [stdout] stack backtrace:
[INFO] [stdout]    0:     0x5c7dd7d2d211 - <<std[617be2ca0a6fd877]::sys::backtrace::BacktraceLock>::print::DisplayBacktrace as core[a373ad73a504971]::fmt::Display>::fmt
[INFO] [stdout]    1:     0x5c7dd7d420da - core[a373ad73a504971]::fmt::write
[INFO] [stdout]    2:     0x5c7dd7d3142c - <alloc[2e1b2a31b91974c5]::vec::Vec<u8> as core[a373ad73a504971]::io::write::Write>::write_fmt
[INFO] [stdout]    3:     0x5c7dd7d08df6 - std[617be2ca0a6fd877]::panicking::default_hook::{closure#0}
[INFO] [stdout]    4:     0x5c7dd7d25239 - std[617be2ca0a6fd877]::panicking::default_hook
[INFO] [stdout]    5:     0x5c7dd7cbfa40 - test[aada8e7e76ba119b]::test_main_inner::{closure#0}
[INFO] [stdout]    6:     0x5c7dd7d253f2 - std[617be2ca0a6fd877]::panicking::panic_with_hook
[INFO] [stdout]    7:     0x5c7dd7d08ea2 - std[617be2ca0a6fd877]::panicking::panic_handler::{closure#0}
[INFO] [stdout]    8:     0x5c7dd7d01a29 - std[617be2ca0a6fd877]::sys::backtrace::__rust_end_short_backtrace::<std[617be2ca0a6fd877]::panicking::panic_handler::{closure#0}, !>
[INFO] [stdout]    9:     0x5c7dd7d09aad - __rustc[ea4f61d10b84890b]::rust_begin_unwind
[INFO] [stdout]   10:     0x5c7dd7d4280c - core[a373ad73a504971]::panicking::panic_fmt
[INFO] [stdout]   11:     0x5c7dd7c94a6a - conformance[bc15aba132f90439]::read_golden_bytes::{closure#0}
[INFO] [stdout]   12:     0x5c7dd7c94e22 - conformance[bc15aba132f90439]::read_golden_bytes
[INFO] [stdout]   13:     0x5c7dd7c968b7 - <conformance[bc15aba132f90439]::primitives::{closure#0} as core[a373ad73a504971]::ops::function::FnOnce<()>>::call_once
[INFO] [stdout]   14:     0x5c7dd7cb2e8b - test[aada8e7e76ba119b]::__rust_begin_short_backtrace::<core[a373ad73a504971]::result::Result<(), alloc[2e1b2a31b91974c5]::string::String>, fn() -> core[a373ad73a504971]::result::Result<(), alloc[2e1b2a31b91974c5]::string::String>>
[INFO] [stdout]   15:     0x5c7dd7cc0065 - test[aada8e7e76ba119b]::run_test::{closure#0}
[INFO] [stdout]   16:     0x5c7dd7cb9954 - std[617be2ca0a6fd877]::sys::backtrace::__rust_begin_short_backtrace::<test[aada8e7e76ba119b]::run_test::{closure#1}, ()>
[INFO] [stdout]   17:     0x5c7dd7cc30f2 - <std[617be2ca0a6fd877]::thread::lifecycle::spawn_unchecked<test[aada8e7e76ba119b]::run_test::{closure#1}, ()>::{closure#1} as core[a373ad73a504971]::ops::function::FnOnce<()>>::call_once::{shim:vtable#0}
[INFO] [stdout]   18:     0x5c7dd7d2c3ff - <std[617be2ca0a6fd877]::sys::thread::unix::Thread>::new::thread_start
[INFO] [stdout]   19:     0x7957a3d78dfa - <unknown>
[INFO] [stdout]   20:     0x7957a3e0c3d4 - clone
[INFO] [stdout]   21:                0x0 - <unknown>
[INFO] [stdout] 
[INFO] [stdout] ---- game_state stdout ----
[INFO] [stdout] 
[INFO] [stdout] thread 'game_state' (443) panicked at tests/conformance.rs:24:40:
[INFO] [stdout] Failed to read golden bytes "/opt/rustwide/examples/GameState/state1.snapshot.bin": No such file or directory (os error 2)
[INFO] [stdout] stack backtrace:
[INFO] [stdout]    0:     0x5c7dd7d2d211 - <<std[617be2ca0a6fd877]::sys::backtrace::BacktraceLock>::print::DisplayBacktrace as core[a373ad73a504971]::fmt::Display>::fmt
[INFO] [stdout]    1:     0x5c7dd7d420da - core[a373ad73a504971]::fmt::write
[INFO] [stdout]    2:     0x5c7dd7d3142c - <alloc[2e1b2a31b91974c5]::vec::Vec<u8> as core[a373ad73a504971]::io::write::Write>::write_fmt
[INFO] [stdout]    3:     0x5c7dd7d08df6 - std[617be2ca0a6fd877]::panicking::default_hook::{closure#0}
[INFO] [stdout]    4:     0x5c7dd7d25239 - std[617be2ca0a6fd877]::panicking::default_hook
[INFO] [stdout]    5:     0x5c7dd7cbfa40 - test[aada8e7e76ba119b]::test_main_inner::{closure#0}
[INFO] [stdout]    6:     0x5c7dd7d253f2 - std[617be2ca0a6fd877]::panicking::panic_with_hook
[INFO] [stdout]    7:     0x5c7dd7d08ea2 - std[617be2ca0a6fd877]::panicking::panic_handler::{closure#0}
[INFO] [stdout]    8:     0x5c7dd7d01a29 - std[617be2ca0a6fd877]::sys::backtrace::__rust_end_short_backtrace::<std[617be2ca0a6fd877]::panicking::panic_handler::{closure#0}, !>
[INFO] [stdout]    9:     0x5c7dd7d09aad - __rustc[ea4f61d10b84890b]::rust_begin_unwind
[INFO] [stdout]   10:     0x5c7dd7d4280c - core[a373ad73a504971]::panicking::panic_fmt
[INFO] [stdout]   11:     0x5c7dd7c94a6a - conformance[bc15aba132f90439]::read_golden_bytes::{closure#0}
[INFO] [stdout]   12:     0x5c7dd7c94e22 - conformance[bc15aba132f90439]::read_golden_bytes
[INFO] [stdout]   13:     0x5c7dd7c94f65 - <conformance[bc15aba132f90439]::game_state::{closure#0} as core[a373ad73a504971]::ops::function::FnOnce<()>>::call_once
[INFO] [stdout]   14:     0x5c7dd7cb2e8b - test[aada8e7e76ba119b]::__rust_begin_short_backtrace::<core[a373ad73a504971]::result::Result<(), alloc[2e1b2a31b91974c5]::string::String>, fn() -> core[a373ad73a504971]::result::Result<(), alloc[2e1b2a31b91974c5]::string::String>>
[INFO] [stdout]   15:     0x5c7dd7cc0065 - test[aada8e7e76ba119b]::run_test::{closure#0}
[INFO] [stdout]   16:     0x5c7dd7cb9954 - std[617be2ca0a6fd877]::sys::backtrace::__rust_begin_short_backtrace::<test[aada8e7e76ba119b]::run_test::{closure#1}, ()>
[INFO] [stdout]   17:     0x5c7dd7cc30f2 - <std[617be2ca0a6fd877]::thread::lifecycle::spawn_unchecked<test[aada8e7e76ba119b]::run_test::{closure#1}, ()>::{closure#1} as core[a373ad73a504971]::ops::function::FnOnce<()>>::call_once::{shim:vtable#0}
[INFO] [stdout]   18:     0x5c7dd7d2c3ff - <std[617be2ca0a6fd877]::sys::thread::unix::Thread>::new::thread_start
[INFO] [stdout]   19:     0x7957a3d78dfa - <unknown>
[INFO] [stdout]   20:     0x7957a3e0c3d4 - clone
[INFO] [stdout]   21:                0x0 - <unknown>
[INFO] [stdout] 
[INFO] [stdout] 
[INFO] [stdout] failures:
[INFO] [stdout]     game_state
[INFO] [stdout]     primitives
[INFO] [stdout]     test
[INFO] [stdout]     user
[INFO] [stdout] 
[INFO] [stdout] test result: FAILED. 0 passed; 4 failed; 0 ignored; 0 measured; 0 filtered out; finished in 0.00s
[INFO] [stdout] 
[INFO] [stderr] error: test failed, to rerun pass `--test conformance`
[INFO] running `Command { std: "docker" "inspect" "cbd5c6947d5ef0cdde92a903062e4c2ffa32038028ddc89a88d3dd631385b51c", kill_on_drop: false }`
[INFO] running `Command { std: "docker" "rm" "-f" "cbd5c6947d5ef0cdde92a903062e4c2ffa32038028ddc89a88d3dd631385b51c", kill_on_drop: false }`
[INFO] [stdout] cbd5c6947d5ef0cdde92a903062e4c2ffa32038028ddc89a88d3dd631385b51c
