[INFO] fetching crate delfi 0.1.0...
[INFO] testing delfi-0.1.0 against 1.99.0-beta.8+cargoflags=--release for beta-release-1.100-2
[INFO] extracting crate delfi 0.1.0 into /workspace/builds/worker-0-tc1/source
[INFO] started tweaking crates.io crate delfi 0.1.0
[INFO] finished tweaking crates.io crate delfi 0.1.0
[INFO] tweaked toml for crates.io crate delfi 0.1.0 written to /workspace/builds/worker-0-tc1/source/Cargo.toml
[INFO] validating manifest of crates.io crate delfi 0.1.0 on toolchain 1.99.0-beta.8
[INFO] running `Command { std: CARGO_HOME="/workspace/cargo-home" RUSTUP_HOME="/workspace/rustup-home" "/workspace/cargo-home/bin/cargo" "+1.99.0-beta.8" "metadata" "--manifest-path" "Cargo.toml" "--no-deps", kill_on_drop: false }`
[INFO] running `Command { std: CARGO_HOME="/workspace/cargo-home" RUSTUP_HOME="/workspace/rustup-home" "/workspace/cargo-home/bin/cargo" "+1.99.0-beta.8" "generate-lockfile" "--manifest-path" "Cargo.toml", kill_on_drop: false }`
[INFO] [stderr]     Updating crates.io index
[INFO] [stderr]      Locking 20 packages to highest compatible versions
[INFO] [stderr]       Adding ndarray v0.15.6 (available: v0.17.2)
[INFO] running `Command { std: CARGO_HOME="/workspace/cargo-home" RUSTUP_HOME="/workspace/rustup-home" "/workspace/cargo-home/bin/cargo" "+1.99.0-beta.8" "fetch" "--manifest-path" "Cargo.toml", kill_on_drop: false }`
[INFO] [stderr]  Downloading crates ...
[INFO] [stderr]   Downloaded delfi-macros v0.1.0
[INFO] [stderr]   Downloaded ndarray v0.15.6
[INFO] running `Command { std: "docker" "create" "-v" "/var/lib/crater-agent-workspace/builds/worker-0-tc1/source:/opt/rustwide/workdir:ro,Z" "-v" "/var/lib/crater-agent-workspace/builds/worker-0-tc1/target:/opt/rustwide/target:rw,Z" "-v" "/var/lib/crater-agent-workspace/cargo-home:/opt/rustwide/cargo-home:ro,Z" "-v" "/var/lib/crater-agent-workspace/rustup-home:/opt/rustwide/rustup-home:ro,Z" "-m" "1610612736" "--network" "none" "ghcr.io/rust-lang/crates-build-env/linux@sha256:77db811e55d90add9212f6832c23229e3de5f1c1f9905e8cb07319ea15df73ac" "sleep" "infinity", kill_on_drop: false }`
[INFO] [stdout] 67041182dd6a5bdfcb03a60af6cb2fbef194007844f4969dddff60a7a21de541
[INFO] running `Command { std: "docker" "start" "67041182dd6a5bdfcb03a60af6cb2fbef194007844f4969dddff60a7a21de541", kill_on_drop: false }`
[INFO] running `Command { std: "docker" "inspect" "67041182dd6a5bdfcb03a60af6cb2fbef194007844f4969dddff60a7a21de541", kill_on_drop: false }`
[INFO] running `Command { std: "docker" "exec" "-e" "SOURCE_DIR=/opt/rustwide/workdir" "-e" "CARGO_HOME=/opt/rustwide/cargo-home" "-e" "RUSTUP_HOME=/opt/rustwide/rustup-home" "-e" "CARGO_TARGET_DIR=/opt/rustwide/target" "-w" "/opt/rustwide/workdir" "--user" "0:0" "67041182dd6a5bdfcb03a60af6cb2fbef194007844f4969dddff60a7a21de541" "/opt/rustwide/cargo-home/bin/cargo" "+1.99.0-beta.8" "metadata" "--no-deps" "--format-version=1", kill_on_drop: false }`
[INFO] running `Command { std: "docker" "inspect" "67041182dd6a5bdfcb03a60af6cb2fbef194007844f4969dddff60a7a21de541", kill_on_drop: false }`
[INFO] running `Command { std: "docker" "exec" "-e" "SOURCE_DIR=/opt/rustwide/workdir" "-e" "CARGO_HOME=/opt/rustwide/cargo-home" "-e" "RUSTUP_HOME=/opt/rustwide/rustup-home" "-e" "CARGO_TARGET_DIR=/opt/rustwide/target" "-e" "CARGO_INCREMENTAL=0" "-e" "RUST_BACKTRACE=full" "-e" "RUSTFLAGS=--cap-lints=warn" "-e" "RUSTDOCFLAGS=--cap-lints=warn" "-w" "/opt/rustwide/workdir" "--user" "0:0" "67041182dd6a5bdfcb03a60af6cb2fbef194007844f4969dddff60a7a21de541" "/opt/rustwide/cargo-home/bin/cargo" "+1.99.0-beta.8" "build" "--frozen" "--message-format=json" "--release", kill_on_drop: false }`
[INFO] [stderr]    Compiling serde_core v1.0.229
[INFO] [stderr]    Compiling memchr v2.8.3
[INFO] [stderr]    Compiling csv-core v0.1.13
[INFO] [stderr]    Compiling csv v1.4.0
[INFO] [stderr]    Compiling delfi v0.1.0 (/opt/rustwide/workdir)
[INFO] [stderr]     Finished `release` profile [optimized] target(s) in 5.15s
[INFO] running `Command { std: "docker" "inspect" "67041182dd6a5bdfcb03a60af6cb2fbef194007844f4969dddff60a7a21de541", kill_on_drop: false }`
[INFO] running `Command { std: "docker" "exec" "-e" "SOURCE_DIR=/opt/rustwide/workdir" "-e" "CARGO_HOME=/opt/rustwide/cargo-home" "-e" "RUSTUP_HOME=/opt/rustwide/rustup-home" "-e" "CARGO_TARGET_DIR=/opt/rustwide/target" "-e" "CARGO_INCREMENTAL=0" "-e" "RUST_BACKTRACE=full" "-e" "RUSTFLAGS=--cap-lints=warn" "-e" "RUSTDOCFLAGS=--cap-lints=warn" "-w" "/opt/rustwide/workdir" "--user" "0:0" "67041182dd6a5bdfcb03a60af6cb2fbef194007844f4969dddff60a7a21de541" "/opt/rustwide/cargo-home/bin/cargo" "+1.99.0-beta.8" "test" "--frozen" "--no-run" "--message-format=json" "--release", kill_on_drop: false }`
[INFO] [stderr]    Compiling matrixmultiply v0.3.11
[INFO] [stderr]    Compiling num-integer v0.1.47
[INFO] [stderr]    Compiling num-complex v0.4.6
[INFO] [stderr]    Compiling ndarray v0.15.6
[INFO] [stderr]    Compiling delfi v0.1.0 (/opt/rustwide/workdir)
[INFO] [stderr]     Finished `release` profile [optimized] target(s) in 8.61s
[INFO] running `Command { std: "docker" "inspect" "67041182dd6a5bdfcb03a60af6cb2fbef194007844f4969dddff60a7a21de541", kill_on_drop: false }`
[INFO] running `Command { std: "docker" "exec" "-e" "SOURCE_DIR=/opt/rustwide/workdir" "-e" "CARGO_HOME=/opt/rustwide/cargo-home" "-e" "RUSTUP_HOME=/opt/rustwide/rustup-home" "-e" "CARGO_TARGET_DIR=/opt/rustwide/target" "-e" "CARGO_INCREMENTAL=0" "-e" "RUST_BACKTRACE=full" "-e" "RUSTFLAGS=--cap-lints=warn" "-e" "RUSTDOCFLAGS=--cap-lints=warn" "-w" "/opt/rustwide/workdir" "--user" "0:0" "67041182dd6a5bdfcb03a60af6cb2fbef194007844f4969dddff60a7a21de541" "/opt/rustwide/cargo-home/bin/cargo" "+1.99.0-beta.8" "test" "--frozen" "--release", kill_on_drop: false }`
[INFO] [stderr]     Finished `release` profile [optimized] target(s) in 0.04s
[INFO] [stderr]      Running unittests src/lib.rs (/opt/rustwide/target/release/deps/delfi-c14f07b1b98b219a)
[INFO] [stdout] 
[INFO] [stdout] running 13 tests
[INFO] [stdout] test dataset::tests::from_columns_vec ... ok
[INFO] [stdout] test dataset::tests::from_datapoints_array ... ok
[INFO] [stdout] test dataset::tests::from_datapoints_iterator ... ok
[INFO] [stdout] test dataset::tests::from_datapoints_vec ... ok
[INFO] [stdout] test dataset::tests::from_columns_array ... ok
[INFO] [stdout] test dataset::tests::from_columns_iterator ... ok
[INFO] [stdout] test dataset::tests::labels ... ok
[INFO] [stdout] test datapoint::tests::list ... ok
[INFO] [stdout] test datapoint::tests::single_element ... ok
[INFO] [stdout] test datapoint::tests::tuples ... ok
[INFO] [stdout] test dataset::tests::new ... ok
[INFO] [stdout] test dataset::tests::size ... ok
[INFO] [stdout] test datapoint::tests::multiple_elements ... ok
[INFO] [stdout] 
[INFO] [stdout] test result: ok. 13 passed; 0 failed; 0 ignored; 0 measured; 0 filtered out; finished in 0.01s
[INFO] [stdout] 
[INFO] [stderr]      Running tests/dataset.rs (/opt/rustwide/target/release/deps/dataset-4050477f2830496c)
[INFO] [stdout] 
[INFO] [stdout] running 4 tests
[INFO] [stdout] test macro_using_arrays ... FAILED
[INFO] [stdout] test macro_using_vectors ... FAILED
[INFO] [stdout] test columns_using_vectors ... FAILED
[INFO] [stdout] test columns_using_arrays ... FAILED
[INFO] [stdout] 
[INFO] [stdout] failures:
[INFO] [stdout] 
[INFO] [stdout] ---- macro_using_arrays stdout ----
[INFO] [stdout] 
[INFO] [stdout] thread 'macro_using_arrays' (399) panicked at tests/dataset.rs:25:28:
[INFO] [stdout] called `Result::unwrap()` on an `Err` value: Custom { kind: Other, error: Error(Io(Os { code: 30, kind: ReadOnlyFilesystem, message: "Read-only file system" })) }
[INFO] [stdout] stack backtrace:
[INFO] [stdout]    0:     0x620a2a9aa7d1 - <<std[70759c8f55707aa4]::sys::backtrace::BacktraceLock>::print::DisplayBacktrace as core[df12db4294e9bfd3]::fmt::Display>::fmt
[INFO] [stdout]    1:     0x620a2a9bf33a - core[df12db4294e9bfd3]::fmt::write
[INFO] [stdout]    2:     0x620a2a9aec6c - <alloc[2182bb758b4b3781]::vec::Vec<u8> as core[df12db4294e9bfd3]::io::write::Write>::write_fmt
[INFO] [stdout]    3:     0x620a2a986c36 - std[70759c8f55707aa4]::panicking::default_hook::{closure#0}
[INFO] [stdout]    4:     0x620a2a9a2f39 - std[70759c8f55707aa4]::panicking::default_hook
[INFO] [stdout]    5:     0x620a2a93d600 - test[9d35eded1c95d3be]::test_main_inner::<test[9d35eded1c95d3be]::test_main_static::{closure#0}>::{closure#0}
[INFO] [stdout]    6:     0x620a2a9a30f2 - std[70759c8f55707aa4]::panicking::panic_with_hook
[INFO] [stdout]    7:     0x620a2a986ce2 - std[70759c8f55707aa4]::panicking::panic_handler::{closure#0}
[INFO] [stdout]    8:     0x620a2a97fa69 - std[70759c8f55707aa4]::sys::backtrace::__rust_end_short_backtrace::<std[70759c8f55707aa4]::panicking::panic_handler::{closure#0}, !>
[INFO] [stdout]    9:     0x620a2a9878dd - __rustc[8fa7c3cbc660c2b3]::rust_begin_unwind
[INFO] [stdout]   10:     0x620a2a9bfa6c - core[df12db4294e9bfd3]::panicking::panic_fmt
[INFO] [stdout]   11:     0x620a2a9bf842 - core[df12db4294e9bfd3]::result::unwrap_failed
[INFO] [stdout]   12:     0x620a2a93006e - <dataset[77226ac74852662b]::macro_using_arrays::{closure#0} as core[df12db4294e9bfd3]::ops::function::FnOnce<()>>::call_once
[INFO] [stdout]   13:     0x620a2a9308eb - test[9d35eded1c95d3be]::__rust_begin_short_backtrace::<core[df12db4294e9bfd3]::result::Result<(), alloc[2182bb758b4b3781]::string::String>, fn() -> core[df12db4294e9bfd3]::result::Result<(), alloc[2182bb758b4b3781]::string::String>>
[INFO] [stdout]   14:     0x620a2a93df55 - test[9d35eded1c95d3be]::run_test::{closure#0}
[INFO] [stdout]   15:     0x620a2a937814 - std[70759c8f55707aa4]::sys::backtrace::__rust_begin_short_backtrace::<test[9d35eded1c95d3be]::run_test::{closure#1}, ()>
[INFO] [stdout]   16:     0x620a2a9410b2 - <std[70759c8f55707aa4]::thread::lifecycle::spawn_unchecked<test[9d35eded1c95d3be]::run_test::{closure#1}, ()>::{closure#1} as core[df12db4294e9bfd3]::ops::function::FnOnce<()>>::call_once::{shim:vtable#0}
[INFO] [stdout]   17:     0x620a2a9aa0a9 - <std[70759c8f55707aa4]::sys::thread::unix::Thread>::new::thread_start
[INFO] [stdout]   18:     0x7a3be4f6fdfa - <unknown>
[INFO] [stdout]   19:     0x7a3be50033d4 - clone
[INFO] [stdout]   20:                0x0 - <unknown>
[INFO] [stdout] 
[INFO] [stdout] ---- macro_using_vectors stdout ----
[INFO] [stdout] 
[INFO] [stdout] thread 'macro_using_vectors' (400) panicked at tests/dataset.rs:46:28:
[INFO] [stdout] called `Result::unwrap()` on an `Err` value: Custom { kind: Other, error: Error(Io(Os { code: 30, kind: ReadOnlyFilesystem, message: "Read-only file system" })) }
[INFO] [stdout] stack backtrace:
[INFO] [stdout]    0:     0x620a2a9aa7d1 - <<std[70759c8f55707aa4]::sys::backtrace::BacktraceLock>::print::DisplayBacktrace as core[df12db4294e9bfd3]::fmt::Display>::fmt
[INFO] [stdout]    1:     0x620a2a9bf33a - core[df12db4294e9bfd3]::fmt::write
[INFO] [stdout]    2:     0x620a2a9aec6c - <alloc[2182bb758b4b3781]::vec::Vec<u8> as core[df12db4294e9bfd3]::io::write::Write>::write_fmt
[INFO] [stdout]    3:     0x620a2a986c36 - std[70759c8f55707aa4]::panicking::default_hook::{closure#0}
[INFO] [stdout]    4:     0x620a2a9a2f39 - std[70759c8f55707aa4]::panicking::default_hook
[INFO] [stdout]    5:     0x620a2a93d600 - test[9d35eded1c95d3be]::test_main_inner::<test[9d35eded1c95d3be]::test_main_static::{closure#0}>::{closure#0}
[INFO] [stdout]    6:     0x620a2a9a30f2 - std[70759c8f55707aa4]::panicking::panic_with_hook
[INFO] [stdout]    7:     0x620a2a986ce2 - std[70759c8f55707aa4]::panicking::panic_handler::{closure#0}
[INFO] [stdout]    8:     0x620a2a97fa69 - std[70759c8f55707aa4]::sys::backtrace::__rust_end_short_backtrace::<std[70759c8f55707aa4]::panicking::panic_handler::{closure#0}, !>
[INFO] [stdout]    9:     0x620a2a9878dd - __rustc[8fa7c3cbc660c2b3]::rust_begin_unwind
[INFO] [stdout]   10:     0x620a2a9bfa6c - core[df12db4294e9bfd3]::panicking::panic_fmt
[INFO] [stdout]   11:     0x620a2a9bf842 - core[df12db4294e9bfd3]::result::unwrap_failed
[INFO] [stdout]   12:     0x620a2a9302bd - <dataset[77226ac74852662b]::macro_using_vectors::{closure#0} as core[df12db4294e9bfd3]::ops::function::FnOnce<()>>::call_once
[INFO] [stdout]   13:     0x620a2a9308eb - test[9d35eded1c95d3be]::__rust_begin_short_backtrace::<core[df12db4294e9bfd3]::result::Result<(), alloc[2182bb758b4b3781]::string::String>, fn() -> core[df12db4294e9bfd3]::result::Result<(), alloc[2182bb758b4b3781]::string::String>>
[INFO] [stdout]   14:     0x620a2a93df55 - test[9d35eded1c95d3be]::run_test::{closure#0}
[INFO] [stdout]   15:     0x620a2a937814 - std[70759c8f55707aa4]::sys::backtrace::__rust_begin_short_backtrace::<test[9d35eded1c95d3be]::run_test::{closure#1}, ()>
[INFO] [stdout]   16:     0x620a2a9410b2 - <std[70759c8f55707aa4]::thread::lifecycle::spawn_unchecked<test[9d35eded1c95d3be]::run_test::{closure#1}, ()>::{closure#1} as core[df12db4294e9bfd3]::ops::function::FnOnce<()>>::call_once::{shim:vtable#0}
[INFO] [stdout]   17:     0x620a2a9aa0a9 - <std[70759c8f55707aa4]::sys::thread::unix::Thread>::new::thread_start
[INFO] [stdout]   18:     0x7a3be4f6fdfa - <unknown>
[INFO] [stdout]   19:     0x7a3be50033d4 - clone
[INFO] [stdout]   20:                0x0 - <unknown>
[INFO] [stdout] 
[INFO] [stdout] ---- columns_using_vectors stdout ----
[INFO] [stdout] 
[INFO] [stdout] thread 'columns_using_vectors' (398) panicked at tests/dataset.rs:34:28:
[INFO] [stdout] called `Result::unwrap()` on an `Err` value: Custom { kind: Other, error: Error(Io(Os { code: 30, kind: ReadOnlyFilesystem, message: "Read-only file system" })) }
[INFO] [stdout] stack backtrace:
[INFO] [stdout]    0:     0x620a2a9aa7d1 - <<std[70759c8f55707aa4]::sys::backtrace::BacktraceLock>::print::DisplayBacktrace as core[df12db4294e9bfd3]::fmt::Display>::fmt
[INFO] [stdout]    1:     0x620a2a9bf33a - core[df12db4294e9bfd3]::fmt::write
[INFO] [stdout]    2:     0x620a2a9aec6c - <alloc[2182bb758b4b3781]::vec::Vec<u8> as core[df12db4294e9bfd3]::io::write::Write>::write_fmt
[INFO] [stdout]    3:     0x620a2a986c36 - std[70759c8f55707aa4]::panicking::default_hook::{closure#0}
[INFO] [stdout]    4:     0x620a2a9a2f39 - std[70759c8f55707aa4]::panicking::default_hook
[INFO] [stdout]    5:     0x620a2a93d600 - test[9d35eded1c95d3be]::test_main_inner::<test[9d35eded1c95d3be]::test_main_static::{closure#0}>::{closure#0}
[INFO] [stdout]    6:     0x620a2a9a30f2 - std[70759c8f55707aa4]::panicking::panic_with_hook
[INFO] [stdout]    7:     0x620a2a986ce2 - std[70759c8f55707aa4]::panicking::panic_handler::{closure#0}
[INFO] [stdout]    8:     0x620a2a97fa69 - std[70759c8f55707aa4]::sys::backtrace::__rust_end_short_backtrace::<std[70759c8f55707aa4]::panicking::panic_handler::{closure#0}, !>
[INFO] [stdout]    9:     0x620a2a9878dd - __rustc[8fa7c3cbc660c2b3]::rust_begin_unwind
[INFO] [stdout]   10:     0x620a2a9bfa6c - core[df12db4294e9bfd3]::panicking::panic_fmt
[INFO] [stdout]   11:     0x620a2a9bf842 - core[df12db4294e9bfd3]::result::unwrap_failed
[INFO] [stdout]   12:     0x620a2a9306cd - <dataset[77226ac74852662b]::columns_using_vectors::{closure#0} as core[df12db4294e9bfd3]::ops::function::FnOnce<()>>::call_once
[INFO] [stdout]   13:     0x620a2a9308eb - test[9d35eded1c95d3be]::__rust_begin_short_backtrace::<core[df12db4294e9bfd3]::result::Result<(), alloc[2182bb758b4b3781]::string::String>, fn() -> core[df12db4294e9bfd3]::result::Result<(), alloc[2182bb758b4b3781]::string::String>>
[INFO] [stdout]   14:     0x620a2a93df55 - test[9d35eded1c95d3be]::run_test::{closure#0}
[INFO] [stdout]   15:     0x620a2a937814 - std[70759c8f55707aa4]::sys::backtrace::__rust_begin_short_backtrace::<test[9d35eded1c95d3be]::run_test::{closure#1}, ()>
[INFO] [stdout]   16:     0x620a2a9410b2 - <std[70759c8f55707aa4]::thread::lifecycle::spawn_unchecked<test[9d35eded1c95d3be]::run_test::{closure#1}, ()>::{closure#1} as core[df12db4294e9bfd3]::ops::function::FnOnce<()>>::call_once::{shim:vtable#0}
[INFO] [stdout]   17:     0x620a2a9aa0a9 - <std[70759c8f55707aa4]::sys::thread::unix::Thread>::new::thread_start
[INFO] [stdout]   18:     0x7a3be4f6fdfa - <unknown>
[INFO] [stdout]   19:     0x7a3be50033d4 - clone
[INFO] [stdout]   20:                0x0 - <unknown>
[INFO] [stdout] 
[INFO] [stdout] ---- columns_using_arrays stdout ----
[INFO] [stdout] 
[INFO] [stdout] thread 'columns_using_arrays' (397) panicked at tests/dataset.rs:13:28:
[INFO] [stdout] called `Result::unwrap()` on an `Err` value: Custom { kind: Other, error: Error(Io(Os { code: 30, kind: ReadOnlyFilesystem, message: "Read-only file system" })) }
[INFO] [stdout] stack backtrace:
[INFO] [stdout]    0:     0x620a2a9aa7d1 - <<std[70759c8f55707aa4]::sys::backtrace::BacktraceLock>::print::DisplayBacktrace as core[df12db4294e9bfd3]::fmt::Display>::fmt
[INFO] [stdout]    1:     0x620a2a9bf33a - core[df12db4294e9bfd3]::fmt::write
[INFO] [stdout]    2:     0x620a2a9aec6c - <alloc[2182bb758b4b3781]::vec::Vec<u8> as core[df12db4294e9bfd3]::io::write::Write>::write_fmt
[INFO] [stdout]    3:     0x620a2a986c36 - std[70759c8f55707aa4]::panicking::default_hook::{closure#0}
[INFO] [stdout]    4:     0x620a2a9a2f39 - std[70759c8f55707aa4]::panicking::default_hook
[INFO] [stdout]    5:     0x620a2a93d600 - test[9d35eded1c95d3be]::test_main_inner::<test[9d35eded1c95d3be]::test_main_static::{closure#0}>::{closure#0}
[INFO] [stdout]    6:     0x620a2a9a30f2 - std[70759c8f55707aa4]::panicking::panic_with_hook
[INFO] [stdout]    7:     0x620a2a986ce2 - std[70759c8f55707aa4]::panicking::panic_handler::{closure#0}
[INFO] [stdout]    8:     0x620a2a97fa69 - std[70759c8f55707aa4]::sys::backtrace::__rust_end_short_backtrace::<std[70759c8f55707aa4]::panicking::panic_handler::{closure#0}, !>
[INFO] [stdout]    9:     0x620a2a9878dd - __rustc[8fa7c3cbc660c2b3]::rust_begin_unwind
[INFO] [stdout]   10:     0x620a2a9bfa6c - core[df12db4294e9bfd3]::panicking::panic_fmt
[INFO] [stdout]   11:     0x620a2a9bf842 - core[df12db4294e9bfd3]::result::unwrap_failed
[INFO] [stdout]   12:     0x620a2a93047e - <dataset[77226ac74852662b]::columns_using_arrays::{closure#0} as core[df12db4294e9bfd3]::ops::function::FnOnce<()>>::call_once
[INFO] [stdout]   13:     0x620a2a9308eb - test[9d35eded1c95d3be]::__rust_begin_short_backtrace::<core[df12db4294e9bfd3]::result::Result<(), alloc[2182bb758b4b3781]::string::String>, fn() -> core[df12db4294e9bfd3]::result::Result<(), alloc[2182bb758b4b3781]::string::String>>
[INFO] [stdout]   14:     0x620a2a93df55 - test[9d35eded1c95d3be]::run_test::{closure#0}
[INFO] [stdout]   15:     0x620a2a937814 - std[70759c8f55707aa4]::sys::backtrace::__rust_begin_short_backtrace::<test[9d35eded1c95d3be]::run_test::{closure#1}, ()>
[INFO] [stdout]   16:     0x620a2a9410b2 - <std[70759c8f55707aa4]::thread::lifecycle::spawn_unchecked<test[9d35eded1c95d3be]::run_test::{closure#1}, ()>::{closure#1} as core[df12db4294e9bfd3]::ops::function::FnOnce<()>>::call_once::{shim:vtable#0}
[INFO] [stdout]   17:     0x620a2a9aa0a9 - <std[70759c8f55707aa4]::sys::thread::unix::Thread>::new::thread_start
[INFO] [stdout]   18:     0x7a3be4f6fdfa - <unknown>
[INFO] [stdout]   19:     0x7a3be50033d4 - clone
[INFO] [stdout]   20:                0x0 - <unknown>
[INFO] [stdout] 
[INFO] [stdout] 
[INFO] [stdout] failures:
[INFO] [stdout]     columns_using_arrays
[INFO] [stdout]     columns_using_vectors
[INFO] [stdout]     macro_using_arrays
[INFO] [stdout]     macro_using_vectors
[INFO] [stdout] 
[INFO] [stdout] test result: FAILED. 0 passed; 4 failed; 0 ignored; 0 measured; 0 filtered out; finished in 0.00s
[INFO] [stdout] 
[INFO] [stderr] error: test failed, to rerun pass `--test dataset`
[INFO] running `Command { std: "docker" "inspect" "67041182dd6a5bdfcb03a60af6cb2fbef194007844f4969dddff60a7a21de541", kill_on_drop: false }`
[INFO] running `Command { std: "docker" "rm" "-f" "67041182dd6a5bdfcb03a60af6cb2fbef194007844f4969dddff60a7a21de541", kill_on_drop: false }`
[INFO] [stdout] 67041182dd6a5bdfcb03a60af6cb2fbef194007844f4969dddff60a7a21de541
