[INFO] fetching crate delegation-feed 0.2.1...
[INFO] testing delegation-feed-0.2.1 against 1.100.0-beta.1+cargoflags=--release for beta-release-1.100-2
[INFO] extracting crate delegation-feed 0.2.1 into /workspace/builds/worker-5-tc2/source
[INFO] started tweaking crates.io crate delegation-feed 0.2.1
[INFO] finished tweaking crates.io crate delegation-feed 0.2.1
[INFO] tweaked toml for crates.io crate delegation-feed 0.2.1 written to /workspace/builds/worker-5-tc2/source/Cargo.toml
[INFO] validating manifest of crates.io crate delegation-feed 0.2.1 on toolchain 1.100.0-beta.1
[INFO] running `Command { std: CARGO_HOME="/workspace/cargo-home" RUSTUP_HOME="/workspace/rustup-home" "/workspace/cargo-home/bin/cargo" "+1.100.0-beta.1" "metadata" "--manifest-path" "Cargo.toml" "--no-deps", kill_on_drop: false }`
[INFO] crate crates.io crate delegation-feed 0.2.1 already has a lockfile, it will not be regenerated
[INFO] running `Command { std: CARGO_HOME="/workspace/cargo-home" RUSTUP_HOME="/workspace/rustup-home" "/workspace/cargo-home/bin/cargo" "+1.100.0-beta.1" "fetch" "--manifest-path" "Cargo.toml", kill_on_drop: false }`
[INFO] running `Command { std: "docker" "create" "-v" "/var/lib/crater-agent-workspace/builds/worker-5-tc2/source:/opt/rustwide/workdir:ro,Z" "-v" "/var/lib/crater-agent-workspace/builds/worker-5-tc2/target:/opt/rustwide/target:rw,Z" "-v" "/var/lib/crater-agent-workspace/cargo-home:/opt/rustwide/cargo-home:ro,Z" "-v" "/var/lib/crater-agent-workspace/rustup-home:/opt/rustwide/rustup-home:ro,Z" "-m" "1610612736" "--network" "none" "ghcr.io/rust-lang/crates-build-env/linux@sha256:77db811e55d90add9212f6832c23229e3de5f1c1f9905e8cb07319ea15df73ac" "sleep" "infinity", kill_on_drop: false }`
[INFO] [stdout] 1262bd5cb6f43e61ea53b9a409ae588519595e0302e4ab9e095406415ff7843a
[INFO] running `Command { std: "docker" "start" "1262bd5cb6f43e61ea53b9a409ae588519595e0302e4ab9e095406415ff7843a", kill_on_drop: false }`
[INFO] running `Command { std: "docker" "inspect" "1262bd5cb6f43e61ea53b9a409ae588519595e0302e4ab9e095406415ff7843a", kill_on_drop: false }`
[INFO] running `Command { std: "docker" "exec" "-e" "SOURCE_DIR=/opt/rustwide/workdir" "-e" "CARGO_HOME=/opt/rustwide/cargo-home" "-e" "RUSTUP_HOME=/opt/rustwide/rustup-home" "-e" "CARGO_TARGET_DIR=/opt/rustwide/target" "-w" "/opt/rustwide/workdir" "--user" "0:0" "1262bd5cb6f43e61ea53b9a409ae588519595e0302e4ab9e095406415ff7843a" "/opt/rustwide/cargo-home/bin/cargo" "+1.100.0-beta.1" "metadata" "--no-deps" "--format-version=1", kill_on_drop: false }`
[INFO] running `Command { std: "docker" "inspect" "1262bd5cb6f43e61ea53b9a409ae588519595e0302e4ab9e095406415ff7843a", kill_on_drop: false }`
[INFO] running `Command { std: "docker" "exec" "-e" "SOURCE_DIR=/opt/rustwide/workdir" "-e" "CARGO_HOME=/opt/rustwide/cargo-home" "-e" "RUSTUP_HOME=/opt/rustwide/rustup-home" "-e" "CARGO_TARGET_DIR=/opt/rustwide/target" "-e" "CARGO_INCREMENTAL=0" "-e" "RUST_BACKTRACE=full" "-e" "RUSTFLAGS=--cap-lints=warn" "-e" "RUSTDOCFLAGS=--cap-lints=warn" "-w" "/opt/rustwide/workdir" "--user" "0:0" "1262bd5cb6f43e61ea53b9a409ae588519595e0302e4ab9e095406415ff7843a" "/opt/rustwide/cargo-home/bin/cargo" "+1.100.0-beta.1" "build" "--frozen" "--message-format=json" "--release", kill_on_drop: false }`
[INFO] [stderr]    Compiling proc-macro2 v1.0.101
[INFO] [stderr]    Compiling quote v1.0.41
[INFO] [stderr]    Compiling unicode-ident v1.0.19
[INFO] [stderr]    Compiling cc v1.2.41
[INFO] [stderr]    Compiling rustls-pki-types v1.12.0
[INFO] [stderr]    Compiling log v0.4.28
[INFO] [stderr]    Compiling getrandom v0.2.16
[INFO] [stderr]    Compiling anstyle-parse v0.2.7
[INFO] [stderr]    Compiling mio v1.1.0
[INFO] [stderr]    Compiling num-traits v0.2.19
[INFO] [stderr]    Compiling rustls v0.23.33
[INFO] [stderr]    Compiling anstyle-query v1.1.4
[INFO] [stderr]    Compiling thiserror v2.0.17
[INFO] [stderr]    Compiling anstyle v1.0.13
[INFO] [stderr]    Compiling colorchoice v1.0.4
[INFO] [stderr]    Compiling deranged v0.5.4
[INFO] [stderr]    Compiling http v1.3.1
[INFO] [stderr]    Compiling anstream v0.6.21
[INFO] [stderr]    Compiling time-macros v0.2.24
[INFO] [stderr]    Compiling clap_lex v0.7.6
[INFO] [stderr]    Compiling num_threads v0.1.7
[INFO] [stderr]    Compiling once_cell v1.21.3
[INFO] [stderr]    Compiling syn v2.0.107
[INFO] [stderr]    Compiling clap_builder v4.5.49
[INFO] [stderr]    Compiling flate2 v1.1.4
[INFO] [stderr]    Compiling ring v0.17.14
[INFO] [stderr]    Compiling ureq-proto v0.5.2
[INFO] [stderr]    Compiling webpki-roots v1.0.3
[INFO] [stderr]    Compiling rustls-pemfile v2.2.0
[INFO] [stderr]    Compiling time v0.3.44
[INFO] [stderr]    Compiling simplelog v0.12.2
[INFO] [stderr]    Compiling tokio-macros v2.6.0
[INFO] [stderr]    Compiling thiserror-impl v2.0.17
[INFO] [stderr]    Compiling serde_derive v1.0.228
[INFO] [stderr]    Compiling futures-macro v0.3.31
[INFO] [stderr]    Compiling enum-primitive-derive v0.3.0
[INFO] [stderr]    Compiling clap_derive v4.5.49
[INFO] [stderr]    Compiling tokio v1.48.0
[INFO] [stderr]    Compiling futures-util v0.3.31
[INFO] [stderr]    Compiling clap v4.5.49
[INFO] [stderr]    Compiling serde v1.0.228
[INFO] [stderr]    Compiling tokio-util v0.7.16
[INFO] [stderr]    Compiling pabgp v0.2.1
[INFO] [stderr]    Compiling rustls-webpki v0.103.7
[INFO] [stderr]    Compiling ureq v3.1.2
[INFO] [stderr]    Compiling delegation-feed v0.2.1 (/opt/rustwide/workdir)
[INFO] [stderr]     Finished `release` profile [optimized] target(s) in 1m 56s
[INFO] running `Command { std: "docker" "inspect" "1262bd5cb6f43e61ea53b9a409ae588519595e0302e4ab9e095406415ff7843a", kill_on_drop: false }`
[INFO] running `Command { std: "docker" "exec" "-e" "SOURCE_DIR=/opt/rustwide/workdir" "-e" "CARGO_HOME=/opt/rustwide/cargo-home" "-e" "RUSTUP_HOME=/opt/rustwide/rustup-home" "-e" "CARGO_TARGET_DIR=/opt/rustwide/target" "-e" "CARGO_INCREMENTAL=0" "-e" "RUST_BACKTRACE=full" "-e" "RUSTFLAGS=--cap-lints=warn" "-e" "RUSTDOCFLAGS=--cap-lints=warn" "-w" "/opt/rustwide/workdir" "--user" "0:0" "1262bd5cb6f43e61ea53b9a409ae588519595e0302e4ab9e095406415ff7843a" "/opt/rustwide/cargo-home/bin/cargo" "+1.100.0-beta.1" "test" "--frozen" "--no-run" "--message-format=json" "--release", kill_on_drop: false }`
[INFO] [stderr]    Compiling delegation-feed v0.2.1 (/opt/rustwide/workdir)
[INFO] [stderr]     Finished `release` profile [optimized] target(s) in 2.91s
[INFO] running `Command { std: "docker" "inspect" "1262bd5cb6f43e61ea53b9a409ae588519595e0302e4ab9e095406415ff7843a", kill_on_drop: false }`
[INFO] running `Command { std: "docker" "exec" "-e" "SOURCE_DIR=/opt/rustwide/workdir" "-e" "CARGO_HOME=/opt/rustwide/cargo-home" "-e" "RUSTUP_HOME=/opt/rustwide/rustup-home" "-e" "CARGO_TARGET_DIR=/opt/rustwide/target" "-e" "CARGO_INCREMENTAL=0" "-e" "RUST_BACKTRACE=full" "-e" "RUSTFLAGS=--cap-lints=warn" "-e" "RUSTDOCFLAGS=--cap-lints=warn" "-w" "/opt/rustwide/workdir" "--user" "0:0" "1262bd5cb6f43e61ea53b9a409ae588519595e0302e4ab9e095406415ff7843a" "/opt/rustwide/cargo-home/bin/cargo" "+1.100.0-beta.1" "test" "--frozen" "--release", kill_on_drop: false }`
[INFO] [stderr]     Finished `release` profile [optimized] target(s) in 0.14s
[INFO] [stderr]      Running unittests main.rs (/opt/rustwide/target/release/build/delegation-feed/bc6aa850009fd55d/out/delegation_feed-bc6aa850009fd55d)
[INFO] [stdout] 
[INFO] [stdout] running 8 tests
[INFO] [stdout] test rirstat::rirbase::tests::test_country_spec_from_str ... ok
[INFO] [stdout] test rirstat::tests::test_parse_line_v6 ... ok
[INFO] [stdout] test rirstat::tests::test_parse_line_invalid ... ok
[INFO] [stdout] test rirstat::tests::test_parse_line_v4 ... ok
[INFO] [stdout] test rirstat::tests::test_parse_line_v4_unaligned ... ok
[INFO] [stdout] test rirstat::tests::test_update_all_jp ... FAILED
[INFO] [stdout] test rirstat::tests::test_update_all_ca ... FAILED
[INFO] [stdout] test rirstat::rirbase::tests::test_rir_name_from_str ... ok
[INFO] [stdout] 
[INFO] [stdout] failures:
[INFO] [stdout] 
[INFO] [stdout] ---- rirstat::tests::test_update_all_jp stdout ----
[INFO] [stdout] 
[INFO] [stdout] thread 'rirstat::tests::test_update_all_jp' (1214) panicked at rirstat/mod.rs:440:25:
[INFO] [stdout] called `Result::unwrap()` on an `Err` value: Ureq(Io(Custom { kind: Uncategorized, error: "failed to lookup address information: Temporary failure in name resolution" }))
[INFO] [stdout] stack backtrace:
[INFO] [stdout]    0:     0x5f8cb0ec3441 - <<std[617be2ca0a6fd877]::sys::backtrace::BacktraceLock>::print::DisplayBacktrace as core[a373ad73a504971]::fmt::Display>::fmt
[INFO] [stdout]    1:     0x5f8cb0ed92ba - core[a373ad73a504971]::fmt::write
[INFO] [stdout]    2:     0x5f8cb0ec7a4c - <alloc[2e1b2a31b91974c5]::vec::Vec<u8> as core[a373ad73a504971]::io::write::Write>::write_fmt
[INFO] [stdout]    3:     0x5f8cb0e9e5c6 - std[617be2ca0a6fd877]::panicking::default_hook::{closure#0}
[INFO] [stdout]    4:     0x5f8cb0ebb599 - std[617be2ca0a6fd877]::panicking::default_hook
[INFO] [stdout]    5:     0x5f8cb0e4e300 - test[aada8e7e76ba119b]::test_main_inner::{closure#0}
[INFO] [stdout]    6:     0x5f8cb0ebb752 - std[617be2ca0a6fd877]::panicking::panic_with_hook
[INFO] [stdout]    7:     0x5f8cb0e9e672 - std[617be2ca0a6fd877]::panicking::panic_handler::{closure#0}
[INFO] [stdout]    8:     0x5f8cb0e972a9 - std[617be2ca0a6fd877]::sys::backtrace::__rust_end_short_backtrace::<std[617be2ca0a6fd877]::panicking::panic_handler::{closure#0}, !>
[INFO] [stdout]    9:     0x5f8cb0e9f46d - __rustc[ea4f61d10b84890b]::rust_begin_unwind
[INFO] [stdout]   10:     0x5f8cb0ed99ec - core[a373ad73a504971]::panicking::panic_fmt
[INFO] [stdout]   11:     0x5f8cb0ed97c2 - core[a373ad73a504971]::result::unwrap_failed
[INFO] [stdout]   12:     0x5f8cb0cff161 - <delegation_feed[ad2b8349d0c215fe]::rirstat::tests::test_update_all_jp::{closure#0} as core[a373ad73a504971]::ops::function::FnOnce<()>>::call_once
[INFO] [stdout]   13:     0x5f8cb0e4174b - test[aada8e7e76ba119b]::__rust_begin_short_backtrace::<core[a373ad73a504971]::result::Result<(), alloc[2e1b2a31b91974c5]::string::String>, fn() -> core[a373ad73a504971]::result::Result<(), alloc[2e1b2a31b91974c5]::string::String>>
[INFO] [stdout]   14:     0x5f8cb0e4e925 - test[aada8e7e76ba119b]::run_test::{closure#0}
[INFO] [stdout]   15:     0x5f8cb0e48214 - std[617be2ca0a6fd877]::sys::backtrace::__rust_begin_short_backtrace::<test[aada8e7e76ba119b]::run_test::{closure#1}, ()>
[INFO] [stdout]   16:     0x5f8cb0e519b2 - <std[617be2ca0a6fd877]::thread::lifecycle::spawn_unchecked<test[aada8e7e76ba119b]::run_test::{closure#1}, ()>::{closure#1} as core[a373ad73a504971]::ops::function::FnOnce<()>>::call_once::{shim:vtable#0}
[INFO] [stdout]   17:     0x5f8cb0ec277f - <std[617be2ca0a6fd877]::sys::thread::unix::Thread>::new::thread_start
[INFO] [stdout]   18:     0x7b792d75bdfa - <unknown>
[INFO] [stdout]   19:     0x7b792d7ef3d4 - clone
[INFO] [stdout]   20:                0x0 - <unknown>
[INFO] [stdout] 
[INFO] [stdout] ---- rirstat::tests::test_update_all_ca stdout ----
[INFO] [stdout] 
[INFO] [stdout] thread 'rirstat::tests::test_update_all_ca' (1213) panicked at rirstat/mod.rs:454:25:
[INFO] [stdout] called `Result::unwrap()` on an `Err` value: Ureq(Io(Custom { kind: Uncategorized, error: "failed to lookup address information: Temporary failure in name resolution" }))
[INFO] [stdout] stack backtrace:
[INFO] [stdout]    0:     0x5f8cb0ec3441 - <<std[617be2ca0a6fd877]::sys::backtrace::BacktraceLock>::print::DisplayBacktrace as core[a373ad73a504971]::fmt::Display>::fmt
[INFO] [stdout]    1:     0x5f8cb0ed92ba - core[a373ad73a504971]::fmt::write
[INFO] [stdout]    2:     0x5f8cb0ec7a4c - <alloc[2e1b2a31b91974c5]::vec::Vec<u8> as core[a373ad73a504971]::io::write::Write>::write_fmt
[INFO] [stdout]    3:     0x5f8cb0e9e5c6 - std[617be2ca0a6fd877]::panicking::default_hook::{closure#0}
[INFO] [stdout]    4:     0x5f8cb0ebb599 - std[617be2ca0a6fd877]::panicking::default_hook
[INFO] [stdout]    5:     0x5f8cb0e4e300 - test[aada8e7e76ba119b]::test_main_inner::{closure#0}
[INFO] [stdout]    6:     0x5f8cb0ebb752 - std[617be2ca0a6fd877]::panicking::panic_with_hook
[INFO] [stdout]    7:     0x5f8cb0e9e672 - std[617be2ca0a6fd877]::panicking::panic_handler::{closure#0}
[INFO] [stdout]    8:     0x5f8cb0e972a9 - std[617be2ca0a6fd877]::sys::backtrace::__rust_end_short_backtrace::<std[617be2ca0a6fd877]::panicking::panic_handler::{closure#0}, !>
[INFO] [stdout]    9:     0x5f8cb0e9f46d - __rustc[ea4f61d10b84890b]::rust_begin_unwind
[INFO] [stdout]   10:     0x5f8cb0ed99ec - core[a373ad73a504971]::panicking::panic_fmt
[INFO] [stdout]   11:     0x5f8cb0ed97c2 - core[a373ad73a504971]::result::unwrap_failed
[INFO] [stdout]   12:     0x5f8cb0cfec81 - <delegation_feed[ad2b8349d0c215fe]::rirstat::tests::test_update_all_ca::{closure#0} as core[a373ad73a504971]::ops::function::FnOnce<()>>::call_once
[INFO] [stdout]   13:     0x5f8cb0e4174b - test[aada8e7e76ba119b]::__rust_begin_short_backtrace::<core[a373ad73a504971]::result::Result<(), alloc[2e1b2a31b91974c5]::string::String>, fn() -> core[a373ad73a504971]::result::Result<(), alloc[2e1b2a31b91974c5]::string::String>>
[INFO] [stdout]   14:     0x5f8cb0e4e925 - test[aada8e7e76ba119b]::run_test::{closure#0}
[INFO] [stdout]   15:     0x5f8cb0e48214 - std[617be2ca0a6fd877]::sys::backtrace::__rust_begin_short_backtrace::<test[aada8e7e76ba119b]::run_test::{closure#1}, ()>
[INFO] [stdout]   16:     0x5f8cb0e519b2 - <std[617be2ca0a6fd877]::thread::lifecycle::spawn_unchecked<test[aada8e7e76ba119b]::run_test::{closure#1}, ()>::{closure#1} as core[a373ad73a504971]::ops::function::FnOnce<()>>::call_once::{shim:vtable#0}
[INFO] [stdout]   17:     0x5f8cb0ec277f - <std[617be2ca0a6fd877]::sys::thread::unix::Thread>::new::thread_start
[INFO] [stdout]   18:     0x7b792d75bdfa - <unknown>
[INFO] [stdout]   19:     0x7b792d7ef3d4 - clone
[INFO] [stdout]   20:                0x0 - <unknown>
[INFO] [stdout] 
[INFO] [stdout] 
[INFO] [stdout] failures:
[INFO] [stdout]     rirstat::tests::test_update_all_ca
[INFO] [stdout]     rirstat::tests::test_update_all_jp
[INFO] [stdout] 
[INFO] [stdout] test result: FAILED. 6 passed; 2 failed; 0 ignored; 0 measured; 0 filtered out; finished in 0.12s
[INFO] [stdout] 
[INFO] [stderr] error: test failed, to rerun pass `--bin delegation-feed`
[INFO] running `Command { std: "docker" "inspect" "1262bd5cb6f43e61ea53b9a409ae588519595e0302e4ab9e095406415ff7843a", kill_on_drop: false }`
[INFO] running `Command { std: "docker" "rm" "-f" "1262bd5cb6f43e61ea53b9a409ae588519595e0302e4ab9e095406415ff7843a", kill_on_drop: false }`
[INFO] [stdout] 1262bd5cb6f43e61ea53b9a409ae588519595e0302e4ab9e095406415ff7843a
