[INFO] fetching crate delatin 0.2.1...
[INFO] testing delatin-0.2.1 against 1.100.0-beta.1+cargoflags=--release for beta-release-1.100-2
[INFO] extracting crate delatin 0.2.1 into /workspace/builds/worker-4-tc2/source
[INFO] started tweaking crates.io crate delatin 0.2.1
[INFO] finished tweaking crates.io crate delatin 0.2.1
[INFO] tweaked toml for crates.io crate delatin 0.2.1 written to /workspace/builds/worker-4-tc2/source/Cargo.toml
[INFO] validating manifest of crates.io crate delatin 0.2.1 on toolchain 1.100.0-beta.1
[INFO] running `Command { std: CARGO_HOME="/workspace/cargo-home" RUSTUP_HOME="/workspace/rustup-home" "/workspace/cargo-home/bin/cargo" "+1.100.0-beta.1" "metadata" "--manifest-path" "Cargo.toml" "--no-deps", kill_on_drop: false }`
[INFO] running `Command { std: CARGO_HOME="/workspace/cargo-home" RUSTUP_HOME="/workspace/rustup-home" "/workspace/cargo-home/bin/cargo" "+1.100.0-beta.1" "generate-lockfile" "--manifest-path" "Cargo.toml", kill_on_drop: false }`
[INFO] running `Command { std: CARGO_HOME="/workspace/cargo-home" RUSTUP_HOME="/workspace/rustup-home" "/workspace/cargo-home/bin/cargo" "+1.100.0-beta.1" "fetch" "--manifest-path" "Cargo.toml", kill_on_drop: false }`
[INFO] running `Command { std: "docker" "create" "-v" "/var/lib/crater-agent-workspace/builds/worker-4-tc2/source:/opt/rustwide/workdir:ro,Z" "-v" "/var/lib/crater-agent-workspace/builds/worker-4-tc2/target:/opt/rustwide/target:rw,Z" "-v" "/var/lib/crater-agent-workspace/cargo-home:/opt/rustwide/cargo-home:ro,Z" "-v" "/var/lib/crater-agent-workspace/rustup-home:/opt/rustwide/rustup-home:ro,Z" "-m" "1610612736" "--network" "none" "ghcr.io/rust-lang/crates-build-env/linux@sha256:77db811e55d90add9212f6832c23229e3de5f1c1f9905e8cb07319ea15df73ac" "sleep" "infinity", kill_on_drop: false }`
[INFO] [stdout] a5b934c51ab71c2ef53cfd4b271cb33761ab3f13c0111f298f33feb06901f407
[INFO] running `Command { std: "docker" "start" "a5b934c51ab71c2ef53cfd4b271cb33761ab3f13c0111f298f33feb06901f407", kill_on_drop: false }`
[INFO] running `Command { std: "docker" "inspect" "a5b934c51ab71c2ef53cfd4b271cb33761ab3f13c0111f298f33feb06901f407", kill_on_drop: false }`
[INFO] running `Command { std: "docker" "exec" "-e" "SOURCE_DIR=/opt/rustwide/workdir" "-e" "CARGO_HOME=/opt/rustwide/cargo-home" "-e" "RUSTUP_HOME=/opt/rustwide/rustup-home" "-e" "CARGO_TARGET_DIR=/opt/rustwide/target" "-w" "/opt/rustwide/workdir" "--user" "0:0" "a5b934c51ab71c2ef53cfd4b271cb33761ab3f13c0111f298f33feb06901f407" "/opt/rustwide/cargo-home/bin/cargo" "+1.100.0-beta.1" "metadata" "--no-deps" "--format-version=1", kill_on_drop: false }`
[INFO] running `Command { std: "docker" "inspect" "a5b934c51ab71c2ef53cfd4b271cb33761ab3f13c0111f298f33feb06901f407", kill_on_drop: false }`
[INFO] running `Command { std: "docker" "exec" "-e" "SOURCE_DIR=/opt/rustwide/workdir" "-e" "CARGO_HOME=/opt/rustwide/cargo-home" "-e" "RUSTUP_HOME=/opt/rustwide/rustup-home" "-e" "CARGO_TARGET_DIR=/opt/rustwide/target" "-e" "CARGO_INCREMENTAL=0" "-e" "RUST_BACKTRACE=full" "-e" "RUSTFLAGS=--cap-lints=warn" "-e" "RUSTDOCFLAGS=--cap-lints=warn" "-w" "/opt/rustwide/workdir" "--user" "0:0" "a5b934c51ab71c2ef53cfd4b271cb33761ab3f13c0111f298f33feb06901f407" "/opt/rustwide/cargo-home/bin/cargo" "+1.100.0-beta.1" "build" "--frozen" "--message-format=json" "--release", kill_on_drop: false }`
[INFO] [stderr]    Compiling delatin v0.2.1 (/opt/rustwide/workdir)
[INFO] [stderr]     Finished `release` profile [optimized] target(s) in 0.49s
[INFO] running `Command { std: "docker" "inspect" "a5b934c51ab71c2ef53cfd4b271cb33761ab3f13c0111f298f33feb06901f407", kill_on_drop: false }`
[INFO] running `Command { std: "docker" "exec" "-e" "SOURCE_DIR=/opt/rustwide/workdir" "-e" "CARGO_HOME=/opt/rustwide/cargo-home" "-e" "RUSTUP_HOME=/opt/rustwide/rustup-home" "-e" "CARGO_TARGET_DIR=/opt/rustwide/target" "-e" "CARGO_INCREMENTAL=0" "-e" "RUST_BACKTRACE=full" "-e" "RUSTFLAGS=--cap-lints=warn" "-e" "RUSTDOCFLAGS=--cap-lints=warn" "-w" "/opt/rustwide/workdir" "--user" "0:0" "a5b934c51ab71c2ef53cfd4b271cb33761ab3f13c0111f298f33feb06901f407" "/opt/rustwide/cargo-home/bin/cargo" "+1.100.0-beta.1" "test" "--frozen" "--no-run" "--message-format=json" "--release", kill_on_drop: false }`
[INFO] [stderr]    Compiling delatin v0.2.1 (/opt/rustwide/workdir)
[INFO] [stderr]     Finished `release` profile [optimized] target(s) in 0.34s
[INFO] running `Command { std: "docker" "inspect" "a5b934c51ab71c2ef53cfd4b271cb33761ab3f13c0111f298f33feb06901f407", kill_on_drop: false }`
[INFO] running `Command { std: "docker" "exec" "-e" "SOURCE_DIR=/opt/rustwide/workdir" "-e" "CARGO_HOME=/opt/rustwide/cargo-home" "-e" "RUSTUP_HOME=/opt/rustwide/rustup-home" "-e" "CARGO_TARGET_DIR=/opt/rustwide/target" "-e" "CARGO_INCREMENTAL=0" "-e" "RUST_BACKTRACE=full" "-e" "RUSTFLAGS=--cap-lints=warn" "-e" "RUSTDOCFLAGS=--cap-lints=warn" "-w" "/opt/rustwide/workdir" "--user" "0:0" "a5b934c51ab71c2ef53cfd4b271cb33761ab3f13c0111f298f33feb06901f407" "/opt/rustwide/cargo-home/bin/cargo" "+1.100.0-beta.1" "test" "--frozen" "--release", kill_on_drop: false }`
[INFO] [stderr]     Finished `release` profile [optimized] target(s) in 0.01s
[INFO] [stderr]      Running unittests src/lib.rs (/opt/rustwide/target/release/build/delatin/fa38cba5f62c5375/out/delatin-fa38cba5f62c5375)
[INFO] [stdout] 
[INFO] [stderr]    Doc-tests delatin
[INFO] [stdout] running 0 tests
[INFO] [stdout] 
[INFO] [stdout] test result: ok. 0 passed; 0 failed; 0 ignored; 0 measured; 0 filtered out; finished in 0.00s
[INFO] [stdout] 
[INFO] [stdout] 
[INFO] [stdout] running 1 test
[INFO] [stdout] test src/lib.rs - (line 6) ... FAILED
[INFO] [stdout] 
[INFO] [stdout] failures:
[INFO] [stdout] 
[INFO] [stdout] ---- src/lib.rs - (line 6) stdout ----
[INFO] [stdout] error[E0061]: function takes 3 arguments but 4 arguments were supplied
[INFO] [stdout]   --> src/lib.rs:16:27
[INFO] [stdout]    |
[INFO] [stdout] 16 | let (points, triangles) = triangulate(&heights, width, height, max_error)?;
[INFO] [stdout]    |                           ^^^^^^^^^^^
[INFO] [stdout]    |
[INFO] [stdout] note: function defined here
[INFO] [stdout]   --> src/lib.rs:65:8
[INFO] [stdout]    |
[INFO] [stdout] 65 | pub fn triangulate(
[INFO] [stdout]    |        ^^^^^^^^^^^
[INFO] [stdout] help: wrap these arguments in parentheses to construct a tuple
[INFO] [stdout]    |
[INFO] [stdout] 16 | let (points, triangles) = triangulate(&heights, (width, height), max_error)?;
[INFO] [stdout]    |                                                 +             +
[INFO] [stdout] 
[INFO] [stdout] error[E0277]: the `?` operator can only be used in a function that returns `Result` or `Option` (or another type that implements `FromResidual`)
[INFO] [stdout]   --> src/lib.rs:16:74
[INFO] [stdout]    |
[INFO] [stdout]  7 | fn main() { #[allow(non_snake_case)] fn _doctest_main_src_lib_rs_6_0() {
[INFO] [stdout]    |                                      --------------------------------- this function should return `Result` or `Option` to accept `?`
[INFO] [stdout] ...
[INFO] [stdout] 16 | let (points, triangles) = triangulate(&heights, width, height, max_error)?;
[INFO] [stdout]    |                                                                          ^ cannot use the `?` operator in a function that returns `()`
[INFO] [stdout]    |
[INFO] [stdout] help: consider adding return type
[INFO] [stdout]    |
[INFO] [stdout]  7 ~ fn main() { #[allow(non_snake_case)] fn _doctest_main_src_lib_rs_6_0() -> Result<(), Box<dyn std::error::Error>> {
[INFO] [stdout]  8 | use delatin::{triangulate, Error};
[INFO] [stdout] ...
[INFO] [stdout] 16 | let (points, triangles) = triangulate(&heights, width, height, max_error)?;
[INFO] [stdout] 17 +     Ok(())
[INFO] [stdout]    |
[INFO] [stdout] 
[INFO] [stdout] error: aborting due to 2 previous errors
[INFO] [stdout] 
[INFO] [stdout] Some errors have detailed explanations: E0061, E0277.
[INFO] [stdout] For more information about an error, try `rustc --explain E0061`.
[INFO] [stdout] Couldn't compile the test.
[INFO] [stdout] 
[INFO] [stdout] failures:
[INFO] [stdout]     src/lib.rs - (line 6)
[INFO] [stdout] 
[INFO] [stdout] test result: FAILED. 0 passed; 1 failed; 0 ignored; 0 measured; 0 filtered out; finished in 0.09s
[INFO] [stdout] 
[INFO] [stderr] error: doctest failed, to rerun pass `--doc`
[INFO] running `Command { std: "docker" "inspect" "a5b934c51ab71c2ef53cfd4b271cb33761ab3f13c0111f298f33feb06901f407", kill_on_drop: false }`
[INFO] running `Command { std: "docker" "rm" "-f" "a5b934c51ab71c2ef53cfd4b271cb33761ab3f13c0111f298f33feb06901f407", kill_on_drop: false }`
[INFO] [stdout] a5b934c51ab71c2ef53cfd4b271cb33761ab3f13c0111f298f33feb06901f407
