[INFO] fetching crate del-msh-cpu 0.1.51...
[INFO] testing del-msh-cpu-0.1.51 against 1.100.0-beta.1+cargoflags=--release for beta-release-1.100-2
[INFO] extracting crate del-msh-cpu 0.1.51 into /workspace/builds/worker-4-tc2/source
[INFO] started tweaking crates.io crate del-msh-cpu 0.1.51
[INFO] removed 0 missing examples
[INFO] removed 0 missing tests
[INFO] finished tweaking crates.io crate del-msh-cpu 0.1.51
[INFO] tweaked toml for crates.io crate del-msh-cpu 0.1.51 written to /workspace/builds/worker-4-tc2/source/Cargo.toml
[INFO] validating manifest of crates.io crate del-msh-cpu 0.1.51 on toolchain 1.100.0-beta.1
[INFO] running `Command { std: CARGO_HOME="/workspace/cargo-home" RUSTUP_HOME="/workspace/rustup-home" "/workspace/cargo-home/bin/cargo" "+1.100.0-beta.1" "metadata" "--manifest-path" "Cargo.toml" "--no-deps", kill_on_drop: false }`
[INFO] crate crates.io crate del-msh-cpu 0.1.51 already has a lockfile, it will not be regenerated
[INFO] running `Command { std: CARGO_HOME="/workspace/cargo-home" RUSTUP_HOME="/workspace/rustup-home" "/workspace/cargo-home/bin/cargo" "+1.100.0-beta.1" "fetch" "--manifest-path" "Cargo.toml", kill_on_drop: false }`
[INFO] running `Command { std: "docker" "create" "-v" "/var/lib/crater-agent-workspace/builds/worker-4-tc2/source:/opt/rustwide/workdir:ro,Z" "-v" "/var/lib/crater-agent-workspace/builds/worker-4-tc2/target:/opt/rustwide/target:rw,Z" "-v" "/var/lib/crater-agent-workspace/cargo-home:/opt/rustwide/cargo-home:ro,Z" "-v" "/var/lib/crater-agent-workspace/rustup-home:/opt/rustwide/rustup-home:ro,Z" "-m" "1610612736" "--network" "none" "ghcr.io/rust-lang/crates-build-env/linux@sha256:77db811e55d90add9212f6832c23229e3de5f1c1f9905e8cb07319ea15df73ac" "sleep" "infinity", kill_on_drop: false }`
[INFO] [stdout] 6175b2fed9e26c1c3ffa46c1b74bfafae958ff5ca73175b96ab728a97e8bcf74
[INFO] running `Command { std: "docker" "start" "6175b2fed9e26c1c3ffa46c1b74bfafae958ff5ca73175b96ab728a97e8bcf74", kill_on_drop: false }`
[INFO] running `Command { std: "docker" "inspect" "6175b2fed9e26c1c3ffa46c1b74bfafae958ff5ca73175b96ab728a97e8bcf74", kill_on_drop: false }`
[INFO] running `Command { std: "docker" "exec" "-e" "SOURCE_DIR=/opt/rustwide/workdir" "-e" "CARGO_HOME=/opt/rustwide/cargo-home" "-e" "RUSTUP_HOME=/opt/rustwide/rustup-home" "-e" "CARGO_TARGET_DIR=/opt/rustwide/target" "-w" "/opt/rustwide/workdir" "--user" "0:0" "6175b2fed9e26c1c3ffa46c1b74bfafae958ff5ca73175b96ab728a97e8bcf74" "/opt/rustwide/cargo-home/bin/cargo" "+1.100.0-beta.1" "metadata" "--no-deps" "--format-version=1", kill_on_drop: false }`
[INFO] running `Command { std: "docker" "inspect" "6175b2fed9e26c1c3ffa46c1b74bfafae958ff5ca73175b96ab728a97e8bcf74", kill_on_drop: false }`
[INFO] running `Command { std: "docker" "exec" "-e" "SOURCE_DIR=/opt/rustwide/workdir" "-e" "CARGO_HOME=/opt/rustwide/cargo-home" "-e" "RUSTUP_HOME=/opt/rustwide/rustup-home" "-e" "CARGO_TARGET_DIR=/opt/rustwide/target" "-e" "CARGO_INCREMENTAL=0" "-e" "RUST_BACKTRACE=full" "-e" "RUSTFLAGS=--cap-lints=warn" "-e" "RUSTDOCFLAGS=--cap-lints=warn" "-w" "/opt/rustwide/workdir" "--user" "0:0" "6175b2fed9e26c1c3ffa46c1b74bfafae958ff5ca73175b96ab728a97e8bcf74" "/opt/rustwide/cargo-home/bin/cargo" "+1.100.0-beta.1" "build" "--frozen" "--message-format=json" "--release", kill_on_drop: false }`
[INFO] [stderr]    Compiling libc v0.2.190
[INFO] [stderr]    Compiling anyhow v1.0.104
[INFO] [stderr]    Compiling itertools v0.15.0
[INFO] [stderr]    Compiling slice-of-array v0.3.2
[INFO] [stderr]    Compiling arrayref v0.3.9
[INFO] [stderr]    Compiling num-complex v0.4.6
[INFO] [stderr]    Compiling rayon v1.12.0
[INFO] [stderr]    Compiling getrandom v0.4.3
[INFO] [stderr]    Compiling rand v0.10.3
[INFO] [stderr]    Compiling del-geo-core v0.1.41
[INFO] [stderr]    Compiling del-msh-cpu v0.1.51 (/opt/rustwide/workdir)
[INFO] [stderr]     Finished `release` profile [optimized] target(s) in 25.07s
[INFO] running `Command { std: "docker" "inspect" "6175b2fed9e26c1c3ffa46c1b74bfafae958ff5ca73175b96ab728a97e8bcf74", kill_on_drop: false }`
[INFO] running `Command { std: "docker" "exec" "-e" "SOURCE_DIR=/opt/rustwide/workdir" "-e" "CARGO_HOME=/opt/rustwide/cargo-home" "-e" "RUSTUP_HOME=/opt/rustwide/rustup-home" "-e" "CARGO_TARGET_DIR=/opt/rustwide/target" "-e" "CARGO_INCREMENTAL=0" "-e" "RUST_BACKTRACE=full" "-e" "RUSTFLAGS=--cap-lints=warn" "-e" "RUSTDOCFLAGS=--cap-lints=warn" "-w" "/opt/rustwide/workdir" "--user" "0:0" "6175b2fed9e26c1c3ffa46c1b74bfafae958ff5ca73175b96ab728a97e8bcf74" "/opt/rustwide/cargo-home/bin/cargo" "+1.100.0-beta.1" "test" "--frozen" "--no-run" "--message-format=json" "--release", kill_on_drop: false }`
[INFO] [stderr]    Compiling libc v0.2.190
[INFO] [stderr]    Compiling simd-adler32 v0.3.10
[INFO] [stderr]    Compiling psm v0.1.24
[INFO] [stderr]    Compiling stacker v0.1.25
[INFO] [stderr]    Compiling syn v3.0.9
[INFO] [stderr]    Compiling syn v2.0.119
[INFO] [stderr]    Compiling zerocopy v0.8.62
[INFO] [stderr]    Compiling serde v1.0.229
[INFO] [stderr]    Compiling num-integer v0.1.47
[INFO] [stderr]    Compiling miniz_oxide v0.9.1
[INFO] [stderr]    Compiling matrixmultiply v0.3.11
[INFO] [stderr]    Compiling fdeflate v0.3.7
[INFO] [stderr]    Compiling miniz_oxide v0.8.9
[INFO] [stderr]    Compiling pxfm v0.1.30
[INFO] [stderr]    Compiling flate2 v1.1.10
[INFO] [stderr]    Compiling pest v2.9.3
[INFO] [stderr]    Compiling getrandom v0.4.3
[INFO] [stderr]    Compiling rand v0.10.3
[INFO] [stderr]    Compiling rawpointer v0.2.1
[INFO] [stderr]    Compiling plotters-backend v0.3.7
[INFO] [stderr]    Compiling bumpalo v3.20.3
[INFO] [stderr]    Compiling bitflags v2.13.2
[INFO] [stderr]    Compiling clap_lex v1.1.1
[INFO] [stderr]    Compiling png v0.18.1
[INFO] [stderr]    Compiling clap_builder v4.6.7
[INFO] [stderr]    Compiling serde_json v1.0.154
[INFO] [stderr]    Compiling serde_derive v1.0.229
[INFO] [stderr]    Compiling thiserror-impl v2.0.21
[INFO] [stderr]    Compiling pest_meta v2.9.3
[INFO] [stderr]    Compiling thiserror v2.0.21
[INFO] [stderr]    Compiling displaydoc v0.2.7
[INFO] [stderr]    Compiling zerocopy-derive v0.8.62
[INFO] [stderr]    Compiling pest_generator v2.9.3
[INFO] [stderr]    Compiling moxcms v0.7.11
[INFO] [stderr]    Compiling del-geo-core v0.1.41
[INFO] [stderr]    Compiling pest_derive v2.9.3
[INFO] [stderr]    Compiling plotters-svg v0.3.7
[INFO] [stderr]    Compiling zopfli v0.8.4
[INFO] [stderr]    Compiling regex-automata v0.4.18
[INFO] [stderr]    Compiling indexmap v2.14.2
[INFO] [stderr]    Compiling num-bigint v0.4.8
[INFO] [stderr]    Compiling itertools v0.10.5
[INFO] [stderr]    Compiling bytemuck v1.25.2
[INFO] [stderr]    Compiling cast v0.3.0
[INFO] [stderr]    Compiling color_quant v1.1.0
[INFO] [stderr]    Compiling weezl v0.1.12
[INFO] [stderr]    Compiling criterion-plot v0.5.0
[INFO] [stderr]    Compiling half v2.7.1
[INFO] [stderr]    Compiling ciborium-ll v0.2.2
[INFO] [stderr]    Compiling gif v0.14.2
[INFO] [stderr]    Compiling ciborium v0.2.2
[INFO] [stderr]    Compiling ppv-lite86 v0.2.21
[INFO] [stderr]    Compiling image v0.25.8
[INFO] [stderr]    Compiling py_literal v0.4.0
[INFO] [stderr]    Compiling ndarray v0.16.1
[INFO] [stderr]    Compiling regex v1.13.1
[INFO] [stderr]    Compiling zip v2.4.2
[INFO] [stderr]    Compiling tinytemplate v1.2.1
[INFO] [stderr]    Compiling plotters v0.3.7
[INFO] [stderr]    Compiling clap v4.6.7
[INFO] [stderr]    Compiling is-terminal v0.4.17
[INFO] [stderr]    Compiling anes v0.1.6
[INFO] [stderr]    Compiling rand_chacha v0.10.0
[INFO] [stderr]    Compiling del-canvas v0.1.11
[INFO] [stderr]    Compiling criterion v0.5.1
[INFO] [stderr]    Compiling del-msh-cpu v0.1.51 (/opt/rustwide/workdir)
[INFO] [stderr]    Compiling ndarray-npy v0.9.1
[INFO] [stderr]     Finished `release` profile [optimized] target(s) in 4m 21s
[INFO] running `Command { std: "docker" "inspect" "6175b2fed9e26c1c3ffa46c1b74bfafae958ff5ca73175b96ab728a97e8bcf74", kill_on_drop: false }`
[INFO] running `Command { std: "docker" "exec" "-e" "SOURCE_DIR=/opt/rustwide/workdir" "-e" "CARGO_HOME=/opt/rustwide/cargo-home" "-e" "RUSTUP_HOME=/opt/rustwide/rustup-home" "-e" "CARGO_TARGET_DIR=/opt/rustwide/target" "-e" "CARGO_INCREMENTAL=0" "-e" "RUST_BACKTRACE=full" "-e" "RUSTFLAGS=--cap-lints=warn" "-e" "RUSTDOCFLAGS=--cap-lints=warn" "-w" "/opt/rustwide/workdir" "--user" "0:0" "6175b2fed9e26c1c3ffa46c1b74bfafae958ff5ca73175b96ab728a97e8bcf74" "/opt/rustwide/cargo-home/bin/cargo" "+1.100.0-beta.1" "test" "--frozen" "--release", kill_on_drop: false }`
[INFO] [stderr]     Finished `release` profile [optimized] target(s) in 0.29s
[INFO] [stderr]      Running unittests src/lib.rs (/opt/rustwide/target/release/build/del-msh-cpu/60bc15d2f9ea30c3/out/del_msh_cpu-60bc15d2f9ea30c3)
[INFO] [stdout] 
[INFO] [stdout] running 67 tests
[INFO] [stdout] test convexhull2::test_convex_hull2 ... ok
[INFO] [stdout] test edge2elem::test_edge2tri ... ok
[INFO] [stdout] test adaptive_distance_field3::hoge ... ok
[INFO] [stdout] test dijkstra::test_vtx2dist_for_vtx2vtx ... ok
[INFO] [stdout] test io_cfd_mesh_txt::tests::test0 ... FAILED
[INFO] [stdout] test io_ply::test0 ... FAILED
[INFO] [stdout] test io_svg::hoge2 ... ok
[INFO] [stdout] test io_svg::hoge3 ... ok
[INFO] [stdout] test io_svg::hoge ... ok
[INFO] [stdout] test edge2vtx::test_contour ... ok
[INFO] [stdout] test io_wavefront_obj::test_parse_vertex ... ok
[INFO] [stdout] test convexhull2_intersection::test_gjk_sat2test0 ... ok
[INFO] [stdout] test mortons::test_expand_bits2 ... ok
[INFO] [stdout] test io_vtk::test::trimesh3_scalardata ... ok
[INFO] [stdout] test mortons::test_expand_bits3 ... ok
[INFO] [stdout] test mortons::test_morton_code2 ... ok
[INFO] [stdout] test mortons::test_morton_code3 ... ok
[INFO] [stdout] test mortons::test_sorted_morten_code ... ok
[INFO] [stdout] test pix2depth::test_hoge ... ok
[INFO] [stdout] test bvhnodes_morton::test_2d ... ok
[INFO] [stdout] test bvhnodes_morton::test_3d ... ok
[INFO] [stdout] test pix2tri::test_pix2tri ... FAILED
[INFO] [stdout] test polyhedron_mesh::test_elem2volume ... FAILED
[INFO] [stdout] test polyline3::test_reduce ... ok
[INFO] [stdout] test polyline3::test_generate_trimesh ... ok
[INFO] [stdout] test polyline3::test_vtx2framex ... ok
[INFO] [stdout] test polyloop2::test_circle ... ok
[INFO] [stdout] test polyloop2::test_cog_ ... ok
[INFO] [stdout] test polyloop2::test_poisson_disk_sampling ... ok
[INFO] [stdout] test polyloop2::test_polygon2_sdf ... ok
[INFO] [stdout] test polyloop3::test_gauss_linkling_number ... ok
[INFO] [stdout] test polyloop::test_cog ... ok
[INFO] [stdout] test quad_oct_tree::test_morton2center ... ok
[INFO] [stdout] test quad_oct_tree::test_octree_2d ... ok
[INFO] [stdout] test quad_oct_tree::test_octree_3d ... ok
[INFO] [stdout] test quadmesh::test_grid_quad2 ... ok
[INFO] [stdout] test search_bvh3::test_first_intersection_ray ... ok
[INFO] [stdout] test trimesh2_dynamic::test_shape_with_hole ... ok
[INFO] [stdout] test trimesh2_dynamic::test_square ... ok
[INFO] [stdout] test trimesh2_fem_solid_linear::tests::test0 ... ok
[INFO] [stdout] test trimesh3::test_vtx2area ... ok
[INFO] [stdout] test trimesh3::test_vtx2curvature_gaussian ... ok
[INFO] [stdout] test trimesh3_intersection::test_is_intersect_to_obb3 ... ok
[INFO] [stdout] test trimesh3_intersection::tests::test0 ... ok
[INFO] [stdout] test trimesh3_primitive::test_annulus_yup ... ok
[INFO] [stdout] test trimesh3_primitive::test_arrow_connecting_two_points ... ok
[INFO] [stdout] test trimesh3_primitive::test_arrow_zup ... ok
[INFO] [stdout] test trimesh3_primitive::test_biypyramid_zup ... ok
[INFO] [stdout] test trimesh3_primitive::test_capsule_tri3 ... ok
[INFO] [stdout] test trimesh3_primitive::test_cylider_closed_end_tri3 ... ok
[INFO] [stdout] test trimesh3_primitive::test_cylinder_open_end_tri3 ... ok
[INFO] [stdout] test trimesh3_primitive::test_sphere_yup ... ok
[INFO] [stdout] test trimesh3_primitive::test_torus_tri3 ... ok
[INFO] [stdout] test voronoi2::test_voronoi_concave ... ok
[INFO] [stdout] test voronoi2::test_voronoi_convex ... ok
[INFO] [stdout] test voronoi2::test_voronoi_sites_on_edge ... ok
[INFO] [stdout] test vtx2elem::test_polygon_mesh ... ok
[INFO] [stdout] test kdtree2::tests::check_inside_square_raw ... ok
[INFO] [stdout] test vtx2group::test_vtx2dist_for_vtx2vtx ... ok
[INFO] [stdout] test vtx2xyz::test_obb3 ... ok
[INFO] [stdout] test vtx2vtx::test_laplacian_smoothing ... ok
[INFO] [stdout] test kdtree2::tests::check_nearest_raw ... ok
[INFO] [stdout] test edgegrad::tests::test_hoge ... ok
[INFO] [stdout] test pix2depth::test_depthmap ... ok
[INFO] [stdout] test grid2_partially_fixed::test_nearest_to_fixed_cell ... ok
[INFO] [stdout] test pix2tri::test_interpolate ... ok
[INFO] [stdout] test polyline3::test_shorten::test0 ... ok
[INFO] [stdout] 
[INFO] [stdout] failures:
[INFO] [stdout] 
[INFO] [stdout] ---- io_cfd_mesh_txt::tests::test0 stdout ----
[INFO] [stdout] 
[INFO] [stdout] thread 'io_cfd_mesh_txt::tests::test0' (1769) panicked at src/io_cfd_mesh_txt.rs:333:90:
[INFO] [stdout] called `Result::unwrap()` on an `Err` value: file not found: "../asset/cfd_mesh.txt"
[INFO] [stdout] 
[INFO] [stdout] Caused by:
[INFO] [stdout]     No such file or directory (os error 2)
[INFO] [stdout] 
[INFO] [stdout] Stack backtrace:
[INFO] [stdout]    0: <core::io::error::Error as anyhow::context::ext::StdError>::ext_context::<alloc::string::String>
[INFO] [stdout]    1: del_msh_cpu::io_cfd_mesh_txt::read::<alloc::string::String, u32>
[INFO] [stdout]    2: <del_msh_cpu::io_cfd_mesh_txt::tests::test0::{closure#0} as core::ops::function::FnOnce<()>>::call_once
[INFO] [stdout]    3: test::__rust_begin_short_backtrace::<core::result::Result<(), alloc::string::String>, fn() -> core::result::Result<(), alloc::string::String>>
[INFO] [stdout]    4: test::run_test::{closure#0}
[INFO] [stdout]    5: std::sys::backtrace::__rust_begin_short_backtrace::<test::run_test::{closure#1}, ()>
[INFO] [stdout]    6: <std::thread::lifecycle::spawn_unchecked<test::run_test::{closure#1}, ()>::{closure#1} as core::ops::function::FnOnce<()>>::call_once::{shim:vtable#0}
[INFO] [stdout]    7: <std::sys::thread::unix::Thread>::new::thread_start
[INFO] [stdout]    8: <unknown>
[INFO] [stdout]    9: clone
[INFO] [stdout] stack backtrace:
[INFO] [stdout]    0:     0x59bed7239811 - <<std[617be2ca0a6fd877]::sys::backtrace::BacktraceLock>::print::DisplayBacktrace as core[a373ad73a504971]::fmt::Display>::fmt
[INFO] [stdout]    1:     0x59bed725009a - core[a373ad73a504971]::fmt::write
[INFO] [stdout]    2:     0x59bed723df9c - <alloc[2e1b2a31b91974c5]::vec::Vec<u8> as core[a373ad73a504971]::io::write::Write>::write_fmt
[INFO] [stdout]    3:     0x59bed7214956 - std[617be2ca0a6fd877]::panicking::default_hook::{closure#0}
[INFO] [stdout]    4:     0x59bed7231c89 - std[617be2ca0a6fd877]::panicking::default_hook
[INFO] [stdout]    5:     0x59bed71c1ec0 - test[aada8e7e76ba119b]::test_main_inner::{closure#0}
[INFO] [stdout]    6:     0x59bed7231fb2 - std[617be2ca0a6fd877]::panicking::panic_with_hook
[INFO] [stdout]    7:     0x59bed7214a02 - std[617be2ca0a6fd877]::panicking::panic_handler::{closure#0}
[INFO] [stdout]    8:     0x59bed720d069 - std[617be2ca0a6fd877]::sys::backtrace::__rust_end_short_backtrace::<std[617be2ca0a6fd877]::panicking::panic_handler::{closure#0}, !>
[INFO] [stdout]    9:     0x59bed721571d - __rustc[ea4f61d10b84890b]::rust_begin_unwind
[INFO] [stdout]   10:     0x59bed72507cc - core[a373ad73a504971]::panicking::panic_fmt
[INFO] [stdout]   11:     0x59bed72505a2 - core[a373ad73a504971]::result::unwrap_failed
[INFO] [stdout]   12:     0x59bed7164542 - <del_msh_cpu[b77f40ab4e6677b3]::io_cfd_mesh_txt::tests::test0::{closure#0} as core[a373ad73a504971]::ops::function::FnOnce<()>>::call_once
[INFO] [stdout]   13:     0x59bed71b530b - test[aada8e7e76ba119b]::__rust_begin_short_backtrace::<core[a373ad73a504971]::result::Result<(), alloc[2e1b2a31b91974c5]::string::String>, fn() -> core[a373ad73a504971]::result::Result<(), alloc[2e1b2a31b91974c5]::string::String>>
[INFO] [stdout]   14:     0x59bed71c24e5 - test[aada8e7e76ba119b]::run_test::{closure#0}
[INFO] [stdout]   15:     0x59bed71bbdd4 - std[617be2ca0a6fd877]::sys::backtrace::__rust_begin_short_backtrace::<test[aada8e7e76ba119b]::run_test::{closure#1}, ()>
[INFO] [stdout]   16:     0x59bed71c5572 - <std[617be2ca0a6fd877]::thread::lifecycle::spawn_unchecked<test[aada8e7e76ba119b]::run_test::{closure#1}, ()>::{closure#1} as core[a373ad73a504971]::ops::function::FnOnce<()>>::call_once::{shim:vtable#0}
[INFO] [stdout]   17:     0x59bed723905f - <std[617be2ca0a6fd877]::sys::thread::unix::Thread>::new::thread_start
[INFO] [stdout]   18:     0x75b7ad0c9dfa - <unknown>
[INFO] [stdout]   19:     0x75b7ad15d3d4 - clone
[INFO] [stdout]   20:                0x0 - <unknown>
[INFO] [stdout] 
[INFO] [stdout] ---- io_ply::test0 stdout ----
[INFO] [stdout] 
[INFO] [stdout] thread 'io_ply::test0' (1770) panicked at src/io_ply.rs:372:62:
[INFO] [stdout] called `Result::unwrap()` on an `Err` value: cannot open "../asset/angel.ply"
[INFO] [stdout] 
[INFO] [stdout] Caused by:
[INFO] [stdout]     No such file or directory (os error 2)
[INFO] [stdout] 
[INFO] [stdout] Stack backtrace:
[INFO] [stdout]    0: <core::io::error::Error as anyhow::context::ext::StdError>::ext_context::<alloc::string::String>
[INFO] [stdout]    1: del_msh_cpu::io_ply::test0::{closure#0}
[INFO] [stdout]    2: <del_msh_cpu::io_ply::test0::{closure#0} as core::ops::function::FnOnce<()>>::call_once
[INFO] [stdout]    3: test::__rust_begin_short_backtrace::<core::result::Result<(), alloc::string::String>, fn() -> core::result::Result<(), alloc::string::String>>
[INFO] [stdout]    4: test::run_test::{closure#0}
[INFO] [stdout]    5: std::sys::backtrace::__rust_begin_short_backtrace::<test::run_test::{closure#1}, ()>
[INFO] [stdout]    6: <std::thread::lifecycle::spawn_unchecked<test::run_test::{closure#1}, ()>::{closure#1} as core::ops::function::FnOnce<()>>::call_once::{shim:vtable#0}
[INFO] [stdout]    7: <std::sys::thread::unix::Thread>::new::thread_start
[INFO] [stdout]    8: <unknown>
[INFO] [stdout]    9: clone
[INFO] [stdout] stack backtrace:
[INFO] [stdout]    0:     0x59bed7239811 - <<std[617be2ca0a6fd877]::sys::backtrace::BacktraceLock>::print::DisplayBacktrace as core[a373ad73a504971]::fmt::Display>::fmt
[INFO] [stdout]    1:     0x59bed725009a - core[a373ad73a504971]::fmt::write
[INFO] [stdout]    2:     0x59bed723df9c - <alloc[2e1b2a31b91974c5]::vec::Vec<u8> as core[a373ad73a504971]::io::write::Write>::write_fmt
[INFO] [stdout]    3:     0x59bed7214956 - std[617be2ca0a6fd877]::panicking::default_hook::{closure#0}
[INFO] [stdout]    4:     0x59bed7231c89 - std[617be2ca0a6fd877]::panicking::default_hook
[INFO] [stdout]    5:     0x59bed71c1ec0 - test[aada8e7e76ba119b]::test_main_inner::{closure#0}
[INFO] [stdout]    6:     0x59bed7231fb2 - std[617be2ca0a6fd877]::panicking::panic_with_hook
[INFO] [stdout]    7:     0x59bed7214a02 - std[617be2ca0a6fd877]::panicking::panic_handler::{closure#0}
[INFO] [stdout]    8:     0x59bed720d069 - std[617be2ca0a6fd877]::sys::backtrace::__rust_end_short_backtrace::<std[617be2ca0a6fd877]::panicking::panic_handler::{closure#0}, !>
[INFO] [stdout]    9:     0x59bed721571d - __rustc[ea4f61d10b84890b]::rust_begin_unwind
[INFO] [stdout]   10:     0x59bed72507cc - core[a373ad73a504971]::panicking::panic_fmt
[INFO] [stdout]   11:     0x59bed72505a2 - core[a373ad73a504971]::result::unwrap_failed
[INFO] [stdout]   12:     0x59bed7148140 - del_msh_cpu[b77f40ab4e6677b3]::io_ply::test0::{closure#0}
[INFO] [stdout]   13:     0x59bed7150859 - <del_msh_cpu[b77f40ab4e6677b3]::io_ply::test0::{closure#0} as core[a373ad73a504971]::ops::function::FnOnce<()>>::call_once
[INFO] [stdout]   14:     0x59bed71b530b - test[aada8e7e76ba119b]::__rust_begin_short_backtrace::<core[a373ad73a504971]::result::Result<(), alloc[2e1b2a31b91974c5]::string::String>, fn() -> core[a373ad73a504971]::result::Result<(), alloc[2e1b2a31b91974c5]::string::String>>
[INFO] [stdout]   15:     0x59bed71c24e5 - test[aada8e7e76ba119b]::run_test::{closure#0}
[INFO] [stdout]   16:     0x59bed71bbdd4 - std[617be2ca0a6fd877]::sys::backtrace::__rust_begin_short_backtrace::<test[aada8e7e76ba119b]::run_test::{closure#1}, ()>
[INFO] [stdout]   17:     0x59bed71c5572 - <std[617be2ca0a6fd877]::thread::lifecycle::spawn_unchecked<test[aada8e7e76ba119b]::run_test::{closure#1}, ()>::{closure#1} as core[a373ad73a504971]::ops::function::FnOnce<()>>::call_once::{shim:vtable#0}
[INFO] [stdout]   18:     0x59bed723905f - <std[617be2ca0a6fd877]::sys::thread::unix::Thread>::new::thread_start
[INFO] [stdout]   19:     0x75b7ad0c9dfa - <unknown>
[INFO] [stdout]   20:     0x75b7ad15d3d4 - clone
[INFO] [stdout]   21:                0x0 - <unknown>
[INFO] [stdout] 
[INFO] [stdout] ---- pix2tri::test_pix2tri stdout ----
[INFO] [stdout] 
[INFO] [stdout] thread 'pix2tri::test_pix2tri' (1786) panicked at src/pix2tri.rs:268:5:
[INFO] [stdout] assertion failed: path_dir_asset.exists()
[INFO] [stdout] stack backtrace:
[INFO] [stdout]    0:     0x59bed7239811 - <<std[617be2ca0a6fd877]::sys::backtrace::BacktraceLock>::print::DisplayBacktrace as core[a373ad73a504971]::fmt::Display>::fmt
[INFO] [stdout]    1:     0x59bed725009a - core[a373ad73a504971]::fmt::write
[INFO] [stdout]    2:     0x59bed723df9c - <alloc[2e1b2a31b91974c5]::vec::Vec<u8> as core[a373ad73a504971]::io::write::Write>::write_fmt
[INFO] [stdout]    3:     0x59bed7214956 - std[617be2ca0a6fd877]::panicking::default_hook::{closure#0}
[INFO] [stdout]    4:     0x59bed7231c89 - std[617be2ca0a6fd877]::panicking::default_hook
[INFO] [stdout]    5:     0x59bed71c1ec0 - test[aada8e7e76ba119b]::test_main_inner::{closure#0}
[INFO] [stdout]    6:     0x59bed7231fb2 - std[617be2ca0a6fd877]::panicking::panic_with_hook
[INFO] [stdout]    7:     0x59bed7214a34 - std[617be2ca0a6fd877]::panicking::panic_handler::{closure#0}
[INFO] [stdout]    8:     0x59bed720d069 - std[617be2ca0a6fd877]::sys::backtrace::__rust_end_short_backtrace::<std[617be2ca0a6fd877]::panicking::panic_handler::{closure#0}, !>
[INFO] [stdout]    9:     0x59bed721571d - __rustc[ea4f61d10b84890b]::rust_begin_unwind
[INFO] [stdout]   10:     0x59bed72507cc - core[a373ad73a504971]::panicking::panic_fmt
[INFO] [stdout]   11:     0x59bed7250792 - core[a373ad73a504971]::panicking::panic
[INFO] [stdout]   12:     0x59bed7161975 - <del_msh_cpu[b77f40ab4e6677b3]::pix2tri::test_pix2tri::{closure#0} as core[a373ad73a504971]::ops::function::FnOnce<()>>::call_once
[INFO] [stdout]   13:     0x59bed71b530b - test[aada8e7e76ba119b]::__rust_begin_short_backtrace::<core[a373ad73a504971]::result::Result<(), alloc[2e1b2a31b91974c5]::string::String>, fn() -> core[a373ad73a504971]::result::Result<(), alloc[2e1b2a31b91974c5]::string::String>>
[INFO] [stdout]   14:     0x59bed71c24e5 - test[aada8e7e76ba119b]::run_test::{closure#0}
[INFO] [stdout]   15:     0x59bed71bbdd4 - std[617be2ca0a6fd877]::sys::backtrace::__rust_begin_short_backtrace::<test[aada8e7e76ba119b]::run_test::{closure#1}, ()>
[INFO] [stdout]   16:     0x59bed71c5572 - <std[617be2ca0a6fd877]::thread::lifecycle::spawn_unchecked<test[aada8e7e76ba119b]::run_test::{closure#1}, ()>::{closure#1} as core[a373ad73a504971]::ops::function::FnOnce<()>>::call_once::{shim:vtable#0}
[INFO] [stdout]   17:     0x59bed723905f - <std[617be2ca0a6fd877]::sys::thread::unix::Thread>::new::thread_start
[INFO] [stdout]   18:     0x75b7ad0c9dfa - <unknown>
[INFO] [stdout]   19:     0x75b7ad15d3d4 - clone
[INFO] [stdout]   20:                0x0 - <unknown>
[INFO] [stdout] 
[INFO] [stdout] ---- polyhedron_mesh::test_elem2volume stdout ----
[INFO] [stdout] 
[INFO] [stdout] thread 'polyhedron_mesh::test_elem2volume' (1787) panicked at src/polyhedron_mesh.rs:400:5:
[INFO] [stdout] assertion failed: path_dir_asset.exists()
[INFO] [stdout] stack backtrace:
[INFO] [stdout]    0:     0x59bed7239811 - <<std[617be2ca0a6fd877]::sys::backtrace::BacktraceLock>::print::DisplayBacktrace as core[a373ad73a504971]::fmt::Display>::fmt
[INFO] [stdout]    1:     0x59bed725009a - core[a373ad73a504971]::fmt::write
[INFO] [stdout]    2:     0x59bed723df9c - <alloc[2e1b2a31b91974c5]::vec::Vec<u8> as core[a373ad73a504971]::io::write::Write>::write_fmt
[INFO] [stdout]    3:     0x59bed7214956 - std[617be2ca0a6fd877]::panicking::default_hook::{closure#0}
[INFO] [stdout]    4:     0x59bed7231c89 - std[617be2ca0a6fd877]::panicking::default_hook
[INFO] [stdout]    5:     0x59bed71c1ec0 - test[aada8e7e76ba119b]::test_main_inner::{closure#0}
[INFO] [stdout]    6:     0x59bed7231fb2 - std[617be2ca0a6fd877]::panicking::panic_with_hook
[INFO] [stdout]    7:     0x59bed7214a34 - std[617be2ca0a6fd877]::panicking::panic_handler::{closure#0}
[INFO] [stdout]    8:     0x59bed720d069 - std[617be2ca0a6fd877]::sys::backtrace::__rust_end_short_backtrace::<std[617be2ca0a6fd877]::panicking::panic_handler::{closure#0}, !>
[INFO] [stdout]    9:     0x59bed721571d - __rustc[ea4f61d10b84890b]::rust_begin_unwind
[INFO] [stdout]   10:     0x59bed72507cc - core[a373ad73a504971]::panicking::panic_fmt
[INFO] [stdout]   11:     0x59bed7250792 - core[a373ad73a504971]::panicking::panic
[INFO] [stdout]   12:     0x59bed7142898 - <del_msh_cpu[b77f40ab4e6677b3]::polyhedron_mesh::test_elem2volume::{closure#0} as core[a373ad73a504971]::ops::function::FnOnce<()>>::call_once
[INFO] [stdout]   13:     0x59bed71b530b - test[aada8e7e76ba119b]::__rust_begin_short_backtrace::<core[a373ad73a504971]::result::Result<(), alloc[2e1b2a31b91974c5]::string::String>, fn() -> core[a373ad73a504971]::result::Result<(), alloc[2e1b2a31b91974c5]::string::String>>
[INFO] [stdout]   14:     0x59bed71c24e5 - test[aada8e7e76ba119b]::run_test::{closure#0}
[INFO] [stdout]   15:     0x59bed71bbdd4 - std[617be2ca0a6fd877]::sys::backtrace::__rust_begin_short_backtrace::<test[aada8e7e76ba119b]::run_test::{closure#1}, ()>
[INFO] [stdout]   16:     0x59bed71c5572 - <std[617be2ca0a6fd877]::thread::lifecycle::spawn_unchecked<test[aada8e7e76ba119b]::run_test::{closure#1}, ()>::{closure#1} as core[a373ad73a504971]::ops::function::FnOnce<()>>::call_once::{shim:vtable#0}
[INFO] [stdout]   17:     0x59bed723905f - <std[617be2ca0a6fd877]::sys::thread::unix::Thread>::new::thread_start
[INFO] [stdout]   18:     0x75b7ad0c9dfa - <unknown>
[INFO] [stdout]   19:     0x75b7ad15d3d4 - clone
[INFO] [stdout]   20:                0x0 - <unknown>
[INFO] [stdout] 
[INFO] [stdout] 
[INFO] [stdout] failures:
[INFO] [stdout]     io_cfd_mesh_txt::tests::test0
[INFO] [stdout]     io_ply::test0
[INFO] [stdout]     pix2tri::test_pix2tri
[INFO] [stdout]     polyhedron_mesh::test_elem2volume
[INFO] [stdout] 
[INFO] [stdout] test result: FAILED. 63 passed; 4 failed; 0 ignored; 0 measured; 0 filtered out; finished in 9.66s
[INFO] [stdout] 
[INFO] [stderr] error: test failed, to rerun pass `--lib`
[INFO] running `Command { std: "docker" "inspect" "6175b2fed9e26c1c3ffa46c1b74bfafae958ff5ca73175b96ab728a97e8bcf74", kill_on_drop: false }`
[INFO] running `Command { std: "docker" "rm" "-f" "6175b2fed9e26c1c3ffa46c1b74bfafae958ff5ca73175b96ab728a97e8bcf74", kill_on_drop: false }`
[INFO] [stdout] 6175b2fed9e26c1c3ffa46c1b74bfafae958ff5ca73175b96ab728a97e8bcf74
