[INFO] fetching crate deku_derive 0.20.3...
[INFO] testing deku_derive-0.20.3 against 1.100.0-beta.1+cargoflags=--release for beta-release-1.100-2
[INFO] extracting crate deku_derive 0.20.3 into /workspace/builds/worker-5-tc2/source
[INFO] started tweaking crates.io crate deku_derive 0.20.3
[INFO] finished tweaking crates.io crate deku_derive 0.20.3
[INFO] tweaked toml for crates.io crate deku_derive 0.20.3 written to /workspace/builds/worker-5-tc2/source/Cargo.toml
[INFO] validating manifest of crates.io crate deku_derive 0.20.3 on toolchain 1.100.0-beta.1
[INFO] running `Command { std: CARGO_HOME="/workspace/cargo-home" RUSTUP_HOME="/workspace/rustup-home" "/workspace/cargo-home/bin/cargo" "+1.100.0-beta.1" "metadata" "--manifest-path" "Cargo.toml" "--no-deps", kill_on_drop: false }`
[INFO] crate crates.io crate deku_derive 0.20.3 already has a lockfile, it will not be regenerated
[INFO] running `Command { std: CARGO_HOME="/workspace/cargo-home" RUSTUP_HOME="/workspace/rustup-home" "/workspace/cargo-home/bin/cargo" "+1.100.0-beta.1" "fetch" "--manifest-path" "Cargo.toml", kill_on_drop: false }`
[INFO] [stderr] warning: Cargo.toml: `lints.clippy.manual-unwrap-or-default` is deprecated in favor of `lints.clippy.manual_unwrap_or_default` and will not work in a future edition
[INFO] [stderr] warning: `deku_derive` (manifest) generated 1 warning
[INFO] running `Command { std: "docker" "create" "-v" "/var/lib/crater-agent-workspace/builds/worker-5-tc2/source:/opt/rustwide/workdir:ro,Z" "-v" "/var/lib/crater-agent-workspace/builds/worker-5-tc2/target:/opt/rustwide/target:rw,Z" "-v" "/var/lib/crater-agent-workspace/cargo-home:/opt/rustwide/cargo-home:ro,Z" "-v" "/var/lib/crater-agent-workspace/rustup-home:/opt/rustwide/rustup-home:ro,Z" "-m" "1610612736" "--network" "none" "ghcr.io/rust-lang/crates-build-env/linux@sha256:77db811e55d90add9212f6832c23229e3de5f1c1f9905e8cb07319ea15df73ac" "sleep" "infinity", kill_on_drop: false }`
[INFO] [stdout] 820c0761e9a5cf36945efca21d64c63ecd6ecdf52d9fd6847b98efff6145ace6
[INFO] running `Command { std: "docker" "start" "820c0761e9a5cf36945efca21d64c63ecd6ecdf52d9fd6847b98efff6145ace6", kill_on_drop: false }`
[INFO] running `Command { std: "docker" "inspect" "820c0761e9a5cf36945efca21d64c63ecd6ecdf52d9fd6847b98efff6145ace6", kill_on_drop: false }`
[INFO] running `Command { std: "docker" "exec" "-e" "SOURCE_DIR=/opt/rustwide/workdir" "-e" "CARGO_HOME=/opt/rustwide/cargo-home" "-e" "RUSTUP_HOME=/opt/rustwide/rustup-home" "-e" "CARGO_TARGET_DIR=/opt/rustwide/target" "-w" "/opt/rustwide/workdir" "--user" "0:0" "820c0761e9a5cf36945efca21d64c63ecd6ecdf52d9fd6847b98efff6145ace6" "/opt/rustwide/cargo-home/bin/cargo" "+1.100.0-beta.1" "metadata" "--no-deps" "--format-version=1", kill_on_drop: false }`
[INFO] running `Command { std: "docker" "inspect" "820c0761e9a5cf36945efca21d64c63ecd6ecdf52d9fd6847b98efff6145ace6", kill_on_drop: false }`
[INFO] running `Command { std: "docker" "exec" "-e" "SOURCE_DIR=/opt/rustwide/workdir" "-e" "CARGO_HOME=/opt/rustwide/cargo-home" "-e" "RUSTUP_HOME=/opt/rustwide/rustup-home" "-e" "CARGO_TARGET_DIR=/opt/rustwide/target" "-e" "CARGO_INCREMENTAL=0" "-e" "RUST_BACKTRACE=full" "-e" "RUSTFLAGS=--cap-lints=warn" "-e" "RUSTDOCFLAGS=--cap-lints=warn" "-w" "/opt/rustwide/workdir" "--user" "0:0" "820c0761e9a5cf36945efca21d64c63ecd6ecdf52d9fd6847b98efff6145ace6" "/opt/rustwide/cargo-home/bin/cargo" "+1.100.0-beta.1" "build" "--frozen" "--message-format=json" "--release", kill_on_drop: false }`
[INFO] [stderr] warning: Cargo.toml: `lints.clippy.manual-unwrap-or-default` is deprecated in favor of `lints.clippy.manual_unwrap_or_default` and will not work in a future edition
[INFO] [stderr] warning: `deku_derive` (manifest) generated 1 warning
[INFO] [stderr]    Compiling proc-macro2 v1.0.105
[INFO] [stderr]    Compiling quote v1.0.43
[INFO] [stderr]    Compiling syn v2.0.114
[INFO] [stderr]    Compiling darling_core v0.21.3
[INFO] [stderr]    Compiling darling_macro v0.21.3
[INFO] [stderr]    Compiling darling v0.21.3
[INFO] [stderr]    Compiling deku_derive v0.20.3 (/opt/rustwide/workdir)
[INFO] [stderr]     Finished `release` profile [optimized] target(s) in 18.30s
[INFO] running `Command { std: "docker" "inspect" "820c0761e9a5cf36945efca21d64c63ecd6ecdf52d9fd6847b98efff6145ace6", kill_on_drop: false }`
[INFO] running `Command { std: "docker" "exec" "-e" "SOURCE_DIR=/opt/rustwide/workdir" "-e" "CARGO_HOME=/opt/rustwide/cargo-home" "-e" "RUSTUP_HOME=/opt/rustwide/rustup-home" "-e" "CARGO_TARGET_DIR=/opt/rustwide/target" "-e" "CARGO_INCREMENTAL=0" "-e" "RUST_BACKTRACE=full" "-e" "RUSTFLAGS=--cap-lints=warn" "-e" "RUSTDOCFLAGS=--cap-lints=warn" "-w" "/opt/rustwide/workdir" "--user" "0:0" "820c0761e9a5cf36945efca21d64c63ecd6ecdf52d9fd6847b98efff6145ace6" "/opt/rustwide/cargo-home/bin/cargo" "+1.100.0-beta.1" "test" "--frozen" "--no-run" "--message-format=json" "--release", kill_on_drop: false }`
[INFO] [stderr] warning: Cargo.toml: `lints.clippy.manual-unwrap-or-default` is deprecated in favor of `lints.clippy.manual_unwrap_or_default` and will not work in a future edition
[INFO] [stderr] warning: `deku_derive` (manifest) generated 1 warning
[INFO] [stderr]    Compiling winnow v0.7.14
[INFO] [stderr]    Compiling memchr v2.7.6
[INFO] [stderr]    Compiling equivalent v1.0.2
[INFO] [stderr]    Compiling hashbrown v0.16.1
[INFO] [stderr]    Compiling toml_datetime v0.7.5+spec-1.1.0
[INFO] [stderr]    Compiling regex-syntax v0.8.8
[INFO] [stderr]    Compiling futures-core v0.3.31
[INFO] [stderr]    Compiling glob v0.3.3
[INFO] [stderr]    Compiling futures-task v0.3.31
[INFO] [stderr]    Compiling pin-project-lite v0.2.16
[INFO] [stderr]    Compiling pin-utils v0.1.0
[INFO] [stderr]    Compiling slab v0.4.11
[INFO] [stderr]    Compiling relative-path v1.9.3
[INFO] [stderr]    Compiling rstest_macros v0.26.1
[INFO] [stderr]    Compiling futures-timer v3.0.3
[INFO] [stderr]    Compiling syn v2.0.114
[INFO] [stderr]    Compiling aho-corasick v1.1.4
[INFO] [stderr]    Compiling indexmap v2.13.0
[INFO] [stderr]    Compiling toml_parser v1.0.6+spec-1.1.0
[INFO] [stderr]    Compiling toml_edit v0.23.10+spec-1.0.0
[INFO] [stderr]    Compiling regex-automata v0.4.13
[INFO] [stderr]    Compiling proc-macro-crate v3.4.0
[INFO] [stderr]    Compiling darling_core v0.21.3
[INFO] [stderr]    Compiling futures-macro v0.3.31
[INFO] [stderr]    Compiling regex v1.12.2
[INFO] [stderr]    Compiling futures-util v0.3.31
[INFO] [stderr]    Compiling darling_macro v0.21.3
[INFO] [stderr]    Compiling darling v0.21.3
[INFO] [stderr]    Compiling deku_derive v0.20.3 (/opt/rustwide/workdir)
[INFO] [stderr]    Compiling rstest v0.26.1
[INFO] [stderr]     Finished `release` profile [optimized] target(s) in 27.90s
[INFO] running `Command { std: "docker" "inspect" "820c0761e9a5cf36945efca21d64c63ecd6ecdf52d9fd6847b98efff6145ace6", kill_on_drop: false }`
[INFO] running `Command { std: "docker" "exec" "-e" "SOURCE_DIR=/opt/rustwide/workdir" "-e" "CARGO_HOME=/opt/rustwide/cargo-home" "-e" "RUSTUP_HOME=/opt/rustwide/rustup-home" "-e" "CARGO_TARGET_DIR=/opt/rustwide/target" "-e" "CARGO_INCREMENTAL=0" "-e" "RUST_BACKTRACE=full" "-e" "RUSTFLAGS=--cap-lints=warn" "-e" "RUSTDOCFLAGS=--cap-lints=warn" "-w" "/opt/rustwide/workdir" "--user" "0:0" "820c0761e9a5cf36945efca21d64c63ecd6ecdf52d9fd6847b98efff6145ace6" "/opt/rustwide/cargo-home/bin/cargo" "+1.100.0-beta.1" "test" "--frozen" "--release", kill_on_drop: false }`
[INFO] [stderr] warning: Cargo.toml: `lints.clippy.manual-unwrap-or-default` is deprecated in favor of `lints.clippy.manual_unwrap_or_default` and will not work in a future edition
[INFO] [stderr] warning: `deku_derive` (manifest) generated 1 warning
[INFO] [stderr]     Finished `release` profile [optimized] target(s) in 0.09s
[INFO] [stderr]      Running unittests src/lib.rs (/opt/rustwide/target/release/build/deku_derive/a57e19e53ae5a390/out/deku_derive-a57e19e53ae5a390)
[INFO] [stdout] 
[INFO] [stdout] running 9 tests
[INFO] [stdout] test tests::test_macro::case_2_struct_unnamed ... ok
[INFO] [stdout] test tests::test_macro::case_9_invalid_endian ... ok
[INFO] [stdout] test tests::test_macro::case_6_enum_empty ... ok
[INFO] [stdout] test tests::test_macro::case_1_struct_empty ... ok
[INFO] [stdout] test tests::test_macro::case_8_invalid_storage ... FAILED
[INFO] [stdout] test tests::test_macro::case_3_struct_unnamed_attrs ... FAILED
[INFO] [stdout] test tests::test_macro::case_7_enum_all ... FAILED
[INFO] [stdout] test tests::test_macro::case_5_struct_internal_var ... FAILED
[INFO] [stderr] error: test failed, to rerun pass `--lib`
[INFO] [stdout] test tests::test_macro::case_4_struct_all_attrs ... FAILED
[INFO] [stdout] 
[INFO] [stdout] failures:
[INFO] [stdout] 
[INFO] [stdout] ---- tests::test_macro::case_8_invalid_storage stdout ----
[INFO] [stdout] 
[INFO] [stdout] thread 'tests::test_macro::case_8_invalid_storage' (836) panicked at src/lib.rs:1450:49:
[INFO] [stdout] called `Result::unwrap()` on an `Err` value: TokenStream [Punct { char: ':', spacing: Joint }, Punct { char: ':', spacing: Alone }, Ident { sym: core }, Punct { char: ':', spacing: Joint }, Punct { char: ':', spacing: Alone }, Ident { sym: compile_error }, Punct { char: '!', spacing: Alone }, Group { delimiter: Brace, stream: TokenStream [Literal { lit: "Unknown field: `bits`. Did you mean `bytes`?" }] }]
[INFO] [stdout] stack backtrace:
[INFO] [stdout]    0:     0x7b1eeb3228c1 - std[617be2ca0a6fd877]::backtrace_rs::backtrace::libunwind::trace
[INFO] [stdout]                                at /rustc/e3feeb59cd1bdd011a2bfcc0747b55125d9b8527/library/std/src/../../backtrace/src/backtrace/libunwind.rs:117:9
[INFO] [stdout]    1:     0x7b1eeb3228c1 - std[617be2ca0a6fd877]::backtrace_rs::backtrace::trace_unsynchronized::<std[617be2ca0a6fd877]::sys::backtrace::_print_fmt::{closure#1}>
[INFO] [stdout]                                at /rustc/e3feeb59cd1bdd011a2bfcc0747b55125d9b8527/library/std/src/../../backtrace/src/backtrace/mod.rs:66:14
[INFO] [stdout]    2:     0x7b1eeb3228c1 - std[617be2ca0a6fd877]::sys::backtrace::_print_fmt
[INFO] [stdout]                                at /rustc/e3feeb59cd1bdd011a2bfcc0747b55125d9b8527/library/std/src/sys/backtrace.rs:74:9
[INFO] [stdout]    3:     0x7b1eeb3228c1 - <<std[617be2ca0a6fd877]::sys::backtrace::BacktraceLock>::print::DisplayBacktrace as core[a373ad73a504971]::fmt::Display>::fmt
[INFO] [stdout]                                at /rustc/e3feeb59cd1bdd011a2bfcc0747b55125d9b8527/library/std/src/sys/backtrace.rs:44:26
[INFO] [stdout]    4:     0x7b1eeb36944a - <core[a373ad73a504971]::fmt::rt::Argument>::fmt
[INFO] [stdout]                                at /rustc/e3feeb59cd1bdd011a2bfcc0747b55125d9b8527/library/core/src/fmt/rt.rs:152:76
[INFO] [stdout]    5:     0x7b1eeb36944a - core[a373ad73a504971]::fmt::write
[INFO] [stdout]    6:     0x7b1eeb33350c - core[a373ad73a504971]::io::write::default_write_fmt::<alloc[2e1b2a31b91974c5]::vec::Vec<u8>>
[INFO] [stdout]                                at /rustc/e3feeb59cd1bdd011a2bfcc0747b55125d9b8527/library/core/src/io/write.rs:402:11
[INFO] [stdout]    7:     0x7b1eeb33350c - <alloc[2e1b2a31b91974c5]::vec::Vec<u8> as core[a373ad73a504971]::io::write::Write>::write_fmt
[INFO] [stdout]                                at /rustc/e3feeb59cd1bdd011a2bfcc0747b55125d9b8527/library/core/src/io/write.rs:335:13
[INFO] [stdout]    8:     0x7b1eeb2ebe26 - <std[617be2ca0a6fd877]::sys::backtrace::BacktraceLock>::print
[INFO] [stdout]                                at /rustc/e3feeb59cd1bdd011a2bfcc0747b55125d9b8527/library/std/src/sys/backtrace.rs:47:9
[INFO] [stdout]    9:     0x7b1eeb2ebe26 - std[617be2ca0a6fd877]::panicking::default_hook::{closure#0}
[INFO] [stdout]                                at /rustc/e3feeb59cd1bdd011a2bfcc0747b55125d9b8527/library/std/src/panicking.rs:289:27
[INFO] [stdout]   10:     0x7b1eeb313869 - std[617be2ca0a6fd877]::panicking::default_hook
[INFO] [stdout]                                at /rustc/e3feeb59cd1bdd011a2bfcc0747b55125d9b8527/library/std/src/panicking.rs:313:9
[INFO] [stdout]   11:     0x600b68b01350 - test[aada8e7e76ba119b]::test_main_inner::{closure#0}
[INFO] [stdout]   12:     0x7b1eeb313b92 - <alloc[2e1b2a31b91974c5]::boxed::Box<dyn for<'a, 'b> core[a373ad73a504971]::ops::function::Fn<(&'a std[617be2ca0a6fd877]::panic::PanicHookInfo<'b>,), Output = ()> + core[a373ad73a504971]::marker::Sync + core[a373ad73a504971]::marker::Send> as core[a373ad73a504971]::ops::function::Fn<(&std[617be2ca0a6fd877]::panic::PanicHookInfo,)>>::call
[INFO] [stdout]                                at /rustc/e3feeb59cd1bdd011a2bfcc0747b55125d9b8527/library/alloc/src/boxed.rs:2328:9
[INFO] [stdout]   13:     0x7b1eeb313b92 - std[617be2ca0a6fd877]::panicking::panic_with_hook
[INFO] [stdout]                                at /rustc/e3feeb59cd1bdd011a2bfcc0747b55125d9b8527/library/std/src/panicking.rs:819:13
[INFO] [stdout]   14:     0x7b1eeb2ebed2 - std[617be2ca0a6fd877]::panicking::panic_handler::{closure#0}
[INFO] [stdout]                                at /rustc/e3feeb59cd1bdd011a2bfcc0747b55125d9b8527/library/std/src/panicking.rs:685:13
[INFO] [stdout]   15:     0x7b1eeb2e3499 - std[617be2ca0a6fd877]::sys::backtrace::__rust_end_short_backtrace::<std[617be2ca0a6fd877]::panicking::panic_handler::{closure#0}, !>
[INFO] [stdout]                                at /rustc/e3feeb59cd1bdd011a2bfcc0747b55125d9b8527/library/std/src/sys/backtrace.rs:182:18
[INFO] [stdout]   16:     0x7b1eeb2ed9bd - __rustc[ea4f61d10b84890b]::rust_begin_unwind
[INFO] [stdout]                                at /rustc/e3feeb59cd1bdd011a2bfcc0747b55125d9b8527/library/std/src/panicking.rs:676:5
[INFO] [stdout]   17:     0x7b1eeb369edc - core[a373ad73a504971]::panicking::panic_fmt
[INFO] [stdout]                                at /rustc/e3feeb59cd1bdd011a2bfcc0747b55125d9b8527/library/core/src/panicking.rs:80:14
[INFO] [stdout]   18:     0x7b1eeb369bc2 - core[a373ad73a504971]::result::unwrap_failed
[INFO] [stdout]                                at /rustc/e3feeb59cd1bdd011a2bfcc0747b55125d9b8527/library/core/src/result.rs:1870:5
[INFO] [stdout]   19:     0x600b68aed8ef - deku_derive[30fbbfc8319c1f47]::tests::test_macro
[INFO] [stdout]   20:     0x600b68af46b8 - <deku_derive[30fbbfc8319c1f47]::tests::test_macro::case_8_invalid_storage::{closure#0} as core[a373ad73a504971]::ops::function::FnOnce<()>>::call_once
[INFO] [stdout]   21:     0x600b68af479b - test[aada8e7e76ba119b]::__rust_begin_short_backtrace::<core[a373ad73a504971]::result::Result<(), alloc[2e1b2a31b91974c5]::string::String>, fn() -> core[a373ad73a504971]::result::Result<(), alloc[2e1b2a31b91974c5]::string::String>>
[INFO] [stdout]   22:     0x600b68b01975 - test[aada8e7e76ba119b]::run_test::{closure#0}
[INFO] [stdout]   23:     0x600b68afb264 - std[617be2ca0a6fd877]::sys::backtrace::__rust_begin_short_backtrace::<test[aada8e7e76ba119b]::run_test::{closure#1}, ()>
[INFO] [stdout]   24:     0x600b68b04a02 - <std[617be2ca0a6fd877]::thread::lifecycle::spawn_unchecked<test[aada8e7e76ba119b]::run_test::{closure#1}, ()>::{closure#1} as core[a373ad73a504971]::ops::function::FnOnce<()>>::call_once::{shim:vtable#0}
[INFO] [stdout]   25:     0x7b1eeb31edff - <alloc[2e1b2a31b91974c5]::boxed::Box<dyn core[a373ad73a504971]::ops::function::FnOnce<(), Output = ()> + core[a373ad73a504971]::marker::Send> as core[a373ad73a504971]::ops::function::FnOnce<()>>::call_once
[INFO] [stdout]                                at /rustc/e3feeb59cd1bdd011a2bfcc0747b55125d9b8527/library/alloc/src/boxed.rs:2314:9
[INFO] [stdout]   26:     0x7b1eeb31edff - <std[617be2ca0a6fd877]::sys::thread::unix::Thread>::new::thread_start
[INFO] [stdout]                                at /rustc/e3feeb59cd1bdd011a2bfcc0747b55125d9b8527/library/std/src/sys/thread/unix.rs:127:17
[INFO] [stdout]   27:     0x7b1eeb07bdfa - <unknown>
[INFO] [stdout]   28:     0x7b1eeb10f3d4 - clone
[INFO] [stdout]   29:                0x0 - <unknown>
[INFO] [stdout] 
[INFO] [stdout] ---- tests::test_macro::case_3_struct_unnamed_attrs stdout ----
[INFO] [stdout] 
[INFO] [stdout] thread 'tests::test_macro::case_3_struct_unnamed_attrs' (831) panicked at src/lib.rs:1450:49:
[INFO] [stdout] called `Result::unwrap()` on an `Err` value: TokenStream [Punct { char: ':', spacing: Joint }, Punct { char: ':', spacing: Alone }, Ident { sym: core }, Punct { char: ':', spacing: Joint }, Punct { char: ':', spacing: Alone }, Ident { sym: compile_error }, Punct { char: '!', spacing: Alone }, Group { delimiter: Brace, stream: TokenStream [Literal { lit: "Unknown field: `bits`. Did you mean `bytes`?" }] }]
[INFO] [stdout] stack backtrace:
[INFO] [stdout]    0:     0x7b1eeb3228c1 - std[617be2ca0a6fd877]::backtrace_rs::backtrace::libunwind::trace
[INFO] [stdout]                                at /rustc/e3feeb59cd1bdd011a2bfcc0747b55125d9b8527/library/std/src/../../backtrace/src/backtrace/libunwind.rs:117:9
[INFO] [stdout]    1:     0x7b1eeb3228c1 - std[617be2ca0a6fd877]::backtrace_rs::backtrace::trace_unsynchronized::<std[617be2ca0a6fd877]::sys::backtrace::_print_fmt::{closure#1}>
[INFO] [stdout]                                at /rustc/e3feeb59cd1bdd011a2bfcc0747b55125d9b8527/library/std/src/../../backtrace/src/backtrace/mod.rs:66:14
[INFO] [stdout]    2:     0x7b1eeb3228c1 - std[617be2ca0a6fd877]::sys::backtrace::_print_fmt
[INFO] [stdout]                                at /rustc/e3feeb59cd1bdd011a2bfcc0747b55125d9b8527/library/std/src/sys/backtrace.rs:74:9
[INFO] [stdout]    3:     0x7b1eeb3228c1 - <<std[617be2ca0a6fd877]::sys::backtrace::BacktraceLock>::print::DisplayBacktrace as core[a373ad73a504971]::fmt::Display>::fmt
[INFO] [stdout]                                at /rustc/e3feeb59cd1bdd011a2bfcc0747b55125d9b8527/library/std/src/sys/backtrace.rs:44:26
[INFO] [stdout]    4:     0x7b1eeb36944a - <core[a373ad73a504971]::fmt::rt::Argument>::fmt
[INFO] [stdout]                                at /rustc/e3feeb59cd1bdd011a2bfcc0747b55125d9b8527/library/core/src/fmt/rt.rs:152:76
[INFO] [stdout]    5:     0x7b1eeb36944a - core[a373ad73a504971]::fmt::write
[INFO] [stdout]    6:     0x7b1eeb33350c - core[a373ad73a504971]::io::write::default_write_fmt::<alloc[2e1b2a31b91974c5]::vec::Vec<u8>>
[INFO] [stdout]                                at /rustc/e3feeb59cd1bdd011a2bfcc0747b55125d9b8527/library/core/src/io/write.rs:402:11
[INFO] [stdout]    7:     0x7b1eeb33350c - <alloc[2e1b2a31b91974c5]::vec::Vec<u8> as core[a373ad73a504971]::io::write::Write>::write_fmt
[INFO] [stdout]                                at /rustc/e3feeb59cd1bdd011a2bfcc0747b55125d9b8527/library/core/src/io/write.rs:335:13
[INFO] [stdout]    8:     0x7b1eeb2ebe26 - <std[617be2ca0a6fd877]::sys::backtrace::BacktraceLock>::print
[INFO] [stdout]                                at /rustc/e3feeb59cd1bdd011a2bfcc0747b55125d9b8527/library/std/src/sys/backtrace.rs:47:9
[INFO] [stdout]    9:     0x7b1eeb2ebe26 - std[617be2ca0a6fd877]::panicking::default_hook::{closure#0}
[INFO] [stdout]                                at /rustc/e3feeb59cd1bdd011a2bfcc0747b55125d9b8527/library/std/src/panicking.rs:289:27
[INFO] [stdout]   10:     0x7b1eeb313869 - std[617be2ca0a6fd877]::panicking::default_hook
[INFO] [stdout]                                at /rustc/e3feeb59cd1bdd011a2bfcc0747b55125d9b8527/library/std/src/panicking.rs:313:9
[INFO] [stdout]   11:     0x600b68b01350 - test[aada8e7e76ba119b]::test_main_inner::{closure#0}
[INFO] [stdout]   12:     0x7b1eeb313b92 - <alloc[2e1b2a31b91974c5]::boxed::Box<dyn for<'a, 'b> core[a373ad73a504971]::ops::function::Fn<(&'a std[617be2ca0a6fd877]::panic::PanicHookInfo<'b>,), Output = ()> + core[a373ad73a504971]::marker::Sync + core[a373ad73a504971]::marker::Send> as core[a373ad73a504971]::ops::function::Fn<(&std[617be2ca0a6fd877]::panic::PanicHookInfo,)>>::call
[INFO] [stdout]                                at /rustc/e3feeb59cd1bdd011a2bfcc0747b55125d9b8527/library/alloc/src/boxed.rs:2328:9
[INFO] [stdout]   13:     0x7b1eeb313b92 - std[617be2ca0a6fd877]::panicking::panic_with_hook
[INFO] [stdout]                                at /rustc/e3feeb59cd1bdd011a2bfcc0747b55125d9b8527/library/std/src/panicking.rs:819:13
[INFO] [stdout]   14:     0x7b1eeb2ebed2 - std[617be2ca0a6fd877]::panicking::panic_handler::{closure#0}
[INFO] [stdout]                                at /rustc/e3feeb59cd1bdd011a2bfcc0747b55125d9b8527/library/std/src/panicking.rs:685:13
[INFO] [stdout]   15:     0x7b1eeb2e3499 - std[617be2ca0a6fd877]::sys::backtrace::__rust_end_short_backtrace::<std[617be2ca0a6fd877]::panicking::panic_handler::{closure#0}, !>
[INFO] [stdout]                                at /rustc/e3feeb59cd1bdd011a2bfcc0747b55125d9b8527/library/std/src/sys/backtrace.rs:182:18
[INFO] [stdout]   16:     0x7b1eeb2ed9bd - __rustc[ea4f61d10b84890b]::rust_begin_unwind
[INFO] [stdout]                                at /rustc/e3feeb59cd1bdd011a2bfcc0747b55125d9b8527/library/std/src/panicking.rs:676:5
[INFO] [stdout]   17:     0x7b1eeb369edc - core[a373ad73a504971]::panicking::panic_fmt
[INFO] [stdout]                                at /rustc/e3feeb59cd1bdd011a2bfcc0747b55125d9b8527/library/core/src/panicking.rs:80:14
[INFO] [stdout]   18:     0x7b1eeb369bc2 - core[a373ad73a504971]::result::unwrap_failed
[INFO] [stdout]                                at /rustc/e3feeb59cd1bdd011a2bfcc0747b55125d9b8527/library/core/src/result.rs:1870:5
[INFO] [stdout]   19:     0x600b68aed8ef - deku_derive[30fbbfc8319c1f47]::tests::test_macro
[INFO] [stdout]   20:     0x600b68af4778 - <deku_derive[30fbbfc8319c1f47]::tests::test_macro::case_3_struct_unnamed_attrs::{closure#0} as core[a373ad73a504971]::ops::function::FnOnce<()>>::call_once
[INFO] [stdout]   21:     0x600b68af479b - test[aada8e7e76ba119b]::__rust_begin_short_backtrace::<core[a373ad73a504971]::result::Result<(), alloc[2e1b2a31b91974c5]::string::String>, fn() -> core[a373ad73a504971]::result::Result<(), alloc[2e1b2a31b91974c5]::string::String>>
[INFO] [stdout]   22:     0x600b68b01975 - test[aada8e7e76ba119b]::run_test::{closure#0}
[INFO] [stdout]   23:     0x600b68afb264 - std[617be2ca0a6fd877]::sys::backtrace::__rust_begin_short_backtrace::<test[aada8e7e76ba119b]::run_test::{closure#1}, ()>
[INFO] [stdout]   24:     0x600b68b04a02 - <std[617be2ca0a6fd877]::thread::lifecycle::spawn_unchecked<test[aada8e7e76ba119b]::run_test::{closure#1}, ()>::{closure#1} as core[a373ad73a504971]::ops::function::FnOnce<()>>::call_once::{shim:vtable#0}
[INFO] [stdout]   25:     0x7b1eeb31edff - <alloc[2e1b2a31b91974c5]::boxed::Box<dyn core[a373ad73a504971]::ops::function::FnOnce<(), Output = ()> + core[a373ad73a504971]::marker::Send> as core[a373ad73a504971]::ops::function::FnOnce<()>>::call_once
[INFO] [stdout]                                at /rustc/e3feeb59cd1bdd011a2bfcc0747b55125d9b8527/library/alloc/src/boxed.rs:2314:9
[INFO] [stdout]   26:     0x7b1eeb31edff - <std[617be2ca0a6fd877]::sys::thread::unix::Thread>::new::thread_start
[INFO] [stdout]                                at /rustc/e3feeb59cd1bdd011a2bfcc0747b55125d9b8527/library/std/src/sys/thread/unix.rs:127:17
[INFO] [stdout]   27:     0x7b1eeb07bdfa - <unknown>
[INFO] [stdout]   28:     0x7b1eeb10f3d4 - clone
[INFO] [stdout]   29:                0x0 - <unknown>
[INFO] [stdout] 
[INFO] [stdout] ---- tests::test_macro::case_7_enum_all stdout ----
[INFO] [stdout] 
[INFO] [stdout] thread 'tests::test_macro::case_7_enum_all' (835) panicked at src/lib.rs:1450:49:
[INFO] [stdout] called `Result::unwrap()` on an `Err` value: TokenStream [Punct { char: ':', spacing: Joint }, Punct { char: ':', spacing: Alone }, Ident { sym: core }, Punct { char: ':', spacing: Joint }, Punct { char: ':', spacing: Alone }, Ident { sym: compile_error }, Punct { char: '!', spacing: Alone }, Group { delimiter: Brace, stream: TokenStream [Literal { lit: "Unknown field: `bits`. Did you mean `bytes`?" }] }]
[INFO] [stdout] stack backtrace:
[INFO] [stdout]    0:     0x7b1eeb3228c1 - std[617be2ca0a6fd877]::backtrace_rs::backtrace::libunwind::trace
[INFO] [stdout]                                at /rustc/e3feeb59cd1bdd011a2bfcc0747b55125d9b8527/library/std/src/../../backtrace/src/backtrace/libunwind.rs:117:9
[INFO] [stdout]    1:     0x7b1eeb3228c1 - std[617be2ca0a6fd877]::backtrace_rs::backtrace::trace_unsynchronized::<std[617be2ca0a6fd877]::sys::backtrace::_print_fmt::{closure#1}>
[INFO] [stdout]                                at /rustc/e3feeb59cd1bdd011a2bfcc0747b55125d9b8527/library/std/src/../../backtrace/src/backtrace/mod.rs:66:14
[INFO] [stdout]    2:     0x7b1eeb3228c1 - std[617be2ca0a6fd877]::sys::backtrace::_print_fmt
[INFO] [stdout]                                at /rustc/e3feeb59cd1bdd011a2bfcc0747b55125d9b8527/library/std/src/sys/backtrace.rs:74:9
[INFO] [stdout]    3:     0x7b1eeb3228c1 - <<std[617be2ca0a6fd877]::sys::backtrace::BacktraceLock>::print::DisplayBacktrace as core[a373ad73a504971]::fmt::Display>::fmt
[INFO] [stdout]                                at /rustc/e3feeb59cd1bdd011a2bfcc0747b55125d9b8527/library/std/src/sys/backtrace.rs:44:26
[INFO] [stdout]    4:     0x7b1eeb36944a - <core[a373ad73a504971]::fmt::rt::Argument>::fmt
[INFO] [stdout]                                at /rustc/e3feeb59cd1bdd011a2bfcc0747b55125d9b8527/library/core/src/fmt/rt.rs:152:76
[INFO] [stdout]    5:     0x7b1eeb36944a - core[a373ad73a504971]::fmt::write
[INFO] [stdout]    6:     0x7b1eeb33350c - core[a373ad73a504971]::io::write::default_write_fmt::<alloc[2e1b2a31b91974c5]::vec::Vec<u8>>
[INFO] [stdout]                                at /rustc/e3feeb59cd1bdd011a2bfcc0747b55125d9b8527/library/core/src/io/write.rs:402:11
[INFO] [stdout]    7:     0x7b1eeb33350c - <alloc[2e1b2a31b91974c5]::vec::Vec<u8> as core[a373ad73a504971]::io::write::Write>::write_fmt
[INFO] [stdout]                                at /rustc/e3feeb59cd1bdd011a2bfcc0747b55125d9b8527/library/core/src/io/write.rs:335:13
[INFO] [stdout]    8:     0x7b1eeb2ebe26 - <std[617be2ca0a6fd877]::sys::backtrace::BacktraceLock>::print
[INFO] [stdout]                                at /rustc/e3feeb59cd1bdd011a2bfcc0747b55125d9b8527/library/std/src/sys/backtrace.rs:47:9
[INFO] [stdout]    9:     0x7b1eeb2ebe26 - std[617be2ca0a6fd877]::panicking::default_hook::{closure#0}
[INFO] [stdout]                                at /rustc/e3feeb59cd1bdd011a2bfcc0747b55125d9b8527/library/std/src/panicking.rs:289:27
[INFO] [stdout]   10:     0x7b1eeb313869 - std[617be2ca0a6fd877]::panicking::default_hook
[INFO] [stdout]                                at /rustc/e3feeb59cd1bdd011a2bfcc0747b55125d9b8527/library/std/src/panicking.rs:313:9
[INFO] [stdout]   11:     0x600b68b01350 - test[aada8e7e76ba119b]::test_main_inner::{closure#0}
[INFO] [stdout]   12:     0x7b1eeb313b92 - <alloc[2e1b2a31b91974c5]::boxed::Box<dyn for<'a, 'b> core[a373ad73a504971]::ops::function::Fn<(&'a std[617be2ca0a6fd877]::panic::PanicHookInfo<'b>,), Output = ()> + core[a373ad73a504971]::marker::Sync + core[a373ad73a504971]::marker::Send> as core[a373ad73a504971]::ops::function::Fn<(&std[617be2ca0a6fd877]::panic::PanicHookInfo,)>>::call
[INFO] [stdout]                                at /rustc/e3feeb59cd1bdd011a2bfcc0747b55125d9b8527/library/alloc/src/boxed.rs:2328:9
[INFO] [stdout]   13:     0x7b1eeb313b92 - std[617be2ca0a6fd877]::panicking::panic_with_hook
[INFO] [stdout]                                at /rustc/e3feeb59cd1bdd011a2bfcc0747b55125d9b8527/library/std/src/panicking.rs:819:13
[INFO] [stdout]   14:     0x7b1eeb2ebed2 - std[617be2ca0a6fd877]::panicking::panic_handler::{closure#0}
[INFO] [stdout]                                at /rustc/e3feeb59cd1bdd011a2bfcc0747b55125d9b8527/library/std/src/panicking.rs:685:13
[INFO] [stdout]   15:     0x7b1eeb2e3499 - std[617be2ca0a6fd877]::sys::backtrace::__rust_end_short_backtrace::<std[617be2ca0a6fd877]::panicking::panic_handler::{closure#0}, !>
[INFO] [stdout]                                at /rustc/e3feeb59cd1bdd011a2bfcc0747b55125d9b8527/library/std/src/sys/backtrace.rs:182:18
[INFO] [stdout]   16:     0x7b1eeb2ed9bd - __rustc[ea4f61d10b84890b]::rust_begin_unwind
[INFO] [stdout]                                at /rustc/e3feeb59cd1bdd011a2bfcc0747b55125d9b8527/library/std/src/panicking.rs:676:5
[INFO] [stdout]   17:     0x7b1eeb369edc - core[a373ad73a504971]::panicking::panic_fmt
[INFO] [stdout]                                at /rustc/e3feeb59cd1bdd011a2bfcc0747b55125d9b8527/library/core/src/panicking.rs:80:14
[INFO] [stdout]   18:     0x7b1eeb369bc2 - core[a373ad73a504971]::result::unwrap_failed
[INFO] [stdout]                                at /rustc/e3feeb59cd1bdd011a2bfcc0747b55125d9b8527/library/core/src/result.rs:1870:5
[INFO] [stdout]   19:     0x600b68aed8ef - deku_derive[30fbbfc8319c1f47]::tests::test_macro
[INFO] [stdout]   20:     0x600b68af4578 - <deku_derive[30fbbfc8319c1f47]::tests::test_macro::case_7_enum_all::{closure#0} as core[a373ad73a504971]::ops::function::FnOnce<()>>::call_once
[INFO] [stdout]   21:     0x600b68af479b - test[aada8e7e76ba119b]::__rust_begin_short_backtrace::<core[a373ad73a504971]::result::Result<(), alloc[2e1b2a31b91974c5]::string::String>, fn() -> core[a373ad73a504971]::result::Result<(), alloc[2e1b2a31b91974c5]::string::String>>
[INFO] [stdout]   22:     0x600b68b01975 - test[aada8e7e76ba119b]::run_test::{closure#0}
[INFO] [stdout]   23:     0x600b68afb264 - std[617be2ca0a6fd877]::sys::backtrace::__rust_begin_short_backtrace::<test[aada8e7e76ba119b]::run_test::{closure#1}, ()>
[INFO] [stdout]   24:     0x600b68b04a02 - <std[617be2ca0a6fd877]::thread::lifecycle::spawn_unchecked<test[aada8e7e76ba119b]::run_test::{closure#1}, ()>::{closure#1} as core[a373ad73a504971]::ops::function::FnOnce<()>>::call_once::{shim:vtable#0}
[INFO] [stdout]   25:     0x7b1eeb31edff - <alloc[2e1b2a31b91974c5]::boxed::Box<dyn core[a373ad73a504971]::ops::function::FnOnce<(), Output = ()> + core[a373ad73a504971]::marker::Send> as core[a373ad73a504971]::ops::function::FnOnce<()>>::call_once
[INFO] [stdout]                                at /rustc/e3feeb59cd1bdd011a2bfcc0747b55125d9b8527/library/alloc/src/boxed.rs:2314:9
[INFO] [stdout]   26:     0x7b1eeb31edff - <std[617be2ca0a6fd877]::sys::thread::unix::Thread>::new::thread_start
[INFO] [stdout]                                at /rustc/e3feeb59cd1bdd011a2bfcc0747b55125d9b8527/library/std/src/sys/thread/unix.rs:127:17
[INFO] [stdout]   27:     0x7b1eeb07bdfa - <unknown>
[INFO] [stdout]   28:     0x7b1eeb10f3d4 - clone
[INFO] [stdout]   29:                0x0 - <unknown>
[INFO] [stdout] 
[INFO] [stdout] ---- tests::test_macro::case_5_struct_internal_var stdout ----
[INFO] [stdout] 
[INFO] [stdout] thread 'tests::test_macro::case_5_struct_internal_var' (833) panicked at src/lib.rs:1450:49:
[INFO] [stdout] called `Result::unwrap()` on an `Err` value: TokenStream [Punct { char: ':', spacing: Joint }, Punct { char: ':', spacing: Alone }, Ident { sym: core }, Punct { char: ':', spacing: Joint }, Punct { char: ':', spacing: Alone }, Ident { sym: compile_error }, Punct { char: '!', spacing: Alone }, Group { delimiter: Brace, stream: TokenStream [Literal { lit: "Unknown field: `bits_read`. Did you mean `bit_order`?" }] }]
[INFO] [stdout] stack backtrace:
[INFO] [stdout]    0:     0x7b1eeb3228c1 - std[617be2ca0a6fd877]::backtrace_rs::backtrace::libunwind::trace
[INFO] [stdout]                                at /rustc/e3feeb59cd1bdd011a2bfcc0747b55125d9b8527/library/std/src/../../backtrace/src/backtrace/libunwind.rs:117:9
[INFO] [stdout]    1:     0x7b1eeb3228c1 - std[617be2ca0a6fd877]::backtrace_rs::backtrace::trace_unsynchronized::<std[617be2ca0a6fd877]::sys::backtrace::_print_fmt::{closure#1}>
[INFO] [stdout]                                at /rustc/e3feeb59cd1bdd011a2bfcc0747b55125d9b8527/library/std/src/../../backtrace/src/backtrace/mod.rs:66:14
[INFO] [stdout]    2:     0x7b1eeb3228c1 - std[617be2ca0a6fd877]::sys::backtrace::_print_fmt
[INFO] [stdout]                                at /rustc/e3feeb59cd1bdd011a2bfcc0747b55125d9b8527/library/std/src/sys/backtrace.rs:74:9
[INFO] [stdout]    3:     0x7b1eeb3228c1 - <<std[617be2ca0a6fd877]::sys::backtrace::BacktraceLock>::print::DisplayBacktrace as core[a373ad73a504971]::fmt::Display>::fmt
[INFO] [stdout]                                at /rustc/e3feeb59cd1bdd011a2bfcc0747b55125d9b8527/library/std/src/sys/backtrace.rs:44:26
[INFO] [stdout]    4:     0x7b1eeb36944a - <core[a373ad73a504971]::fmt::rt::Argument>::fmt
[INFO] [stdout]                                at /rustc/e3feeb59cd1bdd011a2bfcc0747b55125d9b8527/library/core/src/fmt/rt.rs:152:76
[INFO] [stdout]    5:     0x7b1eeb36944a - core[a373ad73a504971]::fmt::write
[INFO] [stdout]    6:     0x7b1eeb33350c - core[a373ad73a504971]::io::write::default_write_fmt::<alloc[2e1b2a31b91974c5]::vec::Vec<u8>>
[INFO] [stdout]                                at /rustc/e3feeb59cd1bdd011a2bfcc0747b55125d9b8527/library/core/src/io/write.rs:402:11
[INFO] [stdout]    7:     0x7b1eeb33350c - <alloc[2e1b2a31b91974c5]::vec::Vec<u8> as core[a373ad73a504971]::io::write::Write>::write_fmt
[INFO] [stdout]                                at /rustc/e3feeb59cd1bdd011a2bfcc0747b55125d9b8527/library/core/src/io/write.rs:335:13
[INFO] [stdout]    8:     0x7b1eeb2ebe26 - <std[617be2ca0a6fd877]::sys::backtrace::BacktraceLock>::print
[INFO] [stdout]                                at /rustc/e3feeb59cd1bdd011a2bfcc0747b55125d9b8527/library/std/src/sys/backtrace.rs:47:9
[INFO] [stdout]    9:     0x7b1eeb2ebe26 - std[617be2ca0a6fd877]::panicking::default_hook::{closure#0}
[INFO] [stdout]                                at /rustc/e3feeb59cd1bdd011a2bfcc0747b55125d9b8527/library/std/src/panicking.rs:289:27
[INFO] [stdout]   10:     0x7b1eeb313869 - std[617be2ca0a6fd877]::panicking::default_hook
[INFO] [stdout]                                at /rustc/e3feeb59cd1bdd011a2bfcc0747b55125d9b8527/library/std/src/panicking.rs:313:9
[INFO] [stdout]   11:     0x600b68b01350 - test[aada8e7e76ba119b]::test_main_inner::{closure#0}
[INFO] [stdout]   12:     0x7b1eeb313b92 - <alloc[2e1b2a31b91974c5]::boxed::Box<dyn for<'a, 'b> core[a373ad73a504971]::ops::function::Fn<(&'a std[617be2ca0a6fd877]::panic::PanicHookInfo<'b>,), Output = ()> + core[a373ad73a504971]::marker::Sync + core[a373ad73a504971]::marker::Send> as core[a373ad73a504971]::ops::function::Fn<(&std[617be2ca0a6fd877]::panic::PanicHookInfo,)>>::call
[INFO] [stdout]                                at /rustc/e3feeb59cd1bdd011a2bfcc0747b55125d9b8527/library/alloc/src/boxed.rs:2328:9
[INFO] [stdout]   13:     0x7b1eeb313b92 - std[617be2ca0a6fd877]::panicking::panic_with_hook
[INFO] [stdout]                                at /rustc/e3feeb59cd1bdd011a2bfcc0747b55125d9b8527/library/std/src/panicking.rs:819:13
[INFO] [stdout]   14:     0x7b1eeb2ebed2 - std[617be2ca0a6fd877]::panicking::panic_handler::{closure#0}
[INFO] [stdout]                                at /rustc/e3feeb59cd1bdd011a2bfcc0747b55125d9b8527/library/std/src/panicking.rs:685:13
[INFO] [stdout]   15:     0x7b1eeb2e3499 - std[617be2ca0a6fd877]::sys::backtrace::__rust_end_short_backtrace::<std[617be2ca0a6fd877]::panicking::panic_handler::{closure#0}, !>
[INFO] [stdout]                                at /rustc/e3feeb59cd1bdd011a2bfcc0747b55125d9b8527/library/std/src/sys/backtrace.rs:182:18
[INFO] [stdout]   16:     0x7b1eeb2ed9bd - __rustc[ea4f61d10b84890b]::rust_begin_unwind
[INFO] [stdout]                                at /rustc/e3feeb59cd1bdd011a2bfcc0747b55125d9b8527/library/std/src/panicking.rs:676:5
[INFO] [stdout]   17:     0x7b1eeb369edc - core[a373ad73a504971]::panicking::panic_fmt
[INFO] [stdout]                                at /rustc/e3feeb59cd1bdd011a2bfcc0747b55125d9b8527/library/core/src/panicking.rs:80:14
[INFO] [stdout]   18:     0x7b1eeb369bc2 - core[a373ad73a504971]::result::unwrap_failed
[INFO] [stdout]                                at /rustc/e3feeb59cd1bdd011a2bfcc0747b55125d9b8527/library/core/src/result.rs:1870:5
[INFO] [stdout]   19:     0x600b68aed8ef - deku_derive[30fbbfc8319c1f47]::tests::test_macro
[INFO] [stdout]   20:     0x600b68af4738 - <deku_derive[30fbbfc8319c1f47]::tests::test_macro::case_5_struct_internal_var::{closure#0} as core[a373ad73a504971]::ops::function::FnOnce<()>>::call_once
[INFO] [stdout]   21:     0x600b68af479b - test[aada8e7e76ba119b]::__rust_begin_short_backtrace::<core[a373ad73a504971]::result::Result<(), alloc[2e1b2a31b91974c5]::string::String>, fn() -> core[a373ad73a504971]::result::Result<(), alloc[2e1b2a31b91974c5]::string::String>>
[INFO] [stdout]   22:     0x600b68b01975 - test[aada8e7e76ba119b]::run_test::{closure#0}
[INFO] [stdout]   23:     0x600b68afb264 - std[617be2ca0a6fd877]::sys::backtrace::__rust_begin_short_backtrace::<test[aada8e7e76ba119b]::run_test::{closure#1}, ()>
[INFO] [stdout]   24:     0x600b68b04a02 - <std[617be2ca0a6fd877]::thread::lifecycle::spawn_unchecked<test[aada8e7e76ba119b]::run_test::{closure#1}, ()>::{closure#1} as core[a373ad73a504971]::ops::function::FnOnce<()>>::call_once::{shim:vtable#0}
[INFO] [stdout]   25:     0x7b1eeb31edff - <alloc[2e1b2a31b91974c5]::boxed::Box<dyn core[a373ad73a504971]::ops::function::FnOnce<(), Output = ()> + core[a373ad73a504971]::marker::Send> as core[a373ad73a504971]::ops::function::FnOnce<()>>::call_once
[INFO] [stdout]                                at /rustc/e3feeb59cd1bdd011a2bfcc0747b55125d9b8527/library/alloc/src/boxed.rs:2314:9
[INFO] [stdout]   26:     0x7b1eeb31edff - <std[617be2ca0a6fd877]::sys::thread::unix::Thread>::new::thread_start
[INFO] [stdout]                                at /rustc/e3feeb59cd1bdd011a2bfcc0747b55125d9b8527/library/std/src/sys/thread/unix.rs:127:17
[INFO] [stdout]   27:     0x7b1eeb07bdfa - <unknown>
[INFO] [stdout]   28:     0x7b1eeb10f3d4 - clone
[INFO] [stdout]   29:                0x0 - <unknown>
[INFO] [stdout] 
[INFO] [stdout] ---- tests::test_macro::case_4_struct_all_attrs stdout ----
[INFO] [stdout] 
[INFO] [stdout] thread 'tests::test_macro::case_4_struct_all_attrs' (832) panicked at src/lib.rs:1450:49:
[INFO] [stdout] called `Result::unwrap()` on an `Err` value: TokenStream [Punct { char: ':', spacing: Joint }, Punct { char: ':', spacing: Alone }, Ident { sym: core }, Punct { char: ':', spacing: Joint }, Punct { char: ':', spacing: Alone }, Ident { sym: compile_error }, Punct { char: '!', spacing: Alone }, Group { delimiter: Brace, stream: TokenStream [Literal { lit: "Unknown field: `bits`. Did you mean `bytes`?" }] }]
[INFO] [stdout] stack backtrace:
[INFO] [stdout]    0:     0x7b1eeb3228c1 - std[617be2ca0a6fd877]::backtrace_rs::backtrace::libunwind::trace
[INFO] [stdout]                                at /rustc/e3feeb59cd1bdd011a2bfcc0747b55125d9b8527/library/std/src/../../backtrace/src/backtrace/libunwind.rs:117:9
[INFO] [stdout]    1:     0x7b1eeb3228c1 - std[617be2ca0a6fd877]::backtrace_rs::backtrace::trace_unsynchronized::<std[617be2ca0a6fd877]::sys::backtrace::_print_fmt::{closure#1}>
[INFO] [stdout]                                at /rustc/e3feeb59cd1bdd011a2bfcc0747b55125d9b8527/library/std/src/../../backtrace/src/backtrace/mod.rs:66:14
[INFO] [stdout]    2:     0x7b1eeb3228c1 - std[617be2ca0a6fd877]::sys::backtrace::_print_fmt
[INFO] [stdout]                                at /rustc/e3feeb59cd1bdd011a2bfcc0747b55125d9b8527/library/std/src/sys/backtrace.rs:74:9
[INFO] [stdout]    3:     0x7b1eeb3228c1 - <<std[617be2ca0a6fd877]::sys::backtrace::BacktraceLock>::print::DisplayBacktrace as core[a373ad73a504971]::fmt::Display>::fmt
[INFO] [stdout]                                at /rustc/e3feeb59cd1bdd011a2bfcc0747b55125d9b8527/library/std/src/sys/backtrace.rs:44:26
[INFO] [stdout]    4:     0x7b1eeb36944a - <core[a373ad73a504971]::fmt::rt::Argument>::fmt
[INFO] [stdout]                                at /rustc/e3feeb59cd1bdd011a2bfcc0747b55125d9b8527/library/core/src/fmt/rt.rs:152:76
[INFO] [stdout]    5:     0x7b1eeb36944a - core[a373ad73a504971]::fmt::write
[INFO] [stdout]    6:     0x7b1eeb33350c - core[a373ad73a504971]::io::write::default_write_fmt::<alloc[2e1b2a31b91974c5]::vec::Vec<u8>>
[INFO] [stdout]                                at /rustc/e3feeb59cd1bdd011a2bfcc0747b55125d9b8527/library/core/src/io/write.rs:402:11
[INFO] [stdout]    7:     0x7b1eeb33350c - <alloc[2e1b2a31b91974c5]::vec::Vec<u8> as core[a373ad73a504971]::io::write::Write>::write_fmt
[INFO] [stdout]                                at /rustc/e3feeb59cd1bdd011a2bfcc0747b55125d9b8527/library/core/src/io/write.rs:335:13
[INFO] [stdout]    8:     0x7b1eeb2ebe26 - <std[617be2ca0a6fd877]::sys::backtrace::BacktraceLock>::print
[INFO] [stdout]                                at /rustc/e3feeb59cd1bdd011a2bfcc0747b55125d9b8527/library/std/src/sys/backtrace.rs:47:9
[INFO] [stdout]    9:     0x7b1eeb2ebe26 - std[617be2ca0a6fd877]::panicking::default_hook::{closure#0}
[INFO] [stdout]                                at /rustc/e3feeb59cd1bdd011a2bfcc0747b55125d9b8527/library/std/src/panicking.rs:289:27
[INFO] [stdout]   10:     0x7b1eeb313869 - std[617be2ca0a6fd877]::panicking::default_hook
[INFO] [stdout]                                at /rustc/e3feeb59cd1bdd011a2bfcc0747b55125d9b8527/library/std/src/panicking.rs:313:9
[INFO] [stdout]   11:     0x600b68b01350 - test[aada8e7e76ba119b]::test_main_inner::{closure#0}
[INFO] [stdout]   12:     0x7b1eeb313b92 - <alloc[2e1b2a31b91974c5]::boxed::Box<dyn for<'a, 'b> core[a373ad73a504971]::ops::function::Fn<(&'a std[617be2ca0a6fd877]::panic::PanicHookInfo<'b>,), Output = ()> + core[a373ad73a504971]::marker::Sync + core[a373ad73a504971]::marker::Send> as core[a373ad73a504971]::ops::function::Fn<(&std[617be2ca0a6fd877]::panic::PanicHookInfo,)>>::call
[INFO] [stdout]                                at /rustc/e3feeb59cd1bdd011a2bfcc0747b55125d9b8527/library/alloc/src/boxed.rs:2328:9
[INFO] [stdout]   13:     0x7b1eeb313b92 - std[617be2ca0a6fd877]::panicking::panic_with_hook
[INFO] [stdout]                                at /rustc/e3feeb59cd1bdd011a2bfcc0747b55125d9b8527/library/std/src/panicking.rs:819:13
[INFO] [stdout]   14:     0x7b1eeb2ebed2 - std[617be2ca0a6fd877]::panicking::panic_handler::{closure#0}
[INFO] [stdout]                                at /rustc/e3feeb59cd1bdd011a2bfcc0747b55125d9b8527/library/std/src/panicking.rs:685:13
[INFO] [stdout]   15:     0x7b1eeb2e3499 - std[617be2ca0a6fd877]::sys::backtrace::__rust_end_short_backtrace::<std[617be2ca0a6fd877]::panicking::panic_handler::{closure#0}, !>
[INFO] [stdout]                                at /rustc/e3feeb59cd1bdd011a2bfcc0747b55125d9b8527/library/std/src/sys/backtrace.rs:182:18
[INFO] [stdout]   16:     0x7b1eeb2ed9bd - __rustc[ea4f61d10b84890b]::rust_begin_unwind
[INFO] [stdout]                                at /rustc/e3feeb59cd1bdd011a2bfcc0747b55125d9b8527/library/std/src/panicking.rs:676:5
[INFO] [stdout]   17:     0x7b1eeb369edc - core[a373ad73a504971]::panicking::panic_fmt
[INFO] [stdout]                                at /rustc/e3feeb59cd1bdd011a2bfcc0747b55125d9b8527/library/core/src/panicking.rs:80:14
[INFO] [stdout]   18:     0x7b1eeb369bc2 - core[a373ad73a504971]::result::unwrap_failed
[INFO] [stdout]                                at /rustc/e3feeb59cd1bdd011a2bfcc0747b55125d9b8527/library/core/src/result.rs:1870:5
[INFO] [stdout]   19:     0x600b68aed8ef - deku_derive[30fbbfc8319c1f47]::tests::test_macro
[INFO] [stdout]   20:     0x600b68af46f8 - <deku_derive[30fbbfc8319c1f47]::tests::test_macro::case_4_struct_all_attrs::{closure#0} as core[a373ad73a504971]::ops::function::FnOnce<()>>::call_once
[INFO] [stdout]   21:     0x600b68af479b - test[aada8e7e76ba119b]::__rust_begin_short_backtrace::<core[a373ad73a504971]::result::Result<(), alloc[2e1b2a31b91974c5]::string::String>, fn() -> core[a373ad73a504971]::result::Result<(), alloc[2e1b2a31b91974c5]::string::String>>
[INFO] [stdout]   22:     0x600b68b01975 - test[aada8e7e76ba119b]::run_test::{closure#0}
[INFO] [stdout]   23:     0x600b68afb264 - std[617be2ca0a6fd877]::sys::backtrace::__rust_begin_short_backtrace::<test[aada8e7e76ba119b]::run_test::{closure#1}, ()>
[INFO] [stdout]   24:     0x600b68b04a02 - <std[617be2ca0a6fd877]::thread::lifecycle::spawn_unchecked<test[aada8e7e76ba119b]::run_test::{closure#1}, ()>::{closure#1} as core[a373ad73a504971]::ops::function::FnOnce<()>>::call_once::{shim:vtable#0}
[INFO] [stdout]   25:     0x7b1eeb31edff - <alloc[2e1b2a31b91974c5]::boxed::Box<dyn core[a373ad73a504971]::ops::function::FnOnce<(), Output = ()> + core[a373ad73a504971]::marker::Send> as core[a373ad73a504971]::ops::function::FnOnce<()>>::call_once
[INFO] [stdout]                                at /rustc/e3feeb59cd1bdd011a2bfcc0747b55125d9b8527/library/alloc/src/boxed.rs:2314:9
[INFO] [stdout]   26:     0x7b1eeb31edff - <std[617be2ca0a6fd877]::sys::thread::unix::Thread>::new::thread_start
[INFO] [stdout]                                at /rustc/e3feeb59cd1bdd011a2bfcc0747b55125d9b8527/library/std/src/sys/thread/unix.rs:127:17
[INFO] [stdout]   27:     0x7b1eeb07bdfa - <unknown>
[INFO] [stdout]   28:     0x7b1eeb10f3d4 - clone
[INFO] [stdout]   29:                0x0 - <unknown>
[INFO] [stdout] 
[INFO] [stdout] 
[INFO] [stdout] failures:
[INFO] [stdout]     tests::test_macro::case_3_struct_unnamed_attrs
[INFO] [stdout]     tests::test_macro::case_4_struct_all_attrs
[INFO] [stdout]     tests::test_macro::case_5_struct_internal_var
[INFO] [stdout]     tests::test_macro::case_7_enum_all
[INFO] [stdout]     tests::test_macro::case_8_invalid_storage
[INFO] [stdout] 
[INFO] [stdout] test result: FAILED. 4 passed; 5 failed; 0 ignored; 0 measured; 0 filtered out; finished in 0.07s
[INFO] [stdout] 
[INFO] running `Command { std: "docker" "inspect" "820c0761e9a5cf36945efca21d64c63ecd6ecdf52d9fd6847b98efff6145ace6", kill_on_drop: false }`
[INFO] running `Command { std: "docker" "rm" "-f" "820c0761e9a5cf36945efca21d64c63ecd6ecdf52d9fd6847b98efff6145ace6", kill_on_drop: false }`
[INFO] [stdout] 820c0761e9a5cf36945efca21d64c63ecd6ecdf52d9fd6847b98efff6145ace6
