[INFO] fetching crate deku 0.20.3...
[INFO] testing deku-0.20.3 against 1.100.0-beta.1+cargoflags=--release for beta-release-1.100-2
[INFO] extracting crate deku 0.20.3 into /workspace/builds/worker-0-tc2/source
[INFO] started tweaking crates.io crate deku 0.20.3
[INFO] removed 0 missing examples
[INFO] removed 0 missing tests
[INFO] finished tweaking crates.io crate deku 0.20.3
[INFO] tweaked toml for crates.io crate deku 0.20.3 written to /workspace/builds/worker-0-tc2/source/Cargo.toml
[INFO] validating manifest of crates.io crate deku 0.20.3 on toolchain 1.100.0-beta.1
[INFO] running `Command { std: CARGO_HOME="/workspace/cargo-home" RUSTUP_HOME="/workspace/rustup-home" "/workspace/cargo-home/bin/cargo" "+1.100.0-beta.1" "metadata" "--manifest-path" "Cargo.toml" "--no-deps", kill_on_drop: false }`
[INFO] crate crates.io crate deku 0.20.3 already has a lockfile, it will not be regenerated
[INFO] running `Command { std: CARGO_HOME="/workspace/cargo-home" RUSTUP_HOME="/workspace/rustup-home" "/workspace/cargo-home/bin/cargo" "+1.100.0-beta.1" "fetch" "--manifest-path" "Cargo.toml", kill_on_drop: false }`
[INFO] [stderr] warning: Cargo.toml: `lints.clippy.manual-unwrap-or-default` is deprecated in favor of `lints.clippy.manual_unwrap_or_default` and will not work in a future edition
[INFO] [stderr] warning: `deku` (manifest) generated 1 warning
[INFO] running `Command { std: "docker" "create" "-v" "/var/lib/crater-agent-workspace/builds/worker-0-tc2/source:/opt/rustwide/workdir:ro,Z" "-v" "/var/lib/crater-agent-workspace/builds/worker-0-tc2/target:/opt/rustwide/target:rw,Z" "-v" "/var/lib/crater-agent-workspace/cargo-home:/opt/rustwide/cargo-home:ro,Z" "-v" "/var/lib/crater-agent-workspace/rustup-home:/opt/rustwide/rustup-home:ro,Z" "-m" "1610612736" "--network" "none" "ghcr.io/rust-lang/crates-build-env/linux@sha256:77db811e55d90add9212f6832c23229e3de5f1c1f9905e8cb07319ea15df73ac" "sleep" "infinity", kill_on_drop: false }`
[INFO] [stdout] ddb7acf449bef21a6c6bae86dd671cfc892ee9d90e29d2ddaaca604479558b4c
[INFO] running `Command { std: "docker" "start" "ddb7acf449bef21a6c6bae86dd671cfc892ee9d90e29d2ddaaca604479558b4c", kill_on_drop: false }`
[INFO] running `Command { std: "docker" "inspect" "ddb7acf449bef21a6c6bae86dd671cfc892ee9d90e29d2ddaaca604479558b4c", kill_on_drop: false }`
[INFO] running `Command { std: "docker" "exec" "-e" "SOURCE_DIR=/opt/rustwide/workdir" "-e" "CARGO_HOME=/opt/rustwide/cargo-home" "-e" "RUSTUP_HOME=/opt/rustwide/rustup-home" "-e" "CARGO_TARGET_DIR=/opt/rustwide/target" "-w" "/opt/rustwide/workdir" "--user" "0:0" "ddb7acf449bef21a6c6bae86dd671cfc892ee9d90e29d2ddaaca604479558b4c" "/opt/rustwide/cargo-home/bin/cargo" "+1.100.0-beta.1" "metadata" "--no-deps" "--format-version=1", kill_on_drop: false }`
[INFO] running `Command { std: "docker" "inspect" "ddb7acf449bef21a6c6bae86dd671cfc892ee9d90e29d2ddaaca604479558b4c", kill_on_drop: false }`
[INFO] running `Command { std: "docker" "exec" "-e" "SOURCE_DIR=/opt/rustwide/workdir" "-e" "CARGO_HOME=/opt/rustwide/cargo-home" "-e" "RUSTUP_HOME=/opt/rustwide/rustup-home" "-e" "CARGO_TARGET_DIR=/opt/rustwide/target" "-e" "CARGO_INCREMENTAL=0" "-e" "RUST_BACKTRACE=full" "-e" "RUSTFLAGS=--cap-lints=warn" "-e" "RUSTDOCFLAGS=--cap-lints=warn" "-w" "/opt/rustwide/workdir" "--user" "0:0" "ddb7acf449bef21a6c6bae86dd671cfc892ee9d90e29d2ddaaca604479558b4c" "/opt/rustwide/cargo-home/bin/cargo" "+1.100.0-beta.1" "build" "--frozen" "--message-format=json" "--release", kill_on_drop: false }`
[INFO] [stderr] warning: Cargo.toml: `lints.clippy.manual-unwrap-or-default` is deprecated in favor of `lints.clippy.manual_unwrap_or_default` and will not work in a future edition
[INFO] [stderr] warning: `deku` (manifest) generated 1 warning
[INFO] [stderr]    Compiling proc-macro2 v1.0.105
[INFO] [stderr]    Compiling quote v1.0.43
[INFO] [stderr]    Compiling winnow v0.7.14
[INFO] [stderr]    Compiling toml_datetime v0.7.5+spec-1.1.0
[INFO] [stderr]    Compiling indexmap v2.13.0
[INFO] [stderr]    Compiling memchr v2.7.6
[INFO] [stderr]    Compiling bitvec v1.0.1
[INFO] [stderr]    Compiling no_std_io2 v0.9.3
[INFO] [stderr]    Compiling syn v2.0.114
[INFO] [stderr]    Compiling toml_parser v1.0.6+spec-1.1.0
[INFO] [stderr]    Compiling toml_edit v0.23.10+spec-1.0.0
[INFO] [stderr]    Compiling proc-macro-crate v3.4.0
[INFO] [stderr]    Compiling darling_core v0.21.3
[INFO] [stderr]    Compiling darling_macro v0.21.3
[INFO] [stderr]    Compiling darling v0.21.3
[INFO] [stderr]    Compiling deku_derive v0.20.3
[INFO] [stderr]    Compiling deku v0.20.3 (/opt/rustwide/workdir)
[INFO] [stderr]     Finished `release` profile [optimized] target(s) in 25.57s
[INFO] running `Command { std: "docker" "inspect" "ddb7acf449bef21a6c6bae86dd671cfc892ee9d90e29d2ddaaca604479558b4c", kill_on_drop: false }`
[INFO] running `Command { std: "docker" "exec" "-e" "SOURCE_DIR=/opt/rustwide/workdir" "-e" "CARGO_HOME=/opt/rustwide/cargo-home" "-e" "RUSTUP_HOME=/opt/rustwide/rustup-home" "-e" "CARGO_TARGET_DIR=/opt/rustwide/target" "-e" "CARGO_INCREMENTAL=0" "-e" "RUST_BACKTRACE=full" "-e" "RUSTFLAGS=--cap-lints=warn" "-e" "RUSTDOCFLAGS=--cap-lints=warn" "-w" "/opt/rustwide/workdir" "--user" "0:0" "ddb7acf449bef21a6c6bae86dd671cfc892ee9d90e29d2ddaaca604479558b4c" "/opt/rustwide/cargo-home/bin/cargo" "+1.100.0-beta.1" "test" "--frozen" "--no-run" "--message-format=json" "--release", kill_on_drop: false }`
[INFO] [stderr] warning: Cargo.toml: `lints.clippy.manual-unwrap-or-default` is deprecated in favor of `lints.clippy.manual_unwrap_or_default` and will not work in a future edition
[INFO] [stderr] warning: `deku` (manifest) generated 1 warning
[INFO] [stderr]    Compiling memchr v2.7.6
[INFO] [stderr]    Compiling zerocopy v0.8.33
[INFO] [stderr]    Compiling zmij v1.0.14
[INFO] [stderr]    Compiling syn v2.0.114
[INFO] [stderr]    Compiling regex-syntax v0.8.8
[INFO] [stderr]    Compiling serde_json v1.0.149
[INFO] [stderr]    Compiling num-traits v0.2.19
[INFO] [stderr]    Compiling crossbeam-epoch v0.9.18
[INFO] [stderr]    Compiling itoa v1.0.17
[INFO] [stderr]    Compiling syn v1.0.109
[INFO] [stderr]    Compiling crossbeam-deque v0.8.6
[INFO] [stderr]    Compiling rstest_macros v0.26.1
[INFO] [stderr]    Compiling aho-corasick v1.1.4
[INFO] [stderr]    Compiling target-triple v1.0.0
[INFO] [stderr]    Compiling clap_lex v0.7.7
[INFO] [stderr]    Compiling winnow v0.7.14
[INFO] [stderr]    Compiling clap_builder v4.5.54
[INFO] [stderr]    Compiling regex-automata v0.4.13
[INFO] [stderr]    Compiling toml_parser v1.0.6+spec-1.1.0
[INFO] [stderr]    Compiling rayon-core v1.13.0
[INFO] [stderr]    Compiling darling_core v0.21.3
[INFO] [stderr]    Compiling serde_derive v1.0.228
[INFO] [stderr]    Compiling zerocopy-derive v0.8.33
[INFO] [stderr]    Compiling regex v1.12.2
[INFO] [stderr]    Compiling futures-macro v0.3.31
[INFO] [stderr]    Compiling darling_macro v0.21.3
[INFO] [stderr]    Compiling darling v0.21.3
[INFO] [stderr]    Compiling itertools v0.13.0
[INFO] [stderr]    Compiling toml_datetime v0.7.5+spec-1.1.0
[INFO] [stderr]    Compiling serde_spanned v1.0.4
[INFO] [stderr]    Compiling toml_writer v1.0.6+spec-1.1.0
[INFO] [stderr]    Compiling relative-path v1.9.3
[INFO] [stderr]    Compiling futures-core v0.3.31
[INFO] [stderr]    Compiling serde v1.0.228
[INFO] [stderr]    Compiling futures-util v0.3.31
[INFO] [stderr]    Compiling anstream v0.6.21
[INFO] [stderr]    Compiling half v2.7.1
[INFO] [stderr]    Compiling ciborium-ll v0.2.2
[INFO] [stderr]    Compiling ciborium v0.2.2
[INFO] [stderr]    Compiling tinytemplate v1.2.1
[INFO] [stderr]    Compiling criterion-plot v0.6.0
[INFO] [stderr]    Compiling toml v0.9.11+spec-1.1.0
[INFO] [stderr]    Compiling env_filter v0.1.4
[INFO] [stderr]    Compiling plotters v0.3.7
[INFO] [stderr]    Compiling deku_derive v0.20.3
[INFO] [stderr]    Compiling alloc_counter_macro v0.0.2
[INFO] [stderr]    Compiling rayon v1.11.0
[INFO] [stderr]    Compiling clap v4.5.54
[INFO] [stderr]    Compiling no_std_io2 v0.9.3
[INFO] [stderr]    Compiling glob v0.3.3
[INFO] [stderr]    Compiling jiff v0.2.18
[INFO] [stderr]    Compiling futures-timer v3.0.3
[INFO] [stderr]    Compiling rstest v0.26.1
[INFO] [stderr]    Compiling trybuild v1.0.114
[INFO] [stderr]    Compiling alloc_counter v0.0.4
[INFO] [stderr]    Compiling hexlit v0.5.5
[INFO] [stderr]    Compiling assert_hex v0.4.1
[INFO] [stderr]    Compiling deku v0.20.3 (/opt/rustwide/workdir)
[INFO] [stderr]    Compiling criterion v0.7.0
[INFO] [stderr]    Compiling env_logger v0.11.8
[INFO] [stderr]     Finished `release` profile [optimized] target(s) in 3m 53s
[INFO] running `Command { std: "docker" "inspect" "ddb7acf449bef21a6c6bae86dd671cfc892ee9d90e29d2ddaaca604479558b4c", kill_on_drop: false }`
[INFO] running `Command { std: "docker" "exec" "-e" "SOURCE_DIR=/opt/rustwide/workdir" "-e" "CARGO_HOME=/opt/rustwide/cargo-home" "-e" "RUSTUP_HOME=/opt/rustwide/rustup-home" "-e" "CARGO_TARGET_DIR=/opt/rustwide/target" "-e" "CARGO_INCREMENTAL=0" "-e" "RUST_BACKTRACE=full" "-e" "RUSTFLAGS=--cap-lints=warn" "-e" "RUSTDOCFLAGS=--cap-lints=warn" "-w" "/opt/rustwide/workdir" "--user" "0:0" "ddb7acf449bef21a6c6bae86dd671cfc892ee9d90e29d2ddaaca604479558b4c" "/opt/rustwide/cargo-home/bin/cargo" "+1.100.0-beta.1" "test" "--frozen" "--release", kill_on_drop: false }`
[INFO] [stderr] warning: Cargo.toml: `lints.clippy.manual-unwrap-or-default` is deprecated in favor of `lints.clippy.manual_unwrap_or_default` and will not work in a future edition
[INFO] [stderr] warning: `deku` (manifest) generated 1 warning
[INFO] [stderr]     Finished `release` profile [optimized] target(s) in 0.17s
[INFO] [stderr]      Running unittests src/lib.rs (/opt/rustwide/target/release/build/deku/95e64a55edd00003/out/deku-95e64a55edd00003)
[INFO] [stdout] 
[INFO] [stdout] running 177 tests
[INFO] [stdout] test impls::bool::tests::test_bool::case_1 ... ok
[INFO] [stdout] test impls::arc::tests::test_boxed_slice_from_reader_with_ctx::case_1_normal_le ... ok
[INFO] [stdout] test impls::arc::tests::test_boxed_slice_from_reader_with_ctx::case_6_bytes_be ... ok
[INFO] [stdout] test impls::arc::tests::test_boxed_slice_from_reader_with_ctx::case_2_normal_be ... ok
[INFO] [stdout] test impls::arc::tests::test_boxed_slice_from_reader_with_ctx::case_3_predicate_le ... ok
[INFO] [stdout] test impls::arc::tests::test_boxed_slice_from_reader_with_ctx::case_5_bytes_le ... ok
[INFO] [stdout] test impls::arc::tests::test_boxed::case_1 ... ok
[INFO] [stdout] test impls::arc::tests::test_boxed_slice_from_reader_with_ctx::case_4_predicate_be ... ok
[INFO] [stdout] test impls::boxed::tests::test_boxed::case_1 ... ok
[INFO] [stdout] test impls::bool::tests::test_writer ... ok
[INFO] [stdout] test impls::boxed::tests::test_boxed_slice_from_reader_with_ctx::case_2_normal_be ... ok
[INFO] [stdout] test impls::bool::tests::test_bool::case_2 ... ok
[INFO] [stdout] test impls::boxed::tests::test_boxed_slice_from_reader_with_ctx::case_6_bytes_be ... ok
[INFO] [stdout] test impls::cow::tests::test_cow::case_1 ... ok
[INFO] [stdout] test impls::boxed::tests::test_boxed_slice_from_reader_with_ctx::case_3_predicate_le ... ok
[INFO] [stdout] test impls::bool::tests::test_bool_with_context ... ok
[INFO] [stdout] test impls::cstring::tests::test_cstring_count::case_1 ... ok
[INFO] [stdout] test impls::boxed::tests::test_boxed_slice_from_reader_with_ctx::case_1_normal_le ... ok
[INFO] [stdout] test impls::cstring::tests::test_cstring_count::case_3 ... ok
[INFO] [stdout] test impls::cstring::tests::test_cstring_count::case_4 ... ok
[INFO] [stdout] test impls::bool::tests::test_writer_bits ... ok
[INFO] [stdout] test impls::boxed::tests::test_boxed_slice_from_reader_with_ctx::case_4_predicate_be ... ok
[INFO] [stdout] test impls::boxed::tests::test_boxed_slice_from_reader_with_ctx::case_5_bytes_le ... ok
[INFO] [stdout] test impls::cstring::tests::test_cstring_count::case_2 ... ok
[INFO] [stdout] test impls::hashmap::tests::test_hashmap_read::case_01_count_0 ... ok
[INFO] [stdout] test impls::bool::tests::test_bool::case_3 - should panic ... ok
[INFO] [stdout] test impls::cstring::tests::test_cstring_count::case_5 - should panic ... ok
[INFO] [stdout] test impls::cstring::tests::test_cstring_count::case_7 - should panic ... ok
[INFO] [stdout] test impls::cstring::tests::test_cstring_count::case_6 - should panic ... ok
[INFO] [stdout] test impls::hashmap::tests::test_hashmap_read::case_04_until_null ... ok
[INFO] [stdout] test impls::hashmap::tests::test_hashmap_read::case_05_until_empty_bits ... ok
[INFO] [stdout] test impls::hashmap::tests::test_hashmap_read::case_06_until_empty_bytes ... ok
[INFO] [stdout] test impls::hashmap::tests::test_hashmap_read::case_07_until_bits ... ok
[INFO] [stdout] test impls::hashmap::tests::test_hashmap_read::case_08_read_all ... ok
[INFO] [stdout] test impls::hashmap::tests::test_hashmap_read::case_09_until_bytes ... ok
[INFO] [stdout] test impls::hashmap::tests::test_hashmap_read::case_15_not_enough_data_until - should panic ... ok
[INFO] [stdout] test impls::hashmap::tests::test_hashmap_read::case_10_until_count ... ok
[INFO] [stdout] test impls::hashmap::tests::test_hashmap_read::case_11_bits_6 ... ok
[INFO] [stdout] test impls::hashmap::tests::test_hashmap_read::case_12_not_enough_data - should panic ... ok
[INFO] [stdout] test impls::hashmap::tests::test_hashmap_read::case_17_too_much_data - should panic ... ok
[INFO] [stdout] test impls::hashmap::tests::test_hashmap_write::case_1_normal ... ok
[INFO] [stdout] test impls::hashmap::tests::test_hashmap_read::case_14_not_enough_data - should panic ... ok
[INFO] [stdout] test impls::hashmap::tests::test_hashmap_read::case_16_not_enough_data_bits - should panic ... ok
[INFO] [stdout] test impls::hashset::tests::test_hashset_read::case_01_count_0 ... ok
[INFO] [stdout] test impls::hashset::tests::test_hashset_read::case_02_count_1 ... ok
[INFO] [stdout] test impls::hashset::tests::test_hashset_read::case_03_count_2 ... ok
[INFO] [stdout] test impls::hashset::tests::test_hashset_read::case_04_until_null ... ok
[INFO] [stdout] test impls::hashset::tests::test_hashset_read::case_05_until_empty_bits ... ok
[INFO] [stdout] test impls::hashmap::tests::test_hashmap_read::case_13_not_enough_data - should panic ... ok
[INFO] [stdout] test impls::hashset::tests::test_hashset_read::case_06_until_empty_bytes ... ok
[INFO] [stdout] test impls::hashset::tests::test_hashset_read::case_07_until_bits ... ok
[INFO] [stdout] test impls::hashset::tests::test_hashset_read::case_08_read_all ... ok
[INFO] [stdout] test impls::hashset::tests::test_hashset_read::case_12_not_enough_data - should panic ... ok
[INFO] [stdout] test impls::hashset::tests::test_hashset_read::case_15_not_enough_data_until - should panic ... ok
[INFO] [stdout] test impls::hashset::tests::test_hashset_read::case_09_until_bytes ... ok
[INFO] [stdout] test impls::hashmap::tests::test_hashmap_read::case_02_count_1 ... ok
[INFO] [stdout] test impls::hashset::tests::test_hashset_read::case_16_not_enough_data_bits - should panic ... ok
[INFO] [stdout] test impls::hashmap::tests::test_hashmap_read::case_03_count_2 ... ok
[INFO] [stdout] test impls::hashset::tests::test_hashset_read::case_11_bits_6 ... ok
[INFO] [stdout] test impls::hashset::tests::test_hashset_read::case_10_until_count ... ok
[INFO] [stdout] test impls::hashset::tests::test_hashset_read::case_13_not_enough_data - should panic ... ok
[INFO] [stdout] test impls::hashset::tests::test_hashset_read::case_17_too_much_data - should panic ... ok
[INFO] [stdout] test impls::hashset::tests::test_hashset_write::case_1_normal ... ok
[INFO] [stdout] test impls::ipaddr::tests::test_ip_addr_write ... ok
[INFO] [stdout] test impls::hashset::tests::test_hashset_read_write::case_1_normal_le ... ok
[INFO] [stdout] test impls::hashset::tests::test_hashset_read_write::case_2_normal_be ... ok
[INFO] [stdout] test impls::hashset::tests::test_hashset_read_write::case_6_bytes_be ... ok
[INFO] [stdout] test impls::ipaddr::tests::test_ipv4::case_1_normal_le ... ok
[INFO] [stdout] test impls::ipaddr::tests::test_ipv4::case_2_normal_be ... ok
[INFO] [stdout] test impls::ipaddr::tests::test_ipv6::case_1_normal_le ... ok
[INFO] [stdout] test impls::ipaddr::tests::test_ipv6::case_2_normal_be ... ok
[INFO] [stdout] test impls::nonzero::tests::test_non_zero::case_1 ... ok
[INFO] [stdout] test impls::hashset::tests::test_hashset_read::case_14_not_enough_data - should panic ... ok
[INFO] [stdout] test impls::nonzero::tests::test_non_zero::case_2 - should panic ... ok
[INFO] [stdout] test impls::option::tests::test_option_write ... ok
[INFO] [stdout] test impls::primitive::tests::test_bit_read::case_1_normal ... ok
[INFO] [stdout] test impls::hashset::tests::test_hashset_read_write::case_3_predicate_le ... ok
[INFO] [stdout] test impls::hashset::tests::test_hashset_read_write::case_4_predicate_be ... ok
[INFO] [stdout] test impls::primitive::tests::test_bit_read::case_2_normal ... ok
[INFO] [stdout] test impls::primitive::tests::test_bit_read::case_3_normal_bits_12_le ... ok
[INFO] [stdout] test impls::primitive::tests::test_bit_read::case_5_normal_bit_6 ... ok
[INFO] [stdout] test impls::primitive::tests::test_bit_read::case_4_normal_bits_12_be ... ok
[INFO] [stdout] test impls::primitive::tests::test_bit_read::case_6_not_enough_data - should panic ... ok
[INFO] [stdout] test impls::option::tests::test_option_read ... ok
[INFO] [stdout] test impls::primitive::tests::test_bit_read_write::case_1_normal ... ok
[INFO] [stdout] test impls::primitive::tests::test_bit_read::case_7_not_enough_data - should panic ... ok
[INFO] [stdout] test impls::hashset::tests::test_hashset_read_write::case_5_bytes_le ... ok
[INFO] [stdout] test impls::primitive::tests::test_bit_read::case_8_too_much_data - should panic ... ok
[INFO] [stdout] test impls::primitive::tests::test_bit_read::case_9_too_much_data - should panic ... ok
[INFO] [stdout] test impls::primitive::tests::test_bit_writer::case_1_normal_le ... ok
[INFO] [stdout] test impls::primitive::tests::test_bit_writer::case_2_normal_be ... ok
[INFO] [stdout] test impls::primitive::tests::test_byte_read::case_1_normal_be ... ok
[INFO] [stdout] test impls::primitive::tests::test_byte_read::case_2_normal_le ... ok
[INFO] [stdout] test impls::primitive::tests::test_bit_writer::case_3_bit_size_be_smaller ... ok
[INFO] [stdout] test impls::primitive::tests::test_byte_read::case_4_normal_be ... ok
[INFO] [stdout] test impls::primitive::tests::test_bit_writer::case_4_bit_size_le_bigger - should panic ... ok
[INFO] [stdout] test impls::primitive::tests::test_byte_read::case_3_normal_be ... ok
[INFO] [stdout] test impls::primitive::tests::test_bit_writer::case_5_bit_size_larger - should panic ... ok
[INFO] [stdout] test impls::primitive::tests::test_byte_read::case_7_too_much_data - should panic ... ok
[INFO] [stdout] test impls::primitive::tests::test_byte_read::case_6_not_enough_data - should panic ... ok
[INFO] [stdout] test impls::primitive::tests::test_byte_writer::case_1_normal_le ... ok
[INFO] [stdout] test impls::primitive::tests::test_f64 ... ok
[INFO] [stdout] test impls::primitive::tests::test_i128 ... ok
[INFO] [stdout] test impls::primitive::tests::test_i16 ... ok
[INFO] [stdout] test impls::primitive::tests::test_f32 ... ok
[INFO] [stdout] test impls::primitive::tests::test_byte_writer::case_2_normal_be ... ok
[INFO] [stdout] test impls::primitive::tests::test_byte_writer::case_3_byte_size_be_smaller ... ok
[INFO] [stdout] test impls::primitive::tests::test_i32 ... ok
[INFO] [stdout] test impls::primitive::tests::test_byte_writer::case_4_byte_size_le_bigger - should panic ... ok
[INFO] [stdout] test impls::primitive::tests::test_byte_read::case_5_not_enough_data - should panic ... ok
[INFO] [stdout] test impls::primitive::tests::test_sign_extend_i128 ... ok
[INFO] [stdout] test impls::primitive::tests::test_sign_extend_i128_panic ... ok
[INFO] [stdout] test impls::primitive::tests::test_sign_extend_i16 ... ok
[INFO] [stdout] test impls::primitive::tests::test_sign_extend_i32 ... ok
[INFO] [stdout] test impls::primitive::tests::test_sign_extend_i32_panic ... ok
[INFO] [stdout] test impls::primitive::tests::test_sign_extend_i64 ... ok
[INFO] [stdout] test impls::primitive::tests::test_sign_extend_i64_panic ... ok
[INFO] [stdout] test impls::primitive::tests::test_sign_extend_i8 ... ok
[INFO] [stdout] test impls::primitive::tests::test_sign_extend_i8_panic ... ok
[INFO] [stdout] test impls::primitive::tests::test_sign_extend_isize ... ok
[INFO] [stdout] test impls::primitive::tests::test_i64 ... ok
[INFO] [stdout] test impls::primitive::tests::test_u128 ... ok
[INFO] [stdout] test impls::primitive::tests::test_u32 ... ok
[INFO] [stdout] test impls::primitive::tests::test_u64 ... ok
[INFO] [stdout] test impls::primitive::tests::test_i8 ... ok
[INFO] [stdout] test impls::primitive::tests::test_isize ... ok
[INFO] [stdout] test impls::primitive::tests::test_sign_extend_i16_panic ... ok
[INFO] [stdout] test impls::primitive::tests::test_u16 ... ok
[INFO] [stdout] test impls::primitive::tests::test_u8 ... ok
[INFO] [stdout] test impls::slice::tests::test_bit_read::case_1_normal_le ... ok
[INFO] [stdout] test impls::slice::tests::test_bit_write::case_1_normal_le ... ok
[INFO] [stdout] test impls::slice::tests::test_nested_array_bit_write::case_1_normal_le ... ok
[INFO] [stdout] test impls::tuple::tests::test_tuple_write::case_1_length_1 ... ok
[INFO] [stdout] test impls::tuple::tests::test_tuple_write::case_3_length_11 ... ok
[INFO] [stdout] test impls::unit::tests::test_unit ... ok
[INFO] [stdout] test impls::vec::tests::test_vec_reader::case_01_count_0 ... ok
[INFO] [stdout] test impls::slice::tests::test_bit_read::case_2_normal_be ... ok
[INFO] [stdout] test impls::slice::tests::test_nested_array_bit_write::case_2_normal_be ... ok
[INFO] [stdout] test impls::tuple::tests::test_tuple_write::case_2_length_2 ... ok
[INFO] [stdout] test impls::primitive::tests::test_usize ... ok
[INFO] [stdout] test impls::vec::tests::test_vec_reader::case_03_count_2 ... ok
[INFO] [stdout] test impls::vec::tests::test_vec_reader::case_05_until_bits ... ok
[INFO] [stdout] test impls::vec::tests::test_vec_reader::case_02_count_1 ... ok
[INFO] [stdout] test impls::vec::tests::test_vec_reader::case_06_end ... ok
[INFO] [stdout] test impls::vec::tests::test_vec_reader::case_04_until_null ... ok
[INFO] [stdout] test impls::vec::tests::test_vec_reader::case_08_bits_6 ... ok
[INFO] [stdout] test impls::vec::tests::test_vec_reader::case_07_end_bitsize ... ok
[INFO] [stdout] test impls::vec::tests::test_vec_reader::case_10_not_enough_data - should panic ... ok
[INFO] [stdout] test impls::vec::tests::test_vec_reader::case_12_not_enough_data_until - should panic ... ok
[INFO] [stdout] test impls::slice::tests::test_bit_write::case_2_normal_be ... ok
[INFO] [stdout] test impls::vec::tests::test_vec_reader::case_13_not_enough_data_bits - should panic ... ok
[INFO] [stdout] test impls::slice::tests::test_bit_read::case_3_normal_be - should panic ... ok
[INFO] [stdout] test impls::vec::tests::test_vec_reader_no_ctx::case_1_count_0 ... ok
[INFO] [stdout] test impls::vec::tests::test_vec_reader_no_ctx::case_2_count_1 ... ok
[INFO] [stdout] test impls::vec::tests::test_vec_reader_no_ctx::case_5_until_bits ... ok
[INFO] [stdout] test impls::vec::tests::test_vec_reader_write::case_1_normal_le ... ok
[INFO] [stdout] test impls::vec::tests::test_vec_reader_write::case_2_normal_be ... ok
[INFO] [stdout] test impls::vec::tests::test_vec_reader_write::case_3_predicate_le ... ok
[INFO] [stdout] test impls::vec::tests::test_vec_reader_write::case_4_predicate_be ... ok
[INFO] [stdout] test impls::vec::tests::test_vec_reader_write::case_5_bytes_le ... ok
[INFO] [stdout] test impls::vec::tests::test_vec_reader_write::case_6_bytes_be ... ok
[INFO] [stdout] test impls::vec::tests::test_vec_write::case_1_normal ... ok
[INFO] [stdout] test reader::tests::test_bit_order ... ok
[INFO] [stdout] test reader::tests::test_end ... ok
[INFO] [stdout] test reader::tests::test_long_unaligned_bytes_read ... ok
[INFO] [stdout] test impls::vec::tests::test_vec_reader_no_ctx::case_3_count_2 ... ok
[INFO] [stdout] test impls::vec::tests::test_vec_reader_no_ctx::case_4_until_null ... ok
[INFO] [stdout] test writer::tests::test_bit_order ... ok
[INFO] [stdout] test impls::vec::tests::test_vec_reader::case_09_not_enough_data - should panic ... ok
[INFO] [stdout] test impls::vec::tests::test_vec_reader::case_11_not_enough_data - should panic ... ok
[INFO] [stdout] test impls::vec::tests::test_vec_reader::case_14_too_much_data - should panic ... ok
[INFO] [stdout] test reader::tests::test_bits_less ... ok
[INFO] [stdout] test reader::tests::test_inner ... ok
[INFO] [stdout] test writer::tests::test_writer_bytes ... ok
[INFO] [stdout] test writer::tests::test_writer_bits ... ok
[INFO] [stdout] test reader::tests::test_regression_lsb0 ... ok
[INFO] [stdout] test reader::tests::test_regression_msb0 ... ok
[INFO] [stdout] 
[INFO] [stdout] test result: ok. 177 passed; 0 failed; 0 ignored; 0 measured; 0 filtered out; finished in 0.05s
[INFO] [stdout] 
[INFO] [stdout] 
[INFO] [stdout] running 21 tests
[INFO] [stdout] test tests::test_bit_order_13 ... ok
[INFO] [stderr]      Running tests/bit_order.rs (/opt/rustwide/target/release/build/deku/9c4a3faeb827c2da/out/bit_order-9c4a3faeb827c2da)
[INFO] [stdout] test tests::test_bit_order_enums ... ok
[INFO] [stdout] test tests::test_bit_order_frame ... ok
[INFO] [stdout] test tests::test_bit_order_little ... ok
[INFO] [stdout] test tests::test_bit_order_surrounded ... ok
[INFO] [stdout] test tests::test_idempotency_multi_byte ... ok
[INFO] [stdout] test tests::test_bit_order_more_first_be ... ok
[INFO] [stdout] test tests::test_bit_order_custom_reader_writer ... ok
[INFO] [stdout] test tests::test_bit_order_more_first ... ok
[INFO] [stdout] test tests::test_bit_order_read_greater ... ok
[INFO] [stdout] test tests::test_bit_order_lsb_field ... ok
[INFO] [stdout] test tests::test_bit_order_squashfs ... ok
[INFO] [stdout] test tests::test_invalid_bit_size_1 - should panic ... ok
[INFO] [stdout] test tests::test_idempotency ... ok
[INFO] [stdout] test tests::test_pad_bits_after ... ok
[INFO] [stdout] test tests::test_invalid_bit_size_2 - should panic ... ok
[INFO] [stdout] test tests::test_invalid_bit_size_3 - should panic ... ok
[INFO] [stdout] test tests::test_invalid_bit_size_4 - should panic ... ok
[INFO] [stdout] test tests::test_invalid_bit_size_5 - should panic ... ok
[INFO] [stdout] test tests::test_three_bits_roundtrip ... ok
[INFO] [stdout] test tests::test_pad_bits_before ... ok
[INFO] [stdout] 
[INFO] [stdout] test result: ok. 21 passed; 0 failed; 0 ignored; 0 measured; 0 filtered out; finished in 0.01s
[INFO] [stdout] 
[INFO] [stderr]      Running tests/mod.rs (/opt/rustwide/target/release/build/deku/e91b82bb1433201d/out/mod-e91b82bb1433201d)
[INFO] [stdout] 
[INFO] [stdout] running 100 tests
[INFO] [stdout] test test_attributes::test_assert::test_assert_write::case_1 ... ok
[INFO] [stdout] test test_attributes::test_assert_eq::test_assert_eq_read::case_2 - should panic ... ok
[INFO] [stdout] test test_attributes::test_assert::test_assert_read::case_1 ... ok
[INFO] [stdout] test test_attributes::test_assert::test_assert_write::case_2 - should panic ... ok
[INFO] [stdout] test test_attributes::test_assert::test_assert_read::case_2 - should panic ... ok
[INFO] [stdout] test test_attributes::test_bitfield_values_range_check::check_big_signed_i16_decode_encode_positive_negative_value ... ok
[INFO] [stdout] test test_attributes::test_assert_eq::test_assert_eq_write::case_1 ... ok
[INFO] [stdout] test test_attributes::test_bitfield_values_range_check::check_big_unsigned_u10_decode_encode_positive_value ... ok
[INFO] [stdout] test test_attributes::test_bitfield_values_range_check::check_big_signed_i10_decode_encode_negative_value ... ok
[INFO] [stdout] test test_attributes::test_assert_eq::test_assert_eq_write::case_2 - should panic ... ok
[INFO] [stdout] test test_attributes::test_bitfield_values_range_check::check_big_signed_i10_decode_encode_positive_value ... ok
[INFO] [stdout] test test_attributes::test_assert_eq::test_assert_eq_read::case_1 ... ok
[INFO] [stdout] test test_attributes::test_bitfield_values_range_check::check_little_signed_i16_decode_encode_positive_negative_value ... ok
[INFO] [stdout] test test_attributes::test_bitfield_values_range_check::check_little_unsigned_u16_decode_encode_positive_value ... ok
[INFO] [stdout] test test_attributes::test_bitfield_values_range_check::check_big_unsigned_u16_decode_encode_positive_value ... ok
[INFO] [stdout] test test_attributes::test_bitfield_values_range_check::check_non_bitfield_big_signed_i16_decode_encode_positive_negative_value ... ok
[INFO] [stdout] test test_attributes::test_cond::test_cond_deku ... ok
[INFO] [stdout] test test_attributes::test_ctx::test_enum_endian_ctx ... ok
[INFO] [stdout] test test_attributes::test_bitfield_values_range_check::check_little_signed_i10_decode_encode_negative_value ... ok
[INFO] [stdout] test test_attributes::test_ctx::test_struct_enum_ctx_id ... ok
[INFO] [stdout] test test_attributes::test_bitfield_values_range_check::check_little_signed_i10_decode_encode_positive_value ... ok
[INFO] [stdout] test test_attributes::test_bitfield_values_range_check::check_little_unsigned_u10_decode_encode_positive_value ... ok
[INFO] [stdout] test test_attributes::test_bitfield_values_range_check::check_non_bitfield_little_signed_i16_decode_encode_positive_negative_value ... ok
[INFO] [stdout] test test_attributes::test_ctx::test_top_level_ctx_enum_default ... ok
[INFO] [stdout] test test_attributes::test_limits::test_bits_read::test_slice::test_bits_read_from_field::case_3 - should panic ... ok
[INFO] [stdout] test test_attributes::test_ctx::test_ctx_default_struct ... ok
[INFO] [stdout] test test_attributes::test_ctx::test_ctx_struct ... ok
[INFO] [stdout] test test_attributes::test_ctx::test_top_level_ctx_enum ... ok
[INFO] [stdout] test test_attributes::test_limits::test_bits_read::test_slice::test_bits_read_from_field::case_1 - should panic ... ok
[INFO] [stdout] test test_attributes::test_limits::test_bits_read::test_slice::test_bits_read_from_field::case_2 ... ok
[INFO] [stdout] test test_attributes::test_limits::test_bits_read::test_slice::test_bits_read_static ... ok
[INFO] [stdout] test test_attributes::test_limits::test_bits_read::test_vec::test_bits_read_static ... ok
[INFO] [stdout] test test_attributes::test_limits::test_bits_read::test_slice::test_bits_read_zero ... ok
[INFO] [stdout] test test_attributes::test_limits::test_bits_read::test_vec::test_bits_read_zero ... ok
[INFO] [stdout] test test_attributes::test_limits::test_bits_read::test_vec::test_bits_read_from_field::case_1 - should panic ... ok
[INFO] [stdout] test test_attributes::test_limits::test_bytes_read::test_slice::test_bytes_read_from_field::case_1 ... ok
[INFO] [stdout] test test_attributes::test_limits::test_bytes_read::test_vec::test_bytes_read_from_field::case_2 - should panic ... ok
[INFO] [stdout] test test_attributes::test_limits::test_bytes_read::test_vec::test_bytes_read_zero ... ok
[INFO] [stdout] test test_attributes::test_limits::test_bytes_read::test_slice::test_bytes_read_static ... ok
[INFO] [stdout] test test_attributes::test_limits::test_bytes_read::test_slice::test_bytes_read_zero ... ok
[INFO] [stdout] test test_attributes::test_limits::test_bytes_read::test_vec::test_bytes_read_from_field::case_1 ... ok
[INFO] [stdout] test test_attributes::test_limits::test_count::test_slice::test_count_error - should panic ... ok
[INFO] [stdout] test test_attributes::test_limits::test_bytes_read::test_slice::test_bytes_read_from_field::case_2 - should panic ... ok
[INFO] [stdout] test test_attributes::test_limits::test_bytes_read::test_vec::test_bytes_read_static ... ok
[INFO] [stdout] test test_attributes::test_limits::test_count::test_slice::test_count_static ... ok
[INFO] [stdout] test test_attributes::test_limits::test_count::test_vec::test_count_error - should panic ... ok
[INFO] [stdout] test test_attributes::test_limits::test_count::test_vec::test_count_static ... ok
[INFO] [stdout] test test_attributes::test_limits::test_count::test_vec::test_count_from_field ... ok
[INFO] [stdout] test test_attributes::test_limits::test_count::test_slice::test_count_static_non_u8 ... ok
[INFO] [stdout] test test_attributes::test_limits::test_read_all::test_485_read_all_at_end ... ok
[INFO] [stdout] test test_attributes::test_limits::test_count::test_slice::test_count_zero ... ok
[INFO] [stdout] test test_attributes::test_limits::test_bits_read::test_vec::test_bits_read_from_field::case_2 ... ok
[INFO] [stdout] test test_attributes::test_limits::test_bits_read::test_vec::test_bits_read_from_field::case_3 - should panic ... ok
[INFO] [stdout] test test_attributes::test_limits::test_until::test_slice::test_until_static ... ok
[INFO] [stdout] test test_attributes::test_limits::test_count::test_slice::test_count_from_field ... ok
[INFO] [stdout] test test_attributes::test_limits::test_until::test_vec::test_until_from_field ... ok
[INFO] [stdout] test test_attributes::test_limits::test_until::test_vec::test_until_static ... ok
[INFO] [stdout] test test_attributes::test_map::test_map ... ok
[INFO] [stdout] test test_attributes::test_padding::test::test_pad_bits_before_and_pad_bytes_before ... ok
[INFO] [stdout] test test_attributes::test_limits::test_read_all::test_read_all ... ok
[INFO] [stdout] test test_attributes::test_limits::test_until::test_slice::test_until_error - should panic ... ok
[INFO] [stdout] test test_attributes::test_limits::test_until::test_slice::test_until_from_field ... ok
[INFO] [stdout] test test_attributes::test_padding::test_pad_bits_after::test_pad_bits_after_read_err - should panic ... ok
[INFO] [stdout] test test_attributes::test_limits::test_until::test_vec::test_until_error - should panic ... ok
[INFO] [stdout] test test_attributes::test_padding::test_pad_bits_after::test_pad_bits_after_write_err - should panic ... ok
[INFO] [stdout] test test_attributes::test_padding::test_pad_bits_after::test_pad_bits_after ... ok
[INFO] [stdout] test test_attributes::test_limits::test_count::test_vec::test_count_zero ... ok
[INFO] [stdout] test test_attributes::test_padding::test_pad_bits_after::test_pad_bits_after_not_enough - should panic ... ok
[INFO] [stdout] test test_attributes::test_padding::test_pad_bytes_after::test_pad_bytes_after ... ok
[INFO] [stdout] test test_attributes::test_padding::test_pad_bits_before::test_pad_bits_before_write_err - should panic ... ok
[INFO] [stdout] test test_attributes::test_padding::test_pad_bytes_after::test_pad_bytes_after_not_enough - should panic ... ok
[INFO] [stdout] test test_attributes::test_padding::test::test_pad_bits_after_and_pad_bytes_after ... ok
[INFO] [stdout] test test_attributes::test_padding::test_pad_bytes_before::test_pad_bytes_before_not_enough - should panic ... ok
[INFO] [stdout] test test_attributes::test_padding::test_pad_bytes_before::test_pad_bytes_before_read_err - should panic ... ok
[INFO] [stdout] test test_attributes::test_padding::test_pad_bytes_before::test_pad_bytes_before_write_err - should panic ... ok
[INFO] [stdout] test test_attributes::test_skip::test_skip_cond ... ok
[INFO] [stdout] test test_attributes::test_skip::test_skip_default ... ok
[INFO] [stdout] test test_attributes::test_temp::test_temp_enum_field ... ok
[INFO] [stdout] test test_attributes::test_temp::test_temp_enum_field_write ... ok
[INFO] [stdout] test test_attributes::test_temp::test_temp_field ... ok
[INFO] [stdout] test test_attributes::test_temp::test_temp_field_unnamed ... ok
[INFO] [stdout] test test_attributes::test_temp::test_temp_field_unnamed_write ... ok
[INFO] [stdout] test test_attributes::test_padding::test_pad_bits_before::test_pad_bits_before ... ok
[INFO] [stdout] test test_attributes::test_skip::test_skip ... ok
[INFO] [stdout] test test_attributes::test_temp::test_temp_field_value_ignore_on_read ... ok
[INFO] [stdout] test test_attributes::test_padding::test_pad_bits_before::test_pad_bits_before_not_enough - should panic ... ok
[INFO] [stdout] test test_attributes::test_temp::test_temp_field_write ... ok
[INFO] [stdout] test test_attributes::test_temp_value_with_cond::test_temp_value_with_cond ... ok
[INFO] [stdout] test test_attributes::test_padding::test_pad_bits_before::test_pad_bits_before_read_err - should panic ... ok
[INFO] [stdout] test test_attributes::test_temp_value_with_cond::test_temp_value_with_cond_depending_on_skippable_entries ... ok
[INFO] [stdout] test test_attributes::test_update::test_update ... ok
[INFO] [stdout] test test_attributes::test_update::test_update_error - should panic ... FAILED
[INFO] [stdout] test test_to_bits::test_to_bits_correct ... ok
[INFO] [stdout] test test_to_bits::test_to_bits_correct_over ... ok
[INFO] [stdout] test test_to_bits::test_to_bits_enum ... ok
[INFO] [stdout] test test_attributes::test_update::test_update_from_field ... ok
[INFO] [stdout] test test_attributes::test_padding::test_pad_bytes_after::test_pad_bytes_after_read_err - should panic ... ok
[INFO] [stdout] test test_attributes::test_padding::test_pad_bytes_after::test_pad_bytes_after_write_err - should panic ... ok
[INFO] [stdout] test test_attributes::test_padding::test_pad_bytes_before::test_pad_bytes_before ... ok
[INFO] [stderr] warning: /opt/rustwide/workdir/Cargo.toml: `lints.clippy.manual-unwrap-or-default` is deprecated in favor of `lints.clippy.manual_unwrap_or_default` and will not work in a future edition
[INFO] [stderr] warning: `deku` (manifest) generated 1 warning
[INFO] [stderr]    Compiling proc-macro2 v1.0.105
[INFO] [stderr]    Compiling unicode-ident v1.0.22
[INFO] [stderr]    Compiling quote v1.0.43
[INFO] [stderr]    Compiling memchr v2.7.6
[INFO] [stderr]    Compiling crossbeam-utils v0.8.21
[INFO] [stderr]    Compiling equivalent v1.0.2
[INFO] [stderr]    Compiling winnow v0.7.14
[INFO] [stderr]    Compiling serde_core v1.0.228
[INFO] [stderr]    Compiling hashbrown v0.16.1
[INFO] [stderr]    Compiling toml_datetime v0.7.5+spec-1.1.0
[INFO] [stderr]    Compiling zerocopy v0.8.33
[INFO] [stderr]    Compiling zmij v1.0.14
[INFO] [stderr]    Compiling serde v1.0.228
[INFO] [stderr]    Compiling anstyle v1.0.13
[INFO] [stderr]    Compiling indexmap v2.13.0
[INFO] [stderr]    Compiling aho-corasick v1.1.4
[INFO] [stderr]    Compiling semver v1.0.27
[INFO] [stderr]    Compiling regex-syntax v0.8.8
[INFO] [stderr]    Compiling syn v2.0.114
[INFO] [stderr]    Compiling autocfg v1.5.0
[INFO] [stderr]    Compiling rustc_version v0.4.1
[INFO] [stderr]    Compiling num-traits v0.2.19
[INFO] [stderr]    Compiling crossbeam-epoch v0.9.18
[INFO] [stderr]    Compiling regex-automata v0.4.13
[INFO] [stderr]    Compiling toml_parser v1.0.6+spec-1.1.0
[INFO] [stderr]    Compiling toml_edit v0.23.10+spec-1.0.0
[INFO] [stderr]    Compiling cfg-if v1.0.4
[INFO] [stderr]    Compiling rayon-core v1.13.0
[INFO] [stderr]    Compiling serde_json v1.0.149
[INFO] [stderr]    Compiling either v1.15.0
[INFO] [stderr]    Compiling radium v0.7.0
[INFO] [stderr]    Compiling syn v1.0.109
[INFO] [stderr]    Compiling crossbeam-deque v0.8.6
[INFO] [stderr]    Compiling rstest_macros v0.26.1
[INFO] [stderr]    Compiling utf8parse v0.2.2
[INFO] [stderr]    Compiling pin-utils v0.1.0
[INFO] [stderr]    Compiling ciborium-io v0.2.2
[INFO] [stderr]    Compiling tap v1.0.1
[INFO] [stderr]    Compiling itoa v1.0.17
[INFO] [stderr]    Compiling rustversion v1.0.22
[INFO] [stderr]    Compiling proc-macro-crate v3.4.0
[INFO] [stderr]    Compiling plotters-backend v0.3.7
[INFO] [stderr]    Compiling clap_lex v0.7.7
[INFO] [stderr]    Compiling clap_builder v4.5.54
[INFO] [stderr]    Compiling regex v1.12.2
[INFO] [stderr]    Compiling plotters-svg v0.3.7
[INFO] [stderr]    Compiling darling_core v0.21.3
[INFO] [stderr]    Compiling wyz v0.5.1
[INFO] [stderr]    Compiling anstyle-parse v0.2.7
[INFO] [stderr]    Compiling itertools v0.13.0
[INFO] [stderr]    Compiling cast v0.3.0
[INFO] [stderr]    Compiling pin-project-lite v0.2.16
[INFO] [stderr]    Compiling anstyle-query v1.1.5
[INFO] [stderr]    Compiling glob v0.3.3
[INFO] [stderr]    Compiling futures-core v0.3.31
[INFO] [stderr]    Compiling colorchoice v1.0.4
[INFO] [stderr]    Compiling same-file v1.0.6
[INFO] [stderr]    Compiling is_terminal_polyfill v1.70.2
[INFO] [stderr]    Compiling funty v2.0.0
[INFO] [stderr]    Compiling relative-path v1.9.3
[INFO] [stderr]    Compiling log v0.4.29
[INFO] [stderr]    Compiling futures-task v0.3.31
[INFO] [stderr]    Compiling slab v0.4.11
[INFO] [stderr]    Compiling env_filter v0.1.4
[INFO] [stdout] test test_compile::test_compile has been running for over 60 seconds
[INFO] [stderr]    Compiling criterion-plot v0.6.0
[INFO] [stderr]    Compiling zerocopy-derive v0.8.33
[INFO] [stderr]    Compiling serde_derive v1.0.228
[INFO] [stderr]    Compiling futures-macro v0.3.31
[INFO] [stderr]    Compiling bitvec v1.0.1
[INFO] [stderr]    Compiling anstream v0.6.21
[INFO] [stderr]    Compiling futures-util v0.3.31
[INFO] [stderr]    Compiling darling_macro v0.21.3
[INFO] [stderr]    Compiling walkdir v2.5.0
[INFO] [stderr]    Compiling darling v0.21.3
[INFO] [stderr]    Compiling deku_derive v0.20.3
[INFO] [stderr]    Compiling clap v4.5.54
[INFO] [stderr]    Compiling plotters v0.3.7
[INFO] [stderr]    Compiling rayon v1.11.0
[INFO] [stderr]    Compiling no_std_io2 v0.9.3
[INFO] [stderr]    Compiling oorandom v11.1.5
[INFO] [stderr]    Compiling anes v0.1.6
[INFO] [stderr]    Compiling futures-timer v3.0.3
[INFO] [stderr]    Compiling jiff v0.2.18
[INFO] [stderr]    Compiling alloc_counter_macro v0.0.2
[INFO] [stderr]    Compiling half v2.7.1
[INFO] [stderr]    Compiling alloc_counter v0.0.4
[INFO] [stderr]    Compiling hexlit v0.5.5
[INFO] [stderr]    Compiling rustc-hash v2.1.1
[INFO] [stderr]    Compiling assert_hex v0.4.1
[INFO] [stderr]    Compiling ciborium-ll v0.2.2
[INFO] [stderr]    Compiling deku v0.20.3 (/opt/rustwide/workdir)
[INFO] [stderr]    Compiling tinytemplate v1.2.1
[INFO] [stderr]    Compiling ciborium v0.2.2
[INFO] [stderr]    Compiling rstest v0.26.1
[INFO] [stderr]    Compiling criterion v0.7.0
[INFO] [stderr]    Compiling env_logger v0.11.8
[INFO] [stderr]    Compiling deku-tests v0.0.0 (/opt/rustwide/target/tests/trybuild/deku)
[INFO] [stderr]     Finished `dev` profile [unoptimized + debuginfo] target(s) in 1m 54s
[INFO] [stderr] 
[INFO] [stderr] 
[INFO] [stderr] test tests/test_compile/pass_cases/no_prelude.rs [should pass] ... ok
[INFO] [stderr] test tests/test_compile/cases/attribute_token_stream.rs [should fail to compile] ... ok
[INFO] [stderr] test tests/test_compile/cases/bits_bytes_conflict.rs [should fail to compile] ... ok
[INFO] [stderr] test tests/test_compile/cases/catch_all_multiple.rs [should fail to compile] ... ok
[INFO] [stderr] test tests/test_compile/cases/count_read_conflict.rs [should fail to compile] ... ok
[INFO] [stderr] test tests/test_compile/cases/ctx_validation.rs [should fail to compile] ... ok
[INFO] [stderr] test tests/test_compile/cases/deku_size_seek_enum.rs [should fail to compile] ... mismatch
[INFO] [stderr] 
[INFO] [stderr] EXPECTED:
[INFO] [stderr] ┈┈┈┈┈┈┈┈┈┈┈┈┈┈┈┈┈┈┈┈┈┈┈┈┈┈┈┈┈┈┈┈┈┈┈┈┈┈┈┈┈┈┈┈┈┈┈┈┈┈┈┈┈┈┈┈┈┈┈┈
[INFO] [stderr] error: DekuSize cannot be derived for types with seek attributes (seek_rewind, seek_from_current, seek_from_end, seek_from_start). Seek operations make size unpredictable.
[INFO] [stderr]  --> tests/test_compile/cases/deku_size_seek_enum.rs:5:6
[INFO] [stderr]   |
[INFO] [stderr] 5 | enum SeekEnum {
[INFO] [stderr]   |      ^^^^^^^^
[INFO] [stderr] 
[INFO] [stderr] error[E0599]: no variant or associated item named `SIZE_BITS` found for enum `SeekEnum` in the current scope
[INFO] [stderr]   --> tests/test_compile/cases/deku_size_seek_enum.rs:11:23
[INFO] [stderr]    |
[INFO] [stderr]  5 | enum SeekEnum {
[INFO] [stderr]    | ------------- variant or associated item `SIZE_BITS` not found for this enum
[INFO] [stderr] ...
[INFO] [stderr] 11 |     let _ = SeekEnum::SIZE_BITS;
[INFO] [stderr]    |                       ^^^^^^^^^ variant or associated item not found in `SeekEnum`
[INFO] [stderr]    |
[INFO] [stderr]    = help: items from traits can only be used if the trait is implemented and in scope
[INFO] [stderr]    = note: the following trait defines an item `SIZE_BITS`, perhaps you need to implement it:
[INFO] [stderr]            candidate #1: `deku::DekuSize`
[INFO] [stderr] ┈┈┈┈┈┈┈┈┈┈┈┈┈┈┈┈┈┈┈┈┈┈┈┈┈┈┈┈┈┈┈┈┈┈┈┈┈┈┈┈┈┈┈┈┈┈┈┈┈┈┈┈┈┈┈┈┈┈┈┈
[INFO] [stderr] 
[INFO] [stderr] ACTUAL OUTPUT:
[INFO] [stderr] ┈┈┈┈┈┈┈┈┈┈┈┈┈┈┈┈┈┈┈┈┈┈┈┈┈┈┈┈┈┈┈┈┈┈┈┈┈┈┈┈┈┈┈┈┈┈┈┈┈┈┈┈┈┈┈┈┈┈┈┈
[INFO] [stderr] error: DekuSize cannot be derived for types with seek attributes (seek_rewind, seek_from_current, seek_from_end, seek_from_start). Seek operations make size unpredictable.
[INFO] [stderr]  --> tests/test_compile/cases/deku_size_seek_enum.rs:5:6
[INFO] [stderr]   |
[INFO] [stderr] 5 | enum SeekEnum {
[INFO] [stderr]   |      ^^^^^^^^
[INFO] [stderr] 
[INFO] [stderr] error[E0599]: no variant, associated function, or constant named `SIZE_BITS` found for enum `SeekEnum` in the current scope
[INFO] [stderr]   --> tests/test_compile/cases/deku_size_seek_enum.rs:11:23
[INFO] [stderr]    |
[INFO] [stderr]  5 | enum SeekEnum {
[INFO] [stderr]    | ------------- variant, associated function, or constant `SIZE_BITS` not found for this enum
[INFO] [stderr] ...
[INFO] [stderr] 11 |     let _ = SeekEnum::SIZE_BITS;
[INFO] [stderr]    |                       ^^^^^^^^^ variant, associated function, or constant not found in `SeekEnum`
[INFO] [stderr]    |
[INFO] [stderr]    = help: items from traits can only be used if the trait is implemented and in scope
[INFO] [stderr]    = note: the following trait defines an item `SIZE_BITS`, perhaps you need to implement it:
[INFO] [stderr]            candidate #1: `deku::DekuSize`
[INFO] [stderr] ┈┈┈┈┈┈┈┈┈┈┈┈┈┈┈┈┈┈┈┈┈┈┈┈┈┈┈┈┈┈┈┈┈┈┈┈┈┈┈┈┈┈┈┈┈┈┈┈┈┈┈┈┈┈┈┈┈┈┈┈
[INFO] [stderr] note: If the actual output is the correct output you can bless it by rerunning
[INFO] [stderr]       your test with the environment variable TRYBUILD=overwrite
[INFO] [stderr] 
[INFO] [stderr] test tests/test_compile/cases/deku_size_seek_field.rs [should fail to compile] ... mismatch
[INFO] [stderr] 
[INFO] [stderr] EXPECTED:
[INFO] [stderr] ┈┈┈┈┈┈┈┈┈┈┈┈┈┈┈┈┈┈┈┈┈┈┈┈┈┈┈┈┈┈┈┈┈┈┈┈┈┈┈┈┈┈┈┈┈┈┈┈┈┈┈┈┈┈┈┈┈┈┈┈
[INFO] [stderr] error: DekuSize cannot be derived for types with seek attributes on field 'field'. Seek operations make size unpredictable.
[INFO] [stderr]  --> tests/test_compile/cases/deku_size_seek_field.rs:7:12
[INFO] [stderr]   |
[INFO] [stderr] 7 |     field: u8,
[INFO] [stderr]   |            ^^
[INFO] [stderr] 
[INFO] [stderr] error[E0599]: no associated item named `SIZE_BITS` found for struct `SeekFieldStruct` in the current scope
[INFO] [stderr]   --> tests/test_compile/cases/deku_size_seek_field.rs:11:30
[INFO] [stderr]    |
[INFO] [stderr]  4 | struct SeekFieldStruct {
[INFO] [stderr]    | ---------------------- associated item `SIZE_BITS` not found for this struct
[INFO] [stderr] ...
[INFO] [stderr] 11 |     let _ = SeekFieldStruct::SIZE_BITS;
[INFO] [stderr]    |                              ^^^^^^^^^ associated item not found in `SeekFieldStruct`
[INFO] [stderr]    |
[INFO] [stderr]    = help: items from traits can only be used if the trait is implemented and in scope
[INFO] [stderr]    = note: the following trait defines an item `SIZE_BITS`, perhaps you need to implement it:
[INFO] [stderr]            candidate #1: `deku::DekuSize`
[INFO] [stderr] ┈┈┈┈┈┈┈┈┈┈┈┈┈┈┈┈┈┈┈┈┈┈┈┈┈┈┈┈┈┈┈┈┈┈┈┈┈┈┈┈┈┈┈┈┈┈┈┈┈┈┈┈┈┈┈┈┈┈┈┈
[INFO] [stderr] 
[INFO] [stderr] ACTUAL OUTPUT:
[INFO] [stderr] ┈┈┈┈┈┈┈┈┈┈┈┈┈┈┈┈┈┈┈┈┈┈┈┈┈┈┈┈┈┈┈┈┈┈┈┈┈┈┈┈┈┈┈┈┈┈┈┈┈┈┈┈┈┈┈┈┈┈┈┈
[INFO] [stderr] error: DekuSize cannot be derived for types with seek attributes on field 'field'. Seek operations make size unpredictable.
[INFO] [stderr]  --> tests/test_compile/cases/deku_size_seek_field.rs:7:12
[INFO] [stderr]   |
[INFO] [stderr] 7 |     field: u8,
[INFO] [stderr]   |            ^^
[INFO] [stderr] 
[INFO] [stderr] error[E0599]: no associated function or constant named `SIZE_BITS` found for struct `SeekFieldStruct` in the current scope
[INFO] [stderr]   --> tests/test_compile/cases/deku_size_seek_field.rs:11:30
[INFO] [stderr]    |
[INFO] [stderr]  4 | struct SeekFieldStruct {
[INFO] [stderr]    | ---------------------- associated function or constant `SIZE_BITS` not found for this struct
[INFO] [stderr] ...
[INFO] [stderr] 11 |     let _ = SeekFieldStruct::SIZE_BITS;
[INFO] [stderr]    |                              ^^^^^^^^^ associated function or constant not found in `SeekFieldStruct`
[INFO] [stderr]    |
[INFO] [stderr]    = help: items from traits can only be used if the trait is implemented and in scope
[INFO] [stderr]    = note: the following trait defines an item `SIZE_BITS`, perhaps you need to implement it:
[INFO] [stderr]            candidate #1: `deku::DekuSize`
[INFO] [stderr] ┈┈┈┈┈┈┈┈┈┈┈┈┈┈┈┈┈┈┈┈┈┈┈┈┈┈┈┈┈┈┈┈┈┈┈┈┈┈┈┈┈┈┈┈┈┈┈┈┈┈┈┈┈┈┈┈┈┈┈┈
[INFO] [stderr] note: If the actual output is the correct output you can bless it by rerunning
[INFO] [stderr]       your test with the environment variable TRYBUILD=overwrite
[INFO] [stderr] 
[INFO] [stderr] test tests/test_compile/cases/deku_size_seek_struct.rs [should fail to compile] ... mismatch
[INFO] [stderr] 
[INFO] [stderr] EXPECTED:
[INFO] [stderr] ┈┈┈┈┈┈┈┈┈┈┈┈┈┈┈┈┈┈┈┈┈┈┈┈┈┈┈┈┈┈┈┈┈┈┈┈┈┈┈┈┈┈┈┈┈┈┈┈┈┈┈┈┈┈┈┈┈┈┈┈
[INFO] [stderr] error: DekuSize cannot be derived for types with seek attributes (seek_rewind, seek_from_current, seek_from_end, seek_from_start). Seek operations make size unpredictable.
[INFO] [stderr]  --> tests/test_compile/cases/deku_size_seek_struct.rs:5:8
[INFO] [stderr]   |
[INFO] [stderr] 5 | struct SeekStruct {
[INFO] [stderr]   |        ^^^^^^^^^^
[INFO] [stderr] 
[INFO] [stderr] error[E0599]: no associated item named `SIZE_BITS` found for struct `SeekStruct` in the current scope
[INFO] [stderr]   --> tests/test_compile/cases/deku_size_seek_struct.rs:10:25
[INFO] [stderr]    |
[INFO] [stderr]  5 | struct SeekStruct {
[INFO] [stderr]    | ----------------- associated item `SIZE_BITS` not found for this struct
[INFO] [stderr] ...
[INFO] [stderr] 10 |     let _ = SeekStruct::SIZE_BITS;
[INFO] [stderr]    |                         ^^^^^^^^^ associated item not found in `SeekStruct`
[INFO] [stderr]    |
[INFO] [stderr]    = help: items from traits can only be used if the trait is implemented and in scope
[INFO] [stderr]    = note: the following trait defines an item `SIZE_BITS`, perhaps you need to implement it:
[INFO] [stderr]            candidate #1: `deku::DekuSize`
[INFO] [stderr] ┈┈┈┈┈┈┈┈┈┈┈┈┈┈┈┈┈┈┈┈┈┈┈┈┈┈┈┈┈┈┈┈┈┈┈┈┈┈┈┈┈┈┈┈┈┈┈┈┈┈┈┈┈┈┈┈┈┈┈┈
[INFO] [stderr] 
[INFO] [stderr] ACTUAL OUTPUT:
[INFO] [stderr] ┈┈┈┈┈┈┈┈┈┈┈┈┈┈┈┈┈┈┈┈┈┈┈┈┈┈┈┈┈┈┈┈┈┈┈┈┈┈┈┈┈┈┈┈┈┈┈┈┈┈┈┈┈┈┈┈┈┈┈┈
[INFO] [stderr] error: DekuSize cannot be derived for types with seek attributes (seek_rewind, seek_from_current, seek_from_end, seek_from_start). Seek operations make size unpredictable.
[INFO] [stderr]  --> tests/test_compile/cases/deku_size_seek_struct.rs:5:8
[INFO] [stderr]   |
[INFO] [stderr] 5 | struct SeekStruct {
[INFO] [stderr]   |        ^^^^^^^^^^
[INFO] [stderr] 
[INFO] [stderr] error[E0599]: no associated function or constant named `SIZE_BITS` found for struct `SeekStruct` in the current scope
[INFO] [stderr]   --> tests/test_compile/cases/deku_size_seek_struct.rs:10:25
[INFO] [stderr]    |
[INFO] [stderr]  5 | struct SeekStruct {
[INFO] [stderr]    | ----------------- associated function or constant `SIZE_BITS` not found for this struct
[INFO] [stderr] ...
[INFO] [stderr] 10 |     let _ = SeekStruct::SIZE_BITS;
[INFO] [stderr]    |                         ^^^^^^^^^ associated function or constant not found in `SeekStruct`
[INFO] [stderr]    |
[INFO] [stderr]    = help: items from traits can only be used if the trait is implemented and in scope
[INFO] [stderr]    = note: the following trait defines an item `SIZE_BITS`, perhaps you need to implement it:
[INFO] [stderr]            candidate #1: `deku::DekuSize`
[INFO] [stderr] ┈┈┈┈┈┈┈┈┈┈┈┈┈┈┈┈┈┈┈┈┈┈┈┈┈┈┈┈┈┈┈┈┈┈┈┈┈┈┈┈┈┈┈┈┈┈┈┈┈┈┈┈┈┈┈┈┈┈┈┈
[INFO] [stderr] note: If the actual output is the correct output you can bless it by rerunning
[INFO] [stderr]       your test with the environment variable TRYBUILD=overwrite
[INFO] [stderr] 
[INFO] [stderr] test tests/test_compile/cases/deku_size_vec.rs [should fail to compile] ... mismatch
[INFO] [stderr] 
[INFO] [stderr] EXPECTED:
[INFO] [stderr] ┈┈┈┈┈┈┈┈┈┈┈┈┈┈┈┈┈┈┈┈┈┈┈┈┈┈┈┈┈┈┈┈┈┈┈┈┈┈┈┈┈┈┈┈┈┈┈┈┈┈┈┈┈┈┈┈┈┈┈┈
[INFO] [stderr] error[E0277]: the trait bound `Vec<u8>: deku::DekuSize` is not satisfied
[INFO] [stderr]  --> tests/test_compile/cases/deku_size_vec.rs:3:10
[INFO] [stderr]   |
[INFO] [stderr] 3 | #[derive(DekuSize)]
[INFO] [stderr]   |          ^^^^^^^^ the trait `deku::DekuSize` is not implemented for `Vec<u8>`
[INFO] [stderr]   |
[INFO] [stderr]   = help: the following other types implement trait `deku::DekuSize`:
[INFO] [stderr]             (A, B)
[INFO] [stderr]             (A, B, C)
[INFO] [stderr]             (A, B, C, D)
[INFO] [stderr]             (A, B, C, D, E)
[INFO] [stderr]             (A, B, C, D, E, F)
[INFO] [stderr]             (A, B, C, D, E, F, G)
[INFO] [stderr]             (A, B, C, D, E, F, G, H)
[INFO] [stderr]             (A, B, C, D, E, F, G, H, I)
[INFO] [stderr]           and $N others
[INFO] [stderr]   = help: see issue #48214
[INFO] [stderr]   = note: this error originates in the derive macro `DekuSize` (in Nightly builds, run with -Z macro-backtrace for more info)
[INFO] [stderr] 
[INFO] [stderr] error[E0599]: the associated item `SIZE_BITS` exists for struct `Test`, but its trait bounds were not satisfied
[INFO] [stderr]  --> tests/test_compile/cases/deku_size_vec.rs:9:23
[INFO] [stderr]   |
[INFO] [stderr] 4 | struct Test {
[INFO] [stderr]   | ----------- associated item `SIZE_BITS` not found for this struct because it doesn't satisfy `Test: deku::DekuSize`
[INFO] [stderr] ...
[INFO] [stderr] 9 |     let _size = Test::SIZE_BITS;
[INFO] [stderr]   |                       ^^^^^^^^^ associated item cannot be called on `Test` due to unsatisfied trait bounds
[INFO] [stderr]   |
[INFO] [stderr]   = note: trait bound `Vec<u8>: deku::DekuSize` was not satisfied
[INFO] [stderr]   = help: items from traits can only be used if the trait is implemented and in scope
[INFO] [stderr]   = note: the following trait defines an item `SIZE_BITS`, perhaps you need to implement it:
[INFO] [stderr]           candidate #1: `deku::DekuSize`
[INFO] [stderr] ┈┈┈┈┈┈┈┈┈┈┈┈┈┈┈┈┈┈┈┈┈┈┈┈┈┈┈┈┈┈┈┈┈┈┈┈┈┈┈┈┈┈┈┈┈┈┈┈┈┈┈┈┈┈┈┈┈┈┈┈
[INFO] [stderr] 
[INFO] [stderr] ACTUAL OUTPUT:
[INFO] [stderr] ┈┈┈┈┈┈┈┈┈┈┈┈┈┈┈┈┈┈┈┈┈┈┈┈┈┈┈┈┈┈┈┈┈┈┈┈┈┈┈┈┈┈┈┈┈┈┈┈┈┈┈┈┈┈┈┈┈┈┈┈
[INFO] [stderr] error[E0277]: the trait bound `Vec<u8>: deku::DekuSize` is not satisfied
[INFO] [stderr]  --> tests/test_compile/cases/deku_size_vec.rs:3:10
[INFO] [stderr]   |
[INFO] [stderr] 3 | #[derive(DekuSize)]
[INFO] [stderr]   |          ^^^^^^^^ the trait `deku::DekuSize` is not implemented for `Vec<u8>`
[INFO] [stderr]   |
[INFO] [stderr]   = help: the following other types implement trait `deku::DekuSize`:
[INFO] [stderr]             (A,)
[INFO] [stderr]             (A, B)
[INFO] [stderr]             (A, B, C)
[INFO] [stderr]             (A, B, C, D)
[INFO] [stderr]             (A, B, C, D, E)
[INFO] [stderr]             (A, B, C, D, E, F)
[INFO] [stderr]             (A, B, C, D, E, F, G)
[INFO] [stderr]             (A, B, C, D, E, F, G, H)
[INFO] [stderr]           and $N others
[INFO] [stderr]   = note: this error originates in the derive macro `DekuSize` (in Nightly builds, run with -Z macro-backtrace for more info)
[INFO] [stderr] 
[INFO] [stderr] error[E0599]: the associated function or constant `SIZE_BITS` exists for struct `Test`, but its trait bounds were not satisfied
[INFO] [stderr]  --> tests/test_compile/cases/deku_size_vec.rs:9:23
[INFO] [stderr]   |
[INFO] [stderr] 4 | struct Test {
[INFO] [stderr]   | ----------- associated function or constant `SIZE_BITS` not found for this struct because it doesn't satisfy `Test: deku::DekuSize`
[INFO] [stderr] ...
[INFO] [stderr] 9 |     let _size = Test::SIZE_BITS;
[INFO] [stderr]   |                       ^^^^^^^^^ associated function or constant cannot be called on `Test` due to unsatisfied trait bounds
[INFO] [stderr]   |
[INFO] [stderr] note: trait bound `Vec<u8>: deku::DekuSize` was not satisfied
[INFO] [stderr]  --> tests/test_compile/cases/deku_size_vec.rs:3:10
[INFO] [stderr]   |
[INFO] [stderr] 3 | #[derive(DekuSize)]
[INFO] [stderr]   |          ^^^^^^^^ type parameter would need to implement `DekuSize`
[INFO] [stderr]   = help: consider manually implementing the trait to avoid undesired bounds
[INFO] [stderr]   = help: items from traits can only be used if the trait is implemented and in scope
[INFO] [stderr]   = note: the following trait defines an item `SIZE_BITS`, perhaps you need to implement it:
[INFO] [stderr]           candidate #1: `deku::DekuSize`
[INFO] [stderr]   = note: this error originates in the derive macro `DekuSize` (in Nightly builds, run with -Z macro-backtrace for more info)
[INFO] [stderr] ┈┈┈┈┈┈┈┈┈┈┈┈┈┈┈┈┈┈┈┈┈┈┈┈┈┈┈┈┈┈┈┈┈┈┈┈┈┈┈┈┈┈┈┈┈┈┈┈┈┈┈┈┈┈┈┈┈┈┈┈
[INFO] [stderr] note: If the actual output is the correct output you can bless it by rerunning
[INFO] [stderr]       your test with the environment variable TRYBUILD=overwrite
[INFO] [stderr] 
[INFO] [stderr] test tests/test_compile/cases/enum_validation.rs [should fail to compile] ... ok
[INFO] [stderr] test tests/test_compile/cases/internal_variables.rs [should fail to compile] ... ok
[INFO] [stderr] test tests/test_compile/cases/no_deku_id_generic_enum.rs [should fail to compile] ... ok
[INFO] [stderr] test tests/test_compile/cases/seek_conflict.rs [should fail to compile] ... ok
[INFO] [stderr] test tests/test_compile/cases/temp_field.rs [should fail to compile] ... ok
[INFO] [stdout] test test_compile::test_compile ... FAILED
[INFO] [stderr] test tests/test_compile/cases/unknown_endian.rs [should fail to compile] ... mismatch
[INFO] [stdout] 
[INFO] [stderr] 
[INFO] [stdout] failures:
[INFO] [stderr] EXPECTED:
[INFO] [stdout] 
[INFO] [stderr] ┈┈┈┈┈┈┈┈┈┈┈┈┈┈┈┈┈┈┈┈┈┈┈┈┈┈┈┈┈┈┈┈┈┈┈┈┈┈┈┈┈┈┈┈┈┈┈┈┈┈┈┈┈┈┈┈┈┈┈┈
[INFO] [stdout] ---- test_attributes::test_update::test_update_error stdout ----
[INFO] [stderr] error[E0425]: cannot find value `variable` in this scope
[INFO] [stdout] 
[INFO] [stderr]  --> tests/test_compile/cases/unknown_endian.rs:3:10
[INFO] [stdout] thread 'test_attributes::test_update::test_update_error' (2984) panicked at tests/test_attributes/test_update.rs:79:18:
[INFO] [stderr]   |
[INFO] [stdout] called `Result::unwrap()` on an `Err` value: Parse("error parsing int: number too large to fit in target type")
[INFO] [stderr] 3 | #[derive(DekuRead)]
[INFO] [stdout] stack backtrace:
[INFO] [stderr]   |          ^^^^^^^^ not found in this scope
[INFO] [stdout]    0:     0x646bd6772921 - <<std[617be2ca0a6fd877]::sys::backtrace::BacktraceLock>::print::DisplayBacktrace as core[a373ad73a504971]::fmt::Display>::fmt
[INFO] [stderr]   |
[INFO] [stdout]    1:     0x646bd678917a - core[a373ad73a504971]::fmt::write
[INFO] [stderr]   = note: this error originates in the derive macro `DekuRead` (in Nightly builds, run with -Z macro-backtrace for more info)
[INFO] [stdout]    2:     0x646bd677716c - <alloc[2e1b2a31b91974c5]::vec::Vec<u8> as core[a373ad73a504971]::io::write::Write>::write_fmt
[INFO] [stderr] 
[INFO] [stdout]    3:     0x646bd674bd86 - std[617be2ca0a6fd877]::panicking::default_hook::{closure#0}
[INFO] [stderr] error[E0425]: cannot find value `variable` in this scope
[INFO] [stdout]    4:     0x646bd6769ec9 - std[617be2ca0a6fd877]::panicking::default_hook
[INFO] [stderr]  --> tests/test_compile/cases/unknown_endian.rs:9:10
[INFO] [stdout]    5:     0x646bd6701630 - test[aada8e7e76ba119b]::test_main_inner::{closure#0}
[INFO] [stderr]   |
[INFO] [stdout]    6:     0x646bd676a082 - std[617be2ca0a6fd877]::panicking::panic_with_hook
[INFO] [stderr] 9 | #[derive(DekuRead)]
[INFO] [stdout]    7:     0x646bd674be32 - std[617be2ca0a6fd877]::panicking::panic_handler::{closure#0}
[INFO] [stderr]   |          ^^^^^^^^ not found in this scope
[INFO] [stdout]    8:     0x646bd6744689 - std[617be2ca0a6fd877]::sys::backtrace::__rust_end_short_backtrace::<std[617be2ca0a6fd877]::panicking::panic_handler::{closure#0}, !>
[INFO] [stderr]   |
[INFO] [stdout]    9:     0x646bd674ca3d - __rustc[ea4f61d10b84890b]::rust_begin_unwind
[INFO] [stderr]   = note: this error originates in the derive macro `DekuRead` (in Nightly builds, run with -Z macro-backtrace for more info)
[INFO] [stdout]   10:     0x646bd67898ec - core[a373ad73a504971]::panicking::panic_fmt
[INFO] [stderr] 
[INFO] [stdout]   11:     0x646bd67896c2 - core[a373ad73a504971]::result::unwrap_failed
[INFO] [stderr] error[E0425]: cannot find value `variable` in this scope
[INFO] [stdout]   12:     0x646bd664269b - <mod[235ef0faea267aed]::test_attributes::test_update::test_update_error::{closure#0} as core[a373ad73a504971]::ops::function::FnOnce<()>>::call_once
[INFO] [stderr]   --> tests/test_compile/cases/unknown_endian.rs:15:10
[INFO] [stdout]   13:     0x646bd66f4a7b - test[aada8e7e76ba119b]::__rust_begin_short_backtrace::<core[a373ad73a504971]::result::Result<(), alloc[2e1b2a31b91974c5]::string::String>, fn() -> core[a373ad73a504971]::result::Result<(), alloc[2e1b2a31b91974c5]::string::String>>
[INFO] [stderr]    |
[INFO] [stdout]   14:     0x646bd6701c55 - test[aada8e7e76ba119b]::run_test::{closure#0}
[INFO] [stderr] 15 | #[derive(DekuRead)]
[INFO] [stdout]   15:     0x646bd66fb544 - std[617be2ca0a6fd877]::sys::backtrace::__rust_begin_short_backtrace::<test[aada8e7e76ba119b]::run_test::{closure#1}, ()>
[INFO] [stderr]    |          ^^^^^^^^ not found in this scope
[INFO] [stdout]   16:     0x646bd6704ce2 - <std[617be2ca0a6fd877]::thread::lifecycle::spawn_unchecked<test[aada8e7e76ba119b]::run_test::{closure#1}, ()>::{closure#1} as core[a373ad73a504971]::ops::function::FnOnce<()>>::call_once::{shim:vtable#0}
[INFO] [stderr]    |
[INFO] [stdout]   17:     0x646bd6771b7f - <std[617be2ca0a6fd877]::sys::thread::unix::Thread>::new::thread_start
[INFO] [stderr]    = note: this error originates in the derive macro `DekuRead` (in Nightly builds, run with -Z macro-backtrace for more info)
[INFO] [stdout]   18:     0x78efc6e05dfa - <unknown>
[INFO] [stderr] 
[INFO] [stdout]   19:     0x78efc6e993d4 - clone
[INFO] [stderr] error[E0425]: cannot find value `variable` in this scope
[INFO] [stdout]   20:                0x0 - <unknown>
[INFO] [stderr]   --> tests/test_compile/cases/unknown_endian.rs:19:10
[INFO] [stdout] note: panic did not contain expected string
[INFO] [stderr]    |
[INFO] [stdout]       panic message: "called `Result::unwrap()` on an `Err` value: Parse(\"error parsing int: number too large to fit in target type\")"
[INFO] [stderr] 19 | #[derive(DekuRead)]
[INFO] [stdout]  expected substring: "Parse(\"error parsing int: out of range integral type conversion attempted\")"
[INFO] [stderr]    |          ^^^^^^^^ not found in this scope
[INFO] [stdout] ---- test_compile::test_compile stdout ----
[INFO] [stderr]    |
[INFO] [stdout] 
[INFO] [stderr]    = note: this error originates in the derive macro `DekuRead` (in Nightly builds, run with -Z macro-backtrace for more info)
[INFO] [stdout] thread 'test_compile::test_compile' (2986) panicked at /opt/rustwide/cargo-home/registry/src/index.crates.io-1949cf8c6b5b557f/trybuild-1.0.114/src/run.rs:102:13:
[INFO] [stderr] 
[INFO] [stdout] 5 of 16 tests failed
[INFO] [stderr] warning: unreachable expression
[INFO] [stdout] stack backtrace:
[INFO] [stderr]   --> tests/test_compile/cases/unknown_endian.rs:15:10
[INFO] [stdout]    0:     0x646bd6772921 - <<std[617be2ca0a6fd877]::sys::backtrace::BacktraceLock>::print::DisplayBacktrace as core[a373ad73a504971]::fmt::Display>::fmt
[INFO] [stderr]    |
[INFO] [stdout]    1:     0x646bd678917a - core[a373ad73a504971]::fmt::write
[INFO] [stderr] 15 | #[derive(DekuRead)]
[INFO] [stdout]    2:     0x646bd677716c - <alloc[2e1b2a31b91974c5]::vec::Vec<u8> as core[a373ad73a504971]::io::write::Write>::write_fmt
[INFO] [stderr]    |          ^^^^^^^^
[INFO] [stdout]    3:     0x646bd674bd86 - std[617be2ca0a6fd877]::panicking::default_hook::{closure#0}
[INFO] [stderr]    |          |
[INFO] [stdout]    4:     0x646bd6769ec9 - std[617be2ca0a6fd877]::panicking::default_hook
[INFO] [stderr]    |          unreachable expression
[INFO] [stdout]    5:     0x646bd6701630 - test[aada8e7e76ba119b]::test_main_inner::{closure#0}
[INFO] [stderr]    |          any code following this `match` expression is unreachable, as all arms diverge
[INFO] [stdout]    6:     0x646bd676a082 - std[617be2ca0a6fd877]::panicking::panic_with_hook
[INFO] [stderr]    |
[INFO] [stdout]    7:     0x646bd674be32 - std[617be2ca0a6fd877]::panicking::panic_handler::{closure#0}
[INFO] [stderr]    = note: `#[warn(unreachable_code)]` (part of `#[warn(unused)]`) on by default
[INFO] [stdout]    8:     0x646bd6744689 - std[617be2ca0a6fd877]::sys::backtrace::__rust_end_short_backtrace::<std[617be2ca0a6fd877]::panicking::panic_handler::{closure#0}, !>
[INFO] [stderr]    = note: this warning originates in the derive macro `DekuRead` (in Nightly builds, run with -Z macro-backtrace for more info)
[INFO] [stdout]    9:     0x646bd674ca3d - __rustc[ea4f61d10b84890b]::rust_begin_unwind
[INFO] [stderr] ┈┈┈┈┈┈┈┈┈┈┈┈┈┈┈┈┈┈┈┈┈┈┈┈┈┈┈┈┈┈┈┈┈┈┈┈┈┈┈┈┈┈┈┈┈┈┈┈┈┈┈┈┈┈┈┈┈┈┈┈
[INFO] [stdout]   10:     0x646bd67898ec - core[a373ad73a504971]::panicking::panic_fmt
[INFO] [stderr] 
[INFO] [stdout]   11:     0x646bd66512a7 - <trybuild[2fbc1a1d458850de]::Runner>::run
[INFO] [stderr] ACTUAL OUTPUT:
[INFO] [stdout]   12:     0x646bd6654400 - <trybuild[2fbc1a1d458850de]::TestCases as core[a373ad73a504971]::ops::drop::Drop>::drop
[INFO] [stderr] ┈┈┈┈┈┈┈┈┈┈┈┈┈┈┈┈┈┈┈┈┈┈┈┈┈┈┈┈┈┈┈┈┈┈┈┈┈┈┈┈┈┈┈┈┈┈┈┈┈┈┈┈┈┈┈┈┈┈┈┈
[INFO] [stdout]   13:     0x646bd66241e8 - <mod[235ef0faea267aed]::test_compile::test_compile::{closure#0} as core[a373ad73a504971]::ops::function::FnOnce<()>>::call_once
[INFO] [stderr] error[E0425]: cannot find value `variable` in this scope
[INFO] [stdout]   14:     0x646bd66f4a7b - test[aada8e7e76ba119b]::__rust_begin_short_backtrace::<core[a373ad73a504971]::result::Result<(), alloc[2e1b2a31b91974c5]::string::String>, fn() -> core[a373ad73a504971]::result::Result<(), alloc[2e1b2a31b91974c5]::string::String>>
[INFO] [stderr]  --> tests/test_compile/cases/unknown_endian.rs:3:10
[INFO] [stdout]   15:     0x646bd6701c55 - test[aada8e7e76ba119b]::run_test::{closure#0}
[INFO] [stderr]   |
[INFO] [stdout]   16:     0x646bd66fb544 - std[617be2ca0a6fd877]::sys::backtrace::__rust_begin_short_backtrace::<test[aada8e7e76ba119b]::run_test::{closure#1}, ()>
[INFO] [stderr] 3 | #[derive(DekuRead)]
[INFO] [stdout]   17:     0x646bd6704ce2 - <std[617be2ca0a6fd877]::thread::lifecycle::spawn_unchecked<test[aada8e7e76ba119b]::run_test::{closure#1}, ()>::{closure#1} as core[a373ad73a504971]::ops::function::FnOnce<()>>::call_once::{shim:vtable#0}
[INFO] [stderr]   |          ^^^^^^^^ not found in this scope
[INFO] [stdout]   18:     0x646bd6771b7f - <std[617be2ca0a6fd877]::sys::thread::unix::Thread>::new::thread_start
[INFO] [stderr]   |
[INFO] [stdout]   19:     0x78efc6e05dfa - <unknown>
[INFO] [stderr]   = note: this error originates in the derive macro `DekuRead` (in Nightly builds, run with -Z macro-backtrace for more info)
[INFO] [stdout]   20:     0x78efc6e993d4 - clone
[INFO] [stderr] 
[INFO] [stdout]   21:                0x0 - <unknown>
[INFO] [stderr] error[E0425]: cannot find value `variable` in this scope
[INFO] [stdout] 
[INFO] [stderr]  --> tests/test_compile/cases/unknown_endian.rs:9:10
[INFO] [stdout] 
[INFO] [stderr]   |
[INFO] [stdout] failures:
[INFO] [stderr] 9 | #[derive(DekuRead)]
[INFO] [stdout]     test_attributes::test_update::test_update_error
[INFO] [stderr]   |          ^^^^^^^^ not found in this scope
[INFO] [stdout]     test_compile::test_compile
[INFO] [stderr]   |
[INFO] [stdout] 
[INFO] [stderr]   = note: this error originates in the derive macro `DekuRead` (in Nightly builds, run with -Z macro-backtrace for more info)
[INFO] [stdout] test result: FAILED. 98 passed; 2 failed; 0 ignored; 0 measured; 0 filtered out; finished in 121.50s
[INFO] [stderr] 
[INFO] [stdout] 
[INFO] [stderr] error[E0425]: cannot find value `variable` in this scope
[INFO] [stderr]   --> tests/test_compile/cases/unknown_endian.rs:15:10
[INFO] [stderr]    |
[INFO] [stderr] 15 | #[derive(DekuRead)]
[INFO] [stderr]    |          ^^^^^^^^ not found in this scope
[INFO] [stderr]    |
[INFO] [stderr]    = note: this error originates in the derive macro `DekuRead` (in Nightly builds, run with -Z macro-backtrace for more info)
[INFO] [stderr] 
[INFO] [stderr] error[E0425]: cannot find value `variable` in this scope
[INFO] [stderr]   --> tests/test_compile/cases/unknown_endian.rs:19:10
[INFO] [stderr]    |
[INFO] [stderr] 19 | #[derive(DekuRead)]
[INFO] [stderr]    |          ^^^^^^^^ not found in this scope
[INFO] [stderr]    |
[INFO] [stderr]    = note: this error originates in the derive macro `DekuRead` (in Nightly builds, run with -Z macro-backtrace for more info)
[INFO] [stderr] ┈┈┈┈┈┈┈┈┈┈┈┈┈┈┈┈┈┈┈┈┈┈┈┈┈┈┈┈┈┈┈┈┈┈┈┈┈┈┈┈┈┈┈┈┈┈┈┈┈┈┈┈┈┈┈┈┈┈┈┈
[INFO] [stderr] note: If the actual output is the correct output you can bless it by rerunning
[INFO] [stderr]       your test with the environment variable TRYBUILD=overwrite
[INFO] [stderr] 
[INFO] [stderr] 
[INFO] [stderr] 
[INFO] [stderr] error: test failed, to rerun pass `--test mod`
[INFO] running `Command { std: "docker" "inspect" "ddb7acf449bef21a6c6bae86dd671cfc892ee9d90e29d2ddaaca604479558b4c", kill_on_drop: false }`
[INFO] running `Command { std: "docker" "rm" "-f" "ddb7acf449bef21a6c6bae86dd671cfc892ee9d90e29d2ddaaca604479558b4c", kill_on_drop: false }`
[INFO] [stdout] ddb7acf449bef21a6c6bae86dd671cfc892ee9d90e29d2ddaaca604479558b4c
