[INFO] fetching crate dekoder 0.15.7...
[INFO] testing dekoder-0.15.7 against 1.100.0-beta.1+cargoflags=--release for beta-release-1.100-2
[INFO] extracting crate dekoder 0.15.7 into /workspace/builds/worker-0-tc2/source
[INFO] started tweaking crates.io crate dekoder 0.15.7
[INFO] removed 0 missing tests
[INFO] finished tweaking crates.io crate dekoder 0.15.7
[INFO] tweaked toml for crates.io crate dekoder 0.15.7 written to /workspace/builds/worker-0-tc2/source/Cargo.toml
[INFO] validating manifest of crates.io crate dekoder 0.15.7 on toolchain 1.100.0-beta.1
[INFO] running `Command { std: CARGO_HOME="/workspace/cargo-home" RUSTUP_HOME="/workspace/rustup-home" "/workspace/cargo-home/bin/cargo" "+1.100.0-beta.1" "metadata" "--manifest-path" "Cargo.toml" "--no-deps", kill_on_drop: false }`
[INFO] crate crates.io crate dekoder 0.15.7 already has a lockfile, it will not be regenerated
[INFO] running `Command { std: CARGO_HOME="/workspace/cargo-home" RUSTUP_HOME="/workspace/rustup-home" "/workspace/cargo-home/bin/cargo" "+1.100.0-beta.1" "fetch" "--manifest-path" "Cargo.toml", kill_on_drop: false }`
[INFO] running `Command { std: "docker" "create" "-v" "/var/lib/crater-agent-workspace/builds/worker-0-tc2/source:/opt/rustwide/workdir:ro,Z" "-v" "/var/lib/crater-agent-workspace/builds/worker-0-tc2/target:/opt/rustwide/target:rw,Z" "-v" "/var/lib/crater-agent-workspace/cargo-home:/opt/rustwide/cargo-home:ro,Z" "-v" "/var/lib/crater-agent-workspace/rustup-home:/opt/rustwide/rustup-home:ro,Z" "-m" "1610612736" "--network" "none" "ghcr.io/rust-lang/crates-build-env/linux@sha256:77db811e55d90add9212f6832c23229e3de5f1c1f9905e8cb07319ea15df73ac" "sleep" "infinity", kill_on_drop: false }`
[INFO] [stdout] 46bb439299f62abb6e94711ab28a2fe1113ee62a357fff5e0476993928a7ef55
[INFO] running `Command { std: "docker" "start" "46bb439299f62abb6e94711ab28a2fe1113ee62a357fff5e0476993928a7ef55", kill_on_drop: false }`
[INFO] running `Command { std: "docker" "inspect" "46bb439299f62abb6e94711ab28a2fe1113ee62a357fff5e0476993928a7ef55", kill_on_drop: false }`
[INFO] running `Command { std: "docker" "exec" "-e" "SOURCE_DIR=/opt/rustwide/workdir" "-e" "CARGO_HOME=/opt/rustwide/cargo-home" "-e" "RUSTUP_HOME=/opt/rustwide/rustup-home" "-e" "CARGO_TARGET_DIR=/opt/rustwide/target" "-w" "/opt/rustwide/workdir" "--user" "0:0" "46bb439299f62abb6e94711ab28a2fe1113ee62a357fff5e0476993928a7ef55" "/opt/rustwide/cargo-home/bin/cargo" "+1.100.0-beta.1" "metadata" "--no-deps" "--format-version=1", kill_on_drop: false }`
[INFO] running `Command { std: "docker" "inspect" "46bb439299f62abb6e94711ab28a2fe1113ee62a357fff5e0476993928a7ef55", kill_on_drop: false }`
[INFO] running `Command { std: "docker" "exec" "-e" "SOURCE_DIR=/opt/rustwide/workdir" "-e" "CARGO_HOME=/opt/rustwide/cargo-home" "-e" "RUSTUP_HOME=/opt/rustwide/rustup-home" "-e" "CARGO_TARGET_DIR=/opt/rustwide/target" "-e" "CARGO_INCREMENTAL=0" "-e" "RUST_BACKTRACE=full" "-e" "RUSTFLAGS=--cap-lints=warn" "-e" "RUSTDOCFLAGS=--cap-lints=warn" "-w" "/opt/rustwide/workdir" "--user" "0:0" "46bb439299f62abb6e94711ab28a2fe1113ee62a357fff5e0476993928a7ef55" "/opt/rustwide/cargo-home/bin/cargo" "+1.100.0-beta.1" "build" "--frozen" "--message-format=json" "--release", kill_on_drop: false }`
[INFO] [stderr]    Compiling proc-macro2 v1.0.93
[INFO] [stderr]    Compiling unicode-ident v1.0.17
[INFO] [stderr]    Compiling thiserror v2.0.11
[INFO] [stderr]    Compiling libc v0.2.170
[INFO] [stderr]    Compiling zerocopy v0.7.35
[INFO] [stderr]    Compiling num-traits v0.2.19
[INFO] [stderr]    Compiling ahash v0.8.11
[INFO] [stderr]    Compiling matrixmultiply v0.3.9
[INFO] [stderr]    Compiling rustix v0.38.44
[INFO] [stderr]    Compiling miniz_oxide v0.8.5
[INFO] [stderr]    Compiling bitflags v2.8.0
[INFO] [stderr]    Compiling linux-raw-sys v0.4.15
[INFO] [stderr]    Compiling encoding_rs v0.8.35
[INFO] [stderr]    Compiling arraydeque v0.5.1
[INFO] [stderr]    Compiling twox-hash v2.1.2
[INFO] [stderr]    Compiling lz4_flex v0.11.6
[INFO] [stderr]    Compiling quote v1.0.38
[INFO] [stderr]    Compiling flate2 v1.1.0
[INFO] [stderr]    Compiling syn v2.0.98
[INFO] [stderr]    Compiling hashbrown v0.14.5
[INFO] [stderr]    Compiling num-integer v0.1.46
[INFO] [stderr]    Compiling num-complex v0.4.6
[INFO] [stderr]    Compiling num-bigint v0.4.6
[INFO] [stderr]    Compiling filetime v0.2.25
[INFO] [stderr]    Compiling ndarray v0.15.6
[INFO] [stderr]    Compiling hashlink v0.8.4
[INFO] [stderr]    Compiling yaml-rust2 v0.8.1
[INFO] [stderr]    Compiling xattr v1.4.0
[INFO] [stderr]    Compiling tar v0.4.46
[INFO] [stderr]    Compiling thiserror-impl v2.0.11
[INFO] [stderr]    Compiling thiserror-impl v1.0.69
[INFO] [stderr]    Compiling pest v2.7.15
[INFO] [stderr]    Compiling thiserror v1.0.69
[INFO] [stderr]    Compiling zip v0.5.13
[INFO] [stderr]    Compiling pest_meta v2.7.15
[INFO] [stderr]    Compiling pest_generator v2.7.15
[INFO] [stderr]    Compiling pest_derive v2.7.15
[INFO] [stderr]    Compiling py_literal v0.4.0
[INFO] [stderr]    Compiling ndarray-npy v0.8.1
[INFO] [stderr]    Compiling dekoder v0.15.7 (/opt/rustwide/workdir)
[INFO] [stderr]     Finished `release` profile [optimized] target(s) in 18.64s
[INFO] running `Command { std: "docker" "inspect" "46bb439299f62abb6e94711ab28a2fe1113ee62a357fff5e0476993928a7ef55", kill_on_drop: false }`
[INFO] running `Command { std: "docker" "exec" "-e" "SOURCE_DIR=/opt/rustwide/workdir" "-e" "CARGO_HOME=/opt/rustwide/cargo-home" "-e" "RUSTUP_HOME=/opt/rustwide/rustup-home" "-e" "CARGO_TARGET_DIR=/opt/rustwide/target" "-e" "CARGO_INCREMENTAL=0" "-e" "RUST_BACKTRACE=full" "-e" "RUSTFLAGS=--cap-lints=warn" "-e" "RUSTDOCFLAGS=--cap-lints=warn" "-w" "/opt/rustwide/workdir" "--user" "0:0" "46bb439299f62abb6e94711ab28a2fe1113ee62a357fff5e0476993928a7ef55" "/opt/rustwide/cargo-home/bin/cargo" "+1.100.0-beta.1" "test" "--frozen" "--no-run" "--message-format=json" "--release", kill_on_drop: false }`
[INFO] [stderr]    Compiling rustix v0.38.44
[INFO] [stderr]    Compiling bstr v1.11.3
[INFO] [stderr]    Compiling log v0.4.26
[INFO] [stderr]    Compiling getrandom v0.3.1
[INFO] [stderr]    Compiling crossbeam-epoch v0.9.18
[INFO] [stderr]    Compiling ahash v0.8.11
[INFO] [stderr]    Compiling doc-comment v0.3.3
[INFO] [stderr]    Compiling predicates-core v1.0.9
[INFO] [stderr]    Compiling regex v1.11.1
[INFO] [stderr]    Compiling float-cmp v0.10.0
[INFO] [stderr]    Compiling anstyle v1.0.10
[INFO] [stderr]    Compiling predicates-tree v1.0.12
[INFO] [stderr]    Compiling hashbrown v0.14.5
[INFO] [stderr]    Compiling globset v0.4.15
[INFO] [stderr]    Compiling predicates v3.1.3
[INFO] [stderr]    Compiling crossbeam-deque v0.8.6
[INFO] [stderr]    Compiling hashlink v0.8.4
[INFO] [stderr]    Compiling ignore v0.4.23
[INFO] [stderr]    Compiling yaml-rust2 v0.8.1
[INFO] [stderr]    Compiling globwalk v0.9.1
[INFO] [stderr]    Compiling xattr v1.4.0
[INFO] [stderr]    Compiling tempfile v3.17.1
[INFO] [stderr]    Compiling tar v0.4.46
[INFO] [stderr]    Compiling assert_fs v1.1.2
[INFO] [stderr]    Compiling dekoder v0.15.7 (/opt/rustwide/workdir)
[INFO] [stderr]     Finished `release` profile [optimized] target(s) in 10.09s
[INFO] running `Command { std: "docker" "inspect" "46bb439299f62abb6e94711ab28a2fe1113ee62a357fff5e0476993928a7ef55", kill_on_drop: false }`
[INFO] running `Command { std: "docker" "exec" "-e" "SOURCE_DIR=/opt/rustwide/workdir" "-e" "CARGO_HOME=/opt/rustwide/cargo-home" "-e" "RUSTUP_HOME=/opt/rustwide/rustup-home" "-e" "CARGO_TARGET_DIR=/opt/rustwide/target" "-e" "CARGO_INCREMENTAL=0" "-e" "RUST_BACKTRACE=full" "-e" "RUSTFLAGS=--cap-lints=warn" "-e" "RUSTDOCFLAGS=--cap-lints=warn" "-w" "/opt/rustwide/workdir" "--user" "0:0" "46bb439299f62abb6e94711ab28a2fe1113ee62a357fff5e0476993928a7ef55" "/opt/rustwide/cargo-home/bin/cargo" "+1.100.0-beta.1" "test" "--frozen" "--release", kill_on_drop: false }`
[INFO] [stderr]     Finished `release` profile [optimized] target(s) in 0.06s
[INFO] [stderr]      Running unittests src/lib.rs (/opt/rustwide/target/release/build/dekoder/bb7fda8151c57edd/out/dekoder-bb7fda8151c57edd)
[INFO] [stdout] 
[INFO] [stdout] running 0 tests
[INFO] [stdout] 
[INFO] [stdout] test result: ok. 0 passed; 0 failed; 0 ignored; 0 measured; 0 filtered out; finished in 0.00s
[INFO] [stdout] 
[INFO] [stderr]      Running tests/test_load.rs (/opt/rustwide/target/release/build/dekoder/7a3151858e781e67/out/test_load-7a3151858e781e67)
[INFO] [stdout] 
[INFO] [stdout] running 5 tests
[INFO] [stdout] test destroy ... FAILED
[INFO] [stdout] test has_operator ... FAILED
[INFO] [stdout] test load_operator ... FAILED
[INFO] [stdout] test open ... FAILED
[INFO] [stdout] test save_as_other ... FAILED
[INFO] [stdout] 
[INFO] [stdout] failures:
[INFO] [stdout] 
[INFO] [stdout] ---- destroy stdout ----
[INFO] [stdout] 
[INFO] [stdout] thread 'destroy' (1426) panicked at tests/test_load.rs:14:5:
[INFO] [stdout] assertion failed: predicate::path::exists().eval(&src)
[INFO] [stdout] stack backtrace:
[INFO] [stdout]    0:     0x63cf8f8696a1 - <<std[617be2ca0a6fd877]::sys::backtrace::BacktraceLock>::print::DisplayBacktrace as core[a373ad73a504971]::fmt::Display>::fmt
[INFO] [stdout]    1:     0x63cf8f87f1aa - core[a373ad73a504971]::fmt::write
[INFO] [stdout]    2:     0x63cf8f86ddec - <alloc[2e1b2a31b91974c5]::vec::Vec<u8> as core[a373ad73a504971]::io::write::Write>::write_fmt
[INFO] [stdout]    3:     0x63cf8f842ef6 - std[617be2ca0a6fd877]::panicking::default_hook::{closure#0}
[INFO] [stdout]    4:     0x63cf8f8608f9 - std[617be2ca0a6fd877]::panicking::default_hook
[INFO] [stdout]    5:     0x63cf8f77d870 - test[aada8e7e76ba119b]::test_main_inner::{closure#0}
[INFO] [stdout]    6:     0x63cf8f860ab2 - std[617be2ca0a6fd877]::panicking::panic_with_hook
[INFO] [stdout]    7:     0x63cf8f842fd4 - std[617be2ca0a6fd877]::panicking::panic_handler::{closure#0}
[INFO] [stdout]    8:     0x63cf8f83b869 - std[617be2ca0a6fd877]::sys::backtrace::__rust_end_short_backtrace::<std[617be2ca0a6fd877]::panicking::panic_handler::{closure#0}, !>
[INFO] [stdout]    9:     0x63cf8f843e4d - __rustc[ea4f61d10b84890b]::rust_begin_unwind
[INFO] [stdout]   10:     0x63cf8f87f8dc - core[a373ad73a504971]::panicking::panic_fmt
[INFO] [stdout]   11:     0x63cf8f87f8a2 - core[a373ad73a504971]::panicking::panic
[INFO] [stdout]   12:     0x63cf8f76efac - test_load[27384f9c15746925]::v3tar
[INFO] [stdout]   13:     0x63cf8f77088b - <test_load[27384f9c15746925]::destroy::{closure#0} as core[a373ad73a504971]::ops::function::FnOnce<()>>::call_once
[INFO] [stdout]   14:     0x63cf8f770cbb - test[aada8e7e76ba119b]::__rust_begin_short_backtrace::<core[a373ad73a504971]::result::Result<(), alloc[2e1b2a31b91974c5]::string::String>, fn() -> core[a373ad73a504971]::result::Result<(), alloc[2e1b2a31b91974c5]::string::String>>
[INFO] [stdout]   15:     0x63cf8f77de95 - test[aada8e7e76ba119b]::run_test::{closure#0}
[INFO] [stdout]   16:     0x63cf8f777784 - std[617be2ca0a6fd877]::sys::backtrace::__rust_begin_short_backtrace::<test[aada8e7e76ba119b]::run_test::{closure#1}, ()>
[INFO] [stdout]   17:     0x63cf8f780f22 - <std[617be2ca0a6fd877]::thread::lifecycle::spawn_unchecked<test[aada8e7e76ba119b]::run_test::{closure#1}, ()>::{closure#1} as core[a373ad73a504971]::ops::function::FnOnce<()>>::call_once::{shim:vtable#0}
[INFO] [stdout]   18:     0x63cf8f868b9f - <std[617be2ca0a6fd877]::sys::thread::unix::Thread>::new::thread_start
[INFO] [stdout]   19:     0x7826e5042dfa - <unknown>
[INFO] [stdout]   20:     0x7826e50d63d4 - clone
[INFO] [stdout]   21:                0x0 - <unknown>
[INFO] [stdout] 
[INFO] [stdout] ---- has_operator stdout ----
[INFO] [stdout] 
[INFO] [stdout] thread 'has_operator' (1427) panicked at tests/test_load.rs:14:5:
[INFO] [stdout] assertion failed: predicate::path::exists().eval(&src)
[INFO] [stdout] stack backtrace:
[INFO] [stdout]    0:     0x63cf8f8696a1 - <<std[617be2ca0a6fd877]::sys::backtrace::BacktraceLock>::print::DisplayBacktrace as core[a373ad73a504971]::fmt::Display>::fmt
[INFO] [stdout]    1:     0x63cf8f87f1aa - core[a373ad73a504971]::fmt::write
[INFO] [stdout]    2:     0x63cf8f86ddec - <alloc[2e1b2a31b91974c5]::vec::Vec<u8> as core[a373ad73a504971]::io::write::Write>::write_fmt
[INFO] [stdout]    3:     0x63cf8f842ef6 - std[617be2ca0a6fd877]::panicking::default_hook::{closure#0}
[INFO] [stdout]    4:     0x63cf8f8608f9 - std[617be2ca0a6fd877]::panicking::default_hook
[INFO] [stdout]    5:     0x63cf8f77d870 - test[aada8e7e76ba119b]::test_main_inner::{closure#0}
[INFO] [stdout]    6:     0x63cf8f860ab2 - std[617be2ca0a6fd877]::panicking::panic_with_hook
[INFO] [stdout]    7:     0x63cf8f842fd4 - std[617be2ca0a6fd877]::panicking::panic_handler::{closure#0}
[INFO] [stdout]    8:     0x63cf8f83b869 - std[617be2ca0a6fd877]::sys::backtrace::__rust_end_short_backtrace::<std[617be2ca0a6fd877]::panicking::panic_handler::{closure#0}, !>
[INFO] [stdout]    9:     0x63cf8f843e4d - __rustc[ea4f61d10b84890b]::rust_begin_unwind
[INFO] [stdout]   10:     0x63cf8f87f8dc - core[a373ad73a504971]::panicking::panic_fmt
[INFO] [stdout]   11:     0x63cf8f87f8a2 - core[a373ad73a504971]::panicking::panic
[INFO] [stdout]   12:     0x63cf8f76efac - test_load[27384f9c15746925]::v3tar
[INFO] [stderr] error: test failed, to rerun pass `--test test_load`
[INFO] [stdout]   13:     0x63cf8f76f43e - <test_load[27384f9c15746925]::has_operator::{closure#0} as core[a373ad73a504971]::ops::function::FnOnce<()>>::call_once
[INFO] [stdout]   14:     0x63cf8f770cbb - test[aada8e7e76ba119b]::__rust_begin_short_backtrace::<core[a373ad73a504971]::result::Result<(), alloc[2e1b2a31b91974c5]::string::String>, fn() -> core[a373ad73a504971]::result::Result<(), alloc[2e1b2a31b91974c5]::string::String>>
[INFO] [stdout]   15:     0x63cf8f77de95 - test[aada8e7e76ba119b]::run_test::{closure#0}
[INFO] [stdout]   16:     0x63cf8f777784 - std[617be2ca0a6fd877]::sys::backtrace::__rust_begin_short_backtrace::<test[aada8e7e76ba119b]::run_test::{closure#1}, ()>
[INFO] [stdout]   17:     0x63cf8f780f22 - <std[617be2ca0a6fd877]::thread::lifecycle::spawn_unchecked<test[aada8e7e76ba119b]::run_test::{closure#1}, ()>::{closure#1} as core[a373ad73a504971]::ops::function::FnOnce<()>>::call_once::{shim:vtable#0}
[INFO] [stdout]   18:     0x63cf8f868b9f - <std[617be2ca0a6fd877]::sys::thread::unix::Thread>::new::thread_start
[INFO] [stdout]   19:     0x7826e5042dfa - <unknown>
[INFO] [stdout]   20:     0x7826e50d63d4 - clone
[INFO] [stdout]   21:                0x0 - <unknown>
[INFO] [stdout] 
[INFO] [stdout] ---- load_operator stdout ----
[INFO] [stdout] 
[INFO] [stdout] thread 'load_operator' (1428) panicked at tests/test_load.rs:14:5:
[INFO] [stdout] assertion failed: predicate::path::exists().eval(&src)
[INFO] [stdout] stack backtrace:
[INFO] [stdout]    0:     0x63cf8f8696a1 - <<std[617be2ca0a6fd877]::sys::backtrace::BacktraceLock>::print::DisplayBacktrace as core[a373ad73a504971]::fmt::Display>::fmt
[INFO] [stdout]    1:     0x63cf8f87f1aa - core[a373ad73a504971]::fmt::write
[INFO] [stdout]    2:     0x63cf8f86ddec - <alloc[2e1b2a31b91974c5]::vec::Vec<u8> as core[a373ad73a504971]::io::write::Write>::write_fmt
[INFO] [stdout]    3:     0x63cf8f842ef6 - std[617be2ca0a6fd877]::panicking::default_hook::{closure#0}
[INFO] [stdout]    4:     0x63cf8f8608f9 - std[617be2ca0a6fd877]::panicking::default_hook
[INFO] [stdout]    5:     0x63cf8f77d870 - test[aada8e7e76ba119b]::test_main_inner::{closure#0}
[INFO] [stdout]    6:     0x63cf8f860ab2 - std[617be2ca0a6fd877]::panicking::panic_with_hook
[INFO] [stdout]    7:     0x63cf8f842fd4 - std[617be2ca0a6fd877]::panicking::panic_handler::{closure#0}
[INFO] [stdout]    8:     0x63cf8f83b869 - std[617be2ca0a6fd877]::sys::backtrace::__rust_end_short_backtrace::<std[617be2ca0a6fd877]::panicking::panic_handler::{closure#0}, !>
[INFO] [stdout]    9:     0x63cf8f843e4d - __rustc[ea4f61d10b84890b]::rust_begin_unwind
[INFO] [stdout]   10:     0x63cf8f87f8dc - core[a373ad73a504971]::panicking::panic_fmt
[INFO] [stdout]   11:     0x63cf8f87f8a2 - core[a373ad73a504971]::panicking::panic
[INFO] [stdout]   12:     0x63cf8f76efac - test_load[27384f9c15746925]::v3tar
[INFO] [stdout]   13:     0x63cf8f76f93e - <test_load[27384f9c15746925]::load_operator::{closure#0} as core[a373ad73a504971]::ops::function::FnOnce<()>>::call_once
[INFO] [stdout]   14:     0x63cf8f770cbb - test[aada8e7e76ba119b]::__rust_begin_short_backtrace::<core[a373ad73a504971]::result::Result<(), alloc[2e1b2a31b91974c5]::string::String>, fn() -> core[a373ad73a504971]::result::Result<(), alloc[2e1b2a31b91974c5]::string::String>>
[INFO] [stdout]   15:     0x63cf8f77de95 - test[aada8e7e76ba119b]::run_test::{closure#0}
[INFO] [stdout]   16:     0x63cf8f777784 - std[617be2ca0a6fd877]::sys::backtrace::__rust_begin_short_backtrace::<test[aada8e7e76ba119b]::run_test::{closure#1}, ()>
[INFO] [stdout]   17:     0x63cf8f780f22 - <std[617be2ca0a6fd877]::thread::lifecycle::spawn_unchecked<test[aada8e7e76ba119b]::run_test::{closure#1}, ()>::{closure#1} as core[a373ad73a504971]::ops::function::FnOnce<()>>::call_once::{shim:vtable#0}
[INFO] [stdout]   18:     0x63cf8f868b9f - <std[617be2ca0a6fd877]::sys::thread::unix::Thread>::new::thread_start
[INFO] [stdout]   19:     0x7826e5042dfa - <unknown>
[INFO] [stdout]   20:     0x7826e50d63d4 - clone
[INFO] [stdout]   21:                0x0 - <unknown>
[INFO] [stdout] 
[INFO] [stdout] ---- open stdout ----
[INFO] [stdout] 
[INFO] [stdout] thread 'open' (1429) panicked at tests/test_load.rs:14:5:
[INFO] [stdout] assertion failed: predicate::path::exists().eval(&src)
[INFO] [stdout] stack backtrace:
[INFO] [stdout]    0:     0x63cf8f8696a1 - <<std[617be2ca0a6fd877]::sys::backtrace::BacktraceLock>::print::DisplayBacktrace as core[a373ad73a504971]::fmt::Display>::fmt
[INFO] [stdout]    1:     0x63cf8f87f1aa - core[a373ad73a504971]::fmt::write
[INFO] [stdout]    2:     0x63cf8f86ddec - <alloc[2e1b2a31b91974c5]::vec::Vec<u8> as core[a373ad73a504971]::io::write::Write>::write_fmt
[INFO] [stdout]    3:     0x63cf8f842ef6 - std[617be2ca0a6fd877]::panicking::default_hook::{closure#0}
[INFO] [stdout]    4:     0x63cf8f8608f9 - std[617be2ca0a6fd877]::panicking::default_hook
[INFO] [stdout]    5:     0x63cf8f77d870 - test[aada8e7e76ba119b]::test_main_inner::{closure#0}
[INFO] [stdout]    6:     0x63cf8f860ab2 - std[617be2ca0a6fd877]::panicking::panic_with_hook
[INFO] [stdout]    7:     0x63cf8f842fd4 - std[617be2ca0a6fd877]::panicking::panic_handler::{closure#0}
[INFO] [stdout]    8:     0x63cf8f83b869 - std[617be2ca0a6fd877]::sys::backtrace::__rust_end_short_backtrace::<std[617be2ca0a6fd877]::panicking::panic_handler::{closure#0}, !>
[INFO] [stdout]    9:     0x63cf8f843e4d - __rustc[ea4f61d10b84890b]::rust_begin_unwind
[INFO] [stdout]   10:     0x63cf8f87f8dc - core[a373ad73a504971]::panicking::panic_fmt
[INFO] [stdout]   11:     0x63cf8f87f8a2 - core[a373ad73a504971]::panicking::panic
[INFO] [stdout]   12:     0x63cf8f76efac - test_load[27384f9c15746925]::v3tar
[INFO] [stdout]   13:     0x63cf8f7704cb - <test_load[27384f9c15746925]::open::{closure#0} as core[a373ad73a504971]::ops::function::FnOnce<()>>::call_once
[INFO] [stdout]   14:     0x63cf8f770cbb - test[aada8e7e76ba119b]::__rust_begin_short_backtrace::<core[a373ad73a504971]::result::Result<(), alloc[2e1b2a31b91974c5]::string::String>, fn() -> core[a373ad73a504971]::result::Result<(), alloc[2e1b2a31b91974c5]::string::String>>
[INFO] [stdout]   15:     0x63cf8f77de95 - test[aada8e7e76ba119b]::run_test::{closure#0}
[INFO] [stdout]   16:     0x63cf8f777784 - std[617be2ca0a6fd877]::sys::backtrace::__rust_begin_short_backtrace::<test[aada8e7e76ba119b]::run_test::{closure#1}, ()>
[INFO] [stdout]   17:     0x63cf8f780f22 - <std[617be2ca0a6fd877]::thread::lifecycle::spawn_unchecked<test[aada8e7e76ba119b]::run_test::{closure#1}, ()>::{closure#1} as core[a373ad73a504971]::ops::function::FnOnce<()>>::call_once::{shim:vtable#0}
[INFO] [stdout]   18:     0x63cf8f868b9f - <std[617be2ca0a6fd877]::sys::thread::unix::Thread>::new::thread_start
[INFO] [stdout]   19:     0x7826e5042dfa - <unknown>
[INFO] [stdout]   20:     0x7826e50d63d4 - clone
[INFO] [stdout]   21:                0x0 - <unknown>
[INFO] [stdout] 
[INFO] [stdout] ---- save_as_other stdout ----
[INFO] [stdout] 
[INFO] [stdout] thread 'save_as_other' (1430) panicked at tests/test_load.rs:14:5:
[INFO] [stdout] assertion failed: predicate::path::exists().eval(&src)
[INFO] [stdout] stack backtrace:
[INFO] [stdout]    0:     0x63cf8f8696a1 - <<std[617be2ca0a6fd877]::sys::backtrace::BacktraceLock>::print::DisplayBacktrace as core[a373ad73a504971]::fmt::Display>::fmt
[INFO] [stdout]    1:     0x63cf8f87f1aa - core[a373ad73a504971]::fmt::write
[INFO] [stdout]    2:     0x63cf8f86ddec - <alloc[2e1b2a31b91974c5]::vec::Vec<u8> as core[a373ad73a504971]::io::write::Write>::write_fmt
[INFO] [stdout]    3:     0x63cf8f842ef6 - std[617be2ca0a6fd877]::panicking::default_hook::{closure#0}
[INFO] [stdout]    4:     0x63cf8f8608f9 - std[617be2ca0a6fd877]::panicking::default_hook
[INFO] [stdout]    5:     0x63cf8f77d870 - test[aada8e7e76ba119b]::test_main_inner::{closure#0}
[INFO] [stdout]    6:     0x63cf8f860ab2 - std[617be2ca0a6fd877]::panicking::panic_with_hook
[INFO] [stdout]    7:     0x63cf8f842fd4 - std[617be2ca0a6fd877]::panicking::panic_handler::{closure#0}
[INFO] [stdout]    8:     0x63cf8f83b869 - std[617be2ca0a6fd877]::sys::backtrace::__rust_end_short_backtrace::<std[617be2ca0a6fd877]::panicking::panic_handler::{closure#0}, !>
[INFO] [stdout]    9:     0x63cf8f843e4d - __rustc[ea4f61d10b84890b]::rust_begin_unwind
[INFO] [stdout]   10:     0x63cf8f87f8dc - core[a373ad73a504971]::panicking::panic_fmt
[INFO] [stdout]   11:     0x63cf8f87f8a2 - core[a373ad73a504971]::panicking::panic
[INFO] [stdout]   12:     0x63cf8f76efac - test_load[27384f9c15746925]::v3tar
[INFO] [stdout]   13:     0x63cf8f76feae - <test_load[27384f9c15746925]::save_as_other::{closure#0} as core[a373ad73a504971]::ops::function::FnOnce<()>>::call_once
[INFO] [stdout]   14:     0x63cf8f770cbb - test[aada8e7e76ba119b]::__rust_begin_short_backtrace::<core[a373ad73a504971]::result::Result<(), alloc[2e1b2a31b91974c5]::string::String>, fn() -> core[a373ad73a504971]::result::Result<(), alloc[2e1b2a31b91974c5]::string::String>>
[INFO] [stdout]   15:     0x63cf8f77de95 - test[aada8e7e76ba119b]::run_test::{closure#0}
[INFO] [stdout]   16:     0x63cf8f777784 - std[617be2ca0a6fd877]::sys::backtrace::__rust_begin_short_backtrace::<test[aada8e7e76ba119b]::run_test::{closure#1}, ()>
[INFO] [stdout]   17:     0x63cf8f780f22 - <std[617be2ca0a6fd877]::thread::lifecycle::spawn_unchecked<test[aada8e7e76ba119b]::run_test::{closure#1}, ()>::{closure#1} as core[a373ad73a504971]::ops::function::FnOnce<()>>::call_once::{shim:vtable#0}
[INFO] [stdout]   18:     0x63cf8f868b9f - <std[617be2ca0a6fd877]::sys::thread::unix::Thread>::new::thread_start
[INFO] [stdout]   19:     0x7826e5042dfa - <unknown>
[INFO] [stdout]   20:     0x7826e50d63d4 - clone
[INFO] [stdout]   21:                0x0 - <unknown>
[INFO] [stdout] 
[INFO] [stdout] 
[INFO] [stdout] failures:
[INFO] [stdout]     destroy
[INFO] [stdout]     has_operator
[INFO] [stdout]     load_operator
[INFO] [stdout]     open
[INFO] [stdout]     save_as_other
[INFO] [stdout] 
[INFO] [stdout] test result: FAILED. 0 passed; 5 failed; 0 ignored; 0 measured; 0 filtered out; finished in 0.00s
[INFO] [stdout] 
[INFO] running `Command { std: "docker" "inspect" "46bb439299f62abb6e94711ab28a2fe1113ee62a357fff5e0476993928a7ef55", kill_on_drop: false }`
[INFO] running `Command { std: "docker" "rm" "-f" "46bb439299f62abb6e94711ab28a2fe1113ee62a357fff5e0476993928a7ef55", kill_on_drop: false }`
[INFO] [stdout] 46bb439299f62abb6e94711ab28a2fe1113ee62a357fff5e0476993928a7ef55
