[INFO] fetching crate dejadoc 0.5.0...
[INFO] testing dejadoc-0.5.0 against 1.100.0-beta.1+cargoflags=--release for beta-release-1.100-2
[INFO] extracting crate dejadoc 0.5.0 into /workspace/builds/worker-3-tc2/source
[INFO] started tweaking crates.io crate dejadoc 0.5.0
[INFO] removed 0 missing tests
[INFO] finished tweaking crates.io crate dejadoc 0.5.0
[INFO] tweaked toml for crates.io crate dejadoc 0.5.0 written to /workspace/builds/worker-3-tc2/source/Cargo.toml
[INFO] validating manifest of crates.io crate dejadoc 0.5.0 on toolchain 1.100.0-beta.1
[INFO] running `Command { std: CARGO_HOME="/workspace/cargo-home" RUSTUP_HOME="/workspace/rustup-home" "/workspace/cargo-home/bin/cargo" "+1.100.0-beta.1" "metadata" "--manifest-path" "Cargo.toml" "--no-deps", kill_on_drop: false }`
[INFO] crate crates.io crate dejadoc 0.5.0 already has a lockfile, it will not be regenerated
[INFO] running `Command { std: CARGO_HOME="/workspace/cargo-home" RUSTUP_HOME="/workspace/rustup-home" "/workspace/cargo-home/bin/cargo" "+1.100.0-beta.1" "fetch" "--manifest-path" "Cargo.toml", kill_on_drop: false }`
[INFO] running `Command { std: "docker" "create" "-v" "/var/lib/crater-agent-workspace/builds/worker-3-tc2/source:/opt/rustwide/workdir:ro,Z" "-v" "/var/lib/crater-agent-workspace/builds/worker-3-tc2/target:/opt/rustwide/target:rw,Z" "-v" "/var/lib/crater-agent-workspace/cargo-home:/opt/rustwide/cargo-home:ro,Z" "-v" "/var/lib/crater-agent-workspace/rustup-home:/opt/rustwide/rustup-home:ro,Z" "-m" "1610612736" "--network" "none" "ghcr.io/rust-lang/crates-build-env/linux@sha256:77db811e55d90add9212f6832c23229e3de5f1c1f9905e8cb07319ea15df73ac" "sleep" "infinity", kill_on_drop: false }`
[INFO] [stdout] aecdae05a6798139f63567c938670b39299679d70a1c1f78ffdb688e38b9b221
[INFO] running `Command { std: "docker" "start" "aecdae05a6798139f63567c938670b39299679d70a1c1f78ffdb688e38b9b221", kill_on_drop: false }`
[INFO] running `Command { std: "docker" "inspect" "aecdae05a6798139f63567c938670b39299679d70a1c1f78ffdb688e38b9b221", kill_on_drop: false }`
[INFO] running `Command { std: "docker" "exec" "-e" "SOURCE_DIR=/opt/rustwide/workdir" "-e" "CARGO_HOME=/opt/rustwide/cargo-home" "-e" "RUSTUP_HOME=/opt/rustwide/rustup-home" "-e" "CARGO_TARGET_DIR=/opt/rustwide/target" "-w" "/opt/rustwide/workdir" "--user" "0:0" "aecdae05a6798139f63567c938670b39299679d70a1c1f78ffdb688e38b9b221" "/opt/rustwide/cargo-home/bin/cargo" "+1.100.0-beta.1" "metadata" "--no-deps" "--format-version=1", kill_on_drop: false }`
[INFO] running `Command { std: "docker" "inspect" "aecdae05a6798139f63567c938670b39299679d70a1c1f78ffdb688e38b9b221", kill_on_drop: false }`
[INFO] running `Command { std: "docker" "exec" "-e" "SOURCE_DIR=/opt/rustwide/workdir" "-e" "CARGO_HOME=/opt/rustwide/cargo-home" "-e" "RUSTUP_HOME=/opt/rustwide/rustup-home" "-e" "CARGO_TARGET_DIR=/opt/rustwide/target" "-e" "CARGO_INCREMENTAL=0" "-e" "RUST_BACKTRACE=full" "-e" "RUSTFLAGS=--cap-lints=warn" "-e" "RUSTDOCFLAGS=--cap-lints=warn" "-w" "/opt/rustwide/workdir" "--user" "0:0" "aecdae05a6798139f63567c938670b39299679d70a1c1f78ffdb688e38b9b221" "/opt/rustwide/cargo-home/bin/cargo" "+1.100.0-beta.1" "build" "--frozen" "--message-format=json" "--release", kill_on_drop: false }`
[INFO] [stderr]    Compiling serde_core v1.0.229
[INFO] [stderr]    Compiling proc-macro2 v1.0.107
[INFO] [stderr]    Compiling find-msvc-tools v0.1.12
[INFO] [stderr]    Compiling quote v1.0.47
[INFO] [stderr]    Compiling unicode-ident v1.0.24
[INFO] [stderr]    Compiling serde_json v1.0.151
[INFO] [stderr]    Compiling thiserror v2.0.21
[INFO] [stderr]    Compiling camino v1.2.5
[INFO] [stderr]    Compiling memchr v2.8.3
[INFO] [stderr]    Compiling winnow v1.0.4
[INFO] [stderr]    Compiling pulldown-cmark v0.13.4
[INFO] [stderr]    Compiling syn v3.0.6
[INFO] [stderr]    Compiling cpufeatures v0.3.1
[INFO] [stderr]    Compiling arrayvec v0.7.8
[INFO] [stderr]    Compiling bitflags v2.13.2
[INFO] [stderr]    Compiling unicase v2.9.0
[INFO] [stderr]    Compiling constant_time_eq v0.4.2
[INFO] [stderr]    Compiling toml_writer v1.1.2+spec-1.1.0
[INFO] [stderr]    Compiling cc v1.4.6
[INFO] [stderr]    Compiling toml_parser v1.1.3+spec-1.1.0
[INFO] [stderr]    Compiling blake3 v1.8.7
[INFO] [stderr]    Compiling cargo-platform v0.3.2
[INFO] [stderr]    Compiling serde_spanned v1.1.1
[INFO] [stderr]    Compiling semver v1.0.28
[INFO] [stderr]    Compiling toml_datetime v1.1.1+spec-1.1.0
[INFO] [stderr]    Compiling thiserror-impl v2.0.21
[INFO] [stderr]    Compiling serde_derive v1.0.229
[INFO] [stderr]    Compiling clap_derive v4.6.7
[INFO] [stderr]    Compiling toml v1.1.6+spec-1.1.0
[INFO] [stderr]    Compiling clap v4.6.7
[INFO] [stderr]    Compiling syn-canon v0.2.0
[INFO] [stderr]    Compiling serde v1.0.229
[INFO] [stderr]    Compiling cargo_metadata v0.23.1
[INFO] [stderr]    Compiling dejadoc v0.5.0 (/opt/rustwide/workdir)
[INFO] [stderr]     Finished `release` profile [optimized] target(s) in 59.72s
[INFO] running `Command { std: "docker" "inspect" "aecdae05a6798139f63567c938670b39299679d70a1c1f78ffdb688e38b9b221", kill_on_drop: false }`
[INFO] running `Command { std: "docker" "exec" "-e" "SOURCE_DIR=/opt/rustwide/workdir" "-e" "CARGO_HOME=/opt/rustwide/cargo-home" "-e" "RUSTUP_HOME=/opt/rustwide/rustup-home" "-e" "CARGO_TARGET_DIR=/opt/rustwide/target" "-e" "CARGO_INCREMENTAL=0" "-e" "RUST_BACKTRACE=full" "-e" "RUSTFLAGS=--cap-lints=warn" "-e" "RUSTDOCFLAGS=--cap-lints=warn" "-w" "/opt/rustwide/workdir" "--user" "0:0" "aecdae05a6798139f63567c938670b39299679d70a1c1f78ffdb688e38b9b221" "/opt/rustwide/cargo-home/bin/cargo" "+1.100.0-beta.1" "test" "--frozen" "--no-run" "--message-format=json" "--release", kill_on_drop: false }`
[INFO] [stderr]    Compiling bitflags v2.13.2
[INFO] [stderr]    Compiling libc v0.2.189
[INFO] [stderr]    Compiling pulldown-cmark v0.13.4
[INFO] [stderr]    Compiling rustix v1.1.4
[INFO] [stderr]    Compiling getrandom v0.4.3
[INFO] [stderr]    Compiling dejadoc v0.5.0 (/opt/rustwide/workdir)
[INFO] [stderr]    Compiling tempfile v3.27.0
[INFO] [stderr]     Finished `release` profile [optimized] target(s) in 36.33s
[INFO] running `Command { std: "docker" "inspect" "aecdae05a6798139f63567c938670b39299679d70a1c1f78ffdb688e38b9b221", kill_on_drop: false }`
[INFO] running `Command { std: "docker" "exec" "-e" "SOURCE_DIR=/opt/rustwide/workdir" "-e" "CARGO_HOME=/opt/rustwide/cargo-home" "-e" "RUSTUP_HOME=/opt/rustwide/rustup-home" "-e" "CARGO_TARGET_DIR=/opt/rustwide/target" "-e" "CARGO_INCREMENTAL=0" "-e" "RUST_BACKTRACE=full" "-e" "RUSTFLAGS=--cap-lints=warn" "-e" "RUSTDOCFLAGS=--cap-lints=warn" "-w" "/opt/rustwide/workdir" "--user" "0:0" "aecdae05a6798139f63567c938670b39299679d70a1c1f78ffdb688e38b9b221" "/opt/rustwide/cargo-home/bin/cargo" "+1.100.0-beta.1" "test" "--frozen" "--release", kill_on_drop: false }`
[INFO] [stderr]     Finished `release` profile [optimized] target(s) in 0.10s
[INFO] [stderr]      Running unittests src/lib.rs (/opt/rustwide/target/release/build/dejadoc/d8f43432026b2394/out/dejadoc-d8f43432026b2394)
[INFO] [stdout] 
[INFO] [stdout] running 278 tests
[INFO] [stdout] test config::tests::invalid_toml_is_an_error ... ok
[INFO] [stdout] test cfg::tests::the_host_is_linux_x86_64 ... ok
[INFO] [stdout] test cfg::tests::every_feature_is_on ... ok
[INFO] [stdout] test config::tests::loads_parameters ... ok
[INFO] [stdout] test config::tests::missing_file_is_default ... ok
[INFO] [stdout] test discover::tests::cfg_attr_multi_token_predicate_resolves_path ... ok
[INFO] [stdout] test config::tests::partial_file_keeps_defaults_for_absent_keys ... ok
[INFO] [stdout] test config::tests::unknown_field_is_rejected ... ok
[INFO] [stdout] test cfg::tests::rustdoc_flags_hold_and_test_does_not ... ok
[INFO] [stdout] test discover::tests::a_file_declared_under_exclusive_cfgs_stays_with_rustdoc ... ok
[INFO] [stdout] test cfg::tests::empty_combinators_and_every_attribute ... ok
[INFO] [stdout] test discover::tests::lexical_join_keeps_a_parent_it_cannot_cancel ... ok
[INFO] [stdout] test discover::tests::a_path_on_an_inline_mod_is_its_directory ... ok
[INFO] [stdout] test discover::tests::file_module_companion_directory ... ok
[INFO] [stdout] test cfg::tests::nested_cfg_attr_expands_in_place_when_its_predicate_holds ... ok
[INFO] [stdout] test discover::tests::missing_mod_is_skipped_without_error ... ok
[INFO] [stdout] test discover::tests::cfg_attr_path_resolves_when_its_predicate_holds ... ok
[INFO] [stdout] test discover::tests::mod_decl_inside_inline_mod_resolves_under_the_inline_directory ... ok
[INFO] [stdout] test discover::tests::cfg_attr_path_takes_the_holding_predicate_not_the_first_file ... ok
[INFO] [stdout] test discover::tests::mod_rs_file_keeps_children_beside_it ... ok
[INFO] [stdout] test discover::tests::module_cycles_terminate ... ok
[INFO] [stdout] test discover::tests::cfg_off_mod_files_are_collected_outside_rustdoc ... ok
[INFO] [stdout] test discover::tests::mod_decl_inside_inline_mod_of_a_file_module_nests_under_its_directory ... ok
[INFO] [stdout] test discover::tests::cfg_attr_path_beside_other_attributes_resolves ... ok
[INFO] [stdout] test discover::tests::nested_inline_mods_stack_their_directories ... ok
[INFO] [stdout] test discover::tests::module_tree_reports_module_path_segments ... ok
[INFO] [stdout] test cfg::tests::custom_cfgs_are_off ... ok
[INFO] [stdout] test discover::tests::path_attribute_overrides_name ... ok
[INFO] [stdout] test discover::tests::unparseable_file_is_skipped_without_error ... ok
[INFO] [stdout] test discover::tests::cfg_attr_path_with_a_failing_predicate_falls_back_to_the_plain_file ... ok
[INFO] [stdout] test discover::tests::raw_identifier_module_file ... ok
[INFO] [stdout] test discover::tests::walks_declared_mod_files ... ok
[INFO] [stdout] test discover::tests::root_with_a_directory_named_after_it_keeps_children_beside_it ... ok
[INFO] [stdout] test extract::tests::backtick_fence_span_ends_at_the_closer ... ok
[INFO] [stdout] test discover::tests::resolves_mod_dir_form ... ok
[INFO] [stdout] test discover::tests::path_attribute_inside_inline_mod_resolves_under_the_inline_directory ... ok
[INFO] [stdout] test discover::tests::path_loaded_file_keeps_children_beside_it ... ok
[INFO] [stdout] test extract::tests::block_doc_fence_closing_on_the_last_doc_line_spans_to_it ... ok
[INFO] [stdout] test extract::tests::block_doc_fence_on_the_opening_line_strips_its_body ... ok
[INFO] [stdout] test extract::tests::block_doc_blank_second_line_still_strips ... ok
[INFO] [stdout] test discover::tests::path_attribute_uses_the_defining_directory ... ok
[INFO] [stdout] test extract::tests::block_doc_fence_is_doctest ... ok
[INFO] [stdout] test extract::tests::block_doc_inconsistent_star_column_is_kept ... ok
[INFO] [stdout] test extract::tests::attributes_recorded ... ok
[INFO] [stdout] test extract::tests::blank_lines_do_not_lower_unindent ... ok
[INFO] [stdout] test extract::tests::block_doc_fence_sharing_only_the_closing_line_has_no_span ... ok
[INFO] [stdout] test extract::tests::block_doc_indented_fence_is_doctest ... ok
[INFO] [stdout] test extract::tests::block_doc_fence_sharing_only_the_opening_line_has_no_span ... ok
[INFO] [stdout] test extract::tests::block_doc_with_only_a_blank_line_after_its_text_has_no_doctest ... ok
[INFO] [stdout] test extract::tests::cfg_attr_predicate_holds_as_on_the_rustdoc_host ... ok
[INFO] [stdout] test extract::tests::cfg_gated_statements_hide_their_items ... ok
[INFO] [stdout] test extract::tests::cfg_test_items_are_skipped ... ok
[INFO] [stdout] test extract::tests::concat_include_str_doc ... ok
[INFO] [stdout] test extract::tests::data_item_sites ... ok
[INFO] [stdout] test extract::tests::dejadoc_alone_is_not_rust ... ok
[INFO] [stdout] test extract::tests::dejadoc_token_allows ... ok
[INFO] [stdout] test extract::tests::doc_attribute_raw_string ... ok
[INFO] [stdout] test extract::tests::doc_attribute_literal_form ... ok
[INFO] [stdout] test extract::tests::block_doc_misaligned_star_fence_is_not_stripped ... ok
[INFO] [stdout] test extract::tests::extern_associated_items_carry_doctests ... ok
[INFO] [stdout] test extract::tests::block_doc_span_follows_the_star_margin ... ok
[INFO] [stdout] test extract::tests::extern_block_carries_its_docs ... ok
[INFO] [stdout] test extract::tests::extern_block_item ... ok
[INFO] [stdout] test extract::tests::fence_across_two_inclusions_of_one_file_has_no_span ... ok
[INFO] [stdout] test extract::tests::empty_first_doc_part_keeps_line_mapping ... ok
[INFO] [stdout] test extract::tests::file_level_cfg_test_skips_the_file ... ok
[INFO] [stdout] test extract::tests::file_level_docs ... ok
[INFO] [stdout] test extract::tests::fn_doctest ... ok
[INFO] [stdout] test extract::tests::ignore_is_skipped ... ok
[INFO] [stdout] test extract::tests::impl_associated_items_carry_doctests ... ok
[INFO] [stdout] test extract::tests::impl_declaration_carries_its_docs ... ok
[INFO] [stdout] test extract::tests::block_doc_leading_blank_line_still_strips ... ok
[INFO] [stdout] test extract::tests::block_doc_text_on_the_opening_line_still_strips ... ok
[INFO] [stdout] test extract::tests::fence_spanning_include ... ok
[INFO] [stdout] test extract::tests::cfg_attr_doc_opens_the_fence ... ok
[INFO] [stdout] test extract::tests::block_doc_blank_inner_line_is_kept ... ok
[INFO] [stdout] test extract::tests::fields_and_variants_are_walked ... ok
[INFO] [stdout] test extract::tests::doc_on_extern_crate ... ok
[INFO] [stdout] test extract::tests::doc_on_use ... ok
[INFO] [stdout] test extract::tests::escaped_literal_lines_have_no_span ... ok
[INFO] [stdout] test extract::tests::fence_closing_inside_an_include_has_no_span ... ok
[INFO] [stdout] test extract::tests::block_doc_last_line_star_mismatch_aborts_strip ... ok
[INFO] [stdout] test extract::tests::impl_method_path ... ok
[INFO] [stdout] test extract::tests::lang_string_follows_rustdoc ... ok
[INFO] [stdout] test extract::tests::include_file_stars_are_kept ... ok
[INFO] [stdout] test extract::tests::lexical_resolves_dot_segments ... ok
[INFO] [stdout] test extract::tests::macro_rules_site ... ok
[INFO] [stdout] test extract::tests::mod_declaration_carries_its_docs ... ok
[INFO] [stdout] test extract::tests::min_rustc_recorded ... ok
[INFO] [stdout] test extract::tests::nested_module_path ... ok
[INFO] [stdout] test extract::tests::include_str_block_spans_the_included_file ... ok
[INFO] [stdout] test extract::tests::raw_doc_attribute_fence_on_the_attribute_line_has_no_span ... ok
[INFO] [stdout] test extract::tests::newline_terminated_doc_part_keeps_line_mapping ... ok
[INFO] [stdout] test extract::tests::one_included_file_gets_one_spelling ... ok
[INFO] [stdout] test extract::tests::indented_code_uniformly_indented_is_not_doctest ... ok
[INFO] [stdout] test extract::tests::indented_block_span_ends_at_the_last_code_line ... ok
[INFO] [stdout] test extract::tests::items_nested_in_bodies_are_walked ... ok
[INFO] [stdout] test extract::tests::include_str_doc ... ok
[INFO] [stdout] test extract::tests::indented_code_after_blank_line_is_doctest ... ok
[INFO] [stdout] test extract::tests::lang_string_skips_follow_rustdoc ... ok
[INFO] [stdout] test extract::tests::single_line_star_fence_is_not_stripped ... ok
[INFO] [stdout] test extract::tests::shallow_line_pins_unindent ... ok
[INFO] [stdout] test extract::tests::raw_doc_non_star_tail_line_aborts_strip ... ok
[INFO] [stdout] test extract::tests::raw_multiline_doc_stars_are_stripped ... ok
[INFO] [stdout] test extract::tests::rust_ignore_fence_is_not_scanned ... ok
[INFO] [stdout] test extract::tests::non_rust_is_skipped ... ok
[INFO] [stdout] test extract::tests::reference_self_type_names_its_target ... ok
[INFO] [stdout] test extract::tests::raw_doc_all_star_last_line_is_trimmed ... ok
[INFO] [stdout] test fence::tests::backtick_in_backtick_info_is_not_a_fence ... ok
[INFO] [stdout] test extract::tests::unterminated_fence_span_ends_on_the_last_doc_line ... ok
[INFO] [stdout] test extract::tests::trait_declaration_carries_its_docs ... ok
[INFO] [stdout] test extract::tests::tilde_and_long_fence_spans_end_at_their_closer ... ok
[INFO] [stdout] test extract::tests::trait_associated_items_carry_doctests ... ok
[INFO] [stdout] test extract::tests::raw_doc_attribute_spans_the_literal_lines ... ok
[INFO] [stdout] test extract::tests::whitespace_only_line_is_not_stripped ... ok
[INFO] [stdout] test extract::tests::raw_doc_non_star_last_line_is_kept ... ok
[INFO] [stdout] test extract::tests::uniformly_indented_fence_unindents ... ok
[INFO] [stdout] test fence::tests::backtick_line_inside_tilde_is_content ... ok
[INFO] [stdout] test fence::tests::closer_trailing_whitespace_is_fine ... ok
[INFO] [stdout] test extract::tests::tilde_fence_doctest_extracts ... ok
[INFO] [stdout] test fence::tests::blockquote_fence_dedents ... ok
[INFO] [stdout] test extract::tests::trait_method_path ... ok
[INFO] [stdout] test fence::tests::indented_block_at_doc_start ... ok
[INFO] [stdout] test fence::tests::four_tildes_open_and_close ... ok
[INFO] [stdout] test fence::tests::fence_inside_list_item_dedents ... ok
[INFO] [stdout] test fence::tests::empty_info ... ok
[INFO] [stdout] test fence::tests::footnote_continuation_is_not_a_block ... ok
[INFO] [stdout] test fence::tests::indented_block_after_blank_line ... ok
[INFO] [stdout] test fence::tests::indented_block_after_fence_closer ... ok
[INFO] [stdout] test fence::tests::four_space_fence_is_an_indented_block ... ok
[INFO] [stdout] test fence::tests::indented_block_dedents_four_columns ... ok
[INFO] [stdout] test fence::tests::indented_block_internal_blank_kept ... ok
[INFO] [stdout] test fence::tests::indented_block_tabs_dedented ... ok
[INFO] [stdout] test fence::tests::indented_line_after_text_is_lazy ... ok
[INFO] [stdout] test fence::tests::indented_block_three_spaces_plus_tab ... ok
[INFO] [stdout] test fence::tests::longer_closer_closes ... ok
[INFO] [stdout] test fence::tests::closer_must_match_opener_length ... ok
[INFO] [stdout] test fence::tests::closer_with_info_is_content ... ok
[INFO] [stdout] test fence::tests::mixed_fences_both_scan ... ok
[INFO] [stdout] test fence::tests::nested_list_is_not_a_block ... ok
[INFO] [stdout] test fence::tests::tab_indented_fence_is_an_indented_block ... ok
[INFO] [stdout] test fence::tests::tilde_fence_scans ... ok
[INFO] [stdout] test fence::tests::tilde_info_may_contain_backticks ... ok
[INFO] [stdout] test fence::tests::tilde_line_inside_backticks_is_content ... ok
[INFO] [stdout] test fence::tests::empty_text ... ok
[INFO] [stdout] test fence::tests::three_space_closer_closes ... ok
[INFO] [stdout] test fence::tests::indented_block_trailing_blank_dropped ... ok
[INFO] [stdout] test fence::tests::two_blocks ... ok
[INFO] [stdout] test fence::tests::plain_block ... ok
[INFO] [stdout] test fence::tests::three_space_fence_opens ... ok
[INFO] [stdout] test fence::tests::unterminated_tilde_emits_at_eof ... ok
[INFO] [stdout] test fence::tests::multiline_body_preserved ... ok
[INFO] [stdout] test normalize::tests::a_deeper_path_with_a_different_file_is_not_merged ... ok
[INFO] [stdout] test normalize::tests::a_raw_spelled_include_is_still_an_include ... ok
[INFO] [stdout] test fence::tests::indented_block_ends_at_fence ... ok
[INFO] [stdout] test normalize::tests::a_variable_named_include_holds_content ... ok
[INFO] [stdout] test normalize::tests::a_variable_named_includes_holds_content ... ok
[INFO] [stdout] test normalize::tests::alpha_does_not_touch_unparsed_fallback ... ok
[INFO] [stdout] test normalize::tests::a_method_named_includes_holds_content ... ok
[INFO] [stdout] test normalize::tests::a_body_counts_a_path_operator_or_lifetime_as_one_and_commas_as_none ... ok
[INFO] [stdout] test discover::tests::every_target_is_listed_and_lib_targets_scan_doctests_by_default ... ok
[INFO] [stdout] test normalize::tests::a_crate_attribute_that_changes_the_crate_stays ... ok
[INFO] [stdout] test fence::tests::unterminated_emits_at_eof ... ok
[INFO] [stdout] test normalize::tests::a_nested_macro_path_is_its_own_content ... ok
[INFO] [stdout] test normalize::tests::an_ok_tail_with_a_lifetime_argument_keeps_it ... ok
[INFO] [stdout] test normalize::tests::bare_expression_equals_wrapped_main ... ok
[INFO] [stdout] test normalize::tests::aliased_extern_crate_stays_distinct ... ok
[INFO] [stdout] test normalize::tests::bare_expression_parses ... ok
[INFO] [stdout] test normalize::tests::a_printed_relative_path_is_its_own_content ... ok
[INFO] [stdout] test normalize::tests::comment_and_whitespace_drift_collapses ... ok
[INFO] [stdout] test normalize::tests::an_attributed_extern_crate_stays ... ok
[INFO] [stdout] test normalize::tests::bare_hash_line_becomes_empty ... ok
[INFO] [stdout] test normalize::tests::escaped_quotes_do_not_end_a_literal ... ok
[INFO] [stdout] test normalize::tests::distinct_byte_include_paths_stay_distinct ... ok
[INFO] [stdout] test normalize::tests::closed_generics_do_not_add_up ... ok
[INFO] [stdout] test normalize::tests::hash_without_space_is_kept ... ok
[INFO] [stdout] test normalize::tests::distinct_c_string_include_paths_stay_distinct ... ok
[INFO] [stdout] test normalize::tests::hidden_line_keeps_its_content ... ok
[INFO] [stdout] test normalize::tests::hidden_lint_attr_merges ... ok
[INFO] [stdout] test normalize::tests::hidden_extern_crate_equals_no_extern_crate ... ok
[INFO] [stdout] test normalize::tests::implicit_main_after_other_items_is_not_double_wrapped ... ok
[INFO] [stdout] test normalize::tests::implicit_main_item_body_wrapped ... ok
[INFO] [stdout] test normalize::tests::implicit_main_nested_scopes_match_explicit ... ok
[INFO] [stdout] test normalize::tests::include_depth_folds_on_c_string_path_literals ... ok
[INFO] [stdout] test normalize::tests::include_depth_folds_inside_other_tokens ... ok
[INFO] [stdout] test normalize::tests::include_depth_folds_on_raw_byte_path_literals ... ok
[INFO] [stdout] test normalize::tests::include_path_depth_is_not_a_difference ... ok
[INFO] [stdout] test normalize::tests::include_str_depth_is_not_a_difference ... ok
[INFO] [stdout] test normalize::tests::double_hash_shows_as_single_hash ... ok
[INFO] [stdout] test normalize::tests::indented_hidden_line_is_trimmed ... ok
[INFO] [stdout] test normalize::tests::empty_body_is_empty ... ok
[INFO] [stdout] test normalize::tests::item_body_parses ... ok
[INFO] [stdout] test normalize::tests::leading_inner_attributes_are_lifted ... ok
[INFO] [stdout] test normalize::tests::multiple_anonymous_extern_crates_dropped ... ok
[INFO] [stdout] test normalize::tests::include_depth_folds_on_byte_path_literals ... ok
[INFO] [stdout] test normalize::tests::implicit_main_three_spellings_are_one_test ... ok
[INFO] [stdout] test normalize::tests::ok_tail_different_error_types_stay_distinct ... ok
[INFO] [stdout] test normalize::tests::include_bytes_depth_is_not_a_difference ... ok
[INFO] [stdout] test normalize::tests::ok_without_turbofish_does_not_match_result_tail ... ok
[INFO] [stdout] test normalize::tests::ok_tail_equals_result_main ... ok
[INFO] [stdout] test normalize::tests::raw_include_paths_keep_their_hashes ... ok
[INFO] [stdout] test normalize::tests::raw_string_hash_counts_agree ... ok
[INFO] [stdout] test normalize::tests::statement_body_parses ... ok
[INFO] [stdout] test normalize::tests::unparsed_bodies_keep_their_text_verbatim ... ok
[INFO] [stdout] test report::tests::a_public_copy_is_called_or_deprecated_never_deleted ... ok
[INFO] [stdout] test normalize::tests::generic_nesting_counts_toward_the_cap ... ok
[INFO] [stdout] test normalize::tests::only_the_exact_ok_tail_becomes_a_result_main ... ok
[INFO] [stdout] test report::tests::annotations_escape_the_message ... ok
[INFO] [stdout] test report::tests::annotations_are_empty_without_duplicates ... ok
[INFO] [stdout] test normalize::tests::unparseable_falls_back_to_collapsed_text ... ok
[INFO] [stdout] test report::tests::annotations_mark_every_copy_but_the_first ... ok
[INFO] [stdout] test report::tests::annotations_escape_the_file_property ... ok
[INFO] [stdout] test report::tests::annotations_mark_every_later_site_of_a_larger_group ... ok
[INFO] [stdout] test normalize::tests::ok_tail_complex_body_matches_result_main ... ok
[INFO] [stdout] test report::tests::human_summary_only_when_clean ... ok
[INFO] [stdout] test report::tests::annotations_skip_a_group_without_sites ... ok
[INFO] [stdout] test fence::tests::two_tildes_do_not_open ... ok
[INFO] [stdout] test report::tests::human_multiple_groups_separated_by_blank_line ... ok
[INFO] [stdout] test report::tests::human_group_section_without_code ... ok
[INFO] [stdout] test report::tests::function_annotations_follow_the_remedy ... ok
[INFO] [stdout] test discover::tests::all_targets_scans_bin_and_example_doctests_never_test_targets ... ok
[INFO] [stdout] test extract::tests::multiple_fences_one_doc ... ok
[INFO] [stdout] test normalize::tests::comparisons_do_not_add_up_across_statements_blocks_or_groups ... ok
[INFO] [stdout] test report::tests::human_gives_each_function_group_its_advice ... ok
[INFO] [stdout] test report::tests::annotations_warn_when_the_run_cannot_fail ... ok
[INFO] [stdout] test report::tests::json_shape ... ok
[INFO] [stdout] test normalize::tests::nesting_past_the_cap_hashes_as_text ... ok
[INFO] [stdout] test report::tests::human_verbose_prints_code_indented ... ok
[INFO] [stdout] test tests::a_free_function_and_a_method_of_one_body_span_types ... ok
[INFO] [stdout] test tests::a_compile_fail_doctest_keeps_the_mut_it_may_be_about ... ok
[INFO] [stdout] test tests::attributes_do_not_split_groups ... ok
[INFO] [stdout] test discover::tests::package_filter_selects_one_member ... ok
[INFO] [stdout] test tests::config_bad_toml_fails_at_build ... ok
[INFO] [stdout] test tests::a_function_site_spans_its_attributes_and_counts_apart ... ok
[INFO] [stdout] test tests::allowed_sites_excluded_from_groups ... ok
[INFO] [stdout] test discover::tests::a_target_file_missing_from_the_package_is_skipped ... ok
[INFO] [stdout] test tests::a_refused_worker_thread_falls_back_to_the_calling_thread ... ok
[INFO] [stdout] test tests::a_site_naming_its_item_comes_first ... ok
[INFO] [stdout] test tests::config_turns_the_function_check_on_or_lowers_its_floor ... ok
[INFO] [stdout] test tests::functions_differing_in_name_visibility_and_inert_attributes_group ... ok
[INFO] [stdout] test tests::a_pub_function_or_method_of_a_library_is_public ... ok
[INFO] [stdout] test tests::doctest_groups_carry_no_remedy ... ok
[INFO] [stdout] test tests::function_hashes_do_not_depend_on_the_workspace_location ... ok
[INFO] [stdout] test tests::id_is_hash_prefix ... ok
[INFO] [stdout] test tests::an_allow_comment_above_a_function_drops_its_site ... ok
[INFO] [stdout] test tests::a_cfg_attr_counts_only_when_it_wraps_a_live_attribute ... ok
[INFO] [stdout] test tests::functions_in_a_file_rustdoc_skips_still_count ... ok
[INFO] [stdout] test tests::min_tokens_excludes_from_groups_but_counts_unique ... ok
[INFO] [stdout] test tests::run_outside_a_workspace_is_a_workspace_error ... ok
[INFO] [stdout] test tests::one_doc_block_shared_by_several_items_is_not_a_duplicate ... ok
[INFO] [stdout] test tests::config_loads_values_immediately ... ok
[INFO] [stdout] test tests::run_targets_applies_threshold_and_package ... ok
[INFO] [stdout] test tests::functions_compare_within_one_module_only ... ok
[INFO] [stdout] test tests::config_marks_more_files_generated_or_scans_them_anyway ... ok
[INFO] [stdout] test tests::a_methods_name_does_not_bind_the_free_function_its_body_calls ... ok
[INFO] [stdout] test tests::run_targets_groups_duplicate_doctests_in_memory ... ok
[INFO] [stdout] test tests::a_file_marked_generated_in_its_first_five_lines_is_skipped ... ok
[INFO] [stdout] test tests::attributes_that_change_what_rustdoc_checks_split_a_group ... ok
[INFO] [stdout] test tests::source_file_debug_shows_identity ... ok
[INFO] [stdout] test tests::methods_of_different_self_types_group_and_report_their_types ... ok
[INFO] [stdout] test tests::the_function_floor_counts_the_body_not_the_signature ... ok
[INFO] [stdout] test tests::nested_functions_are_not_sites ... ok
[INFO] [stdout] test tests::no_duplicates_is_clean ... ok
[INFO] [stdout] test tests::shared_doc_block_keeps_grouping_against_a_real_copy ... ok
[INFO] [stdout] test tests::two_targets_sharing_a_name_are_two_crates ... ok
[INFO] [stdout] test tests::methods_of_types_sharing_a_last_segment_span_types ... ok
[INFO] [stdout] test tests::sites_sorted_by_file_and_line ... ok
[INFO] [stdout] test tests::threshold_filters_groups ... ok
[INFO] [stdout] test tests::unparsed_propagates ... ok
[INFO] [stdout] test tests::signature_and_test_attributes_keep_functions_apart ... ok
[INFO] [stdout] test tests::two_targets_sharing_a_root_file_are_one_crate ... ok
[INFO] [stdout] test tests::the_function_check_runs_only_when_enabled ... ok
[INFO] [stdout] test tests::the_function_floor_defaults_to_30_tokens_and_is_settable ... ok
[INFO] [stdout] test tests::every_function_group_gets_the_remedy_of_its_first_matching_rule ... ok
[INFO] [stdout] test tests::run_targets_groups_alpha_equivalent_doctests ... ok
[INFO] [stdout] test normalize::tests::a_long_body_past_the_token_cap_hashes_as_text ... ok
[INFO] [stdout] test tests::a_long_closure_chain_canonicalizes_on_a_small_caller_stack ... ok
[INFO] [stderr]      Running unittests src/main.rs (/opt/rustwide/target/release/build/dejadoc/a3e7fe98874fb673/out/cargo_dejadoc-a3e7fe98874fb673)
[INFO] [stdout] test tests::a_deeply_nested_source_file_scans_on_a_small_caller_stack ... ok
[INFO] [stdout] 
[INFO] [stdout] test result: ok. 278 passed; 0 failed; 0 ignored; 0 measured; 0 filtered out; finished in 0.29s
[INFO] [stdout] 
[INFO] [stdout] 
[INFO] [stdout] running 0 tests
[INFO] [stdout] 
[INFO] [stderr]      Running tests/integration.rs (/opt/rustwide/target/release/build/dejadoc/01f4fdf52b68a14b/out/integration-01f4fdf52b68a14b)
[INFO] [stdout] test result: ok. 0 passed; 0 failed; 0 ignored; 0 measured; 0 filtered out; finished in 0.00s
[INFO] [stdout] 
[INFO] [stdout] 
[INFO] [stdout] running 14 tests
[INFO] [stdout] test all_targets_builder_scans_bin_targets ... FAILED
[INFO] [stdout] test threshold_builder_narrows_groups ... FAILED
[INFO] [stdout] test package_named_dejadoc_is_not_filtered ... FAILED
[INFO] [stdout] test binary_prints_annotations_beside_the_report ... FAILED
[INFO] [stdout] test binary_runs_end_to_end ... FAILED
[INFO] [stdout] test unparsed_pair_groups_with_flag ... FAILED
[INFO] [stdout] test functions_group_per_module_across_targets_and_cfgs ... FAILED
[INFO] [stdout] test min_tokens_builder_filters_blocks ... FAILED
[INFO] [stdout] test file_module_items_carry_module_prefix ... FAILED
[INFO] [stdout] test shared_group_spans_crates_and_variants ... FAILED
[INFO] [stdout] test a_package_filter_keeps_the_package_bin_targets ... FAILED
[INFO] [stdout] test exit_code_reflects_duplicates ... FAILED
[INFO] [stdout] test allowed_sites_are_not_grouped ... FAILED
[INFO] [stdout] test config_threshold_suppresses_groups ... FAILED
[INFO] [stdout] 
[INFO] [stdout] failures:
[INFO] [stdout] 
[INFO] [stdout] ---- all_targets_builder_scans_bin_targets stdout ----
[INFO] [stdout] 
[INFO] [stdout] thread 'all_targets_builder_scans_bin_targets' (1711) panicked at tests/integration.rs:218:64:
[INFO] [stdout] called `Result::unwrap()` on an `Err` value: Workspace(Io(Os { code: 2, kind: NotFound, message: "No such file or directory" }))
[INFO] [stdout] stack backtrace:
[INFO] [stdout]    0:     0x637d34ce3e61 - <unknown>
[INFO] [stdout]    1:     0x637d34cf9d4a - <unknown>
[INFO] [stdout]    2:     0x637d34ce816c - <unknown>
[INFO] [stdout]    3:     0x637d34cbecd6 - <unknown>
[INFO] [stdout]    4:     0x637d34cdbea9 - <unknown>
[INFO] [stdout]    5:     0x637d3498a030 - <unknown>
[INFO] [stdout]    6:     0x637d34cdc1d2 - <unknown>
[INFO] [stdout]    7:     0x637d34cbed82 - <unknown>
[INFO] [stdout]    8:     0x637d34cb7909 - <unknown>
[INFO] [stdout]    9:     0x637d34cbf98d - <unknown>
[INFO] [stdout]   10:     0x637d34cfa4ec - <unknown>
[INFO] [stdout]   11:     0x637d34cfa2c2 - <unknown>
[INFO] [stdout]   12:     0x637d3496b1af - <unknown>
[INFO] [stdout]   13:     0x637d3497d47b - <unknown>
[INFO] [stdout]   14:     0x637d3498a655 - <unknown>
[INFO] [stdout]   15:     0x637d34983f44 - <unknown>
[INFO] [stdout]   16:     0x637d3498d6e2 - <unknown>
[INFO] [stdout]   17:     0x637d34ce334f - <unknown>
[INFO] [stdout]   18:     0x7400b6e48dfa - <unknown>
[INFO] [stdout]   19:     0x7400b6edc3d4 - clone
[INFO] [stdout]   20:                0x0 - <unknown>
[INFO] [stdout] 
[INFO] [stdout] ---- threshold_builder_narrows_groups stdout ----
[INFO] [stdout] 
[INFO] [stdout] thread 'threshold_builder_narrows_groups' (1724) panicked at tests/integration.rs:350:10:
[INFO] [stdout] called `Result::unwrap()` on an `Err` value: Workspace(Io(Os { code: 2, kind: NotFound, message: "No such file or directory" }))
[INFO] [stdout] stack backtrace:
[INFO] [stdout]    0:     0x637d34ce3e61 - <unknown>
[INFO] [stdout]    1:     0x637d34cf9d4a - <unknown>
[INFO] [stdout]    2:     0x637d34ce816c - <unknown>
[INFO] [stdout]    3:     0x637d34cbecd6 - <unknown>
[INFO] [stdout]    4:     0x637d34cdbea9 - <unknown>
[INFO] [stdout]    5:     0x637d3498a030 - <unknown>
[INFO] [stdout]    6:     0x637d34cdc1d2 - <unknown>
[INFO] [stdout]    7:     0x637d34cbed82 - <unknown>
[INFO] [stdout]    8:     0x637d34cb7909 - <unknown>
[INFO] [stdout]    9:     0x637d34cbf98d - <unknown>
[INFO] [stdout]   10:     0x637d34cfa4ec - <unknown>
[INFO] [stdout]   11:     0x637d34cfa2c2 - <unknown>
[INFO] [stdout]   12:     0x637d3496a30c - <unknown>
[INFO] [stdout]   13:     0x637d3497d47b - <unknown>
[INFO] [stdout]   14:     0x637d3498a655 - <unknown>
[INFO] [stdout]   15:     0x637d34983f44 - <unknown>
[INFO] [stdout]   16:     0x637d3498d6e2 - <unknown>
[INFO] [stdout]   17:     0x637d34ce334f - <unknown>
[INFO] [stdout]   18:     0x7400b6e48dfa - <unknown>
[INFO] [stdout]   19:     0x7400b6edc3d4 - clone
[INFO] [stdout]   20:                0x0 - <unknown>
[INFO] [stdout] 
[INFO] [stdout] ---- package_named_dejadoc_is_not_filtered stdout ----
[INFO] [stdout] 
[INFO] [stdout] thread 'package_named_dejadoc_is_not_filtered' (1722) panicked at tests/integration.rs:313:10:
[INFO] [stdout] run dejadoc binary: Os { code: 2, kind: NotFound, message: "No such file or directory" }
[INFO] [stdout] stack backtrace:
[INFO] [stdout]    0:     0x637d34ce3e61 - <unknown>
[INFO] [stdout]    1:     0x637d34cf9d4a - <unknown>
[INFO] [stdout]    2:     0x637d34ce816c - <unknown>
[INFO] [stdout]    3:     0x637d34cbecd6 - <unknown>
[INFO] [stdout]    4:     0x637d34cdbea9 - <unknown>
[INFO] [stdout]    5:     0x637d3498a030 - <unknown>
[INFO] [stdout]    6:     0x637d34cdc1d2 - <unknown>
[INFO] [stdout]    7:     0x637d34cbed82 - <unknown>
[INFO] [stdout]    8:     0x637d34cb7909 - <unknown>
[INFO] [stdout]    9:     0x637d34cbf98d - <unknown>
[INFO] [stdout]   10:     0x637d34cfa4ec - <unknown>
[INFO] [stdout]   11:     0x637d34cfa2c2 - <unknown>
[INFO] [stdout]   12:     0x637d3496b957 - <unknown>
[INFO] [stdout]   13:     0x637d3497d47b - <unknown>
[INFO] [stdout]   14:     0x637d3498a655 - <unknown>
[INFO] [stdout]   15:     0x637d34983f44 - <unknown>
[INFO] [stdout]   16:     0x637d3498d6e2 - <unknown>
[INFO] [stdout]   17:     0x637d34ce334f - <unknown>
[INFO] [stdout]   18:     0x7400b6e48dfa - <unknown>
[INFO] [stdout]   19:     0x7400b6edc3d4 - clone
[INFO] [stdout]   20:                0x0 - <unknown>
[INFO] [stdout] 
[INFO] [stdout] ---- binary_prints_annotations_beside_the_report stdout ----
[INFO] [stdout] 
[INFO] [stdout] thread 'binary_prints_annotations_beside_the_report' (1713) panicked at tests/integration.rs:286:10:
[INFO] [stdout] run dejadoc binary: Os { code: 2, kind: NotFound, message: "No such file or directory" }
[INFO] [stdout] stack backtrace:
[INFO] [stdout]    0:     0x637d34ce3e61 - <unknown>
[INFO] [stdout]    1:     0x637d34cf9d4a - <unknown>
[INFO] [stdout]    2:     0x637d34ce816c - <unknown>
[INFO] [stdout]    3:     0x637d34cbecd6 - <unknown>
[INFO] [stdout]    4:     0x637d34cdbea9 - <unknown>
[INFO] [stdout]    5:     0x637d3498a030 - <unknown>
[INFO] [stdout]    6:     0x637d34cdc1d2 - <unknown>
[INFO] [stdout]    7:     0x637d34cbed82 - <unknown>
[INFO] [stdout]    8:     0x637d34cb7909 - <unknown>
[INFO] [stdout]    9:     0x637d34cbf98d - <unknown>
[INFO] [stdout]   10:     0x637d34cfa4ec - <unknown>
[INFO] [stdout]   11:     0x637d34cfa2c2 - <unknown>
[INFO] [stdout]   12:     0x637d3496c691 - <unknown>
[INFO] [stdout]   13:     0x637d3497d47b - <unknown>
[INFO] [stdout]   14:     0x637d3498a655 - <unknown>
[INFO] [stdout]   15:     0x637d34983f44 - <unknown>
[INFO] [stdout]   16:     0x637d3498d6e2 - <unknown>
[INFO] [stdout]   17:     0x637d34ce334f - <unknown>
[INFO] [stdout]   18:     0x7400b6e48dfa - <unknown>
[INFO] [stdout]   19:     0x7400b6edc3d4 - clone
[INFO] [stdout]   20:                0x0 - <unknown>
[INFO] [stdout] 
[INFO] [stdout] ---- binary_runs_end_to_end stdout ----
[INFO] [stdout] 
[INFO] [stdout] thread 'binary_runs_end_to_end' (1714) panicked at tests/integration.rs:270:10:
[INFO] [stdout] run dejadoc binary: Os { code: 2, kind: NotFound, message: "No such file or directory" }
[INFO] [stdout] stack backtrace:
[INFO] [stdout]    0:     0x637d34ce3e61 - <unknown>
[INFO] [stdout]    1:     0x637d34cf9d4a - <unknown>
[INFO] [stdout]    2:     0x637d34ce816c - <unknown>
[INFO] [stdout]    3:     0x637d34cbecd6 - <unknown>
[INFO] [stdout]    4:     0x637d34cdbea9 - <unknown>
[INFO] [stdout]    5:     0x637d3498a030 - <unknown>
[INFO] [stdout]    6:     0x637d34cdc1d2 - <unknown>
[INFO] [stdout]    7:     0x637d34cbed82 - <unknown>
[INFO] [stdout]    8:     0x637d34cb7909 - <unknown>
[INFO] [stdout]    9:     0x637d34cbf98d - <unknown>
[INFO] [stdout]   10:     0x637d34cfa4ec - <unknown>
[INFO] [stdout]   11:     0x637d34cfa2c2 - <unknown>
[INFO] [stdout]   12:     0x637d34969536 - <unknown>
[INFO] [stdout]   13:     0x637d3497d47b - <unknown>
[INFO] [stdout]   14:     0x637d3498a655 - <unknown>
[INFO] [stdout]   15:     0x637d34983f44 - <unknown>
[INFO] [stdout]   16:     0x637d3498d6e2 - <unknown>
[INFO] [stdout]   17:     0x637d34ce334f - <unknown>
[INFO] [stdout]   18:     0x7400b6e48dfa - <unknown>
[INFO] [stdout]   19:     0x7400b6edc3d4 - clone
[INFO] [stdout]   20:                0x0 - <unknown>
[INFO] [stdout] 
[INFO] [stdout] ---- unparsed_pair_groups_with_flag stdout ----
[INFO] [stdout] 
[INFO] [stdout] thread 'unparsed_pair_groups_with_flag' (1725) panicked at tests/integration.rs:13:46:
[INFO] [stdout] called `Result::unwrap()` on an `Err` value: Workspace(Io(Os { code: 2, kind: NotFound, message: "No such file or directory" }))
[INFO] [stdout] stack backtrace:
[INFO] [stdout]    0:     0x637d34ce3e61 - <unknown>
[INFO] [stdout]    1:     0x637d34cf9d4a - <unknown>
[INFO] [stdout]    2:     0x637d34ce816c - <unknown>
[INFO] [stdout]    3:     0x637d34cbecd6 - <unknown>
[INFO] [stdout]    4:     0x637d34cdbea9 - <unknown>
[INFO] [stdout]    5:     0x637d3498a030 - <unknown>
[INFO] [stdout]    6:     0x637d34cdc1d2 - <unknown>
[INFO] [stdout]    7:     0x637d34cbed82 - <unknown>
[INFO] [stdout]    8:     0x637d34cb7909 - <unknown>
[INFO] [stdout]    9:     0x637d34cbf98d - <unknown>
[INFO] [stdout]   10:     0x637d34cfa4ec - <unknown>
[INFO] [stdout]   11:     0x637d34cfa2c2 - <unknown>
[INFO] [stdout]   12:     0x637d3496a0c6 - <unknown>
[INFO] [stdout]   13:     0x637d3497d47b - <unknown>
[INFO] [stdout]   14:     0x637d3498a655 - <unknown>
[INFO] [stdout]   15:     0x637d34983f44 - <unknown>
[INFO] [stdout]   16:     0x637d3498d6e2 - <unknown>
[INFO] [stdout]   17:     0x637d34ce334f - <unknown>
[INFO] [stdout]   18:     0x7400b6e48dfa - <unknown>
[INFO] [stdout]   19:     0x7400b6edc3d4 - clone
[INFO] [stdout]   20:                0x0 - <unknown>
[INFO] [stdout] 
[INFO] [stdout] ---- functions_group_per_module_across_targets_and_cfgs stdout ----
[INFO] [stdout] 
[INFO] [stdout] thread 'functions_group_per_module_across_targets_and_cfgs' (1719) panicked at tests/integration.rs:23:65:
[INFO] [stdout] called `Result::unwrap()` on an `Err` value: Workspace(Io(Os { code: 2, kind: NotFound, message: "No such file or directory" }))
[INFO] [stdout] stack backtrace:
[INFO] [stdout]    0:     0x637d34ce3e61 - <unknown>
[INFO] [stdout]    1:     0x637d34cf9d4a - <unknown>
[INFO] [stdout]    2:     0x637d34ce816c - <unknown>
[INFO] [stdout]    3:     0x637d34cbecd6 - <unknown>
[INFO] [stdout]    4:     0x637d34cdbea9 - <unknown>
[INFO] [stdout]    5:     0x637d3498a030 - <unknown>
[INFO] [stdout]    6:     0x637d34cdc1d2 - <unknown>
[INFO] [stdout]    7:     0x637d34cbed82 - <unknown>
[INFO] [stdout]    8:     0x637d34cb7909 - <unknown>
[INFO] [stdout]    9:     0x637d34cbf98d - <unknown>
[INFO] [stdout]   10:     0x637d34cfa4ec - <unknown>
[INFO] [stdout]   11:     0x637d34cfa2c2 - <unknown>
[INFO] [stdout]   12:     0x637d3496d67d - <unknown>
[INFO] [stdout]   13:     0x637d3497d47b - <unknown>
[INFO] [stdout]   14:     0x637d3498a655 - <unknown>
[INFO] [stdout]   15:     0x637d34983f44 - <unknown>
[INFO] [stdout]   16:     0x637d3498d6e2 - <unknown>
[INFO] [stdout]   17:     0x637d34ce334f - <unknown>
[INFO] [stdout]   18:     0x7400b6e48dfa - <unknown>
[INFO] [stdout]   19:     0x7400b6edc3d4 - clone
[INFO] [stdout]   20:                0x0 - <unknown>
[INFO] [stdout] 
[INFO] [stdout] ---- min_tokens_builder_filters_blocks stdout ----
[INFO] [stdout] 
[INFO] [stdout] thread 'min_tokens_builder_filters_blocks' (1720) panicked at tests/integration.rs:244:64:
[INFO] [stdout] called `Result::unwrap()` on an `Err` value: Workspace(Io(Os { code: 2, kind: NotFound, message: "No such file or directory" }))
[INFO] [stdout] stack backtrace:
[INFO] [stdout]    0:     0x637d34ce3e61 - <unknown>
[INFO] [stdout]    1:     0x637d34cf9d4a - <unknown>
[INFO] [stdout]    2:     0x637d34ce816c - <unknown>
[INFO] [stdout]    3:     0x637d34cbecd6 - <unknown>
[INFO] [stdout]    4:     0x637d34cdbea9 - <unknown>
[INFO] [stdout]    5:     0x637d3498a030 - <unknown>
[INFO] [stdout]    6:     0x637d34cdc1d2 - <unknown>
[INFO] [stdout]    7:     0x637d34cbed82 - <unknown>
[INFO] [stdout]    8:     0x637d34cb7909 - <unknown>
[INFO] [stdout]    9:     0x637d34cbf98d - <unknown>
[INFO] [stdout]   10:     0x637d34cfa4ec - <unknown>
[INFO] [stdout]   11:     0x637d34cfa2c2 - <unknown>
[INFO] [stdout]   12:     0x637d3496a53c - <unknown>
[INFO] [stdout]   13:     0x637d3497d47b - <unknown>
[INFO] [stdout]   14:     0x637d3498a655 - <unknown>
[INFO] [stdout]   15:     0x637d34983f44 - <unknown>
[INFO] [stdout]   16:     0x637d3498d6e2 - <unknown>
[INFO] [stdout]   17:     0x637d34ce334f - <unknown>
[INFO] [stdout]   18:     0x7400b6e48dfa - <unknown>
[INFO] [stdout]   19:     0x7400b6edc3d4 - clone
[INFO] [stdout]   20:                0x0 - <unknown>
[INFO] [stdout] 
[INFO] [stdout] ---- file_module_items_carry_module_prefix stdout ----
[INFO] [stdout] 
[INFO] [stdout] thread 'file_module_items_carry_module_prefix' (1718) panicked at tests/integration.rs:13:46:
[INFO] [stdout] called `Result::unwrap()` on an `Err` value: Workspace(Io(Os { code: 2, kind: NotFound, message: "No such file or directory" }))
[INFO] [stdout] stack backtrace:
[INFO] [stdout]    0:     0x637d34ce3e61 - <unknown>
[INFO] [stdout]    1:     0x637d34cf9d4a - <unknown>
[INFO] [stdout]    2:     0x637d34ce816c - <unknown>
[INFO] [stdout]    3:     0x637d34cbecd6 - <unknown>
[INFO] [stdout]    4:     0x637d34cdbea9 - <unknown>
[INFO] [stdout]    5:     0x637d3498a030 - <unknown>
[INFO] [stdout]    6:     0x637d34cdc1d2 - <unknown>
[INFO] [stdout]    7:     0x637d34cbed82 - <unknown>
[INFO] [stdout]    8:     0x637d34cb7909 - <unknown>
[INFO] [stdout]    9:     0x637d34cbf98d - <unknown>
[INFO] [stdout]   10:     0x637d34cfa4ec - <unknown>
[INFO] [stdout]   11:     0x637d34cfa2c2 - <unknown>
[INFO] [stdout]   12:     0x637d3496b5fe - <unknown>
[INFO] [stdout]   13:     0x637d3497d47b - <unknown>
[INFO] [stdout]   14:     0x637d3498a655 - <unknown>
[INFO] [stdout]   15:     0x637d34983f44 - <unknown>
[INFO] [stdout]   16:     0x637d3498d6e2 - <unknown>
[INFO] [stdout]   17:     0x637d34ce334f - <unknown>
[INFO] [stdout]   18:     0x7400b6e48dfa - <unknown>
[INFO] [stdout]   19:     0x7400b6edc3d4 - clone
[INFO] [stdout]   20:                0x0 - <unknown>
[INFO] [stdout] 
[INFO] [stdout] ---- shared_group_spans_crates_and_variants stdout ----
[INFO] [stdout] 
[INFO] [stdout] thread 'shared_group_spans_crates_and_variants' (1723) panicked at tests/integration.rs:13:46:
[INFO] [stdout] called `Result::unwrap()` on an `Err` value: Workspace(Io(Os { code: 2, kind: NotFound, message: "No such file or directory" }))
[INFO] [stderr] error: test failed, to rerun pass `--test integration`
[INFO] [stdout] stack backtrace:
[INFO] [stdout]    0:     0x637d34ce3e61 - <unknown>
[INFO] [stdout]    1:     0x637d34cf9d4a - <unknown>
[INFO] [stdout]    2:     0x637d34ce816c - <unknown>
[INFO] [stdout]    3:     0x637d34cbecd6 - <unknown>
[INFO] [stdout]    4:     0x637d34cdbea9 - <unknown>
[INFO] [stdout]    5:     0x637d3498a030 - <unknown>
[INFO] [stdout]    6:     0x637d34cdc1d2 - <unknown>
[INFO] [stdout]    7:     0x637d34cbed82 - <unknown>
[INFO] [stdout]    8:     0x637d34cb7909 - <unknown>
[INFO] [stdout]    9:     0x637d34cbf98d - <unknown>
[INFO] [stdout]   10:     0x637d34cfa4ec - <unknown>
[INFO] [stdout]   11:     0x637d34cfa2c2 - <unknown>
[INFO] [stdout]   12:     0x637d3496c1b1 - <unknown>
[INFO] [stdout]   13:     0x637d3497d47b - <unknown>
[INFO] [stdout]   14:     0x637d3498a655 - <unknown>
[INFO] [stdout]   15:     0x637d34983f44 - <unknown>
[INFO] [stdout]   16:     0x637d3498d6e2 - <unknown>
[INFO] [stdout]   17:     0x637d34ce334f - <unknown>
[INFO] [stdout]   18:     0x7400b6e48dfa - <unknown>
[INFO] [stdout]   19:     0x7400b6edc3d4 - clone
[INFO] [stdout]   20:                0x0 - <unknown>
[INFO] [stdout] 
[INFO] [stdout] ---- a_package_filter_keeps_the_package_bin_targets stdout ----
[INFO] [stdout] 
[INFO] [stdout] thread 'a_package_filter_keeps_the_package_bin_targets' (1710) panicked at tests/integration.rs:231:10:
[INFO] [stdout] called `Result::unwrap()` on an `Err` value: Workspace(Io(Os { code: 2, kind: NotFound, message: "No such file or directory" }))
[INFO] [stdout] stack backtrace:
[INFO] [stdout]    0:     0x637d34ce3e61 - <unknown>
[INFO] [stdout]    1:     0x637d34cf9d4a - <unknown>
[INFO] [stdout]    2:     0x637d34ce816c - <unknown>
[INFO] [stdout]    3:     0x637d34cbecd6 - <unknown>
[INFO] [stdout]    4:     0x637d34cdbea9 - <unknown>
[INFO] [stdout]    5:     0x637d3498a030 - <unknown>
[INFO] [stdout]    6:     0x637d34cdc1d2 - <unknown>
[INFO] [stdout]    7:     0x637d34cbed82 - <unknown>
[INFO] [stdout]    8:     0x637d34cb7909 - <unknown>
[INFO] [stdout]    9:     0x637d34cbf98d - <unknown>
[INFO] [stdout]   10:     0x637d34cfa4ec - <unknown>
[INFO] [stdout]   11:     0x637d34cfa2c2 - <unknown>
[INFO] [stdout]   12:     0x637d3496ca9e - <unknown>
[INFO] [stdout]   13:     0x637d3497d47b - <unknown>
[INFO] [stdout]   14:     0x637d3498a655 - <unknown>
[INFO] [stdout]   15:     0x637d34983f44 - <unknown>
[INFO] [stdout]   16:     0x637d3498d6e2 - <unknown>
[INFO] [stdout]   17:     0x637d34ce334f - <unknown>
[INFO] [stdout]   18:     0x7400b6e48dfa - <unknown>
[INFO] [stdout]   19:     0x7400b6edc3d4 - clone
[INFO] [stdout]   20:                0x0 - <unknown>
[INFO] [stdout] 
[INFO] [stdout] ---- exit_code_reflects_duplicates stdout ----
[INFO] [stdout] 
[INFO] [stdout] thread 'exit_code_reflects_duplicates' (1716) panicked at tests/integration.rs:13:46:
[INFO] [stdout] called `Result::unwrap()` on an `Err` value: Workspace(Io(Os { code: 2, kind: NotFound, message: "No such file or directory" }))
[INFO] [stdout] stack backtrace:
[INFO] [stdout]    0:     0x637d34ce3e61 - <unknown>
[INFO] [stdout]    1:     0x637d34cf9d4a - <unknown>
[INFO] [stdout]    2:     0x637d34ce816c - <unknown>
[INFO] [stdout]    3:     0x637d34cbecd6 - <unknown>
[INFO] [stdout]    4:     0x637d34cdbea9 - <unknown>
[INFO] [stdout]    5:     0x637d3498a030 - <unknown>
[INFO] [stdout]    6:     0x637d34cdc1d2 - <unknown>
[INFO] [stdout]    7:     0x637d34cbed82 - <unknown>
[INFO] [stdout]    8:     0x637d34cb7909 - <unknown>
[INFO] [stdout]    9:     0x637d34cbf98d - <unknown>
[INFO] [stdout]   10:     0x637d34cfa4ec - <unknown>
[INFO] [stdout]   11:     0x637d34cfa2c2 - <unknown>
[INFO] [stdout]   12:     0x637d34969e4d - <unknown>
[INFO] [stdout]   13:     0x637d3497d47b - <unknown>
[INFO] [stdout]   14:     0x637d3498a655 - <unknown>
[INFO] [stdout]   15:     0x637d34983f44 - <unknown>
[INFO] [stdout]   16:     0x637d3498d6e2 - <unknown>
[INFO] [stdout]   17:     0x637d34ce334f - <unknown>
[INFO] [stdout]   18:     0x7400b6e48dfa - <unknown>
[INFO] [stdout]   19:     0x7400b6edc3d4 - clone
[INFO] [stdout]   20:                0x0 - <unknown>
[INFO] [stdout] 
[INFO] [stdout] ---- allowed_sites_are_not_grouped stdout ----
[INFO] [stdout] 
[INFO] [stdout] thread 'allowed_sites_are_not_grouped' (1712) panicked at tests/integration.rs:13:46:
[INFO] [stdout] called `Result::unwrap()` on an `Err` value: Workspace(Io(Os { code: 2, kind: NotFound, message: "No such file or directory" }))
[INFO] [stdout] stack backtrace:
[INFO] [stdout]    0:     0x637d34ce3e61 - <unknown>
[INFO] [stdout]    1:     0x637d34cf9d4a - <unknown>
[INFO] [stdout]    2:     0x637d34ce816c - <unknown>
[INFO] [stdout]    3:     0x637d34cbecd6 - <unknown>
[INFO] [stdout]    4:     0x637d34cdbea9 - <unknown>
[INFO] [stdout]    5:     0x637d3498a030 - <unknown>
[INFO] [stdout]    6:     0x637d34cdc1d2 - <unknown>
[INFO] [stdout]    7:     0x637d34cbed82 - <unknown>
[INFO] [stdout]    8:     0x637d34cb7909 - <unknown>
[INFO] [stdout]    9:     0x637d34cbf98d - <unknown>
[INFO] [stdout]   10:     0x637d34cfa4ec - <unknown>
[INFO] [stdout]   11:     0x637d34cfa2c2 - <unknown>
[INFO] [stdout]   12:     0x637d34969ae6 - <unknown>
[INFO] [stdout]   13:     0x637d3497d47b - <unknown>
[INFO] [stdout]   14:     0x637d3498a655 - <unknown>
[INFO] [stdout]   15:     0x637d34983f44 - <unknown>
[INFO] [stdout]   16:     0x637d3498d6e2 - <unknown>
[INFO] [stdout]   17:     0x637d34ce334f - <unknown>
[INFO] [stdout]   18:     0x7400b6e48dfa - <unknown>
[INFO] [stdout]   19:     0x7400b6edc3d4 - clone
[INFO] [stdout]   20:                0x0 - <unknown>
[INFO] [stdout] 
[INFO] [stdout] ---- config_threshold_suppresses_groups stdout ----
[INFO] [stdout] 
[INFO] [stdout] thread 'config_threshold_suppresses_groups' (1715) panicked at tests/integration.rs:191:10:
[INFO] [stdout] called `Result::unwrap()` on an `Err` value: Workspace(Io(Os { code: 2, kind: NotFound, message: "No such file or directory" }))
[INFO] [stdout] stack backtrace:
[INFO] [stdout]    0:     0x637d34ce3e61 - <unknown>
[INFO] [stdout]    1:     0x637d34cf9d4a - <unknown>
[INFO] [stdout]    2:     0x637d34ce816c - <unknown>
[INFO] [stdout]    3:     0x637d34cbecd6 - <unknown>
[INFO] [stdout]    4:     0x637d34cdbea9 - <unknown>
[INFO] [stdout]    5:     0x637d3498a030 - <unknown>
[INFO] [stdout]    6:     0x637d34cdc1d2 - <unknown>
[INFO] [stdout]    7:     0x637d34cbed82 - <unknown>
[INFO] [stdout]    8:     0x637d34cb7909 - <unknown>
[INFO] [stdout]    9:     0x637d34cbf98d - <unknown>
[INFO] [stdout]   10:     0x637d34cfa4ec - <unknown>
[INFO] [stdout]   11:     0x637d34cfa2c2 - <unknown>
[INFO] [stdout]   12:     0x637d3496ac23 - <unknown>
[INFO] [stdout]   13:     0x637d3497d47b - <unknown>
[INFO] [stdout]   14:     0x637d3498a655 - <unknown>
[INFO] [stdout]   15:     0x637d34983f44 - <unknown>
[INFO] [stdout]   16:     0x637d3498d6e2 - <unknown>
[INFO] [stdout]   17:     0x637d34ce334f - <unknown>
[INFO] [stdout]   18:     0x7400b6e48dfa - <unknown>
[INFO] [stdout]   19:     0x7400b6edc3d4 - clone
[INFO] [stdout]   20:                0x0 - <unknown>
[INFO] [stdout] 
[INFO] [stdout] 
[INFO] [stdout] failures:
[INFO] [stdout]     a_package_filter_keeps_the_package_bin_targets
[INFO] [stdout]     all_targets_builder_scans_bin_targets
[INFO] [stdout]     allowed_sites_are_not_grouped
[INFO] [stdout]     binary_prints_annotations_beside_the_report
[INFO] [stdout]     binary_runs_end_to_end
[INFO] [stdout]     config_threshold_suppresses_groups
[INFO] [stdout]     exit_code_reflects_duplicates
[INFO] [stdout]     file_module_items_carry_module_prefix
[INFO] [stdout]     functions_group_per_module_across_targets_and_cfgs
[INFO] [stdout]     min_tokens_builder_filters_blocks
[INFO] [stdout]     package_named_dejadoc_is_not_filtered
[INFO] [stdout]     shared_group_spans_crates_and_variants
[INFO] [stdout]     threshold_builder_narrows_groups
[INFO] [stdout]     unparsed_pair_groups_with_flag
[INFO] [stdout] 
[INFO] [stdout] test result: FAILED. 0 passed; 14 failed; 0 ignored; 0 measured; 0 filtered out; finished in 0.04s
[INFO] [stdout] 
[INFO] running `Command { std: "docker" "inspect" "aecdae05a6798139f63567c938670b39299679d70a1c1f78ffdb688e38b9b221", kill_on_drop: false }`
[INFO] running `Command { std: "docker" "rm" "-f" "aecdae05a6798139f63567c938670b39299679d70a1c1f78ffdb688e38b9b221", kill_on_drop: false }`
[INFO] [stdout] aecdae05a6798139f63567c938670b39299679d70a1c1f78ffdb688e38b9b221
