[INFO] fetching crate deja 0.2.1...
[INFO] testing deja-0.2.1 against 1.99.0-beta.8+cargoflags=--release for beta-release-1.100-2
[INFO] extracting crate deja 0.2.1 into /workspace/builds/worker-0-tc1/source
[INFO] started tweaking crates.io crate deja 0.2.1
[INFO] finished tweaking crates.io crate deja 0.2.1
[INFO] tweaked toml for crates.io crate deja 0.2.1 written to /workspace/builds/worker-0-tc1/source/Cargo.toml
[INFO] validating manifest of crates.io crate deja 0.2.1 on toolchain 1.99.0-beta.8
[INFO] running `Command { std: CARGO_HOME="/workspace/cargo-home" RUSTUP_HOME="/workspace/rustup-home" "/workspace/cargo-home/bin/cargo" "+1.99.0-beta.8" "metadata" "--manifest-path" "Cargo.toml" "--no-deps", kill_on_drop: false }`
[INFO] crate crates.io crate deja 0.2.1 already has a lockfile, it will not be regenerated
[INFO] running `Command { std: CARGO_HOME="/workspace/cargo-home" RUSTUP_HOME="/workspace/rustup-home" "/workspace/cargo-home/bin/cargo" "+1.99.0-beta.8" "fetch" "--manifest-path" "Cargo.toml", kill_on_drop: false }`
[INFO] [stderr]     Updating crates.io index
[INFO] [stderr]  Downloading crates ...
[INFO] [stderr]   Downloaded whoami v1.5.2
[INFO] [stderr]   Downloaded ulid v1.1.3
[INFO] [stderr]   Downloaded merkle_hash v3.7.0
[INFO] [stderr]   Downloaded libredox v0.1.3
[INFO] [stderr]   Downloaded terminal_size v0.4.0
[INFO] [stderr]   Downloaded clap_lex v0.7.2
[INFO] [stderr]   Downloaded clap_complete v4.5.33
[INFO] [stderr]   Downloaded camino v1.1.9
[INFO] [stderr]   Downloaded clap v4.5.20
[INFO] [stderr]   Downloaded anyhow v1.0.89
[INFO] [stderr]   Downloaded clap_builder v4.5.20
[INFO] [stderr]   Downloaded blake3 v1.5.4
[INFO] [stderr]   Downloaded libc v0.2.160
[INFO] [stderr]   Downloaded web-sys v0.3.72
[INFO] running `Command { std: "docker" "create" "-v" "/var/lib/crater-agent-workspace/builds/worker-0-tc1/source:/opt/rustwide/workdir:ro,Z" "-v" "/var/lib/crater-agent-workspace/builds/worker-0-tc1/target:/opt/rustwide/target:rw,Z" "-v" "/var/lib/crater-agent-workspace/cargo-home:/opt/rustwide/cargo-home:ro,Z" "-v" "/var/lib/crater-agent-workspace/rustup-home:/opt/rustwide/rustup-home:ro,Z" "-m" "1610612736" "--network" "none" "ghcr.io/rust-lang/crates-build-env/linux@sha256:77db811e55d90add9212f6832c23229e3de5f1c1f9905e8cb07319ea15df73ac" "sleep" "infinity", kill_on_drop: false }`
[INFO] [stdout] 48b00c7f519eacd4e480efbd4c79a6146f4618dc6d6299c6d65c03c97b48ff78
[INFO] running `Command { std: "docker" "start" "48b00c7f519eacd4e480efbd4c79a6146f4618dc6d6299c6d65c03c97b48ff78", kill_on_drop: false }`
[INFO] running `Command { std: "docker" "inspect" "48b00c7f519eacd4e480efbd4c79a6146f4618dc6d6299c6d65c03c97b48ff78", kill_on_drop: false }`
[INFO] running `Command { std: "docker" "exec" "-e" "SOURCE_DIR=/opt/rustwide/workdir" "-e" "CARGO_HOME=/opt/rustwide/cargo-home" "-e" "RUSTUP_HOME=/opt/rustwide/rustup-home" "-e" "CARGO_TARGET_DIR=/opt/rustwide/target" "-w" "/opt/rustwide/workdir" "--user" "0:0" "48b00c7f519eacd4e480efbd4c79a6146f4618dc6d6299c6d65c03c97b48ff78" "/opt/rustwide/cargo-home/bin/cargo" "+1.99.0-beta.8" "metadata" "--no-deps" "--format-version=1", kill_on_drop: false }`
[INFO] running `Command { std: "docker" "inspect" "48b00c7f519eacd4e480efbd4c79a6146f4618dc6d6299c6d65c03c97b48ff78", kill_on_drop: false }`
[INFO] running `Command { std: "docker" "exec" "-e" "SOURCE_DIR=/opt/rustwide/workdir" "-e" "CARGO_HOME=/opt/rustwide/cargo-home" "-e" "RUSTUP_HOME=/opt/rustwide/rustup-home" "-e" "CARGO_TARGET_DIR=/opt/rustwide/target" "-e" "CARGO_INCREMENTAL=0" "-e" "RUST_BACKTRACE=full" "-e" "RUSTFLAGS=--cap-lints=warn" "-e" "RUSTDOCFLAGS=--cap-lints=warn" "-w" "/opt/rustwide/workdir" "--user" "0:0" "48b00c7f519eacd4e480efbd4c79a6146f4618dc6d6299c6d65c03c97b48ff78" "/opt/rustwide/cargo-home/bin/cargo" "+1.99.0-beta.8" "build" "--frozen" "--message-format=json" "--release", kill_on_drop: false }`
[INFO] [stderr]    Compiling proc-macro2 v1.0.88
[INFO] [stderr]    Compiling unicode-ident v1.0.13
[INFO] [stderr]    Compiling serde v1.0.210
[INFO] [stderr]    Compiling libc v0.2.160
[INFO] [stderr]    Compiling crossbeam-utils v0.8.20
[INFO] [stderr]    Compiling rustix v0.38.37
[INFO] [stderr]    Compiling linux-raw-sys v0.4.14
[INFO] [stderr]    Compiling byteorder v1.5.0
[INFO] [stderr]    Compiling rayon-core v1.12.1
[INFO] [stderr]    Compiling anstyle v1.0.8
[INFO] [stderr]    Compiling is_terminal_polyfill v1.70.1
[INFO] [stderr]    Compiling colorchoice v1.0.2
[INFO] [stderr]    Compiling unicase v2.7.0
[INFO] [stderr]    Compiling cc v1.1.30
[INFO] [stderr]    Compiling anstyle-parse v0.2.5
[INFO] [stderr]    Compiling anstyle-query v1.1.1
[INFO] [stderr]    Compiling unicode-width v0.2.0
[INFO] [stderr]    Compiling camino v1.1.9
[INFO] [stderr]    Compiling clap_lex v0.7.2
[INFO] [stderr]    Compiling either v1.13.0
[INFO] [stderr]    Compiling constant_time_eq v0.3.1
[INFO] [stderr]    Compiling anyhow v1.0.89
[INFO] [stderr]    Compiling base64 v0.21.7
[INFO] [stderr]    Compiling humantime v2.1.0
[INFO] [stderr]    Compiling whoami v1.5.2
[INFO] [stderr]    Compiling anstream v0.6.15
[INFO] [stderr]    Compiling getrandom v0.2.15
[INFO] [stderr]    Compiling dirs-sys v0.4.1
[INFO] [stderr]    Compiling quote v1.0.37
[INFO] [stderr]    Compiling rand_core v0.6.4
[INFO] [stderr]    Compiling dirs v5.0.1
[INFO] [stderr]    Compiling syn v2.0.79
[INFO] [stderr]    Compiling crossbeam-epoch v0.9.18
[INFO] [stderr]    Compiling blake3 v1.5.4
[INFO] [stderr]    Compiling crossbeam-deque v0.8.5
[INFO] [stderr]    Compiling rayon v1.10.0
[INFO] [stderr]    Compiling serde_derive v1.0.210
[INFO] [stderr]    Compiling zerocopy-derive v0.7.35
[INFO] [stderr]    Compiling zerocopy v0.7.35
[INFO] [stderr]    Compiling ppv-lite86 v0.2.20
[INFO] [stderr]    Compiling rand_chacha v0.3.1
[INFO] [stderr]    Compiling rand v0.8.5
[INFO] [stderr]    Compiling merkle_hash v3.7.0
[INFO] [stderr]    Compiling ulid v1.1.3
[INFO] [stderr]    Compiling bitflags v2.6.0
[INFO] [stderr]    Compiling ron v0.8.1
[INFO] [stderr]    Compiling terminal_size v0.4.0
[INFO] [stderr]    Compiling clap_builder v4.5.20
[INFO] [stderr]    Compiling clap v4.5.20
[INFO] [stderr]    Compiling clap_complete v4.5.33
[INFO] [stderr]    Compiling deja v0.2.1 (/opt/rustwide/workdir)
[INFO] [stdout] warning: hiding a lifetime that's elided elsewhere is confusing
[INFO] [stdout]    --> src/command.rs:231:24
[INFO] [stdout]     |
[INFO] [stdout] 231 |     pub fn explanation(&self) -> ScopeExplanation {
[INFO] [stdout]     |                        ^^^^^     ^^^^^^^^^^^^^^^^ the same lifetime is hidden here
[INFO] [stdout]     |                        |
[INFO] [stdout]     |                        the lifetime is elided here
[INFO] [stdout]     |
[INFO] [stdout]     = help: the same lifetime is referred to in inconsistent ways, making the signature confusing
[INFO] [stdout]     = note: `#[warn(mismatched_lifetime_syntaxes)]` on by default
[INFO] [stdout] help: use `'_` for type paths
[INFO] [stdout]     |
[INFO] [stdout] 231 |     pub fn explanation(&self) -> ScopeExplanation<'_> {
[INFO] [stdout]     |                                                  ++++
[INFO] [stdout] 
[INFO] [stdout] 
[INFO] [stderr]     Finished `release` profile [optimized] target(s) in 35.86s
[INFO] running `Command { std: "docker" "inspect" "48b00c7f519eacd4e480efbd4c79a6146f4618dc6d6299c6d65c03c97b48ff78", kill_on_drop: false }`
[INFO] running `Command { std: "docker" "exec" "-e" "SOURCE_DIR=/opt/rustwide/workdir" "-e" "CARGO_HOME=/opt/rustwide/cargo-home" "-e" "RUSTUP_HOME=/opt/rustwide/rustup-home" "-e" "CARGO_TARGET_DIR=/opt/rustwide/target" "-e" "CARGO_INCREMENTAL=0" "-e" "RUST_BACKTRACE=full" "-e" "RUSTFLAGS=--cap-lints=warn" "-e" "RUSTDOCFLAGS=--cap-lints=warn" "-w" "/opt/rustwide/workdir" "--user" "0:0" "48b00c7f519eacd4e480efbd4c79a6146f4618dc6d6299c6d65c03c97b48ff78" "/opt/rustwide/cargo-home/bin/cargo" "+1.99.0-beta.8" "test" "--frozen" "--no-run" "--message-format=json" "--release", kill_on_drop: false }`
[INFO] [stderr]    Compiling deja v0.2.1 (/opt/rustwide/workdir)
[INFO] [stdout] warning: hiding a lifetime that's elided elsewhere is confusing
[INFO] [stdout]    --> src/command.rs:231:24
[INFO] [stdout]     |
[INFO] [stdout] 231 |     pub fn explanation(&self) -> ScopeExplanation {
[INFO] [stdout]     |                        ^^^^^     ^^^^^^^^^^^^^^^^ the same lifetime is hidden here
[INFO] [stdout]     |                        |
[INFO] [stdout]     |                        the lifetime is elided here
[INFO] [stdout]     |
[INFO] [stdout]     = help: the same lifetime is referred to in inconsistent ways, making the signature confusing
[INFO] [stdout]     = note: `#[warn(mismatched_lifetime_syntaxes)]` on by default
[INFO] [stdout] help: use `'_` for type paths
[INFO] [stdout]     |
[INFO] [stdout] 231 |     pub fn explanation(&self) -> ScopeExplanation<'_> {
[INFO] [stdout]     |                                                  ++++
[INFO] [stdout] 
[INFO] [stdout] 
[INFO] [stderr]     Finished `release` profile [optimized] target(s) in 1.96s
[INFO] running `Command { std: "docker" "inspect" "48b00c7f519eacd4e480efbd4c79a6146f4618dc6d6299c6d65c03c97b48ff78", kill_on_drop: false }`
[INFO] running `Command { std: "docker" "exec" "-e" "SOURCE_DIR=/opt/rustwide/workdir" "-e" "CARGO_HOME=/opt/rustwide/cargo-home" "-e" "RUSTUP_HOME=/opt/rustwide/rustup-home" "-e" "CARGO_TARGET_DIR=/opt/rustwide/target" "-e" "CARGO_INCREMENTAL=0" "-e" "RUST_BACKTRACE=full" "-e" "RUSTFLAGS=--cap-lints=warn" "-e" "RUSTDOCFLAGS=--cap-lints=warn" "-w" "/opt/rustwide/workdir" "--user" "0:0" "48b00c7f519eacd4e480efbd4c79a6146f4618dc6d6299c6d65c03c97b48ff78" "/opt/rustwide/cargo-home/bin/cargo" "+1.99.0-beta.8" "test" "--frozen" "--release", kill_on_drop: false }`
[INFO] [stderr] warning: hiding a lifetime that's elided elsewhere is confusing
[INFO] [stderr]    --> src/command.rs:231:24
[INFO] [stderr]     |
[INFO] [stderr] 231 |     pub fn explanation(&self) -> ScopeExplanation {
[INFO] [stderr]     |                        ^^^^^     ^^^^^^^^^^^^^^^^ the same lifetime is hidden here
[INFO] [stderr]     |                        |
[INFO] [stderr]     |                        the lifetime is elided here
[INFO] [stderr]     |
[INFO] [stderr]     = help: the same lifetime is referred to in inconsistent ways, making the signature confusing
[INFO] [stderr]     = note: `#[warn(mismatched_lifetime_syntaxes)]` on by default
[INFO] [stderr] help: use `'_` for type paths
[INFO] [stderr]     |
[INFO] [stderr] 231 |     pub fn explanation(&self) -> ScopeExplanation<'_> {
[INFO] [stderr]     |                                                  ++++
[INFO] [stderr] 
[INFO] [stderr] warning: `deja` (bin "deja" test) generated 1 warning (run `cargo fix --bin "deja" -p deja --tests` to apply 1 suggestion)
[INFO] [stderr]     Finished `release` profile [optimized] target(s) in 0.08s
[INFO] [stderr]      Running unittests src/main.rs (/opt/rustwide/target/release/deps/deja-90373fc156382e59)
[INFO] [stdout] 
[INFO] [stdout] running 11 tests
[INFO] [stdout] test hash::test::test_from_strings ... ok
[INFO] [stdout] test hash::test::test_from_bool ... ok
[INFO] [stdout] test hash::test::test_from_string ... ok
[INFO] [stdout] test command::test::test_scope_env ... ok
[INFO] [stdout] test hash::test::test_try_from_path ... FAILED
[INFO] [stdout] test command::test::test_scope_args ... ok
[INFO] [stdout] test command::test::test_scope_scope ... ok
[INFO] [stdout] test command::test::test_scope_empty ... ok
[INFO] [stdout] test command::test::test_scope ... ok
[INFO] [stdout] test command::test::test_scopes ... ok
[INFO] [stdout] test command::test::test_scope_shared ... ok
[INFO] [stdout] 
[INFO] [stdout] failures:
[INFO] [stdout] 
[INFO] [stdout] ---- hash::test::test_try_from_path stdout ----
[INFO] [stdout] A UnableToReadFile("test/fixtures/empty-a.txt", Os { code: 2, kind: NotFound, message: "No such file or directory" })
[INFO] [stdout] 
[INFO] [stdout] thread 'hash::test::test_try_from_path' (1167) panicked at src/hash.rs:246:18:
[INFO] [stdout] called `Result::unwrap()` on an `Err` value: Unable to read file: test/fixtures/empty-a.txt, error: No such file or directory (os error 2)
[INFO] [stdout] 
[INFO] [stdout] Stack backtrace:
[INFO] [stdout]    0: <anyhow::Error as core::convert::From<merkle_hash::error::indexing_error::IndexingError>>::from
[INFO] [stdout]    1: <deja::hash::Hash as core::convert::TryFrom<&std::path::PathBuf>>::try_from
[INFO] [stdout]    2: deja::hash::test::test_try_from_path
[INFO] [stdout]    3: <deja::hash::test::test_try_from_path::{closure#0} as core::ops::function::FnOnce<()>>::call_once
[INFO] [stdout]    4: test::__rust_begin_short_backtrace::<core::result::Result<(), alloc::string::String>, fn() -> core::result::Result<(), alloc::string::String>>
[INFO] [stdout]    5: test::run_test::{closure#0}
[INFO] [stdout]    6: std::sys::backtrace::__rust_begin_short_backtrace::<test::run_test::{closure#1}, ()>
[INFO] [stdout]    7: <std::thread::lifecycle::spawn_unchecked<test::run_test::{closure#1}, ()>::{closure#1} as core::ops::function::FnOnce<()>>::call_once::{shim:vtable#0}
[INFO] [stdout]    8: <std::sys::thread::unix::Thread>::new::thread_start
[INFO] [stdout]    9: <unknown>
[INFO] [stdout]   10: clone
[INFO] [stdout] stack backtrace:
[INFO] [stdout]    0:     0x60f2ac723861 - <<std[70759c8f55707aa4]::sys::backtrace::BacktraceLock>::print::DisplayBacktrace as core[df12db4294e9bfd3]::fmt::Display>::fmt
[INFO] [stdout]    1:     0x60f2ac738bfa - core[df12db4294e9bfd3]::fmt::write
[INFO] [stdout]    2:     0x60f2ac72853c - <alloc[2182bb758b4b3781]::vec::Vec<u8> as core[df12db4294e9bfd3]::io::write::Write>::write_fmt
[INFO] [stdout]    3:     0x60f2ac6fec66 - std[70759c8f55707aa4]::panicking::default_hook::{closure#0}
[INFO] [stdout]    4:     0x60f2ac71b879 - std[70759c8f55707aa4]::panicking::default_hook
[INFO] [stdout]    5:     0x60f2ac690b30 - test[9d35eded1c95d3be]::test_main_inner::<test[9d35eded1c95d3be]::test_main_static::{closure#0}>::{closure#0}
[INFO] [stdout]    6:     0x60f2ac71bba2 - std[70759c8f55707aa4]::panicking::panic_with_hook
[INFO] [stdout]    7:     0x60f2ac6fed12 - std[70759c8f55707aa4]::panicking::panic_handler::{closure#0}
[INFO] [stdout]    8:     0x60f2ac6f72d9 - std[70759c8f55707aa4]::sys::backtrace::__rust_end_short_backtrace::<std[70759c8f55707aa4]::panicking::panic_handler::{closure#0}, !>
[INFO] [stdout]    9:     0x60f2ac6ffa1d - __rustc[8fa7c3cbc660c2b3]::rust_begin_unwind
[INFO] [stdout]   10:     0x60f2ac73932c - core[df12db4294e9bfd3]::panicking::panic_fmt
[INFO] [stdout]   11:     0x60f2ac739102 - core[df12db4294e9bfd3]::result::unwrap_failed
[INFO] [stdout]   12:     0x60f2ac67c3f3 - deja[22cce3f75c283048]::hash::test::test_try_from_path
[INFO] [stdout]   13:     0x60f2ac67ef49 - <deja[22cce3f75c283048]::hash::test::test_try_from_path::{closure#0} as core[df12db4294e9bfd3]::ops::function::FnOnce<()>>::call_once
[INFO] [stdout]   14:     0x60f2ac683e1b - test[9d35eded1c95d3be]::__rust_begin_short_backtrace::<core[df12db4294e9bfd3]::result::Result<(), alloc[2182bb758b4b3781]::string::String>, fn() -> core[df12db4294e9bfd3]::result::Result<(), alloc[2182bb758b4b3781]::string::String>>
[INFO] [stdout]   15:     0x60f2ac691485 - test[9d35eded1c95d3be]::run_test::{closure#0}
[INFO] [stdout]   16:     0x60f2ac68ad44 - std[70759c8f55707aa4]::sys::backtrace::__rust_begin_short_backtrace::<test[9d35eded1c95d3be]::run_test::{closure#1}, ()>
[INFO] [stdout]   17:     0x60f2ac6945e2 - <std[70759c8f55707aa4]::thread::lifecycle::spawn_unchecked<test[9d35eded1c95d3be]::run_test::{closure#1}, ()>::{closure#1} as core[df12db4294e9bfd3]::ops::function::FnOnce<()>>::call_once::{shim:vtable#0}
[INFO] [stdout]   18:     0x60f2ac722e09 - <std[70759c8f55707aa4]::sys::thread::unix::Thread>::new::thread_start
[INFO] [stdout]   19:     0x7f2670c11dfa - <unknown>
[INFO] [stdout]   20:     0x7f2670ca53d4 - clone
[INFO] [stdout]   21:                0x0 - <unknown>
[INFO] [stdout] 
[INFO] [stdout] 
[INFO] [stdout] failures:
[INFO] [stdout]     hash::test::test_try_from_path
[INFO] [stdout] 
[INFO] [stdout] test result: FAILED. 10 passed; 1 failed; 0 ignored; 0 measured; 0 filtered out; finished in 0.02s
[INFO] [stdout] 
[INFO] [stderr] error: test failed, to rerun pass `--bin deja`
[INFO] running `Command { std: "docker" "inspect" "48b00c7f519eacd4e480efbd4c79a6146f4618dc6d6299c6d65c03c97b48ff78", kill_on_drop: false }`
[INFO] running `Command { std: "docker" "rm" "-f" "48b00c7f519eacd4e480efbd4c79a6146f4618dc6d6299c6d65c03c97b48ff78", kill_on_drop: false }`
[INFO] [stdout] 48b00c7f519eacd4e480efbd4c79a6146f4618dc6d6299c6d65c03c97b48ff78
