[INFO] fetching crate degenbot-pool-updater 0.6.0-alpha.14...
[INFO] testing degenbot-pool-updater-0.6.0-alpha.14 against 1.100.0-beta.1+cargoflags=--release for beta-release-1.100-2
[INFO] extracting crate degenbot-pool-updater 0.6.0-alpha.14 into /workspace/builds/worker-5-tc2/source
[INFO] started tweaking crates.io crate degenbot-pool-updater 0.6.0-alpha.14
[INFO] removed 0 missing tests
[INFO] finished tweaking crates.io crate degenbot-pool-updater 0.6.0-alpha.14
[INFO] tweaked toml for crates.io crate degenbot-pool-updater 0.6.0-alpha.14 written to /workspace/builds/worker-5-tc2/source/Cargo.toml
[INFO] validating manifest of crates.io crate degenbot-pool-updater 0.6.0-alpha.14 on toolchain 1.100.0-beta.1
[INFO] running `Command { std: CARGO_HOME="/workspace/cargo-home" RUSTUP_HOME="/workspace/rustup-home" "/workspace/cargo-home/bin/cargo" "+1.100.0-beta.1" "metadata" "--manifest-path" "Cargo.toml" "--no-deps", kill_on_drop: false }`
[INFO] crate crates.io crate degenbot-pool-updater 0.6.0-alpha.14 already has a lockfile, it will not be regenerated
[INFO] running `Command { std: CARGO_HOME="/workspace/cargo-home" RUSTUP_HOME="/workspace/rustup-home" "/workspace/cargo-home/bin/cargo" "+1.100.0-beta.1" "fetch" "--manifest-path" "Cargo.toml", kill_on_drop: false }`
[INFO] running `Command { std: "docker" "create" "-v" "/var/lib/crater-agent-workspace/builds/worker-5-tc2/source:/opt/rustwide/workdir:ro,Z" "-v" "/var/lib/crater-agent-workspace/builds/worker-5-tc2/target:/opt/rustwide/target:rw,Z" "-v" "/var/lib/crater-agent-workspace/cargo-home:/opt/rustwide/cargo-home:ro,Z" "-v" "/var/lib/crater-agent-workspace/rustup-home:/opt/rustwide/rustup-home:ro,Z" "-m" "1610612736" "--network" "none" "ghcr.io/rust-lang/crates-build-env/linux@sha256:77db811e55d90add9212f6832c23229e3de5f1c1f9905e8cb07319ea15df73ac" "sleep" "infinity", kill_on_drop: false }`
[INFO] [stdout] 75f2c57ff9428ef7006ee3dffe8e8d4f1058ea7901fcb18f28ab8f3d490f5d05
[INFO] running `Command { std: "docker" "start" "75f2c57ff9428ef7006ee3dffe8e8d4f1058ea7901fcb18f28ab8f3d490f5d05", kill_on_drop: false }`
[INFO] running `Command { std: "docker" "inspect" "75f2c57ff9428ef7006ee3dffe8e8d4f1058ea7901fcb18f28ab8f3d490f5d05", kill_on_drop: false }`
[INFO] running `Command { std: "docker" "exec" "-e" "SOURCE_DIR=/opt/rustwide/workdir" "-e" "CARGO_HOME=/opt/rustwide/cargo-home" "-e" "RUSTUP_HOME=/opt/rustwide/rustup-home" "-e" "CARGO_TARGET_DIR=/opt/rustwide/target" "-w" "/opt/rustwide/workdir" "--user" "0:0" "75f2c57ff9428ef7006ee3dffe8e8d4f1058ea7901fcb18f28ab8f3d490f5d05" "/opt/rustwide/cargo-home/bin/cargo" "+1.100.0-beta.1" "metadata" "--no-deps" "--format-version=1", kill_on_drop: false }`
[INFO] running `Command { std: "docker" "inspect" "75f2c57ff9428ef7006ee3dffe8e8d4f1058ea7901fcb18f28ab8f3d490f5d05", kill_on_drop: false }`
[INFO] running `Command { std: "docker" "exec" "-e" "SOURCE_DIR=/opt/rustwide/workdir" "-e" "CARGO_HOME=/opt/rustwide/cargo-home" "-e" "RUSTUP_HOME=/opt/rustwide/rustup-home" "-e" "CARGO_TARGET_DIR=/opt/rustwide/target" "-e" "CARGO_INCREMENTAL=0" "-e" "RUST_BACKTRACE=full" "-e" "RUSTFLAGS=--cap-lints=warn" "-e" "RUSTDOCFLAGS=--cap-lints=warn" "-w" "/opt/rustwide/workdir" "--user" "0:0" "75f2c57ff9428ef7006ee3dffe8e8d4f1058ea7901fcb18f28ab8f3d490f5d05" "/opt/rustwide/cargo-home/bin/cargo" "+1.100.0-beta.1" "build" "--frozen" "--message-format=json" "--release", kill_on_drop: false }`
[INFO] [stderr]    Compiling libc v0.2.190
[INFO] [stderr]    Compiling serde_core v1.0.229
[INFO] [stderr]    Compiling generic-array v0.14.9
[INFO] [stderr]    Compiling convert_case v0.10.0
[INFO] [stderr]    Compiling arrayvec v0.7.8
[INFO] [stderr]    Compiling keccak v0.2.2
[INFO] [stderr]    Compiling syn v2.0.119
[INFO] [stderr]    Compiling digest v0.11.3
[INFO] [stderr]    Compiling thiserror v2.0.21
[INFO] [stderr]    Compiling serde v1.0.229
[INFO] [stderr]    Compiling thiserror-impl v2.0.21
[INFO] [stderr]    Compiling cfg-if v1.0.5
[INFO] [stderr]    Compiling hybrid-array v0.4.15
[INFO] [stderr]    Compiling serde_json v1.0.151
[INFO] [stderr]    Compiling ruint v1.20.1
[INFO] [stderr]    Compiling const-hex v1.19.3
[INFO] [stderr]    Compiling memchr v2.8.3
[INFO] [stderr]    Compiling winnow v1.0.4
[INFO] [stderr]    Compiling yoke-derive v0.8.4
[INFO] [stderr]    Compiling sha3 v0.11.0
[INFO] [stderr]    Compiling proc-macro-error-attr3 v3.0.1
[INFO] [stderr]    Compiling indexmap v2.14.2
[INFO] [stderr]    Compiling auto_impl v1.4.0
[INFO] [stderr]    Compiling futures-util v0.3.34
[INFO] [stderr]    Compiling serde_with_macros v3.24.0
[INFO] [stderr]    Compiling bytes v1.12.1
[INFO] [stderr]    Compiling zerocopy v0.8.61
[INFO] [stderr]    Compiling form_urlencoded v1.2.2
[INFO] [stderr]    Compiling portable-atomic v1.15.0
[INFO] [stderr]    Compiling raw-cpuid v11.6.0
[INFO] [stderr]    Compiling alloy-sol-type-parser v1.7.3
[INFO] [stderr]    Compiling spinning_top v0.3.0
[INFO] [stderr]    Compiling block-buffer v0.12.1
[INFO] [stderr]    Compiling crypto-common v0.2.2
[INFO] [stderr]    Compiling yoke v0.8.3
[INFO] [stderr]    Compiling hashbrown v0.16.1
[INFO] [stderr]    Compiling jobserver v0.1.35
[INFO] [stderr]    Compiling nonzero_ext v0.3.0
[INFO] [stderr]    Compiling cc v1.6.0
[INFO] [stderr]    Compiling futures-timer v3.0.4
[INFO] [stderr]    Compiling web-time v1.1.0
[INFO] [stderr]    Compiling data-encoding v2.11.1
[INFO] [stderr]    Compiling zerovec v0.11.8
[INFO] [stderr]    Compiling zerotrie v0.2.5
[INFO] [stderr]    Compiling getrandom v0.2.17
[INFO] [stderr]    Compiling mio v1.2.4
[INFO] [stderr]    Compiling socket2 v0.6.5
[INFO] [stderr]    Compiling rand_core v0.6.4
[INFO] [stderr]    Compiling num_cpus v1.17.0
[INFO] [stderr]    Compiling ff v0.13.1
[INFO] [stderr]    Compiling threadpool v1.8.1
[INFO] [stderr]    Compiling getrandom v0.3.4
[INFO] [stderr]    Compiling group v0.13.0
[INFO] [stderr]    Compiling bimap v0.6.3
[INFO] [stderr]    Compiling doctest-file v1.1.1
[INFO] [stderr]    Compiling hashbrown v0.17.1
[INFO] [stderr]    Compiling cmake v0.1.58
[INFO] [stderr]    Compiling tinystr v0.8.4
[INFO] [stderr]    Compiling potential_utf v0.1.6
[INFO] [stderr]    Compiling serde_with v3.24.0
[INFO] [stderr]    Compiling icu_collections v2.3.0
[INFO] [stderr]    Compiling icu_locale_core v2.3.0
[INFO] [stderr]    Compiling quanta v0.12.6
[INFO] [stderr]    Compiling syn-solidity v1.7.3
[INFO] [stderr]    Compiling macro-string v0.2.0
[INFO] [stderr]    Compiling serdect v0.2.0
[INFO] [stderr]    Compiling smallvec v1.16.2
[INFO] [stderr]    Compiling proc-macro-error3 v3.0.1
[INFO] [stderr]    Compiling aws-lc-sys v0.45.0
[INFO] [stderr]    Compiling blst v0.3.17
[INFO] [stderr]    Compiling either v1.19.0
[INFO] [stderr]    Compiling c-kzg v2.1.8
[INFO] [stderr]    Compiling darling_core v0.23.0
[INFO] [stderr]    Compiling itertools v0.14.0
[INFO] [stderr]    Compiling parking_lot_core v0.9.12
[INFO] [stderr]    Compiling futures-executor v0.3.34
[INFO] [stderr]    Compiling rand_core v0.9.5
[INFO] [stderr]    Compiling parking_lot v0.12.5
[INFO] [stderr]    Compiling futures v0.3.34
[INFO] [stderr]    Compiling phf_shared v0.14.0
[INFO] [stderr]    Compiling http v1.5.0
[INFO] [stderr]    Compiling tokio v1.53.2
[INFO] [stderr]    Compiling icu_provider v2.3.1
[INFO] [stderr]    Compiling governor v0.10.4
[INFO] [stderr]    Compiling icu_properties v2.3.0
[INFO] [stderr]    Compiling zeroize_derive v1.5.0
[INFO] [stderr]    Compiling derive_more-impl v2.1.1
[INFO] [stderr]    Compiling alloy-rlp-derive v0.3.16
[INFO] [stderr]    Compiling tracing-attributes v0.1.31
[INFO] [stderr]    Compiling zeroize v1.9.1
[INFO] [stderr]    Compiling der v0.7.10
[INFO] [stderr]    Compiling alloy-rlp v0.3.16
[INFO] [stderr]    Compiling rustls-pki-types v1.15.1
[INFO] [stderr]    Compiling icu_normalizer v2.3.0
[INFO] [stderr]    Compiling tracing v0.1.44
[INFO] [stderr]    Compiling ppv-lite86 v0.2.21
[INFO] [stderr]    Compiling block-buffer v0.10.4
[INFO] [stderr]    Compiling crypto-common v0.1.6
[INFO] [stderr]    Compiling digest v0.10.7
[INFO] [stderr]    Compiling crypto-bigint v0.5.5
[INFO] [stderr]    Compiling hmac v0.12.1
[INFO] [stderr]    Compiling signature v2.2.0
[INFO] [stderr]    Compiling sha2 v0.10.9
[INFO] [stderr]    Compiling rfc6979 v0.4.0
[INFO] [stderr]    Compiling http-body v1.1.0
[INFO] [stderr]    Compiling rand_chacha v0.9.0
[INFO] [stderr]    Compiling webpki-roots v1.0.9
[INFO] [stderr]    Compiling sha1 v0.10.7
[INFO] [stderr]    Compiling nybbles v0.4.8
[INFO] [stderr]    Compiling idna_adapter v1.2.2
[INFO] [stderr]    Compiling idna v1.1.0
[INFO] [stderr]    Compiling rand v0.9.5
[INFO] [stderr]    Compiling spki v0.7.3
[INFO] [stderr]    Compiling sec1 v0.7.3
[INFO] [stderr]    Compiling webpki-roots v0.26.11
[INFO] [stderr]    Compiling pkcs8 v0.10.2
[INFO] [stderr]    Compiling darling_macro v0.23.0
[INFO] [stderr]    Compiling rustls-native-certs v0.8.4
[INFO] [stderr]    Compiling darling v0.23.0
[INFO] [stderr]    Compiling alloy-tx-macros v2.5.0
[INFO] [stderr]    Compiling url v2.5.8
[INFO] [stderr]    Compiling http-body-util v0.1.5
[INFO] [stderr]    Compiling pin-project-internal v1.1.13
[INFO] [stderr]    Compiling num_enum_derive v0.7.6
[INFO] [stderr]    Compiling async-stream-impl v0.3.6
[INFO] [stderr]    Compiling phf v0.14.0
[INFO] [stderr]    Compiling dashmap v6.2.1
[INFO] [stderr]    Compiling rand_chacha v0.3.1
[INFO] [stderr]    Compiling elliptic-curve v0.13.8
[INFO] [stderr]    Compiling async-stream v0.3.6
[INFO] [stderr]    Compiling lru v0.18.5
[INFO] [stderr]    Compiling pin-project v1.1.13
[INFO] [stderr]    Compiling num_enum v0.7.6
[INFO] [stderr]    Compiling rand v0.8.8
[INFO] [stderr]    Compiling toml_datetime v1.1.1+spec-1.1.0
[INFO] [stderr]    Compiling ecdsa v0.16.9
[INFO] [stderr]    Compiling toml_parser v1.1.3+spec-1.1.0
[INFO] [stderr]    Compiling toml_writer v1.1.2+spec-1.1.0
[INFO] [stderr]    Compiling serde_spanned v1.1.1
[INFO] [stderr]    Compiling libsqlite3-sys v0.38.2
[INFO] [stderr]    Compiling hashlink v0.12.2
[INFO] [stderr]    Compiling getrandom v0.4.3
[INFO] [stderr]    Compiling degenbot-pathfinding v0.6.0-alpha.14
[INFO] [stderr]    Compiling sha1 v0.11.0
[INFO] [stderr]    Compiling rand v0.10.3
[INFO] [stderr]    Compiling k256 v0.13.4
[INFO] [stderr]    Compiling toml v1.1.6+spec-1.1.0
[INFO] [stderr]    Compiling derive_more v2.1.1
[INFO] [stderr]    Compiling alloy-primitives v1.7.3
[INFO] [stderr]    Compiling toml_edit v0.25.15+spec-1.1.0
[INFO] [stderr]    Compiling tower v0.5.3
[INFO] [stderr]    Compiling hyper v1.12.0
[INFO] [stderr]    Compiling tokio-util v0.7.19
[INFO] [stderr]    Compiling interprocess v2.4.4
[INFO] [stderr]    Compiling tokio-stream v0.1.19
[INFO] [stderr]    Compiling alloy-json-abi v1.7.3
[INFO] [stderr]    Compiling tower-http v0.6.11
[INFO] [stderr]    Compiling degenbot-config v0.6.0-alpha.14
[INFO] [stderr]    Compiling hyper-util v0.1.21
[INFO] [stderr]    Compiling alloy-eip7928 v0.4.11
[INFO] [stderr]    Compiling alloy-eip8141 v0.1.1
[INFO] [stderr]    Compiling alloy-sol-macro-input v1.7.3
[INFO] [stderr]    Compiling alloy-sol-macro-expander v1.7.3
[INFO] [stderr]    Compiling alloy-eip2930 v0.2.4
[INFO] [stderr]    Compiling alloy-eip2124 v0.2.0
[INFO] [stderr]    Compiling alloy-eip7702 v0.6.3
[INFO] [stderr]    Compiling alloy-serde v2.5.0
[INFO] [stderr]    Compiling alloy-trie v0.9.8
[INFO] [stderr]    Compiling alloy-signer v2.5.0
[INFO] [stderr]    Compiling alloy-rpc-types-debug v2.5.0
[INFO] [stderr]    Compiling alloy-chains v0.2.39
[INFO] [stderr]    Compiling alloy-eips v2.5.0
[INFO] [stderr]    Compiling alloy-sol-macro v1.7.3
[INFO] [stderr]    Compiling alloy-sol-types v1.7.3
[INFO] [stderr]    Compiling alloy-consensus v2.5.0
[INFO] [stderr]    Compiling alloy-json-rpc v2.5.0
[INFO] [stderr]    Compiling alloy-dyn-abi v1.7.3
[INFO] [stderr]    Compiling alloy-consensus-any v2.5.0
[INFO] [stderr]    Compiling alloy-network-primitives v2.5.0
[INFO] [stderr]    Compiling alloy-transport v2.5.0
[INFO] [stderr]    Compiling alloy-core v1.7.3
[INFO] [stderr]    Compiling alloy-rpc-types-eth v2.5.0
[INFO] [stderr]    Compiling alloy-pubsub v2.5.0
[INFO] [stderr]    Compiling alloy-transport-ipc v2.5.0
[INFO] [stderr]    Compiling alloy-rpc-types-any v2.5.0
[INFO] [stderr]    Compiling alloy-rpc-types-txpool v2.5.0
[INFO] [stderr]    Compiling alloy-rpc-types-trace v2.5.0
[INFO] [stderr]    Compiling alloy-rpc-types-anvil v2.5.0
[INFO] [stderr]    Compiling alloy-network v2.5.0
[INFO] [stderr]    Compiling alloy-signer-local v2.5.0
[INFO] [stderr]    Compiling alloy-rpc-types v2.5.0
[INFO] [stderr]    Compiling aws-lc-rs v1.18.1
[INFO] [stderr]    Compiling rustls v0.23.45
[INFO] [stderr]    Compiling rustls-webpki v0.103.15
[INFO] [stderr]    Compiling tokio-rustls v0.26.6
[INFO] [stderr]    Compiling rustls-platform-verifier v0.7.1
[INFO] [stderr]    Compiling tungstenite v0.29.0
[INFO] [stderr]    Compiling tungstenite v0.30.0
[INFO] [stderr]    Compiling hyper-rustls v0.27.10
[INFO] [stderr]    Compiling reqwest v0.13.5
[INFO] [stderr]    Compiling tokio-tungstenite v0.29.0
[INFO] [stderr]    Compiling tokio-tungstenite v0.30.0
[INFO] [stderr]    Compiling alloy-transport-ws v2.5.0
[INFO] [stderr]    Compiling alloy-transport-http v2.5.0
[INFO] [stderr]    Compiling alloy-rpc-client v2.5.0
[INFO] [stderr]    Compiling alloy-provider v2.5.0
[INFO] [stderr]    Compiling alloy-contract v2.5.0
[INFO] [stderr]    Compiling alloy v2.5.0
[INFO] [stderr]    Compiling degenbot-core v0.6.0-alpha.14
[INFO] [stderr]    Compiling degenbot-decoders v0.6.0-alpha.14
[INFO] [stderr]    Compiling degenbot-eventhub v0.6.0-alpha.14
[INFO] [stderr]    Compiling degenbot-math v0.6.0-alpha.14
[INFO] [stderr]    Compiling degenbot-abi v0.6.0-alpha.14
[INFO] [stderr]    Compiling rusqlite v0.40.2
[INFO] [stderr]    Compiling degenbot-db v0.6.0-alpha.14
[INFO] [stderr]    Compiling degenbot-uniswap v0.6.0-alpha.14
[INFO] [stderr]    Compiling degenbot-pools v0.6.0-alpha.14
[INFO] [stderr]    Compiling degenbot-rpc v0.6.0-alpha.14
[INFO] [stderr]    Compiling degenbot-pool-updater v0.6.0-alpha.14 (/opt/rustwide/workdir)
[INFO] [stderr]     Finished `release` profile [optimized] target(s) in 5m 38s
[INFO] running `Command { std: "docker" "inspect" "75f2c57ff9428ef7006ee3dffe8e8d4f1058ea7901fcb18f28ab8f3d490f5d05", kill_on_drop: false }`
[INFO] running `Command { std: "docker" "exec" "-e" "SOURCE_DIR=/opt/rustwide/workdir" "-e" "CARGO_HOME=/opt/rustwide/cargo-home" "-e" "RUSTUP_HOME=/opt/rustwide/rustup-home" "-e" "CARGO_TARGET_DIR=/opt/rustwide/target" "-e" "CARGO_INCREMENTAL=0" "-e" "RUST_BACKTRACE=full" "-e" "RUSTFLAGS=--cap-lints=warn" "-e" "RUSTDOCFLAGS=--cap-lints=warn" "-w" "/opt/rustwide/workdir" "--user" "0:0" "75f2c57ff9428ef7006ee3dffe8e8d4f1058ea7901fcb18f28ab8f3d490f5d05" "/opt/rustwide/cargo-home/bin/cargo" "+1.100.0-beta.1" "test" "--frozen" "--no-run" "--message-format=json" "--release", kill_on_drop: false }`
[INFO] [stderr]    Compiling raw-cpuid v11.6.0
[INFO] [stderr]    Compiling tower-http v0.6.11
[INFO] [stderr]    Compiling rusqlite v0.40.2
[INFO] [stderr]    Compiling tempfile v3.27.0
[INFO] [stderr]    Compiling reqwest v0.13.5
[INFO] [stderr]    Compiling quanta v0.12.6
[INFO] [stderr]    Compiling governor v0.10.4
[INFO] [stderr]    Compiling alloy-transport v2.5.0
[INFO] [stderr]    Compiling alloy-pubsub v2.5.0
[INFO] [stderr]    Compiling alloy-transport-http v2.5.0
[INFO] [stderr]    Compiling alloy-transport-ws v2.5.0
[INFO] [stderr]    Compiling alloy-transport-ipc v2.5.0
[INFO] [stderr]    Compiling alloy-rpc-client v2.5.0
[INFO] [stderr]    Compiling alloy-provider v2.5.0
[INFO] [stderr]    Compiling alloy-contract v2.5.0
[INFO] [stderr]    Compiling alloy v2.5.0
[INFO] [stderr]    Compiling degenbot-core v0.6.0-alpha.14
[INFO] [stderr]    Compiling degenbot-decoders v0.6.0-alpha.14
[INFO] [stderr]    Compiling degenbot-eventhub v0.6.0-alpha.14
[INFO] [stderr]    Compiling degenbot-math v0.6.0-alpha.14
[INFO] [stderr]    Compiling degenbot-abi v0.6.0-alpha.14
[INFO] [stderr]    Compiling degenbot-db v0.6.0-alpha.14
[INFO] [stderr]    Compiling degenbot-uniswap v0.6.0-alpha.14
[INFO] [stderr]    Compiling degenbot-pools v0.6.0-alpha.14
[INFO] [stderr]    Compiling degenbot-rpc v0.6.0-alpha.14
[INFO] [stderr]    Compiling degenbot-pool-updater v0.6.0-alpha.14 (/opt/rustwide/workdir)
[INFO] [stderr]     Finished `release` profile [optimized] target(s) in 1m 53s
[INFO] running `Command { std: "docker" "inspect" "75f2c57ff9428ef7006ee3dffe8e8d4f1058ea7901fcb18f28ab8f3d490f5d05", kill_on_drop: false }`
[INFO] running `Command { std: "docker" "exec" "-e" "SOURCE_DIR=/opt/rustwide/workdir" "-e" "CARGO_HOME=/opt/rustwide/cargo-home" "-e" "RUSTUP_HOME=/opt/rustwide/rustup-home" "-e" "CARGO_TARGET_DIR=/opt/rustwide/target" "-e" "CARGO_INCREMENTAL=0" "-e" "RUST_BACKTRACE=full" "-e" "RUSTFLAGS=--cap-lints=warn" "-e" "RUSTDOCFLAGS=--cap-lints=warn" "-w" "/opt/rustwide/workdir" "--user" "0:0" "75f2c57ff9428ef7006ee3dffe8e8d4f1058ea7901fcb18f28ab8f3d490f5d05" "/opt/rustwide/cargo-home/bin/cargo" "+1.100.0-beta.1" "test" "--frozen" "--release", kill_on_drop: false }`
[INFO] [stderr]     Finished `release` profile [optimized] target(s) in 0.60s
[INFO] [stderr]      Running unittests src/lib.rs (/opt/rustwide/target/release/build/degenbot-pool-updater/2cd0fcbfb1fc4c99/out/degenbot_pool_updater-2cd0fcbfb1fc4c99)
[INFO] [stdout] 
[INFO] [stdout] running 35 tests
[INFO] [stdout] test fetch::tests::batch_decode_v3_liquidity_mixed_mint_burn_skip_zero ... ok
[INFO] [stdout] test fetch::tests::decode_v3_liquidity_log_missing_block_number_returns_none ... ok
[INFO] [stdout] test fetch::tests::decode_pool_created_log_dispatches_v3 ... ok
[INFO] [stdout] test fetch::tests::decode_pool_created_log_wrong_family_returns_none ... ok
[INFO] [stdout] test fetch::tests::decode_v3_liquidity_log_wrong_topic_returns_none ... ok
[INFO] [stdout] test fetch::tests::decode_v3_zero_amount_mint_returns_none ... ok
[INFO] [stdout] test fetch::tests::decode_v3_mint_log_yields_positive_delta ... ok
[INFO] [stdout] test fetch::tests::decode_v3_liquidity_log_with_pool_burn_is_negative_and_addressed ... ok
[INFO] [stdout] test fetch::taxonomy_tests::identity_projection_admits_only_the_decoded_families ... ok
[INFO] [stdout] test fetch::tests::decode_v3_burn_log_yields_negative_delta ... ok
[INFO] [stdout] test fetch::tests::decode_v3_liquidity_log_with_pool_preserves_emitter ... ok
[INFO] [stdout] test fetch::tests::decode_v4_liquidity_log_with_pool_preserves_pool_hash_hex ... ok
[INFO] [stdout] test fetch::tests::decode_v4_negative_delta_preserved ... ok
[INFO] [stdout] test fetch::tests::decode_v4_zero_delta_returns_none ... ok
[INFO] [stdout] test run::tests::run_error_verification_carries_pool_and_divergences ... ok
[INFO] [stdout] test fetch::tests::decode_v4_modify_liquidity_yields_signed_delta ... ok
[INFO] [stdout] test run::tests::progress_percent_spans_the_run_range ... ok
[INFO] [stdout] test spec::tests::resolve_aerodrome_v2_has_rpc_fee_no_constant_fee ... ok
[INFO] [stdout] test fetch::tests::v4_grouping_preserves_manager_pool_identity_and_log_order ... ok
[INFO] [stdout] test spec::tests::resolve_v4 ... ok
[INFO] [stdout] test fetch::tests::decode_with_pool_skips_zero_amount_v3_and_zero_delta_v4 ... ok
[INFO] [stdout] test fetch::tests::pool_family_topic0_roundtrips_to_constants ... ok
[INFO] [stdout] test spec::tests::resolve_v2_families ... ok
[INFO] [stdout] test spec::tests::resolve_v3_families_share_topic_but_differ_for_aerodrome ... ok
[INFO] [stdout] test verify::tests::empty_computed_map_is_a_tracked_full_map ... ok
[INFO] [stdout] test verify::tests::updater_projection_preserves_shared_typed_facts ... ok
[INFO] [stdout] test run::tests::in_scope_fetch_start_admits_divergent_ahead_spec ... ok
[INFO] [stdout] test spec::tests::resolve_unknown_name_returns_none ... ok
[INFO] [stdout] test fetch::tests::u256_compile_check ... ok
[INFO] [stdout] test run::tests::apply_chunk_writes_on_conn_commits_pools_and_stamp_together ... ok
[INFO] [stdout] test spec::tests::load_active_exchange_specs_resolves_aerodrome_v3_distinct_topic ... ok
[INFO] [stderr]      Running tests/cassette_replay_run.rs (/opt/rustwide/target/release/build/degenbot-pool-updater/7792315e330e9253/out/cassette_replay_run-7792315e330e9253)
[INFO] [stdout] test spec::tests::load_active_exchange_specs_resolves_aerodrome_v2_rpc_fee ... ok
[INFO] [stdout] test spec::tests::load_active_exchange_specs_refuses_unknown_names ... ok
[INFO] [stdout] test spec::tests::load_active_exchange_specs_round_trips_uniswap_v2_and_v3 ... ok
[INFO] [stdout] test run::tests::apply_chunk_writes_on_conn_rolls_back_on_injected_duplicate_failure ... ok
[INFO] [stdout] 
[INFO] [stdout] test result: ok. 35 passed; 0 failed; 0 ignored; 0 measured; 0 filtered out; finished in 0.05s
[INFO] [stdout] 
[INFO] [stdout] 
[INFO] [stdout] running 1 test
[INFO] [stdout] test run_pool_update_commits_the_recorded_span_offline_and_restarts_clean ... FAILED
[INFO] [stdout] 
[INFO] [stdout] failures:
[INFO] [stdout] 
[INFO] [stdout] ---- run_pool_update_commits_the_recorded_span_offline_and_restarts_clean stdout ----
[INFO] [stdout] 
[INFO] [stdout] thread 'run_pool_update_commits_the_recorded_span_offline_and_restarts_clean' (6268) panicked at tests/cassette_replay_run.rs:104:46:
[INFO] [stdout] the committed cassette must exist: Os { code: 2, kind: NotFound, message: "No such file or directory" }
[INFO] [stdout] stack backtrace:
[INFO] [stdout]    0:     0x5b06b8d3f9a1 - <<std[617be2ca0a6fd877]::sys::backtrace::BacktraceLock>::print::DisplayBacktrace as core[a373ad73a504971]::fmt::Display>::fmt
[INFO] [stdout]    1:     0x5b06b8d56cea - core[a373ad73a504971]::fmt::write
[INFO] [stdout]    2:     0x5b06b8d43efc - <alloc[2e1b2a31b91974c5]::vec::Vec<u8> as core[a373ad73a504971]::io::write::Write>::write_fmt
[INFO] [stdout]    3:     0x5b06b8d19736 - std[617be2ca0a6fd877]::panicking::default_hook::{closure#0}
[INFO] [stdout]    4:     0x5b06b8d36d99 - std[617be2ca0a6fd877]::panicking::default_hook
[INFO] [stdout]    5:     0x5b06b8912d30 - test[aada8e7e76ba119b]::test_main_inner::{closure#0}
[INFO] [stdout]    6:     0x5b06b8d370c2 - std[617be2ca0a6fd877]::panicking::panic_with_hook
[INFO] [stdout]    7:     0x5b06b8d197e2 - std[617be2ca0a6fd877]::panicking::panic_handler::{closure#0}
[INFO] [stdout]    8:     0x5b06b8d121e9 - std[617be2ca0a6fd877]::sys::backtrace::__rust_end_short_backtrace::<std[617be2ca0a6fd877]::panicking::panic_handler::{closure#0}, !>
[INFO] [stdout]    9:     0x5b06b8d1a4dd - __rustc[ea4f61d10b84890b]::rust_begin_unwind
[INFO] [stdout]   10:     0x5b06b8d5748c - core[a373ad73a504971]::panicking::panic_fmt
[INFO] [stdout]   11:     0x5b06b8d57262 - core[a373ad73a504971]::result::unwrap_failed
[INFO] [stdout]   12:     0x5b06b8902d2d - <cassette_replay_run[25e2c924a820c90c]::run_pool_update_commits_the_recorded_span_offline_and_restarts_clean::{closure#0} as core[a373ad73a504971]::ops::function::FnOnce<()>>::call_once
[INFO] [stdout]   13:     0x5b06b890617b - test[aada8e7e76ba119b]::__rust_begin_short_backtrace::<core[a373ad73a504971]::result::Result<(), alloc[2e1b2a31b91974c5]::string::String>, fn() -> core[a373ad73a504971]::result::Result<(), alloc[2e1b2a31b91974c5]::string::String>>
[INFO] [stdout]   14:     0x5b06b8913355 - test[aada8e7e76ba119b]::run_test::{closure#0}
[INFO] [stdout]   15:     0x5b06b890cc44 - std[617be2ca0a6fd877]::sys::backtrace::__rust_begin_short_backtrace::<test[aada8e7e76ba119b]::run_test::{closure#1}, ()>
[INFO] [stdout]   16:     0x5b06b89163e2 - <std[617be2ca0a6fd877]::thread::lifecycle::spawn_unchecked<test[aada8e7e76ba119b]::run_test::{closure#1}, ()>::{closure#1} as core[a373ad73a504971]::ops::function::FnOnce<()>>::call_once::{shim:vtable#0}
[INFO] [stdout]   17:     0x5b06b8d3eb4f - <std[617be2ca0a6fd877]::sys::thread::unix::Thread>::new::thread_start
[INFO] [stdout]   18:     0x71f991f5cdfa - <unknown>
[INFO] [stdout]   19:     0x71f991ff03d4 - clone
[INFO] [stdout]   20:                0x0 - <unknown>
[INFO] [stdout] 
[INFO] [stdout] 
[INFO] [stdout] failures:
[INFO] [stdout]     run_pool_update_commits_the_recorded_span_offline_and_restarts_clean
[INFO] [stdout] 
[INFO] [stdout] test result: FAILED. 0 passed; 1 failed; 0 ignored; 0 measured; 0 filtered out; finished in 0.00s
[INFO] [stdout] 
[INFO] [stderr] error: test failed, to rerun pass `--test cassette_replay_run`
[INFO] running `Command { std: "docker" "inspect" "75f2c57ff9428ef7006ee3dffe8e8d4f1058ea7901fcb18f28ab8f3d490f5d05", kill_on_drop: false }`
[INFO] running `Command { std: "docker" "rm" "-f" "75f2c57ff9428ef7006ee3dffe8e8d4f1058ea7901fcb18f28ab8f3d490f5d05", kill_on_drop: false }`
[INFO] [stdout] 75f2c57ff9428ef7006ee3dffe8e8d4f1058ea7901fcb18f28ab8f3d490f5d05
