[INFO] fetching crate degenbot-fork 0.6.0-alpha.14...
[INFO] testing degenbot-fork-0.6.0-alpha.14 against 1.99.0-beta.8+cargoflags=--release for beta-release-1.100-2
[INFO] extracting crate degenbot-fork 0.6.0-alpha.14 into /workspace/builds/worker-3-tc1/source
[INFO] started tweaking crates.io crate degenbot-fork 0.6.0-alpha.14
[INFO] finished tweaking crates.io crate degenbot-fork 0.6.0-alpha.14
[INFO] tweaked toml for crates.io crate degenbot-fork 0.6.0-alpha.14 written to /workspace/builds/worker-3-tc1/source/Cargo.toml
[INFO] validating manifest of crates.io crate degenbot-fork 0.6.0-alpha.14 on toolchain 1.99.0-beta.8
[INFO] running `Command { std: CARGO_HOME="/workspace/cargo-home" RUSTUP_HOME="/workspace/rustup-home" "/workspace/cargo-home/bin/cargo" "+1.99.0-beta.8" "metadata" "--manifest-path" "Cargo.toml" "--no-deps", kill_on_drop: false }`
[INFO] crate crates.io crate degenbot-fork 0.6.0-alpha.14 already has a lockfile, it will not be regenerated
[INFO] running `Command { std: CARGO_HOME="/workspace/cargo-home" RUSTUP_HOME="/workspace/rustup-home" "/workspace/cargo-home/bin/cargo" "+1.99.0-beta.8" "fetch" "--manifest-path" "Cargo.toml", kill_on_drop: false }`
[INFO] [stderr]     Updating crates.io index
[INFO] [stderr]  Downloading crates ...
[INFO] [stderr]   Downloaded alloy v2.5.0
[INFO] [stderr]   Downloaded degenbot-core v0.6.0-alpha.14
[INFO] [stderr]   Downloaded auto_impl v1.4.0
[INFO] [stderr]   Downloaded jiff-static v0.2.38
[INFO] [stderr]   Downloaded alloy-trie v0.9.8
[INFO] [stderr]   Downloaded jiff-tzdb v0.1.9
[INFO] [stderr]   Downloaded degenbot-config v0.6.0-alpha.14
[INFO] [stderr]   Downloaded zerocopy-derive v0.8.61
[INFO] [stderr]   Downloaded cc v1.6.0
[INFO] [stderr]   Downloaded alloy-rlp v0.3.16
[INFO] [stderr]   Downloaded alloy-rlp-derive v0.3.16
[INFO] [stderr]   Downloaded keccak v0.2.2
[INFO] [stderr]   Downloaded hex-conservative v0.2.3
[INFO] [stderr]   Downloaded bitcoin-io v0.1.101
[INFO] [stderr]   Downloaded pest v2.9.2
[INFO] [stderr]   Downloaded secp256k1 v0.31.1
[INFO] [stderr]   Downloaded zerocopy v0.8.61
[INFO] [stderr]   Downloaded rapidhash v4.5.1
[INFO] [stderr]   Downloaded keccak-asm v0.1.9
[INFO] [stderr]   Downloaded bitcoin-internals v0.7.0
[INFO] [stderr]   Downloaded fixed-cache v0.1.10
[INFO] [stderr]   Downloaded alloy-transport-ws v2.5.0
[INFO] [stderr]   Downloaded bitcoin-consensus-encoding v1.3.0
[INFO] [stderr]   Downloaded alloy-primitives v1.7.3
[INFO] [stderr]   Downloaded const-hex v1.19.3
[INFO] [stderr]   Downloaded jiff v0.2.38
[INFO] [stderr]   Downloaded sha3 v0.11.0
[INFO] [stderr]   Downloaded sha3-asm v0.1.9
[INFO] [stderr]   Downloaded tokio v1.53.2
[INFO] [stderr]   Downloaded secp256k1-sys v0.11.0
[INFO] [stderr]   Downloaded wasmtimer v0.4.3
[INFO] [stderr]   Downloaded alloy-transport v2.5.0
[INFO] [stderr]   Downloaded proc-macro-error3 v3.0.1
[INFO] [stderr]   Downloaded macro-string v0.2.0
[INFO] [stderr]   Downloaded alloy-json-rpc v2.5.0
[INFO] [stderr]   Downloaded alloy-sol-types v1.7.3
[INFO] [stderr]   Downloaded alloy-sol-macro v1.7.3
[INFO] [stderr]   Downloaded proc-macro-error-attr3 v3.0.1
[INFO] [stderr]   Downloaded alloy-sol-macro-input v1.7.3
[INFO] [stderr]   Downloaded syn-solidity v1.7.3
[INFO] [stderr]   Downloaded alloy-json-abi v1.7.3
[INFO] [stderr]   Downloaded alloy-sol-type-parser v1.7.3
[INFO] [stderr]   Downloaded alloy-pubsub v2.5.0
[INFO] [stderr]   Downloaded alloy-transport-ipc v2.5.0
[INFO] [stderr]   Downloaded alloy-transport-http v2.5.0
[INFO] [stderr]   Downloaded alloy-sol-macro-expander v1.7.3
[INFO] [stderr]   Downloaded alloy-signer-local v2.5.0
[INFO] [stderr]   Downloaded alloy-signer v2.5.0
[INFO] [stderr]   Downloaded alloy-serde v2.5.0
[INFO] [stderr]   Downloaded alloy-rpc-types-eth v2.5.0
[INFO] [stderr]   Downloaded alloy-network-primitives v2.5.0
[INFO] [stderr]   Downloaded alloy-network v2.5.0
[INFO] [stderr]   Downloaded alloy-eip8141 v0.1.1
[INFO] [stderr]   Downloaded alloy-eip7928 v0.4.11
[INFO] [stderr]   Downloaded alloy-eip2930 v0.2.4
[INFO] [stderr]   Downloaded alloy-eips v2.5.0
[INFO] [stderr]   Downloaded alloy-tx-macros v2.5.0
[INFO] [stderr]   Downloaded alloy-rpc-types-engine v2.5.0
[INFO] [stderr]   Downloaded alloy-consensus v2.5.0
[INFO] [stderr]   Downloaded alloy-rpc-types-any v2.5.0
[INFO] [stderr]   Downloaded alloy-rpc-types-trace v2.5.0
[INFO] [stderr]   Downloaded alloy-rpc-types-debug v2.5.0
[INFO] [stderr]   Downloaded alloy-consensus-any v2.5.0
[INFO] [stderr]   Downloaded alloy-rpc-types v2.5.0
[INFO] [stderr]   Downloaded alloy-rpc-types-txpool v2.5.0
[INFO] [stderr]   Downloaded lru v0.18.5
[INFO] [stderr]   Downloaded alloy-rpc-types-anvil v2.5.0
[INFO] [stderr]   Downloaded alloy-rpc-client v2.5.0
[INFO] [stderr]   Downloaded alloy-provider v2.5.0
[INFO] [stderr]   Downloaded c-kzg v2.1.8
[INFO] [stderr]   Downloaded alloy-hardforks v0.2.13
[INFO] [stderr]   Downloaded alloy-node-bindings v2.5.0
[INFO] [stderr]   Downloaded alloy-chains v0.2.39
[INFO] [stderr]   Downloaded alloy-ens v2.5.0
[INFO] [stderr]   Downloaded alloy-genesis v2.5.0
[INFO] [stderr]   Downloaded alloy-core v1.7.3
[INFO] [stderr]   Downloaded alloy-contract v2.5.0
[INFO] [stderr]   Downloaded alloy-dyn-abi v1.7.3
[INFO] running `Command { std: "docker" "create" "-v" "/var/lib/crater-agent-workspace/builds/worker-3-tc1/source:/opt/rustwide/workdir:ro,Z" "-v" "/var/lib/crater-agent-workspace/builds/worker-3-tc1/target:/opt/rustwide/target:rw,Z" "-v" "/var/lib/crater-agent-workspace/cargo-home:/opt/rustwide/cargo-home:ro,Z" "-v" "/var/lib/crater-agent-workspace/rustup-home:/opt/rustwide/rustup-home:ro,Z" "-m" "1610612736" "--network" "none" "ghcr.io/rust-lang/crates-build-env/linux@sha256:77db811e55d90add9212f6832c23229e3de5f1c1f9905e8cb07319ea15df73ac" "sleep" "infinity", kill_on_drop: false }`
[INFO] [stdout] 042bd4b3fae66706f697ebf8f37b87986565afad2b56c3a5741648f9b73fe834
[INFO] running `Command { std: "docker" "start" "042bd4b3fae66706f697ebf8f37b87986565afad2b56c3a5741648f9b73fe834", kill_on_drop: false }`
[INFO] running `Command { std: "docker" "inspect" "042bd4b3fae66706f697ebf8f37b87986565afad2b56c3a5741648f9b73fe834", kill_on_drop: false }`
[INFO] running `Command { std: "docker" "exec" "-e" "SOURCE_DIR=/opt/rustwide/workdir" "-e" "CARGO_HOME=/opt/rustwide/cargo-home" "-e" "RUSTUP_HOME=/opt/rustwide/rustup-home" "-e" "CARGO_TARGET_DIR=/opt/rustwide/target" "-w" "/opt/rustwide/workdir" "--user" "0:0" "042bd4b3fae66706f697ebf8f37b87986565afad2b56c3a5741648f9b73fe834" "/opt/rustwide/cargo-home/bin/cargo" "+1.99.0-beta.8" "metadata" "--no-deps" "--format-version=1", kill_on_drop: false }`
[INFO] running `Command { std: "docker" "inspect" "042bd4b3fae66706f697ebf8f37b87986565afad2b56c3a5741648f9b73fe834", kill_on_drop: false }`
[INFO] running `Command { std: "docker" "exec" "-e" "SOURCE_DIR=/opt/rustwide/workdir" "-e" "CARGO_HOME=/opt/rustwide/cargo-home" "-e" "RUSTUP_HOME=/opt/rustwide/rustup-home" "-e" "CARGO_TARGET_DIR=/opt/rustwide/target" "-e" "CARGO_INCREMENTAL=0" "-e" "RUST_BACKTRACE=full" "-e" "RUSTFLAGS=--cap-lints=warn" "-e" "RUSTDOCFLAGS=--cap-lints=warn" "-w" "/opt/rustwide/workdir" "--user" "0:0" "042bd4b3fae66706f697ebf8f37b87986565afad2b56c3a5741648f9b73fe834" "/opt/rustwide/cargo-home/bin/cargo" "+1.99.0-beta.8" "build" "--frozen" "--message-format=json" "--release", kill_on_drop: false }`
[INFO] [stderr]    Compiling serde_core v1.0.229
[INFO] [stderr]    Compiling libc v0.2.190
[INFO] [stderr]    Compiling serde v1.0.229
[INFO] [stderr]    Compiling subtle v2.6.1
[INFO] [stderr]    Compiling ruint-macro v1.2.1
[INFO] [stderr]    Compiling foldhash v0.2.0
[INFO] [stderr]    Compiling syn v3.0.6
[INFO] [stderr]    Compiling syn v2.0.119
[INFO] [stderr]    Compiling generic-array v0.14.9
[INFO] [stderr]    Compiling convert_case v0.10.0
[INFO] [stderr]    Compiling base16ct v0.2.0
[INFO] [stderr]    Compiling hybrid-array v0.4.15
[INFO] [stderr]    Compiling arrayvec v0.7.8
[INFO] [stderr]    Compiling keccak v0.2.2
[INFO] [stderr]    Compiling dunce v1.0.5
[INFO] [stderr]    Compiling thiserror v2.0.21
[INFO] [stderr]    Compiling zmij v1.0.23
[INFO] [stderr]    Compiling winnow v1.0.4
[INFO] [stderr]    Compiling serde_json v1.0.151
[INFO] [stderr]    Compiling cpufeatures v0.2.17
[INFO] [stderr]    Compiling memchr v2.8.3
[INFO] [stderr]    Compiling proc-macro-error-attr3 v3.0.1
[INFO] [stderr]    Compiling indexmap v2.14.2
[INFO] [stderr]    Compiling fs_extra v1.3.0
[INFO] [stderr]    Compiling crc v3.4.0
[INFO] [stderr]    Compiling hex v0.4.3
[INFO] [stderr]    Compiling aws-lc-rs v1.18.1
[INFO] [stderr]    Compiling zerocopy v0.8.61
[INFO] [stderr]    Compiling crossbeam-utils v0.8.23
[INFO] [stderr]    Compiling rustls v0.23.45
[INFO] [stderr]    Compiling form_urlencoded v1.2.2
[INFO] [stderr]    Compiling crypto-common v0.2.2
[INFO] [stderr]    Compiling block-buffer v0.12.1
[INFO] [stderr]    Compiling sync_wrapper v1.0.2
[INFO] [stderr]    Compiling portable-atomic v1.15.0
[INFO] [stderr]    Compiling futures-utils-wasm v0.1.0
[INFO] [stderr]    Compiling raw-cpuid v11.6.0
[INFO] [stderr]    Compiling hashbrown v0.16.1
[INFO] [stderr]    Compiling ipnet v2.12.2
[INFO] [stderr]    Compiling siphasher v1.0.4
[INFO] [stderr]    Compiling phf_shared v0.14.0
[INFO] [stderr]    Compiling bimap v0.6.3
[INFO] [stderr]    Compiling digest v0.11.3
[INFO] [stderr]    Compiling jobserver v0.1.35
[INFO] [stderr]    Compiling sha3 v0.11.0
[INFO] [stderr]    Compiling data-encoding v2.11.1
[INFO] [stderr]    Compiling phf v0.14.0
[INFO] [stderr]    Compiling rustix v1.1.5
[INFO] [stderr]    Compiling doctest-file v1.1.1
[INFO] [stderr]    Compiling cc v1.6.0
[INFO] [stderr]    Compiling dyn-clone v1.0.20
[INFO] [stderr]    Compiling toml_parser v1.1.3+spec-1.1.0
[INFO] [stderr]    Compiling toml_writer v1.1.2+spec-1.1.0
[INFO] [stderr]    Compiling getrandom v0.2.17
[INFO] [stderr]    Compiling mio v1.2.4
[INFO] [stderr]    Compiling socket2 v0.6.5
[INFO] [stderr]    Compiling num_cpus v1.17.0
[INFO] [stderr]    Compiling getrandom v0.3.4
[INFO] [stderr]    Compiling getrandom v0.4.3
[INFO] [stderr]    Compiling rand_core v0.6.4
[INFO] [stderr]    Compiling threadpool v1.8.1
[INFO] [stderr]    Compiling rand_core v0.9.5
[INFO] [stderr]    Compiling ff v0.13.1
[INFO] [stderr]    Compiling ruint v1.20.1
[INFO] [stderr]    Compiling hashbrown v0.17.1
[INFO] [stderr]    Compiling group v0.13.0
[INFO] [stderr]    Compiling const-hex v1.19.3
[INFO] [stderr]    Compiling cmake v0.1.58
[INFO] [stderr]    Compiling toml_datetime v1.1.1+spec-1.1.0
[INFO] [stderr]    Compiling serde_spanned v1.1.1
[INFO] [stderr]    Compiling quanta v0.12.6
[INFO] [stderr]    Compiling lru v0.18.5
[INFO] [stderr]    Compiling blst v0.3.17
[INFO] [stderr]    Compiling aws-lc-sys v0.45.0
[INFO] [stderr]    Compiling c-kzg v2.1.8
[INFO] [stderr]    Compiling toml v1.1.6+spec-1.1.0
[INFO] [stderr]    Compiling syn-solidity v1.7.3
[INFO] [stderr]    Compiling macro-string v0.2.0
[INFO] [stderr]    Compiling proc-macro-error3 v3.0.1
[INFO] [stderr]    Compiling tempfile v3.27.0
[INFO] [stderr]    Compiling toml_edit v0.25.15+spec-1.1.0
[INFO] [stderr]    Compiling zeroize_derive v1.5.0
[INFO] [stderr]    Compiling derive_more-impl v2.1.1
[INFO] [stderr]    Compiling alloy-rlp-derive v0.3.16
[INFO] [stderr]    Compiling tracing-attributes v0.1.31
[INFO] [stderr]    Compiling num_enum_derive v0.7.6
[INFO] [stderr]    Compiling pin-project-internal v1.1.13
[INFO] [stderr]    Compiling async-stream-impl v0.3.6
[INFO] [stderr]    Compiling synstructure v0.14.0
[INFO] [stderr]    Compiling zeroize v1.9.1
[INFO] [stderr]    Compiling darling_core v0.24.1
[INFO] [stderr]    Compiling der v0.7.10
[INFO] [stderr]    Compiling block-buffer v0.10.4
[INFO] [stderr]    Compiling crypto-common v0.1.6
[INFO] [stderr]    Compiling crypto-bigint v0.5.5
[INFO] [stderr]    Compiling digest v0.10.7
[INFO] [stderr]    Compiling tracing v0.1.44
[INFO] [stderr]    Compiling rustls-pki-types v1.15.1
[INFO] [stderr]    Compiling num_enum v0.7.6
[INFO] [stderr]    Compiling pin-project v1.1.13
[INFO] [stderr]    Compiling hmac v0.12.1
[INFO] [stderr]    Compiling signature v2.2.0
[INFO] [stderr]    Compiling sha2 v0.10.9
[INFO] [stderr]    Compiling rustls-native-certs v0.8.4
[INFO] [stderr]    Compiling rfc6979 v0.4.0
[INFO] [stderr]    Compiling webpki-roots v1.0.9
[INFO] [stderr]    Compiling spki v0.7.3
[INFO] [stderr]    Compiling pkcs8 v0.10.2
[INFO] [stderr]    Compiling ppv-lite86 v0.2.21
[INFO] [stderr]    Compiling sha1 v0.10.7
[INFO] [stderr]    Compiling serde_derive v1.0.229
[INFO] [stderr]    Compiling thiserror-impl v2.0.21
[INFO] [stderr]    Compiling zerofrom-derive v0.1.8
[INFO] [stderr]    Compiling yoke-derive v0.8.4
[INFO] [stderr]    Compiling auto_impl v1.4.0
[INFO] [stderr]    Compiling zerovec-derive v0.11.6
[INFO] [stderr]    Compiling zerofrom v0.1.8
[INFO] [stderr]    Compiling displaydoc v0.2.7
[INFO] [stderr]    Compiling tokio-macros v2.7.2
[INFO] [stderr]    Compiling futures-macro v0.3.34
[INFO] [stderr]    Compiling yoke v0.8.3
[INFO] [stderr]    Compiling rand_chacha v0.9.0
[INFO] [stderr]    Compiling async-trait v0.1.92
[INFO] [stderr]    Compiling rand_chacha v0.3.1
[INFO] [stderr]    Compiling zerotrie v0.2.5
[INFO] [stderr]    Compiling rand v0.9.5
[INFO] [stderr]    Compiling futures-util v0.3.34
[INFO] [stderr]    Compiling zerovec v0.11.8
[INFO] [stderr]    Compiling webpki-roots v0.26.11
[INFO] [stderr]    Compiling rand v0.8.8
[INFO] [stderr]    Compiling async-stream v0.3.6
[INFO] [stderr]    Compiling degenbot-config v0.6.0-alpha.14
[INFO] [stderr]    Compiling darling_macro v0.24.1
[INFO] [stderr]    Compiling darling v0.24.1
[INFO] [stderr]    Compiling derive_more v2.1.1
[INFO] [stderr]    Compiling serde_with_macros v3.24.0
[INFO] [stderr]    Compiling tinystr v0.8.4
[INFO] [stderr]    Compiling potential_utf v0.1.6
[INFO] [stderr]    Compiling icu_locale_core v2.3.0
[INFO] [stderr]    Compiling icu_collections v2.3.0
[INFO] [stderr]    Compiling bytes v1.12.1
[INFO] [stderr]    Compiling alloy-sol-type-parser v1.7.3
[INFO] [stderr]    Compiling darling_core v0.23.0
[INFO] [stderr]    Compiling serde_with v3.24.0
[INFO] [stderr]    Compiling serdect v0.2.0
[INFO] [stderr]    Compiling smallvec v1.16.2
[INFO] [stderr]    Compiling sec1 v0.7.3
[INFO] [stderr]    Compiling either v1.19.0
[INFO] [stderr]    Compiling icu_provider v2.3.1
[INFO] [stderr]    Compiling itertools v0.14.0
[INFO] [stderr]    Compiling parking_lot_core v0.9.12
[INFO] [stderr]    Compiling elliptic-curve v0.13.8
[INFO] [stderr]    Compiling alloy-primitives v1.7.3
[INFO] [stderr]    Compiling ecdsa v0.16.9
[INFO] [stderr]    Compiling alloy-rlp v0.3.16
[INFO] [stderr]    Compiling http v1.5.0
[INFO] [stderr]    Compiling tokio v1.53.2
[INFO] [stderr]    Compiling icu_normalizer v2.3.0
[INFO] [stderr]    Compiling k256 v0.13.4
[INFO] [stderr]    Compiling icu_properties v2.3.0
[INFO] [stderr]    Compiling futures-executor v0.3.34
[INFO] [stderr]    Compiling parking_lot v0.12.5
[INFO] [stderr]    Compiling alloy-json-abi v1.7.3
[INFO] [stderr]    Compiling futures v0.3.34
[INFO] [stderr]    Compiling dashmap v6.2.1
[INFO] [stderr]    Compiling nybbles v0.4.8
[INFO] [stderr]    Compiling http-body v1.1.0
[INFO] [stderr]    Compiling governor v0.10.4
[INFO] [stderr]    Compiling http-body-util v0.1.5
[INFO] [stderr]    Compiling alloy-sol-macro-input v1.7.3
[INFO] [stderr]    Compiling darling_macro v0.23.0
[INFO] [stderr]    Compiling darling v0.23.0
[INFO] [stderr]    Compiling alloy-tx-macros v2.5.0
[INFO] [stderr]    Compiling alloy-sol-macro-expander v1.7.3
[INFO] [stderr]    Compiling idna_adapter v1.2.2
[INFO] [stderr]    Compiling idna v1.1.0
[INFO] [stderr]    Compiling alloy-eip2124 v0.2.0
[INFO] [stderr]    Compiling alloy-eip8141 v0.1.1
[INFO] [stderr]    Compiling alloy-eip7702 v0.6.3
[INFO] [stderr]    Compiling alloy-serde v2.5.0
[INFO] [stderr]    Compiling alloy-eip7928 v0.4.11
[INFO] [stderr]    Compiling alloy-eip2930 v0.2.4
[INFO] [stderr]    Compiling alloy-trie v0.9.8
[INFO] [stderr]    Compiling url v2.5.8
[INFO] [stderr]    Compiling tower v0.5.3
[INFO] [stderr]    Compiling hyper v1.12.0
[INFO] [stderr]    Compiling tokio-util v0.7.19
[INFO] [stderr]    Compiling alloy-signer v2.5.0
[INFO] [stderr]    Compiling interprocess v2.4.4
[INFO] [stderr]    Compiling alloy-eips v2.5.0
[INFO] [stderr]    Compiling alloy-chains v0.2.39
[INFO] [stderr]    Compiling tokio-stream v0.1.19
[INFO] [stderr]    Compiling tower-http v0.6.11
[INFO] [stderr]    Compiling alloy-hardforks v0.2.13
[INFO] [stderr]    Compiling hyper-util v0.1.21
[INFO] [stderr]    Compiling alloy-sol-macro v1.7.3
[INFO] [stderr]    Compiling alloy-rpc-types-debug v2.5.0
[INFO] [stderr]    Compiling alloy-sol-types v1.7.3
[INFO] [stderr]    Compiling alloy-consensus v2.5.0
[INFO] [stderr]    Compiling alloy-genesis v2.5.0
[INFO] [stderr]    Compiling alloy-json-rpc v2.5.0
[INFO] [stderr]    Compiling alloy-dyn-abi v1.7.3
[INFO] [stderr]    Compiling alloy-network-primitives v2.5.0
[INFO] [stderr]    Compiling alloy-consensus-any v2.5.0
[INFO] [stderr]    Compiling alloy-rpc-types-eth v2.5.0
[INFO] [stderr]    Compiling alloy-transport v2.5.0
[INFO] [stderr]    Compiling alloy-core v1.7.3
[INFO] [stderr]    Compiling alloy-pubsub v2.5.0
[INFO] [stderr]    Compiling alloy-transport-ipc v2.5.0
[INFO] [stderr]    Compiling alloy-rpc-types-any v2.5.0
[INFO] [stderr]    Compiling alloy-rpc-types-anvil v2.5.0
[INFO] [stderr]    Compiling alloy-rpc-types-trace v2.5.0
[INFO] [stderr]    Compiling alloy-rpc-types-txpool v2.5.0
[INFO] [stderr]    Compiling alloy-network v2.5.0
[INFO] [stderr]    Compiling alloy-signer-local v2.5.0
[INFO] [stderr]    Compiling alloy-node-bindings v2.5.0
[INFO] [stderr]    Compiling alloy-rpc-types v2.5.0
[INFO] [stderr]    Compiling rustls-webpki v0.103.15
[INFO] [stderr]    Compiling tokio-rustls v0.26.6
[INFO] [stderr]    Compiling tungstenite v0.29.0
[INFO] [stderr]    Compiling rustls-platform-verifier v0.7.1
[INFO] [stderr]    Compiling hyper-rustls v0.27.10
[INFO] [stderr]    Compiling reqwest v0.13.5
[INFO] [stderr]    Compiling tokio-tungstenite v0.29.0
[INFO] [stderr]    Compiling alloy-transport-ws v2.5.0
[INFO] [stderr]    Compiling alloy-transport-http v2.5.0
[INFO] [stderr]    Compiling alloy-rpc-client v2.5.0
[INFO] [stderr]    Compiling alloy-provider v2.5.0
[INFO] [stderr]    Compiling alloy-contract v2.5.0
[INFO] [stderr]    Compiling alloy v2.5.0
[INFO] [stderr]    Compiling degenbot-core v0.6.0-alpha.14
[INFO] [stderr]    Compiling degenbot-fork v0.6.0-alpha.14 (/opt/rustwide/workdir)
[INFO] [stderr]     Finished `release` profile [optimized] target(s) in 3m 53s
[INFO] running `Command { std: "docker" "inspect" "042bd4b3fae66706f697ebf8f37b87986565afad2b56c3a5741648f9b73fe834", kill_on_drop: false }`
[INFO] running `Command { std: "docker" "exec" "-e" "SOURCE_DIR=/opt/rustwide/workdir" "-e" "CARGO_HOME=/opt/rustwide/cargo-home" "-e" "RUSTUP_HOME=/opt/rustwide/rustup-home" "-e" "CARGO_TARGET_DIR=/opt/rustwide/target" "-e" "CARGO_INCREMENTAL=0" "-e" "RUST_BACKTRACE=full" "-e" "RUSTFLAGS=--cap-lints=warn" "-e" "RUSTDOCFLAGS=--cap-lints=warn" "-w" "/opt/rustwide/workdir" "--user" "0:0" "042bd4b3fae66706f697ebf8f37b87986565afad2b56c3a5741648f9b73fe834" "/opt/rustwide/cargo-home/bin/cargo" "+1.99.0-beta.8" "test" "--frozen" "--no-run" "--message-format=json" "--release", kill_on_drop: false }`
[INFO] [stderr]    Compiling thread_local v1.1.10
[INFO] [stderr]    Compiling sharded-slab v0.1.7
[INFO] [stderr]    Compiling tracing-subscriber v0.3.23
[INFO] [stderr]    Compiling degenbot-fork v0.6.0-alpha.14 (/opt/rustwide/workdir)
[INFO] [stderr]     Finished `release` profile [optimized] target(s) in 16.74s
[INFO] running `Command { std: "docker" "inspect" "042bd4b3fae66706f697ebf8f37b87986565afad2b56c3a5741648f9b73fe834", kill_on_drop: false }`
[INFO] running `Command { std: "docker" "exec" "-e" "SOURCE_DIR=/opt/rustwide/workdir" "-e" "CARGO_HOME=/opt/rustwide/cargo-home" "-e" "RUSTUP_HOME=/opt/rustwide/rustup-home" "-e" "CARGO_TARGET_DIR=/opt/rustwide/target" "-e" "CARGO_INCREMENTAL=0" "-e" "RUST_BACKTRACE=full" "-e" "RUSTFLAGS=--cap-lints=warn" "-e" "RUSTDOCFLAGS=--cap-lints=warn" "-w" "/opt/rustwide/workdir" "--user" "0:0" "042bd4b3fae66706f697ebf8f37b87986565afad2b56c3a5741648f9b73fe834" "/opt/rustwide/cargo-home/bin/cargo" "+1.99.0-beta.8" "test" "--frozen" "--release", kill_on_drop: false }`
[INFO] [stderr]     Finished `release` profile [optimized] target(s) in 0.42s
[INFO] [stderr]      Running unittests src/lib.rs (/opt/rustwide/target/release/deps/degenbot_fork-92094ced5c12278c)
[INFO] [stdout] 
[INFO] [stdout] running 7 tests
[INFO] [stdout] test node::tests::drop_shuts_down_pubsub_cleanly ... FAILED
[INFO] [stdout] test node::tests::set_storage_then_read ... FAILED
[INFO] [stdout] test node::tests::ipc_file_removed_on_drop ... FAILED
[INFO] [stdout] test node::tests::set_code_then_get_code ... FAILED
[INFO] [stdout] test node::tests::leaked_provider_clone_emits_no_reconnect_storm ... FAILED
[INFO] [stdout] test node::tests::spawn_mine_snapshot_revert_set_balance ... FAILED
[INFO] [stdout] test node::tests::balance_override_applied_post_spawn ... FAILED
[INFO] [stdout] 
[INFO] [stdout] failures:
[INFO] [stdout] 
[INFO] [stdout] ---- node::tests::drop_shuts_down_pubsub_cleanly stdout ----
[INFO] [stdout] 
[INFO] [stdout] thread 'node::tests::drop_shuts_down_pubsub_cleanly' (5718) panicked at src/node.rs:718:13:
[INFO] [stdout] `anvil` binary not found in $PATH — required for degenbot-fork tests. Install Foundry: https://book.getfoundry.sh/getting-started/installation
[INFO] [stdout] stack backtrace:
[INFO] [stdout]    0:     0x60093b790e51 - <<std[70759c8f55707aa4]::sys::backtrace::BacktraceLock>::print::DisplayBacktrace as core[df12db4294e9bfd3]::fmt::Display>::fmt
[INFO] [stdout]    1:     0x60093b7a761a - core[df12db4294e9bfd3]::fmt::write
[INFO] [stdout]    2:     0x60093b79549c - <alloc[2182bb758b4b3781]::vec::Vec<u8> as core[df12db4294e9bfd3]::io::write::Write>::write_fmt
[INFO] [stdout]    3:     0x60093b76ba46 - std[70759c8f55707aa4]::panicking::default_hook::{closure#0}
[INFO] [stdout]    4:     0x60093b789079 - std[70759c8f55707aa4]::panicking::default_hook
[INFO] [stdout]    5:     0x60093b68ace0 - test[9d35eded1c95d3be]::test_main_inner::<test[9d35eded1c95d3be]::test_main_static::{closure#0}>::{closure#0}
[INFO] [stdout]    6:     0x60093b7893a2 - std[70759c8f55707aa4]::panicking::panic_with_hook
[INFO] [stdout]    7:     0x60093b76bb24 - std[70759c8f55707aa4]::panicking::panic_handler::{closure#0}
[INFO] [stdout]    8:     0x60093b764759 - std[70759c8f55707aa4]::sys::backtrace::__rust_end_short_backtrace::<std[70759c8f55707aa4]::panicking::panic_handler::{closure#0}, !>
[INFO] [stdout]    9:     0x60093b76c6ed - __rustc[8fa7c3cbc660c2b3]::rust_begin_unwind
[INFO] [stdout]   10:     0x60093b7a7d7c - core[df12db4294e9bfd3]::panicking::panic_fmt
[INFO] [stdout]   11:     0x60093b5e1bcc - degenbot_fork[ff02b636cd4c3bd7]::node::tests::ensure_anvil_available
[INFO] [stdout]   12:     0x60093b5dcb44 - degenbot_fork[ff02b636cd4c3bd7]::node::tests::drop_shuts_down_pubsub_cleanly::{closure#0}
[INFO] [stdout]   13:     0x60093b5c8103 - <tokio[b48a46e2689a580a]::runtime::scheduler::current_thread::Context>::enter::<core[df12db4294e9bfd3]::task::poll::Poll<()>, <tokio[b48a46e2689a580a]::runtime::scheduler::current_thread::CoreGuard>::block_on<core[df12db4294e9bfd3]::pin::Pin<&mut core[df12db4294e9bfd3]::pin::Pin<&mut dyn core[df12db4294e9bfd3]::future::future::Future<Output = ()>>>>::{closure#0}::{closure#0}>
[INFO] [stdout]   14:     0x60093b5fdc0c - <tokio[b48a46e2689a580a]::runtime::context::scoped::Scoped<tokio[b48a46e2689a580a]::runtime::scheduler::Context>>::set::<<tokio[b48a46e2689a580a]::runtime::scheduler::current_thread::CoreGuard>::enter<<tokio[b48a46e2689a580a]::runtime::scheduler::current_thread::CoreGuard>::block_on<core[df12db4294e9bfd3]::pin::Pin<&mut core[df12db4294e9bfd3]::pin::Pin<&mut dyn core[df12db4294e9bfd3]::future::future::Future<Output = ()>>>>::{closure#0}, core[df12db4294e9bfd3]::option::Option<()>>::{closure#0}, (alloc[2182bb758b4b3781]::boxed::Box<tokio[b48a46e2689a580a]::runtime::scheduler::current_thread::Core>, core[df12db4294e9bfd3]::option::Option<()>)>
[INFO] [stdout]   15:     0x60093b5c8a77 - <tokio[b48a46e2689a580a]::runtime::scheduler::current_thread::CoreGuard>::block_on::<core[df12db4294e9bfd3]::pin::Pin<&mut core[df12db4294e9bfd3]::pin::Pin<&mut dyn core[df12db4294e9bfd3]::future::future::Future<Output = ()>>>>
[INFO] [stdout]   16:     0x60093b6223e4 - tokio[b48a46e2689a580a]::runtime::context::runtime::enter_runtime::<<tokio[b48a46e2689a580a]::runtime::scheduler::current_thread::CurrentThread>::block_on<core[df12db4294e9bfd3]::pin::Pin<&mut dyn core[df12db4294e9bfd3]::future::future::Future<Output = ()>>>::{closure#0}, ()>
[INFO] [stdout]   17:     0x60093b5fd935 - <tokio[b48a46e2689a580a]::runtime::runtime::Runtime>::block_on::<core[df12db4294e9bfd3]::pin::Pin<&mut dyn core[df12db4294e9bfd3]::future::future::Future<Output = ()>>>
[INFO] [stdout]   18:     0x60093b5e20cb - degenbot_fork[ff02b636cd4c3bd7]::node::tests::drop_shuts_down_pubsub_cleanly
[INFO] [stdout]   19:     0x60093b66e0c9 - <degenbot_fork[ff02b636cd4c3bd7]::node::tests::drop_shuts_down_pubsub_cleanly::{closure#0} as core[df12db4294e9bfd3]::ops::function::FnOnce<()>>::call_once
[INFO] [stdout]   20:     0x60093b67dfcb - test[9d35eded1c95d3be]::__rust_begin_short_backtrace::<core[df12db4294e9bfd3]::result::Result<(), alloc[2182bb758b4b3781]::string::String>, fn() -> core[df12db4294e9bfd3]::result::Result<(), alloc[2182bb758b4b3781]::string::String>>
[INFO] [stdout]   21:     0x60093b68b635 - test[9d35eded1c95d3be]::run_test::{closure#0}
[INFO] [stdout]   22:     0x60093b684ef4 - std[70759c8f55707aa4]::sys::backtrace::__rust_begin_short_backtrace::<test[9d35eded1c95d3be]::run_test::{closure#1}, ()>
[INFO] [stdout]   23:     0x60093b68e792 - <std[70759c8f55707aa4]::thread::lifecycle::spawn_unchecked<test[9d35eded1c95d3be]::run_test::{closure#1}, ()>::{closure#1} as core[df12db4294e9bfd3]::ops::function::FnOnce<()>>::call_once::{shim:vtable#0}
[INFO] [stdout]   24:     0x60093b7906e9 - <std[70759c8f55707aa4]::sys::thread::unix::Thread>::new::thread_start
[INFO] [stdout]   25:     0x77bf756a3dfa - <unknown>
[INFO] [stdout]   26:     0x77bf757373d4 - clone
[INFO] [stdout]   27:                0x0 - <unknown>
[INFO] [stdout] 
[INFO] [stdout] ---- node::tests::set_storage_then_read stdout ----
[INFO] [stdout] 
[INFO] [stdout] thread 'node::tests::set_storage_then_read' (5722) panicked at src/node.rs:718:13:
[INFO] [stdout] `anvil` binary not found in $PATH — required for degenbot-fork tests. Install Foundry: https://book.getfoundry.sh/getting-started/installation
[INFO] [stdout] stack backtrace:
[INFO] [stdout]    0:     0x60093b790e51 - <<std[70759c8f55707aa4]::sys::backtrace::BacktraceLock>::print::DisplayBacktrace as core[df12db4294e9bfd3]::fmt::Display>::fmt
[INFO] [stdout]    1:     0x60093b7a761a - core[df12db4294e9bfd3]::fmt::write
[INFO] [stdout]    2:     0x60093b79549c - <alloc[2182bb758b4b3781]::vec::Vec<u8> as core[df12db4294e9bfd3]::io::write::Write>::write_fmt
[INFO] [stdout]    3:     0x60093b76ba46 - std[70759c8f55707aa4]::panicking::default_hook::{closure#0}
[INFO] [stdout]    4:     0x60093b789079 - std[70759c8f55707aa4]::panicking::default_hook
[INFO] [stdout]    5:     0x60093b68ace0 - test[9d35eded1c95d3be]::test_main_inner::<test[9d35eded1c95d3be]::test_main_static::{closure#0}>::{closure#0}
[INFO] [stdout]    6:     0x60093b7893a2 - std[70759c8f55707aa4]::panicking::panic_with_hook
[INFO] [stdout]    7:     0x60093b76bb24 - std[70759c8f55707aa4]::panicking::panic_handler::{closure#0}
[INFO] [stdout]    8:     0x60093b764759 - std[70759c8f55707aa4]::sys::backtrace::__rust_end_short_backtrace::<std[70759c8f55707aa4]::panicking::panic_handler::{closure#0}, !>
[INFO] [stdout]    9:     0x60093b76c6ed - __rustc[8fa7c3cbc660c2b3]::rust_begin_unwind
[INFO] [stdout]   10:     0x60093b7a7d7c - core[df12db4294e9bfd3]::panicking::panic_fmt
[INFO] [stdout]   11:     0x60093b5e1bcc - degenbot_fork[ff02b636cd4c3bd7]::node::tests::ensure_anvil_available
[INFO] [stdout]   12:     0x60093b5db513 - degenbot_fork[ff02b636cd4c3bd7]::node::tests::set_storage_then_read::{closure#0}
[INFO] [stdout]   13:     0x60093b5c8103 - <tokio[b48a46e2689a580a]::runtime::scheduler::current_thread::Context>::enter::<core[df12db4294e9bfd3]::task::poll::Poll<()>, <tokio[b48a46e2689a580a]::runtime::scheduler::current_thread::CoreGuard>::block_on<core[df12db4294e9bfd3]::pin::Pin<&mut core[df12db4294e9bfd3]::pin::Pin<&mut dyn core[df12db4294e9bfd3]::future::future::Future<Output = ()>>>>::{closure#0}::{closure#0}>
[INFO] [stdout]   14:     0x60093b5fdc0c - <tokio[b48a46e2689a580a]::runtime::context::scoped::Scoped<tokio[b48a46e2689a580a]::runtime::scheduler::Context>>::set::<<tokio[b48a46e2689a580a]::runtime::scheduler::current_thread::CoreGuard>::enter<<tokio[b48a46e2689a580a]::runtime::scheduler::current_thread::CoreGuard>::block_on<core[df12db4294e9bfd3]::pin::Pin<&mut core[df12db4294e9bfd3]::pin::Pin<&mut dyn core[df12db4294e9bfd3]::future::future::Future<Output = ()>>>>::{closure#0}, core[df12db4294e9bfd3]::option::Option<()>>::{closure#0}, (alloc[2182bb758b4b3781]::boxed::Box<tokio[b48a46e2689a580a]::runtime::scheduler::current_thread::Core>, core[df12db4294e9bfd3]::option::Option<()>)>
[INFO] [stdout]   15:     0x60093b5c8a77 - <tokio[b48a46e2689a580a]::runtime::scheduler::current_thread::CoreGuard>::block_on::<core[df12db4294e9bfd3]::pin::Pin<&mut core[df12db4294e9bfd3]::pin::Pin<&mut dyn core[df12db4294e9bfd3]::future::future::Future<Output = ()>>>>
[INFO] [stdout]   16:     0x60093b6223e4 - tokio[b48a46e2689a580a]::runtime::context::runtime::enter_runtime::<<tokio[b48a46e2689a580a]::runtime::scheduler::current_thread::CurrentThread>::block_on<core[df12db4294e9bfd3]::pin::Pin<&mut dyn core[df12db4294e9bfd3]::future::future::Future<Output = ()>>>::{closure#0}, ()>
[INFO] [stdout]   17:     0x60093b5fd935 - <tokio[b48a46e2689a580a]::runtime::runtime::Runtime>::block_on::<core[df12db4294e9bfd3]::pin::Pin<&mut dyn core[df12db4294e9bfd3]::future::future::Future<Output = ()>>>
[INFO] [stdout]   18:     0x60093b5e1c8b - degenbot_fork[ff02b636cd4c3bd7]::node::tests::set_storage_then_read
[INFO] [stdout]   19:     0x60093b66e069 - <degenbot_fork[ff02b636cd4c3bd7]::node::tests::set_storage_then_read::{closure#0} as core[df12db4294e9bfd3]::ops::function::FnOnce<()>>::call_once
[INFO] [stdout]   20:     0x60093b67dfcb - test[9d35eded1c95d3be]::__rust_begin_short_backtrace::<core[df12db4294e9bfd3]::result::Result<(), alloc[2182bb758b4b3781]::string::String>, fn() -> core[df12db4294e9bfd3]::result::Result<(), alloc[2182bb758b4b3781]::string::String>>
[INFO] [stdout]   21:     0x60093b68b635 - test[9d35eded1c95d3be]::run_test::{closure#0}
[INFO] [stdout]   22:     0x60093b684ef4 - std[70759c8f55707aa4]::sys::backtrace::__rust_begin_short_backtrace::<test[9d35eded1c95d3be]::run_test::{closure#1}, ()>
[INFO] [stdout]   23:     0x60093b68e792 - <std[70759c8f55707aa4]::thread::lifecycle::spawn_unchecked<test[9d35eded1c95d3be]::run_test::{closure#1}, ()>::{closure#1} as core[df12db4294e9bfd3]::ops::function::FnOnce<()>>::call_once::{shim:vtable#0}
[INFO] [stdout]   24:     0x60093b7906e9 - <std[70759c8f55707aa4]::sys::thread::unix::Thread>::new::thread_start
[INFO] [stdout]   25:     0x77bf756a3dfa - <unknown>
[INFO] [stdout]   26:     0x77bf757373d4 - clone
[INFO] [stdout]   27:                0x0 - <unknown>
[INFO] [stdout] 
[INFO] [stdout] ---- node::tests::ipc_file_removed_on_drop stdout ----
[INFO] [stdout] 
[INFO] [stdout] thread 'node::tests::ipc_file_removed_on_drop' (5719) panicked at src/node.rs:718:13:
[INFO] [stdout] `anvil` binary not found in $PATH — required for degenbot-fork tests. Install Foundry: https://book.getfoundry.sh/getting-started/installation
[INFO] [stdout] stack backtrace:
[INFO] [stdout]    0:     0x60093b790e51 - <<std[70759c8f55707aa4]::sys::backtrace::BacktraceLock>::print::DisplayBacktrace as core[df12db4294e9bfd3]::fmt::Display>::fmt
[INFO] [stdout]    1:     0x60093b7a761a - core[df12db4294e9bfd3]::fmt::write
[INFO] [stdout]    2:     0x60093b79549c - <alloc[2182bb758b4b3781]::vec::Vec<u8> as core[df12db4294e9bfd3]::io::write::Write>::write_fmt
[INFO] [stdout]    3:     0x60093b76ba46 - std[70759c8f55707aa4]::panicking::default_hook::{closure#0}
[INFO] [stdout]    4:     0x60093b789079 - std[70759c8f55707aa4]::panicking::default_hook
[INFO] [stdout]    5:     0x60093b68ace0 - test[9d35eded1c95d3be]::test_main_inner::<test[9d35eded1c95d3be]::test_main_static::{closure#0}>::{closure#0}
[INFO] [stdout]    6:     0x60093b7893a2 - std[70759c8f55707aa4]::panicking::panic_with_hook
[INFO] [stdout]    7:     0x60093b76bb24 - std[70759c8f55707aa4]::panicking::panic_handler::{closure#0}
[INFO] [stdout]    8:     0x60093b764759 - std[70759c8f55707aa4]::sys::backtrace::__rust_end_short_backtrace::<std[70759c8f55707aa4]::panicking::panic_handler::{closure#0}, !>
[INFO] [stdout]    9:     0x60093b76c6ed - __rustc[8fa7c3cbc660c2b3]::rust_begin_unwind
[INFO] [stdout]   10:     0x60093b7a7d7c - core[df12db4294e9bfd3]::panicking::panic_fmt
[INFO] [stdout]   11:     0x60093b5e1bcc - degenbot_fork[ff02b636cd4c3bd7]::node::tests::ensure_anvil_available
[INFO] [stdout]   12:     0x60093b5dc711 - degenbot_fork[ff02b636cd4c3bd7]::node::tests::ipc_file_removed_on_drop::{closure#0}
[INFO] [stdout]   13:     0x60093b5c8103 - <tokio[b48a46e2689a580a]::runtime::scheduler::current_thread::Context>::enter::<core[df12db4294e9bfd3]::task::poll::Poll<()>, <tokio[b48a46e2689a580a]::runtime::scheduler::current_thread::CoreGuard>::block_on<core[df12db4294e9bfd3]::pin::Pin<&mut core[df12db4294e9bfd3]::pin::Pin<&mut dyn core[df12db4294e9bfd3]::future::future::Future<Output = ()>>>>::{closure#0}::{closure#0}>
[INFO] [stdout]   14:     0x60093b5fdc0c - <tokio[b48a46e2689a580a]::runtime::context::scoped::Scoped<tokio[b48a46e2689a580a]::runtime::scheduler::Context>>::set::<<tokio[b48a46e2689a580a]::runtime::scheduler::current_thread::CoreGuard>::enter<<tokio[b48a46e2689a580a]::runtime::scheduler::current_thread::CoreGuard>::block_on<core[df12db4294e9bfd3]::pin::Pin<&mut core[df12db4294e9bfd3]::pin::Pin<&mut dyn core[df12db4294e9bfd3]::future::future::Future<Output = ()>>>>::{closure#0}, core[df12db4294e9bfd3]::option::Option<()>>::{closure#0}, (alloc[2182bb758b4b3781]::boxed::Box<tokio[b48a46e2689a580a]::runtime::scheduler::current_thread::Core>, core[df12db4294e9bfd3]::option::Option<()>)>
[INFO] [stdout]   15:     0x60093b5c8a77 - <tokio[b48a46e2689a580a]::runtime::scheduler::current_thread::CoreGuard>::block_on::<core[df12db4294e9bfd3]::pin::Pin<&mut core[df12db4294e9bfd3]::pin::Pin<&mut dyn core[df12db4294e9bfd3]::future::future::Future<Output = ()>>>>
[INFO] [stdout]   16:     0x60093b6223e4 - tokio[b48a46e2689a580a]::runtime::context::runtime::enter_runtime::<<tokio[b48a46e2689a580a]::runtime::scheduler::current_thread::CurrentThread>::block_on<core[df12db4294e9bfd3]::pin::Pin<&mut dyn core[df12db4294e9bfd3]::future::future::Future<Output = ()>>>::{closure#0}, ()>
[INFO] [stdout]   17:     0x60093b5fd935 - <tokio[b48a46e2689a580a]::runtime::runtime::Runtime>::block_on::<core[df12db4294e9bfd3]::pin::Pin<&mut dyn core[df12db4294e9bfd3]::future::future::Future<Output = ()>>>
[INFO] [stdout]   18:     0x60093b5e1f2b - degenbot_fork[ff02b636cd4c3bd7]::node::tests::ipc_file_removed_on_drop
[INFO] [stdout]   19:     0x60093b66e0a9 - <degenbot_fork[ff02b636cd4c3bd7]::node::tests::ipc_file_removed_on_drop::{closure#0} as core[df12db4294e9bfd3]::ops::function::FnOnce<()>>::call_once
[INFO] [stdout]   20:     0x60093b67dfcb - test[9d35eded1c95d3be]::__rust_begin_short_backtrace::<core[df12db4294e9bfd3]::result::Result<(), alloc[2182bb758b4b3781]::string::String>, fn() -> core[df12db4294e9bfd3]::result::Result<(), alloc[2182bb758b4b3781]::string::String>>
[INFO] [stdout]   21:     0x60093b68b635 - test[9d35eded1c95d3be]::run_test::{closure#0}
[INFO] [stdout]   22:     0x60093b684ef4 - std[70759c8f55707aa4]::sys::backtrace::__rust_begin_short_backtrace::<test[9d35eded1c95d3be]::run_test::{closure#1}, ()>
[INFO] [stdout]   23:     0x60093b68e792 - <std[70759c8f55707aa4]::thread::lifecycle::spawn_unchecked<test[9d35eded1c95d3be]::run_test::{closure#1}, ()>::{closure#1} as core[df12db4294e9bfd3]::ops::function::FnOnce<()>>::call_once::{shim:vtable#0}
[INFO] [stdout]   24:     0x60093b7906e9 - <std[70759c8f55707aa4]::sys::thread::unix::Thread>::new::thread_start
[INFO] [stdout]   25:     0x77bf756a3dfa - <unknown>
[INFO] [stdout]   26:     0x77bf757373d4 - clone
[INFO] [stdout]   27:                0x0 - <unknown>
[INFO] [stdout] 
[INFO] [stdout] ---- node::tests::set_code_then_get_code stdout ----
[INFO] [stdout] 
[INFO] [stdout] thread 'node::tests::set_code_then_get_code' (5721) panicked at src/node.rs:718:13:
[INFO] [stdout] `anvil` binary not found in $PATH — required for degenbot-fork tests. Install Foundry: https://book.getfoundry.sh/getting-started/installation
[INFO] [stdout] stack backtrace:
[INFO] [stdout]    0:     0x60093b790e51 - <<std[70759c8f55707aa4]::sys::backtrace::BacktraceLock>::print::DisplayBacktrace as core[df12db4294e9bfd3]::fmt::Display>::fmt
[INFO] [stdout]    1:     0x60093b7a761a - core[df12db4294e9bfd3]::fmt::write
[INFO] [stdout]    2:     0x60093b79549c - <alloc[2182bb758b4b3781]::vec::Vec<u8> as core[df12db4294e9bfd3]::io::write::Write>::write_fmt
[INFO] [stdout]    3:     0x60093b76ba46 - std[70759c8f55707aa4]::panicking::default_hook::{closure#0}
[INFO] [stdout]    4:     0x60093b789079 - std[70759c8f55707aa4]::panicking::default_hook
[INFO] [stdout]    5:     0x60093b68ace0 - test[9d35eded1c95d3be]::test_main_inner::<test[9d35eded1c95d3be]::test_main_static::{closure#0}>::{closure#0}
[INFO] [stdout]    6:     0x60093b7893a2 - std[70759c8f55707aa4]::panicking::panic_with_hook
[INFO] [stdout]    7:     0x60093b76bb24 - std[70759c8f55707aa4]::panicking::panic_handler::{closure#0}
[INFO] [stdout]    8:     0x60093b764759 - std[70759c8f55707aa4]::sys::backtrace::__rust_end_short_backtrace::<std[70759c8f55707aa4]::panicking::panic_handler::{closure#0}, !>
[INFO] [stdout]    9:     0x60093b76c6ed - __rustc[8fa7c3cbc660c2b3]::rust_begin_unwind
[INFO] [stdout]   10:     0x60093b7a7d7c - core[df12db4294e9bfd3]::panicking::panic_fmt
[INFO] [stdout]   11:     0x60093b5e1bcc - degenbot_fork[ff02b636cd4c3bd7]::node::tests::ensure_anvil_available
[INFO] [stdout]   12:     0x60093b5dbe03 - degenbot_fork[ff02b636cd4c3bd7]::node::tests::set_code_then_get_code::{closure#0}
[INFO] [stdout]   13:     0x60093b5c8103 - <tokio[b48a46e2689a580a]::runtime::scheduler::current_thread::Context>::enter::<core[df12db4294e9bfd3]::task::poll::Poll<()>, <tokio[b48a46e2689a580a]::runtime::scheduler::current_thread::CoreGuard>::block_on<core[df12db4294e9bfd3]::pin::Pin<&mut core[df12db4294e9bfd3]::pin::Pin<&mut dyn core[df12db4294e9bfd3]::future::future::Future<Output = ()>>>>::{closure#0}::{closure#0}>
[INFO] [stdout]   14:     0x60093b5fdc0c - <tokio[b48a46e2689a580a]::runtime::context::scoped::Scoped<tokio[b48a46e2689a580a]::runtime::scheduler::Context>>::set::<<tokio[b48a46e2689a580a]::runtime::scheduler::current_thread::CoreGuard>::enter<<tokio[b48a46e2689a580a]::runtime::scheduler::current_thread::CoreGuard>::block_on<core[df12db4294e9bfd3]::pin::Pin<&mut core[df12db4294e9bfd3]::pin::Pin<&mut dyn core[df12db4294e9bfd3]::future::future::Future<Output = ()>>>>::{closure#0}, core[df12db4294e9bfd3]::option::Option<()>>::{closure#0}, (alloc[2182bb758b4b3781]::boxed::Box<tokio[b48a46e2689a580a]::runtime::scheduler::current_thread::Core>, core[df12db4294e9bfd3]::option::Option<()>)>
[INFO] [stdout]   15:     0x60093b5c8a77 - <tokio[b48a46e2689a580a]::runtime::scheduler::current_thread::CoreGuard>::block_on::<core[df12db4294e9bfd3]::pin::Pin<&mut core[df12db4294e9bfd3]::pin::Pin<&mut dyn core[df12db4294e9bfd3]::future::future::Future<Output = ()>>>>
[INFO] [stdout]   16:     0x60093b6223e4 - tokio[b48a46e2689a580a]::runtime::context::runtime::enter_runtime::<<tokio[b48a46e2689a580a]::runtime::scheduler::current_thread::CurrentThread>::block_on<core[df12db4294e9bfd3]::pin::Pin<&mut dyn core[df12db4294e9bfd3]::future::future::Future<Output = ()>>>::{closure#0}, ()>
[INFO] [stdout]   17:     0x60093b5fd935 - <tokio[b48a46e2689a580a]::runtime::runtime::Runtime>::block_on::<core[df12db4294e9bfd3]::pin::Pin<&mut dyn core[df12db4294e9bfd3]::future::future::Future<Output = ()>>>
[INFO] [stdout]   18:     0x60093b5e1ddb - degenbot_fork[ff02b636cd4c3bd7]::node::tests::set_code_then_get_code
[INFO] [stdout]   19:     0x60093b66e089 - <degenbot_fork[ff02b636cd4c3bd7]::node::tests::set_code_then_get_code::{closure#0} as core[df12db4294e9bfd3]::ops::function::FnOnce<()>>::call_once
[INFO] [stdout]   20:     0x60093b67dfcb - test[9d35eded1c95d3be]::__rust_begin_short_backtrace::<core[df12db4294e9bfd3]::result::Result<(), alloc[2182bb758b4b3781]::string::String>, fn() -> core[df12db4294e9bfd3]::result::Result<(), alloc[2182bb758b4b3781]::string::String>>
[INFO] [stdout]   21:     0x60093b68b635 - test[9d35eded1c95d3be]::run_test::{closure#0}
[INFO] [stdout]   22:     0x60093b684ef4 - std[70759c8f55707aa4]::sys::backtrace::__rust_begin_short_backtrace::<test[9d35eded1c95d3be]::run_test::{closure#1}, ()>
[INFO] [stdout]   23:     0x60093b68e792 - <std[70759c8f55707aa4]::thread::lifecycle::spawn_unchecked<test[9d35eded1c95d3be]::run_test::{closure#1}, ()>::{closure#1} as core[df12db4294e9bfd3]::ops::function::FnOnce<()>>::call_once::{shim:vtable#0}
[INFO] [stdout]   24:     0x60093b7906e9 - <std[70759c8f55707aa4]::sys::thread::unix::Thread>::new::thread_start
[INFO] [stdout]   25:     0x77bf756a3dfa - <unknown>
[INFO] [stdout]   26:     0x77bf757373d4 - clone
[INFO] [stdout]   27:                0x0 - <unknown>
[INFO] [stdout] 
[INFO] [stdout] ---- node::tests::leaked_provider_clone_emits_no_reconnect_storm stdout ----
[INFO] [stdout] 
[INFO] [stdout] thread 'node::tests::leaked_provider_clone_emits_no_reconnect_storm' (5720) panicked at src/node.rs:718:13:
[INFO] [stdout] `anvil` binary not found in $PATH — required for degenbot-fork tests. Install Foundry: https://book.getfoundry.sh/getting-started/installation
[INFO] [stdout] stack backtrace:
[INFO] [stdout]    0:     0x60093b790e51 - <<std[70759c8f55707aa4]::sys::backtrace::BacktraceLock>::print::DisplayBacktrace as core[df12db4294e9bfd3]::fmt::Display>::fmt
[INFO] [stdout]    1:     0x60093b7a761a - core[df12db4294e9bfd3]::fmt::write
[INFO] [stdout]    2:     0x60093b79549c - <alloc[2182bb758b4b3781]::vec::Vec<u8> as core[df12db4294e9bfd3]::io::write::Write>::write_fmt
[INFO] [stdout]    3:     0x60093b76ba46 - std[70759c8f55707aa4]::panicking::default_hook::{closure#0}
[INFO] [stdout]    4:     0x60093b789079 - std[70759c8f55707aa4]::panicking::default_hook
[INFO] [stdout]    5:     0x60093b68ace0 - test[9d35eded1c95d3be]::test_main_inner::<test[9d35eded1c95d3be]::test_main_static::{closure#0}>::{closure#0}
[INFO] [stdout]    6:     0x60093b7893a2 - std[70759c8f55707aa4]::panicking::panic_with_hook
[INFO] [stdout]    7:     0x60093b76bb24 - std[70759c8f55707aa4]::panicking::panic_handler::{closure#0}
[INFO] [stdout]    8:     0x60093b764759 - std[70759c8f55707aa4]::sys::backtrace::__rust_end_short_backtrace::<std[70759c8f55707aa4]::panicking::panic_handler::{closure#0}, !>
[INFO] [stdout]    9:     0x60093b76c6ed - __rustc[8fa7c3cbc660c2b3]::rust_begin_unwind
[INFO] [stdout]   10:     0x60093b7a7d7c - core[df12db4294e9bfd3]::panicking::panic_fmt
[INFO] [stdout]   11:     0x60093b5e1bcc - degenbot_fork[ff02b636cd4c3bd7]::node::tests::ensure_anvil_available
[INFO] [stdout]   12:     0x60093b5e0445 - degenbot_fork[ff02b636cd4c3bd7]::node::tests::leaked_provider_clone_emits_no_reconnect_storm::{closure#0}
[INFO] [stdout]   13:     0x60093b5c8103 - <tokio[b48a46e2689a580a]::runtime::scheduler::current_thread::Context>::enter::<core[df12db4294e9bfd3]::task::poll::Poll<()>, <tokio[b48a46e2689a580a]::runtime::scheduler::current_thread::CoreGuard>::block_on<core[df12db4294e9bfd3]::pin::Pin<&mut core[df12db4294e9bfd3]::pin::Pin<&mut dyn core[df12db4294e9bfd3]::future::future::Future<Output = ()>>>>::{closure#0}::{closure#0}>
[INFO] [stdout]   14:     0x60093b5fdc0c - <tokio[b48a46e2689a580a]::runtime::context::scoped::Scoped<tokio[b48a46e2689a580a]::runtime::scheduler::Context>>::set::<<tokio[b48a46e2689a580a]::runtime::scheduler::current_thread::CoreGuard>::enter<<tokio[b48a46e2689a580a]::runtime::scheduler::current_thread::CoreGuard>::block_on<core[df12db4294e9bfd3]::pin::Pin<&mut core[df12db4294e9bfd3]::pin::Pin<&mut dyn core[df12db4294e9bfd3]::future::future::Future<Output = ()>>>>::{closure#0}, core[df12db4294e9bfd3]::option::Option<()>>::{closure#0}, (alloc[2182bb758b4b3781]::boxed::Box<tokio[b48a46e2689a580a]::runtime::scheduler::current_thread::Core>, core[df12db4294e9bfd3]::option::Option<()>)>
[INFO] [stdout]   15:     0x60093b5c8a77 - <tokio[b48a46e2689a580a]::runtime::scheduler::current_thread::CoreGuard>::block_on::<core[df12db4294e9bfd3]::pin::Pin<&mut core[df12db4294e9bfd3]::pin::Pin<&mut dyn core[df12db4294e9bfd3]::future::future::Future<Output = ()>>>>
[INFO] [stdout]   16:     0x60093b6223e4 - tokio[b48a46e2689a580a]::runtime::context::runtime::enter_runtime::<<tokio[b48a46e2689a580a]::runtime::scheduler::current_thread::CurrentThread>::block_on<core[df12db4294e9bfd3]::pin::Pin<&mut dyn core[df12db4294e9bfd3]::future::future::Future<Output = ()>>>::{closure#0}, ()>
[INFO] [stdout]   17:     0x60093b5fd935 - <tokio[b48a46e2689a580a]::runtime::runtime::Runtime>::block_on::<core[df12db4294e9bfd3]::pin::Pin<&mut dyn core[df12db4294e9bfd3]::future::future::Future<Output = ()>>>
[INFO] [stdout]   18:     0x60093b5e24bb - degenbot_fork[ff02b636cd4c3bd7]::node::tests::leaked_provider_clone_emits_no_reconnect_storm
[INFO] [stdout]   19:     0x60093b66e129 - <degenbot_fork[ff02b636cd4c3bd7]::node::tests::leaked_provider_clone_emits_no_reconnect_storm::{closure#0} as core[df12db4294e9bfd3]::ops::function::FnOnce<()>>::call_once
[INFO] [stdout]   20:     0x60093b67dfcb - test[9d35eded1c95d3be]::__rust_begin_short_backtrace::<core[df12db4294e9bfd3]::result::Result<(), alloc[2182bb758b4b3781]::string::String>, fn() -> core[df12db4294e9bfd3]::result::Result<(), alloc[2182bb758b4b3781]::string::String>>
[INFO] [stdout]   21:     0x60093b68b635 - test[9d35eded1c95d3be]::run_test::{closure#0}
[INFO] [stdout]   22:     0x60093b684ef4 - std[70759c8f55707aa4]::sys::backtrace::__rust_begin_short_backtrace::<test[9d35eded1c95d3be]::run_test::{closure#1}, ()>
[INFO] [stdout]   23:     0x60093b68e792 - <std[70759c8f55707aa4]::thread::lifecycle::spawn_unchecked<test[9d35eded1c95d3be]::run_test::{closure#1}, ()>::{closure#1} as core[df12db4294e9bfd3]::ops::function::FnOnce<()>>::call_once::{shim:vtable#0}
[INFO] [stdout]   24:     0x60093b7906e9 - <std[70759c8f55707aa4]::sys::thread::unix::Thread>::new::thread_start
[INFO] [stdout]   25:     0x77bf756a3dfa - <unknown>
[INFO] [stdout]   26:     0x77bf757373d4 - clone
[INFO] [stdout]   27:                0x0 - <unknown>
[INFO] [stdout] 
[INFO] [stdout] ---- node::tests::spawn_mine_snapshot_revert_set_balance stdout ----
[INFO] [stdout] 
[INFO] [stdout] thread 'node::tests::spawn_mine_snapshot_revert_set_balance' (5723) panicked at src/node.rs:718:13:
[INFO] [stdout] `anvil` binary not found in $PATH — required for degenbot-fork tests. Install Foundry: https://book.getfoundry.sh/getting-started/installation
[INFO] [stdout] stack backtrace:
[INFO] [stdout]    0:     0x60093b790e51 - <<std[70759c8f55707aa4]::sys::backtrace::BacktraceLock>::print::DisplayBacktrace as core[df12db4294e9bfd3]::fmt::Display>::fmt
[INFO] [stdout]    1:     0x60093b7a761a - core[df12db4294e9bfd3]::fmt::write
[INFO] [stdout]    2:     0x60093b79549c - <alloc[2182bb758b4b3781]::vec::Vec<u8> as core[df12db4294e9bfd3]::io::write::Write>::write_fmt
[INFO] [stdout]    3:     0x60093b76ba46 - std[70759c8f55707aa4]::panicking::default_hook::{closure#0}
[INFO] [stdout]    4:     0x60093b789079 - std[70759c8f55707aa4]::panicking::default_hook
[INFO] [stdout]    5:     0x60093b68ace0 - test[9d35eded1c95d3be]::test_main_inner::<test[9d35eded1c95d3be]::test_main_static::{closure#0}>::{closure#0}
[INFO] [stdout]    6:     0x60093b7893a2 - std[70759c8f55707aa4]::panicking::panic_with_hook
[INFO] [stdout]    7:     0x60093b76bb24 - std[70759c8f55707aa4]::panicking::panic_handler::{closure#0}
[INFO] [stdout]    8:     0x60093b764759 - std[70759c8f55707aa4]::sys::backtrace::__rust_end_short_backtrace::<std[70759c8f55707aa4]::panicking::panic_handler::{closure#0}, !>
[INFO] [stdout]    9:     0x60093b76c6ed - __rustc[8fa7c3cbc660c2b3]::rust_begin_unwind
[INFO] [stdout]   10:     0x60093b7a7d7c - core[df12db4294e9bfd3]::panicking::panic_fmt
[INFO] [stdout]   11:     0x60093b5e1bcc - degenbot_fork[ff02b636cd4c3bd7]::node::tests::ensure_anvil_available
[INFO] [stdout]   12:     0x60093b5dda73 - degenbot_fork[ff02b636cd4c3bd7]::node::tests::spawn_mine_snapshot_revert_set_balance::{closure#0}
[INFO] [stdout]   13:     0x60093b5c8103 - <tokio[b48a46e2689a580a]::runtime::scheduler::current_thread::Context>::enter::<core[df12db4294e9bfd3]::task::poll::Poll<()>, <tokio[b48a46e2689a580a]::runtime::scheduler::current_thread::CoreGuard>::block_on<core[df12db4294e9bfd3]::pin::Pin<&mut core[df12db4294e9bfd3]::pin::Pin<&mut dyn core[df12db4294e9bfd3]::future::future::Future<Output = ()>>>>::{closure#0}::{closure#0}>
[INFO] [stdout]   14:     0x60093b5fdc0c - <tokio[b48a46e2689a580a]::runtime::context::scoped::Scoped<tokio[b48a46e2689a580a]::runtime::scheduler::Context>>::set::<<tokio[b48a46e2689a580a]::runtime::scheduler::current_thread::CoreGuard>::enter<<tokio[b48a46e2689a580a]::runtime::scheduler::current_thread::CoreGuard>::block_on<core[df12db4294e9bfd3]::pin::Pin<&mut core[df12db4294e9bfd3]::pin::Pin<&mut dyn core[df12db4294e9bfd3]::future::future::Future<Output = ()>>>>::{closure#0}, core[df12db4294e9bfd3]::option::Option<()>>::{closure#0}, (alloc[2182bb758b4b3781]::boxed::Box<tokio[b48a46e2689a580a]::runtime::scheduler::current_thread::Core>, core[df12db4294e9bfd3]::option::Option<()>)>
[INFO] [stdout]   15:     0x60093b5c8a77 - <tokio[b48a46e2689a580a]::runtime::scheduler::current_thread::CoreGuard>::block_on::<core[df12db4294e9bfd3]::pin::Pin<&mut core[df12db4294e9bfd3]::pin::Pin<&mut dyn core[df12db4294e9bfd3]::future::future::Future<Output = ()>>>>
[INFO] [stdout]   16:     0x60093b6223e4 - tokio[b48a46e2689a580a]::runtime::context::runtime::enter_runtime::<<tokio[b48a46e2689a580a]::runtime::scheduler::current_thread::CurrentThread>::block_on<core[df12db4294e9bfd3]::pin::Pin<&mut dyn core[df12db4294e9bfd3]::future::future::Future<Output = ()>>>::{closure#0}, ()>
[INFO] [stdout]   17:     0x60093b5fd935 - <tokio[b48a46e2689a580a]::runtime::runtime::Runtime>::block_on::<core[df12db4294e9bfd3]::pin::Pin<&mut dyn core[df12db4294e9bfd3]::future::future::Future<Output = ()>>>
[INFO] [stdout]   18:     0x60093b5e236b - degenbot_fork[ff02b636cd4c3bd7]::node::tests::spawn_mine_snapshot_revert_set_balance
[INFO] [stdout]   19:     0x60093b66e109 - <degenbot_fork[ff02b636cd4c3bd7]::node::tests::spawn_mine_snapshot_revert_set_balance::{closure#0} as core[df12db4294e9bfd3]::ops::function::FnOnce<()>>::call_once
[INFO] [stdout]   20:     0x60093b67dfcb - test[9d35eded1c95d3be]::__rust_begin_short_backtrace::<core[df12db4294e9bfd3]::result::Result<(), alloc[2182bb758b4b3781]::string::String>, fn() -> core[df12db4294e9bfd3]::result::Result<(), alloc[2182bb758b4b3781]::string::String>>
[INFO] [stdout]   21:     0x60093b68b635 - test[9d35eded1c95d3be]::run_test::{closure#0}
[INFO] [stdout]   22:     0x60093b684ef4 - std[70759c8f55707aa4]::sys::backtrace::__rust_begin_short_backtrace::<test[9d35eded1c95d3be]::run_test::{closure#1}, ()>
[INFO] [stdout]   23:     0x60093b68e792 - <std[70759c8f55707aa4]::thread::lifecycle::spawn_unchecked<test[9d35eded1c95d3be]::run_test::{closure#1}, ()>::{closure#1} as core[df12db4294e9bfd3]::ops::function::FnOnce<()>>::call_once::{shim:vtable#0}
[INFO] [stdout]   24:     0x60093b7906e9 - <std[70759c8f55707aa4]::sys::thread::unix::Thread>::new::thread_start
[INFO] [stdout]   25:     0x77bf756a3dfa - <unknown>
[INFO] [stdout]   26:     0x77bf757373d4 - clone
[INFO] [stdout]   27:                0x0 - <unknown>
[INFO] [stdout] 
[INFO] [stdout] ---- node::tests::balance_override_applied_post_spawn stdout ----
[INFO] [stdout] 
[INFO] [stdout] thread 'node::tests::balance_override_applied_post_spawn' (5717) panicked at src/node.rs:718:13:
[INFO] [stdout] `anvil` binary not found in $PATH — required for degenbot-fork tests. Install Foundry: https://book.getfoundry.sh/getting-started/installation
[INFO] [stdout] stack backtrace:
[INFO] [stdout]    0:     0x60093b790e51 - <<std[70759c8f55707aa4]::sys::backtrace::BacktraceLock>::print::DisplayBacktrace as core[df12db4294e9bfd3]::fmt::Display>::fmt
[INFO] [stdout]    1:     0x60093b7a761a - core[df12db4294e9bfd3]::fmt::write
[INFO] [stdout]    2:     0x60093b79549c - <alloc[2182bb758b4b3781]::vec::Vec<u8> as core[df12db4294e9bfd3]::io::write::Write>::write_fmt
[INFO] [stdout]    3:     0x60093b76ba46 - std[70759c8f55707aa4]::panicking::default_hook::{closure#0}
[INFO] [stdout]    4:     0x60093b789079 - std[70759c8f55707aa4]::panicking::default_hook
[INFO] [stdout]    5:     0x60093b68ace0 - test[9d35eded1c95d3be]::test_main_inner::<test[9d35eded1c95d3be]::test_main_static::{closure#0}>::{closure#0}
[INFO] [stdout]    6:     0x60093b7893a2 - std[70759c8f55707aa4]::panicking::panic_with_hook
[INFO] [stdout]    7:     0x60093b76bb24 - std[70759c8f55707aa4]::panicking::panic_handler::{closure#0}
[INFO] [stdout]    8:     0x60093b764759 - std[70759c8f55707aa4]::sys::backtrace::__rust_end_short_backtrace::<std[70759c8f55707aa4]::panicking::panic_handler::{closure#0}, !>
[INFO] [stdout]    9:     0x60093b76c6ed - __rustc[8fa7c3cbc660c2b3]::rust_begin_unwind
[INFO] [stdout]   10:     0x60093b7a7d7c - core[df12db4294e9bfd3]::panicking::panic_fmt
[INFO] [stdout]   11:     0x60093b5e1bcc - degenbot_fork[ff02b636cd4c3bd7]::node::tests::ensure_anvil_available
[INFO] [stdout]   12:     0x60093b5dd39e - degenbot_fork[ff02b636cd4c3bd7]::node::tests::balance_override_applied_post_spawn::{closure#0}
[INFO] [stdout]   13:     0x60093b5c8103 - <tokio[b48a46e2689a580a]::runtime::scheduler::current_thread::Context>::enter::<core[df12db4294e9bfd3]::task::poll::Poll<()>, <tokio[b48a46e2689a580a]::runtime::scheduler::current_thread::CoreGuard>::block_on<core[df12db4294e9bfd3]::pin::Pin<&mut core[df12db4294e9bfd3]::pin::Pin<&mut dyn core[df12db4294e9bfd3]::future::future::Future<Output = ()>>>>::{closure#0}::{closure#0}>
[INFO] [stdout]   14:     0x60093b5fdc0c - <tokio[b48a46e2689a580a]::runtime::context::scoped::Scoped<tokio[b48a46e2689a580a]::runtime::scheduler::Context>>::set::<<tokio[b48a46e2689a580a]::runtime::scheduler::current_thread::CoreGuard>::enter<<tokio[b48a46e2689a580a]::runtime::scheduler::current_thread::CoreGuard>::block_on<core[df12db4294e9bfd3]::pin::Pin<&mut core[df12db4294e9bfd3]::pin::Pin<&mut dyn core[df12db4294e9bfd3]::future::future::Future<Output = ()>>>>::{closure#0}, core[df12db4294e9bfd3]::option::Option<()>>::{closure#0}, (alloc[2182bb758b4b3781]::boxed::Box<tokio[b48a46e2689a580a]::runtime::scheduler::current_thread::Core>, core[df12db4294e9bfd3]::option::Option<()>)>
[INFO] [stdout]   15:     0x60093b5c8a77 - <tokio[b48a46e2689a580a]::runtime::scheduler::current_thread::CoreGuard>::block_on::<core[df12db4294e9bfd3]::pin::Pin<&mut core[df12db4294e9bfd3]::pin::Pin<&mut dyn core[df12db4294e9bfd3]::future::future::Future<Output = ()>>>>
[INFO] [stdout]   16:     0x60093b6223e4 - tokio[b48a46e2689a580a]::runtime::context::runtime::enter_runtime::<<tokio[b48a46e2689a580a]::runtime::scheduler::current_thread::CurrentThread>::block_on<core[df12db4294e9bfd3]::pin::Pin<&mut dyn core[df12db4294e9bfd3]::future::future::Future<Output = ()>>>::{closure#0}, ()>
[INFO] [stdout]   17:     0x60093b5fd935 - <tokio[b48a46e2689a580a]::runtime::runtime::Runtime>::block_on::<core[df12db4294e9bfd3]::pin::Pin<&mut dyn core[df12db4294e9bfd3]::future::future::Future<Output = ()>>>
[INFO] [stdout]   18:     0x60093b5e221b - degenbot_fork[ff02b636cd4c3bd7]::node::tests::balance_override_applied_post_spawn
[INFO] [stdout]   19:     0x60093b66e0e9 - <degenbot_fork[ff02b636cd4c3bd7]::node::tests::balance_override_applied_post_spawn::{closure#0} as core[df12db4294e9bfd3]::ops::function::FnOnce<()>>::call_once
[INFO] [stdout]   20:     0x60093b67dfcb - test[9d35eded1c95d3be]::__rust_begin_short_backtrace::<core[df12db4294e9bfd3]::result::Result<(), alloc[2182bb758b4b3781]::string::String>, fn() -> core[df12db4294e9bfd3]::result::Result<(), alloc[2182bb758b4b3781]::string::String>>
[INFO] [stdout]   21:     0x60093b68b635 - test[9d35eded1c95d3be]::run_test::{closure#0}
[INFO] [stdout]   22:     0x60093b684ef4 - std[70759c8f55707aa4]::sys::backtrace::__rust_begin_short_backtrace::<test[9d35eded1c95d3be]::run_test::{closure#1}, ()>
[INFO] [stdout]   23:     0x60093b68e792 - <std[70759c8f55707aa4]::thread::lifecycle::spawn_unchecked<test[9d35eded1c95d3be]::run_test::{closure#1}, ()>::{closure#1} as core[df12db4294e9bfd3]::ops::function::FnOnce<()>>::call_once::{shim:vtable#0}
[INFO] [stdout]   24:     0x60093b7906e9 - <std[70759c8f55707aa4]::sys::thread::unix::Thread>::new::thread_start
[INFO] [stdout]   25:     0x77bf756a3dfa - <unknown>
[INFO] [stdout]   26:     0x77bf757373d4 - clone
[INFO] [stdout]   27:                0x0 - <unknown>
[INFO] [stdout] 
[INFO] [stdout] 
[INFO] [stdout] failures:
[INFO] [stdout]     node::tests::balance_override_applied_post_spawn
[INFO] [stdout]     node::tests::drop_shuts_down_pubsub_cleanly
[INFO] [stdout]     node::tests::ipc_file_removed_on_drop
[INFO] [stdout]     node::tests::leaked_provider_clone_emits_no_reconnect_storm
[INFO] [stdout]     node::tests::set_code_then_get_code
[INFO] [stdout]     node::tests::set_storage_then_read
[INFO] [stdout]     node::tests::spawn_mine_snapshot_revert_set_balance
[INFO] [stdout] 
[INFO] [stdout] test result: FAILED. 0 passed; 7 failed; 0 ignored; 0 measured; 0 filtered out; finished in 0.01s
[INFO] [stdout] 
[INFO] [stderr] error: test failed, to rerun pass `--lib`
[INFO] running `Command { std: "docker" "inspect" "042bd4b3fae66706f697ebf8f37b87986565afad2b56c3a5741648f9b73fe834", kill_on_drop: false }`
[INFO] running `Command { std: "docker" "rm" "-f" "042bd4b3fae66706f697ebf8f37b87986565afad2b56c3a5741648f9b73fe834", kill_on_drop: false }`
[INFO] [stdout] 042bd4b3fae66706f697ebf8f37b87986565afad2b56c3a5741648f9b73fe834
