[INFO] fetching crate degenbot-config 0.6.0-alpha.14...
[INFO] testing degenbot-config-0.6.0-alpha.14 against 1.99.0-beta.8+cargoflags=--release for beta-release-1.100-2
[INFO] extracting crate degenbot-config 0.6.0-alpha.14 into /workspace/builds/worker-7-tc1/source
[INFO] started tweaking crates.io crate degenbot-config 0.6.0-alpha.14
[INFO] removed 0 missing tests
[INFO] finished tweaking crates.io crate degenbot-config 0.6.0-alpha.14
[INFO] tweaked toml for crates.io crate degenbot-config 0.6.0-alpha.14 written to /workspace/builds/worker-7-tc1/source/Cargo.toml
[INFO] validating manifest of crates.io crate degenbot-config 0.6.0-alpha.14 on toolchain 1.99.0-beta.8
[INFO] running `Command { std: CARGO_HOME="/workspace/cargo-home" RUSTUP_HOME="/workspace/rustup-home" "/workspace/cargo-home/bin/cargo" "+1.99.0-beta.8" "metadata" "--manifest-path" "Cargo.toml" "--no-deps", kill_on_drop: false }`
[INFO] crate crates.io crate degenbot-config 0.6.0-alpha.14 already has a lockfile, it will not be regenerated
[INFO] running `Command { std: CARGO_HOME="/workspace/cargo-home" RUSTUP_HOME="/workspace/rustup-home" "/workspace/cargo-home/bin/cargo" "+1.99.0-beta.8" "fetch" "--manifest-path" "Cargo.toml", kill_on_drop: false }`
[INFO] running `Command { std: "docker" "create" "-v" "/var/lib/crater-agent-workspace/builds/worker-7-tc1/source:/opt/rustwide/workdir:ro,Z" "-v" "/var/lib/crater-agent-workspace/builds/worker-7-tc1/target:/opt/rustwide/target:rw,Z" "-v" "/var/lib/crater-agent-workspace/cargo-home:/opt/rustwide/cargo-home:ro,Z" "-v" "/var/lib/crater-agent-workspace/rustup-home:/opt/rustwide/rustup-home:ro,Z" "-m" "1610612736" "--network" "none" "ghcr.io/rust-lang/crates-build-env/linux@sha256:77db811e55d90add9212f6832c23229e3de5f1c1f9905e8cb07319ea15df73ac" "sleep" "infinity", kill_on_drop: false }`
[INFO] [stdout] dc7a93275842bf4d3ac58ad1a719b699a87b2339f2e5c73728ebd77c408c7d8a
[INFO] running `Command { std: "docker" "start" "dc7a93275842bf4d3ac58ad1a719b699a87b2339f2e5c73728ebd77c408c7d8a", kill_on_drop: false }`
[INFO] running `Command { std: "docker" "inspect" "dc7a93275842bf4d3ac58ad1a719b699a87b2339f2e5c73728ebd77c408c7d8a", kill_on_drop: false }`
[INFO] running `Command { std: "docker" "exec" "-e" "SOURCE_DIR=/opt/rustwide/workdir" "-e" "CARGO_HOME=/opt/rustwide/cargo-home" "-e" "RUSTUP_HOME=/opt/rustwide/rustup-home" "-e" "CARGO_TARGET_DIR=/opt/rustwide/target" "-w" "/opt/rustwide/workdir" "--user" "0:0" "dc7a93275842bf4d3ac58ad1a719b699a87b2339f2e5c73728ebd77c408c7d8a" "/opt/rustwide/cargo-home/bin/cargo" "+1.99.0-beta.8" "metadata" "--no-deps" "--format-version=1", kill_on_drop: false }`
[INFO] running `Command { std: "docker" "inspect" "dc7a93275842bf4d3ac58ad1a719b699a87b2339f2e5c73728ebd77c408c7d8a", kill_on_drop: false }`
[INFO] running `Command { std: "docker" "exec" "-e" "SOURCE_DIR=/opt/rustwide/workdir" "-e" "CARGO_HOME=/opt/rustwide/cargo-home" "-e" "RUSTUP_HOME=/opt/rustwide/rustup-home" "-e" "CARGO_TARGET_DIR=/opt/rustwide/target" "-e" "CARGO_INCREMENTAL=0" "-e" "RUST_BACKTRACE=full" "-e" "RUSTFLAGS=--cap-lints=warn" "-e" "RUSTDOCFLAGS=--cap-lints=warn" "-w" "/opt/rustwide/workdir" "--user" "0:0" "dc7a93275842bf4d3ac58ad1a719b699a87b2339f2e5c73728ebd77c408c7d8a" "/opt/rustwide/cargo-home/bin/cargo" "+1.99.0-beta.8" "build" "--frozen" "--message-format=json" "--release", kill_on_drop: false }`
[INFO] [stderr]    Compiling serde_core v1.0.229
[INFO] [stderr]    Compiling winnow v1.0.4
[INFO] [stderr]    Compiling toml_writer v1.1.2+spec-1.1.0
[INFO] [stderr]    Compiling indexmap v2.14.2
[INFO] [stderr]    Compiling toml_parser v1.1.3+spec-1.1.0
[INFO] [stderr]    Compiling toml_datetime v1.1.1+spec-1.1.0
[INFO] [stderr]    Compiling serde_spanned v1.1.1
[INFO] [stderr]    Compiling toml v1.1.6+spec-1.1.0
[INFO] [stderr]    Compiling toml_edit v0.25.15+spec-1.1.0
[INFO] [stderr]    Compiling degenbot-config v0.6.0-alpha.14 (/opt/rustwide/workdir)
[INFO] [stderr]     Finished `release` profile [optimized] target(s) in 26.31s
[INFO] running `Command { std: "docker" "inspect" "dc7a93275842bf4d3ac58ad1a719b699a87b2339f2e5c73728ebd77c408c7d8a", kill_on_drop: false }`
[INFO] running `Command { std: "docker" "exec" "-e" "SOURCE_DIR=/opt/rustwide/workdir" "-e" "CARGO_HOME=/opt/rustwide/cargo-home" "-e" "RUSTUP_HOME=/opt/rustwide/rustup-home" "-e" "CARGO_TARGET_DIR=/opt/rustwide/target" "-e" "CARGO_INCREMENTAL=0" "-e" "RUST_BACKTRACE=full" "-e" "RUSTFLAGS=--cap-lints=warn" "-e" "RUSTDOCFLAGS=--cap-lints=warn" "-w" "/opt/rustwide/workdir" "--user" "0:0" "dc7a93275842bf4d3ac58ad1a719b699a87b2339f2e5c73728ebd77c408c7d8a" "/opt/rustwide/cargo-home/bin/cargo" "+1.99.0-beta.8" "test" "--frozen" "--no-run" "--message-format=json" "--release", kill_on_drop: false }`
[INFO] [stderr]    Compiling degenbot-config v0.6.0-alpha.14 (/opt/rustwide/workdir)
[INFO] [stderr]     Finished `release` profile [optimized] target(s) in 26.17s
[INFO] running `Command { std: "docker" "inspect" "dc7a93275842bf4d3ac58ad1a719b699a87b2339f2e5c73728ebd77c408c7d8a", kill_on_drop: false }`
[INFO] running `Command { std: "docker" "exec" "-e" "SOURCE_DIR=/opt/rustwide/workdir" "-e" "CARGO_HOME=/opt/rustwide/cargo-home" "-e" "RUSTUP_HOME=/opt/rustwide/rustup-home" "-e" "CARGO_TARGET_DIR=/opt/rustwide/target" "-e" "CARGO_INCREMENTAL=0" "-e" "RUST_BACKTRACE=full" "-e" "RUSTFLAGS=--cap-lints=warn" "-e" "RUSTDOCFLAGS=--cap-lints=warn" "-w" "/opt/rustwide/workdir" "--user" "0:0" "dc7a93275842bf4d3ac58ad1a719b699a87b2339f2e5c73728ebd77c408c7d8a" "/opt/rustwide/cargo-home/bin/cargo" "+1.99.0-beta.8" "test" "--frozen" "--release", kill_on_drop: false }`
[INFO] [stderr]     Finished `release` profile [optimized] target(s) in 0.05s
[INFO] [stderr]      Running unittests src/lib.rs (/opt/rustwide/target/release/deps/degenbot_config-13854a2b2e7eb979)
[INFO] [stdout] 
[INFO] [stdout] running 36 tests
[INFO] [stdout] test redact::tests::a_schemeless_value_strips_forgot_scheme_userinfo ... ok
[INFO] [stdout] test redact::tests::a_non_hierarchical_value_is_unchanged ... ok
[INFO] [stdout] test redact::tests::credentials_never_survive_as_a_diagnostic_value ... ok
[INFO] [stdout] test redact::tests::a_schemeless_value_redacts_its_credential_query ... ok
[INFO] [stdout] test redact::tests::a_schemeless_socket_path_keeps_an_at_that_is_not_userinfo ... ok
[INFO] [stdout] test redact::tests::redacts_credential_query_parameters ... ok
[INFO] [stdout] test redact::tests::strips_userinfo ... ok
[INFO] [stdout] test redact::tests::query_names_match_case_insensitively_and_fragments_survive ... ok
[INFO] [stdout] test schema::tests::a_family_shaped_key_inside_a_facet_assigns_through_the_two_level_arm ... ok
[INFO] [stdout] test schema::tests::a_family_shaped_key_inside_a_facet_registers_its_dotted_path ... ok
[INFO] [stdout] test schema::tests::an_unset_optional_key_reads_as_absent ... ok
[INFO] [stdout] test schema::tests::a_value_no_transport_serves_classifies_to_nothing ... ok
[INFO] [stdout] test schema::tests::backrun_facet_keys_collapse_to_declared_defaults ... ok
[INFO] [stdout] test schema::tests::cycle_max_hops_below_two_is_refused_with_the_remedy ... ok
[INFO] [stdout] test schema::tests::inject_executor_code_is_declared_with_default_false ... ok
[INFO] [stdout] test schema::tests::ipc_entries_accept_ipc_urls_and_absolute_socket_paths ... ok
[INFO] [stdout] test schema::tests::pathfinding_discovery_batch_size_is_declared_with_default_1000 ... ok
[INFO] [stdout] test schema::tests::a_later_strmap_assign_replaces_the_whole_table ... ok
[INFO] [stdout] test schema::tests::persistence_state_dir_is_declared_with_default_under_home ... ok
[INFO] [stdout] test schema::tests::relative_tilde_and_drive_ipc_entries_are_refused_with_the_reason ... ok
[INFO] [stdout] test schema::tests::logging_runs_dir_is_declared_with_default_under_home ... ok
[INFO] [stdout] test schema::tests::a_node_value_classifies_into_the_transport_it_can_serve ... ok
[INFO] [stdout] test redact::tests::a_clean_uri_is_unchanged ... ok
[INFO] [stdout] test schema::tests::declared_keys_and_readable_keys_are_the_same_set ... ok
[INFO] [stdout] test schema::tests::strategy_activation_keys_parse_and_collapse_to_defaults ... ok
[INFO] [stdout] test schema::tests::strategy_arm_selector_is_retired ... ok
[INFO] [stdout] test schema::tests::strategy_facets_are_declared_as_typed_sections ... ok
[INFO] [stdout] test schema::tests::a_value_reads_back_with_the_kind_its_key_declared ... ok
[INFO] [stdout] test schema::tests::fleet_section_declares_the_adr_042_keys ... ok
[INFO] [stdout] test schema::tests::strmap_assign_refuses_a_malformed_list_and_keeps_the_previous_table ... ok
[INFO] [stdout] test schema::tests::strmap_keys_declare_an_empty_table_and_their_env_shape ... ok
[INFO] [stdout] test schema::tests::the_generated_reader_answers_a_family_shaped_key_in_both_positions ... ok
[INFO] [stdout] test schema::tests::the_node_and_session_keys_reuse_the_resolver_spellings ... ok
[INFO] [stdout] test schema::tests::retired_solve_stance_keys_are_not_declared ... ok
[INFO] [stderr]      Running tests/config_parity_oracle.rs (/opt/rustwide/target/release/deps/config_parity_oracle-79628a92d8d9ab6c)
[INFO] [stdout] test schema::tests::schema_paths_are_wellformed_and_unique ... ok
[INFO] [stdout] test schema::tests::strmap_assign_parses_a_trimmed_key_value_list ... ok
[INFO] [stdout] 
[INFO] [stdout] test result: ok. 36 passed; 0 failed; 0 ignored; 0 measured; 0 filtered out; finished in 0.01s
[INFO] [stdout] 
[INFO] [stdout] 
[INFO] [stdout] running 1 test
[INFO] [stdout] test rust_resolution_matches_intent_and_writes_the_shared_oracle ... FAILED
[INFO] [stdout] 
[INFO] [stdout] failures:
[INFO] [stdout] 
[INFO] [stdout] ---- rust_resolution_matches_intent_and_writes_the_shared_oracle stdout ----
[INFO] [stdout] 
[INFO] [stdout] thread 'rust_resolution_matches_intent_and_writes_the_shared_oracle' (799) panicked at tests/config_parity_oracle.rs:752:9:
[INFO] [stdout] internal error: entered unreachable code: write oracle /opt/rustwide/workdir/tests/fixtures/config_parity/oracle.json: Read-only file system (os error 30)
[INFO] [stdout] stack backtrace:
[INFO] [stdout]    0:     0x60bba0da63f1 - <<std[70759c8f55707aa4]::sys::backtrace::BacktraceLock>::print::DisplayBacktrace as core[df12db4294e9bfd3]::fmt::Display>::fmt
[INFO] [stdout]    1:     0x60bba0dbbc5a - core[df12db4294e9bfd3]::fmt::write
[INFO] [stdout]    2:     0x60bba0daa91c - <alloc[2182bb758b4b3781]::vec::Vec<u8> as core[df12db4294e9bfd3]::io::write::Write>::write_fmt
[INFO] [stdout]    3:     0x60bba0d822e6 - std[70759c8f55707aa4]::panicking::default_hook::{closure#0}
[INFO] [stdout]    4:     0x60bba0d9e5f9 - std[70759c8f55707aa4]::panicking::default_hook
[INFO] [stdout]    5:     0x60bba0ce4e20 - test[9d35eded1c95d3be]::test_main_inner::<test[9d35eded1c95d3be]::test_main_static::{closure#0}>::{closure#0}
[INFO] [stdout]    6:     0x60bba0d9e7b2 - std[70759c8f55707aa4]::panicking::panic_with_hook
[INFO] [stdout]    7:     0x60bba0d82392 - std[70759c8f55707aa4]::panicking::panic_handler::{closure#0}
[INFO] [stdout]    8:     0x60bba0d7af89 - std[70759c8f55707aa4]::sys::backtrace::__rust_end_short_backtrace::<std[70759c8f55707aa4]::panicking::panic_handler::{closure#0}, !>
[INFO] [stdout]    9:     0x60bba0d82f8d - __rustc[8fa7c3cbc660c2b3]::rust_begin_unwind
[INFO] [stdout]   10:     0x60bba0dbc3cc - core[df12db4294e9bfd3]::panicking::panic_fmt
[INFO] [stdout]   11:     0x60bba0cd1b91 - config_parity_oracle[32fbdde3b08bda01]::rust_resolution_matches_intent_and_writes_the_shared_oracle
[INFO] [stdout]   12:     0x60bba0cd32c9 - <config_parity_oracle[32fbdde3b08bda01]::rust_resolution_matches_intent_and_writes_the_shared_oracle::{closure#0} as core[df12db4294e9bfd3]::ops::function::FnOnce<()>>::call_once
[INFO] [stdout]   13:     0x60bba0cd810b - test[9d35eded1c95d3be]::__rust_begin_short_backtrace::<core[df12db4294e9bfd3]::result::Result<(), alloc[2182bb758b4b3781]::string::String>, fn() -> core[df12db4294e9bfd3]::result::Result<(), alloc[2182bb758b4b3781]::string::String>>
[INFO] [stdout]   14:     0x60bba0ce5775 - test[9d35eded1c95d3be]::run_test::{closure#0}
[INFO] [stdout]   15:     0x60bba0cdf034 - std[70759c8f55707aa4]::sys::backtrace::__rust_begin_short_backtrace::<test[9d35eded1c95d3be]::run_test::{closure#1}, ()>
[INFO] [stdout]   16:     0x60bba0ce88d2 - <std[70759c8f55707aa4]::thread::lifecycle::spawn_unchecked<test[9d35eded1c95d3be]::run_test::{closure#1}, ()>::{closure#1} as core[df12db4294e9bfd3]::ops::function::FnOnce<()>>::call_once::{shim:vtable#0}
[INFO] [stdout]   17:     0x60bba0da5769 - <std[70759c8f55707aa4]::sys::thread::unix::Thread>::new::thread_start
[INFO] [stdout]   18:     0x77a003de3dfa - <unknown>
[INFO] [stdout]   19:     0x77a003e773d4 - clone
[INFO] [stdout]   20:                0x0 - <unknown>
[INFO] [stdout] 
[INFO] [stdout] 
[INFO] [stdout] failures:
[INFO] [stdout]     rust_resolution_matches_intent_and_writes_the_shared_oracle
[INFO] [stdout] 
[INFO] [stdout] test result: FAILED. 0 passed; 1 failed; 0 ignored; 0 measured; 0 filtered out; finished in 0.00s
[INFO] [stdout] 
[INFO] [stderr] error: test failed, to rerun pass `--test config_parity_oracle`
[INFO] running `Command { std: "docker" "inspect" "dc7a93275842bf4d3ac58ad1a719b699a87b2339f2e5c73728ebd77c408c7d8a", kill_on_drop: false }`
[INFO] running `Command { std: "docker" "rm" "-f" "dc7a93275842bf4d3ac58ad1a719b699a87b2339f2e5c73728ebd77c408c7d8a", kill_on_drop: false }`
[INFO] [stdout] dc7a93275842bf4d3ac58ad1a719b699a87b2339f2e5c73728ebd77c408c7d8a
