[INFO] fetching crate degauss 0.1.8...
[INFO] testing degauss-0.1.8 against 1.100.0-beta.1+cargoflags=--release for beta-release-1.100-2
[INFO] extracting crate degauss 0.1.8 into /workspace/builds/worker-5-tc2/source
[INFO] started tweaking crates.io crate degauss 0.1.8
[INFO] finished tweaking crates.io crate degauss 0.1.8
[INFO] tweaked toml for crates.io crate degauss 0.1.8 written to /workspace/builds/worker-5-tc2/source/Cargo.toml
[INFO] validating manifest of crates.io crate degauss 0.1.8 on toolchain 1.100.0-beta.1
[INFO] running `Command { std: CARGO_HOME="/workspace/cargo-home" RUSTUP_HOME="/workspace/rustup-home" "/workspace/cargo-home/bin/cargo" "+1.100.0-beta.1" "metadata" "--manifest-path" "Cargo.toml" "--no-deps", kill_on_drop: false }`
[INFO] crate crates.io crate degauss 0.1.8 already has a lockfile, it will not be regenerated
[INFO] running `Command { std: CARGO_HOME="/workspace/cargo-home" RUSTUP_HOME="/workspace/rustup-home" "/workspace/cargo-home/bin/cargo" "+1.100.0-beta.1" "fetch" "--manifest-path" "Cargo.toml", kill_on_drop: false }`
[INFO] [stderr] warning: `package.homepage` is redundant with `package.repository`
[INFO] [stderr]   --> Cargo.toml:44:12
[INFO] [stderr]    |
[INFO] [stderr] 44 | homepage = "https://github.com/vertexclique/degauss"
[INFO] [stderr]    |            ^^^^^^^^^^^^^^^^^^^^^^^^^^^^^^^^^^^^^^^^^
[INFO] [stderr] ...
[INFO] [stderr] 49 | repository = "https://github.com/vertexclique/degauss"
[INFO] [stderr]    |              -----------------------------------------
[INFO] [stderr]    |
[INFO] [stderr]    = note: `cargo::redundant_homepage` is set to `warn` by default
[INFO] [stderr] help: consider removing `package.homepage`
[INFO] [stderr] warning: `degauss` (manifest) generated 1 warning
[INFO] running `Command { std: "docker" "create" "-v" "/var/lib/crater-agent-workspace/builds/worker-5-tc2/source:/opt/rustwide/workdir:ro,Z" "-v" "/var/lib/crater-agent-workspace/builds/worker-5-tc2/target:/opt/rustwide/target:rw,Z" "-v" "/var/lib/crater-agent-workspace/cargo-home:/opt/rustwide/cargo-home:ro,Z" "-v" "/var/lib/crater-agent-workspace/rustup-home:/opt/rustwide/rustup-home:ro,Z" "-m" "1610612736" "--network" "none" "ghcr.io/rust-lang/crates-build-env/linux@sha256:77db811e55d90add9212f6832c23229e3de5f1c1f9905e8cb07319ea15df73ac" "sleep" "infinity", kill_on_drop: false }`
[INFO] [stdout] b912525ce3734ac1e0ad552616a7fb79132c102e8d4a34ad52257399da611f73
[INFO] running `Command { std: "docker" "start" "b912525ce3734ac1e0ad552616a7fb79132c102e8d4a34ad52257399da611f73", kill_on_drop: false }`
[INFO] running `Command { std: "docker" "inspect" "b912525ce3734ac1e0ad552616a7fb79132c102e8d4a34ad52257399da611f73", kill_on_drop: false }`
[INFO] running `Command { std: "docker" "exec" "-e" "SOURCE_DIR=/opt/rustwide/workdir" "-e" "CARGO_HOME=/opt/rustwide/cargo-home" "-e" "RUSTUP_HOME=/opt/rustwide/rustup-home" "-e" "CARGO_TARGET_DIR=/opt/rustwide/target" "-w" "/opt/rustwide/workdir" "--user" "0:0" "b912525ce3734ac1e0ad552616a7fb79132c102e8d4a34ad52257399da611f73" "/opt/rustwide/cargo-home/bin/cargo" "+1.100.0-beta.1" "metadata" "--no-deps" "--format-version=1", kill_on_drop: false }`
[INFO] running `Command { std: "docker" "inspect" "b912525ce3734ac1e0ad552616a7fb79132c102e8d4a34ad52257399da611f73", kill_on_drop: false }`
[INFO] running `Command { std: "docker" "exec" "-e" "SOURCE_DIR=/opt/rustwide/workdir" "-e" "CARGO_HOME=/opt/rustwide/cargo-home" "-e" "RUSTUP_HOME=/opt/rustwide/rustup-home" "-e" "CARGO_TARGET_DIR=/opt/rustwide/target" "-e" "CARGO_INCREMENTAL=0" "-e" "RUST_BACKTRACE=full" "-e" "RUSTFLAGS=--cap-lints=warn" "-e" "RUSTDOCFLAGS=--cap-lints=warn" "-w" "/opt/rustwide/workdir" "--user" "0:0" "b912525ce3734ac1e0ad552616a7fb79132c102e8d4a34ad52257399da611f73" "/opt/rustwide/cargo-home/bin/cargo" "+1.100.0-beta.1" "build" "--frozen" "--message-format=json" "--release", kill_on_drop: false }`
[INFO] [stderr] warning: `package.homepage` is redundant with `package.repository`
[INFO] [stderr]   --> Cargo.toml:44:12
[INFO] [stderr]    |
[INFO] [stderr] 44 | homepage = "https://github.com/vertexclique/degauss"
[INFO] [stderr]    |            ^^^^^^^^^^^^^^^^^^^^^^^^^^^^^^^^^^^^^^^^^
[INFO] [stderr] ...
[INFO] [stderr] 49 | repository = "https://github.com/vertexclique/degauss"
[INFO] [stderr]    |              -----------------------------------------
[INFO] [stderr]    |
[INFO] [stderr]    = note: `cargo::redundant_homepage` is set to `warn` by default
[INFO] [stderr] help: consider removing `package.homepage`
[INFO] [stderr] warning: `degauss` (manifest) generated 1 warning
[INFO] [stderr]    Compiling proc-macro2 v1.0.56
[INFO] [stderr]    Compiling unicode-ident v1.0.8
[INFO] [stderr]    Compiling quote v1.0.26
[INFO] [stderr]    Compiling libc v0.2.142
[INFO] [stderr]    Compiling syn v1.0.109
[INFO] [stderr]    Compiling cc v1.0.79
[INFO] [stderr]    Compiling pkg-config v0.3.26
[INFO] [stderr]    Compiling typenum v1.16.0
[INFO] [stderr]    Compiling serde_derive v1.0.160
[INFO] [stderr]    Compiling rustversion v1.0.12
[INFO] [stderr]    Compiling crossbeam-utils v0.8.15
[INFO] [stderr]    Compiling serde v1.0.160
[INFO] [stderr]    Compiling generic-array v0.14.7
[INFO] [stderr]    Compiling num-traits v0.2.15
[INFO] [stderr]    Compiling signal-hook v0.3.15
[INFO] [stderr]    Compiling parking_lot_core v0.9.7
[INFO] [stderr]    Compiling unicode-segmentation v1.10.1
[INFO] [stderr]    Compiling num-integer v0.1.45
[INFO] [stderr]    Compiling once_cell v1.17.1
[INFO] [stderr]    Compiling itoa v1.0.6
[INFO] [stderr]    Compiling serde_json v1.0.96
[INFO] [stderr]    Compiling unicode-width v0.1.10
[INFO] [stderr]    Compiling tracing-core v0.1.30
[INFO] [stderr]    Compiling num-bigint v0.4.3
[INFO] [stderr]    Compiling ppv-lite86 v0.2.17
[INFO] [stderr]    Compiling curl v0.4.44
[INFO] [stderr]    Compiling openssl-src v111.25.3+1.1.1t
[INFO] [stderr]    Compiling thiserror v1.0.40
[INFO] [stderr]    Compiling heck v0.3.3
[INFO] [stderr]    Compiling rle-decode-fast v1.0.3
[INFO] [stderr]    Compiling ryu v1.0.13
[INFO] [stderr]    Compiling libflate_lz77 v1.2.0
[INFO] [stderr]    Compiling textwrap v0.11.0
[INFO] [stderr]    Compiling bytes v1.4.0
[INFO] [stderr]    Compiling strsim v0.8.0
[INFO] [stderr]    Compiling isahc v1.7.2
[INFO] [stderr]    Compiling byteorder v1.4.3
[INFO] [stderr]    Compiling vec_map v0.8.2
[INFO] [stderr]    Compiling libnghttp2-sys v0.1.7+1.45.0
[INFO] [stderr]    Compiling openssl-sys v0.9.87
[INFO] [stderr]    Compiling libz-sys v1.1.8
[INFO] [stderr]    Compiling curl-sys v0.4.61+curl-8.0.1
[INFO] [stderr]    Compiling signal-hook-registry v1.4.1
[INFO] [stderr]    Compiling syn v2.0.15
[INFO] [stderr]    Compiling getrandom v0.2.9
[INFO] [stderr]    Compiling mio v0.8.6
[INFO] [stderr]    Compiling proc-macro-error-attr v1.0.4
[INFO] [stderr]    Compiling concurrent-queue v2.2.0
[INFO] [stderr]    Compiling rand_core v0.6.4
[INFO] [stderr]    Compiling async-channel v1.8.0
[INFO] [stderr]    Compiling parking_lot v0.12.1
[INFO] [stderr]    Compiling socket2 v0.4.9
[INFO] [stderr]    Compiling atty v0.2.14
[INFO] [stderr]    Compiling regex-syntax v0.7.1
[INFO] [stderr]    Compiling rand_chacha v0.3.1
[INFO] [stderr]    Compiling signal-hook-mio v0.2.3
[INFO] [stderr]    Compiling strum v0.24.1
[INFO] [stderr]    Compiling ansi_term v0.12.1
[INFO] [stderr]    Compiling paw-raw v1.0.0
[INFO] [stderr]    Compiling clap v2.34.0
[INFO] [stderr]    Compiling futures-lite v1.13.0
[INFO] [stderr]    Compiling crossterm v0.25.0
[INFO] [stderr]    Compiling sluice v0.5.5
[INFO] [stderr]    Compiling rand v0.8.5
[INFO] [stderr]    Compiling http v0.2.9
[INFO] [stderr]    Compiling polling v2.8.0
[INFO] [stderr]    Compiling libflate v1.3.0
[INFO] [stderr]    Compiling encoding_rs v0.8.32
[INFO] [stderr]    Compiling castaway v0.1.2
[INFO] [stderr]    Compiling block-buffer v0.10.4
[INFO] [stderr]    Compiling crypto-common v0.1.6
[INFO] [stderr]    Compiling digest v0.10.6
[INFO] [stderr]    Compiling regex v1.8.1
[INFO] [stderr]    Compiling proc-macro-error v1.0.4
[INFO] [stderr]    Compiling tracing-attributes v0.1.24
[INFO] [stderr]    Compiling thiserror-impl v1.0.40
[INFO] [stderr]    Compiling pin-project-internal v1.0.12
[INFO] [stderr]    Compiling strum_macros v0.24.3
[INFO] [stderr]    Compiling zerocopy-derive v0.3.2
[INFO] [stderr]    Compiling paw-attributes v1.0.2
[INFO] [stderr]    Compiling structopt-derive v0.4.18
[INFO] [stderr]    Compiling strum_macros v0.23.1
[INFO] [stderr]    Compiling tracing v0.1.38
[INFO] [stderr]    Compiling typed-builder v0.10.0
[INFO] [stderr]    Compiling paw v1.0.0
[INFO] [stderr]    Compiling zerocopy v0.6.1
[INFO] [stderr]    Compiling comfy-table v6.1.4
[INFO] [stderr]    Compiling strum v0.23.0
[INFO] [stderr]    Compiling structopt v0.3.26
[INFO] [stderr]    Compiling pin-project v1.0.12
[INFO] [stderr]    Compiling tracing-futures v0.2.5
[INFO] [stderr]    Compiling uuid v1.3.1
[INFO] [stderr]    Compiling apache-avro v0.14.0
[INFO] [stderr]    Compiling degauss v0.1.8 (/opt/rustwide/workdir)
[INFO] [stderr]     Finished `release` profile [optimized] target(s) in 2m 28s
[INFO] running `Command { std: "docker" "inspect" "b912525ce3734ac1e0ad552616a7fb79132c102e8d4a34ad52257399da611f73", kill_on_drop: false }`
[INFO] running `Command { std: "docker" "exec" "-e" "SOURCE_DIR=/opt/rustwide/workdir" "-e" "CARGO_HOME=/opt/rustwide/cargo-home" "-e" "RUSTUP_HOME=/opt/rustwide/rustup-home" "-e" "CARGO_TARGET_DIR=/opt/rustwide/target" "-e" "CARGO_INCREMENTAL=0" "-e" "RUST_BACKTRACE=full" "-e" "RUSTFLAGS=--cap-lints=warn" "-e" "RUSTDOCFLAGS=--cap-lints=warn" "-w" "/opt/rustwide/workdir" "--user" "0:0" "b912525ce3734ac1e0ad552616a7fb79132c102e8d4a34ad52257399da611f73" "/opt/rustwide/cargo-home/bin/cargo" "+1.100.0-beta.1" "test" "--frozen" "--no-run" "--message-format=json" "--release", kill_on_drop: false }`
[INFO] [stderr] warning: `package.homepage` is redundant with `package.repository`
[INFO] [stderr]   --> Cargo.toml:44:12
[INFO] [stderr]    |
[INFO] [stderr] 44 | homepage = "https://github.com/vertexclique/degauss"
[INFO] [stderr]    |            ^^^^^^^^^^^^^^^^^^^^^^^^^^^^^^^^^^^^^^^^^
[INFO] [stderr] ...
[INFO] [stderr] 49 | repository = "https://github.com/vertexclique/degauss"
[INFO] [stderr]    |              -----------------------------------------
[INFO] [stderr]    |
[INFO] [stderr]    = note: `cargo::redundant_homepage` is set to `warn` by default
[INFO] [stderr] help: consider removing `package.homepage`
[INFO] [stderr] warning: `degauss` (manifest) generated 1 warning
[INFO] [stderr]    Compiling degauss v0.1.8 (/opt/rustwide/workdir)
[INFO] [stderr]     Finished `release` profile [optimized] target(s) in 4.80s
[INFO] running `Command { std: "docker" "inspect" "b912525ce3734ac1e0ad552616a7fb79132c102e8d4a34ad52257399da611f73", kill_on_drop: false }`
[INFO] running `Command { std: "docker" "exec" "-e" "SOURCE_DIR=/opt/rustwide/workdir" "-e" "CARGO_HOME=/opt/rustwide/cargo-home" "-e" "RUSTUP_HOME=/opt/rustwide/rustup-home" "-e" "CARGO_TARGET_DIR=/opt/rustwide/target" "-e" "CARGO_INCREMENTAL=0" "-e" "RUST_BACKTRACE=full" "-e" "RUSTFLAGS=--cap-lints=warn" "-e" "RUSTDOCFLAGS=--cap-lints=warn" "-w" "/opt/rustwide/workdir" "--user" "0:0" "b912525ce3734ac1e0ad552616a7fb79132c102e8d4a34ad52257399da611f73" "/opt/rustwide/cargo-home/bin/cargo" "+1.100.0-beta.1" "test" "--frozen" "--release", kill_on_drop: false }`
[INFO] [stderr] warning: `package.homepage` is redundant with `package.repository`
[INFO] [stderr]   --> Cargo.toml:44:12
[INFO] [stderr]    |
[INFO] [stderr] 44 | homepage = "https://github.com/vertexclique/degauss"
[INFO] [stderr]    |            ^^^^^^^^^^^^^^^^^^^^^^^^^^^^^^^^^^^^^^^^^
[INFO] [stderr] ...
[INFO] [stderr] 49 | repository = "https://github.com/vertexclique/degauss"
[INFO] [stderr]    |              -----------------------------------------
[INFO] [stderr]    |
[INFO] [stderr]    = note: `cargo::redundant_homepage` is set to `warn` by default
[INFO] [stderr] help: consider removing `package.homepage`
[INFO] [stderr] warning: `degauss` (manifest) generated 1 warning
[INFO] [stderr]     Finished `release` profile [optimized] target(s) in 0.14s
[INFO] [stderr]      Running unittests src/lib.rs (/opt/rustwide/target/release/build/degauss/2b0bc270233d561d/out/degauss-2b0bc270233d561d)
[INFO] [stdout] 
[INFO] [stdout] running 4 tests
[INFO] [stdout] test schema_registry::client::tests::test_register_schema ... FAILED
[INFO] [stdout] test schema_registry::client::tests::test_set_and_get_schema ... FAILED
[INFO] [stdout] test schema_registry::client::tests::test_check_registrycompatibility ... FAILED
[INFO] [stdout] test schema_registry::client::tests::test_set_schema ... FAILED
[INFO] [stdout] 
[INFO] [stdout] failures:
[INFO] [stdout] 
[INFO] [stdout] ---- schema_registry::client::tests::test_register_schema stdout ----
[INFO] [stdout] 
[INFO] [stdout] thread 'schema_registry::client::tests::test_register_schema' (9316) panicked at src/schema_registry/client.rs:224:65:
[INFO] [stdout] called `Result::unwrap()` on an `Err` value: NotPresent
[INFO] [stdout] stack backtrace:
[INFO] [stdout]    0:     0x645ca4092d31 - <<std[617be2ca0a6fd877]::sys::backtrace::BacktraceLock>::print::DisplayBacktrace as core[a373ad73a504971]::fmt::Display>::fmt
[INFO] [stdout]    1:     0x645ca40a8f2a - core[a373ad73a504971]::fmt::write
[INFO] [stdout]    2:     0x645ca409701c - <alloc[2e1b2a31b91974c5]::vec::Vec<u8> as core[a373ad73a504971]::io::write::Write>::write_fmt
[INFO] [stdout]    3:     0x645ca406ebe6 - std[617be2ca0a6fd877]::panicking::default_hook::{closure#0}
[INFO] [stdout]    4:     0x645ca408b239 - std[617be2ca0a6fd877]::panicking::default_hook
[INFO] [stdout]    5:     0x645ca3d6c130 - test[aada8e7e76ba119b]::test_main_inner::{closure#0}
[INFO] [stdout]    6:     0x645ca408b3f2 - std[617be2ca0a6fd877]::panicking::panic_with_hook
[INFO] [stdout]    7:     0x645ca406ec92 - std[617be2ca0a6fd877]::panicking::panic_handler::{closure#0}
[INFO] [stdout]    8:     0x645ca4067979 - std[617be2ca0a6fd877]::sys::backtrace::__rust_end_short_backtrace::<std[617be2ca0a6fd877]::panicking::panic_handler::{closure#0}, !>
[INFO] [stdout]    9:     0x645ca406f89d - __rustc[ea4f61d10b84890b]::rust_begin_unwind
[INFO] [stdout]   10:     0x645ca40a970c - core[a373ad73a504971]::panicking::panic_fmt
[INFO] [stdout]   11:     0x645ca40a94e2 - core[a373ad73a504971]::result::unwrap_failed
[INFO] [stdout]   12:     0x645ca3d592d2 - degauss[55600e9d4a76f284]::schema_registry::client::tests::test_client
[INFO] [stdout]   13:     0x645ca3d5a44a - <degauss[55600e9d4a76f284]::schema_registry::client::tests::test_register_schema::{closure#0} as core[a373ad73a504971]::ops::function::FnOnce<()>>::call_once
[INFO] [stdout]   14:     0x645ca3d5f57b - test[aada8e7e76ba119b]::__rust_begin_short_backtrace::<core[a373ad73a504971]::result::Result<(), alloc[2e1b2a31b91974c5]::string::String>, fn() -> core[a373ad73a504971]::result::Result<(), alloc[2e1b2a31b91974c5]::string::String>>
[INFO] [stdout]   15:     0x645ca3d6c755 - test[aada8e7e76ba119b]::run_test::{closure#0}
[INFO] [stdout]   16:     0x645ca3d66044 - std[617be2ca0a6fd877]::sys::backtrace::__rust_begin_short_backtrace::<test[aada8e7e76ba119b]::run_test::{closure#1}, ()>
[INFO] [stdout]   17:     0x645ca3d6f7e2 - <std[617be2ca0a6fd877]::thread::lifecycle::spawn_unchecked<test[aada8e7e76ba119b]::run_test::{closure#1}, ()>::{closure#1} as core[a373ad73a504971]::ops::function::FnOnce<()>>::call_once::{shim:vtable#0}
[INFO] [stdout]   18:     0x645ca409255f - <std[617be2ca0a6fd877]::sys::thread::unix::Thread>::new::thread_start
[INFO] [stdout]   19:     0x70145445edfa - <unknown>
[INFO] [stdout]   20:     0x7014544f23d4 - clone
[INFO] [stdout]   21:                0x0 - <unknown>
[INFO] [stdout] 
[INFO] [stdout] ---- schema_registry::client::tests::test_set_and_get_schema stdout ----
[INFO] [stdout] 
[INFO] [stdout] thread 'schema_registry::client::tests::test_set_and_get_schema' (9317) panicked at src/schema_registry/client.rs:224:65:
[INFO] [stdout] called `Result::unwrap()` on an `Err` value: NotPresent
[INFO] [stdout] stack backtrace:
[INFO] [stdout]    0:     0x645ca4092d31 - <<std[617be2ca0a6fd877]::sys::backtrace::BacktraceLock>::print::DisplayBacktrace as core[a373ad73a504971]::fmt::Display>::fmt
[INFO] [stdout]    1:     0x645ca40a8f2a - core[a373ad73a504971]::fmt::write
[INFO] [stdout]    2:     0x645ca409701c - <alloc[2e1b2a31b91974c5]::vec::Vec<u8> as core[a373ad73a504971]::io::write::Write>::write_fmt
[INFO] [stdout]    3:     0x645ca406ebe6 - std[617be2ca0a6fd877]::panicking::default_hook::{closure#0}
[INFO] [stdout]    4:     0x645ca408b239 - std[617be2ca0a6fd877]::panicking::default_hook
[INFO] [stdout]    5:     0x645ca3d6c130 - test[aada8e7e76ba119b]::test_main_inner::{closure#0}
[INFO] [stdout]    6:     0x645ca408b3f2 - std[617be2ca0a6fd877]::panicking::panic_with_hook
[INFO] [stdout]    7:     0x645ca406ec92 - std[617be2ca0a6fd877]::panicking::panic_handler::{closure#0}
[INFO] [stdout]    8:     0x645ca4067979 - std[617be2ca0a6fd877]::sys::backtrace::__rust_end_short_backtrace::<std[617be2ca0a6fd877]::panicking::panic_handler::{closure#0}, !>
[INFO] [stdout]    9:     0x645ca406f89d - __rustc[ea4f61d10b84890b]::rust_begin_unwind
[INFO] [stdout]   10:     0x645ca40a970c - core[a373ad73a504971]::panicking::panic_fmt
[INFO] [stdout]   11:     0x645ca40a94e2 - core[a373ad73a504971]::result::unwrap_failed
[INFO] [stdout]   12:     0x645ca3d592d2 - degauss[55600e9d4a76f284]::schema_registry::client::tests::test_client
[INFO] [stdout]   13:     0x645ca3d5a6a1 - <degauss[55600e9d4a76f284]::schema_registry::client::tests::test_set_and_get_schema::{closure#0} as core[a373ad73a504971]::ops::function::FnOnce<()>>::call_once
[INFO] [stdout]   14:     0x645ca3d5f57b - test[aada8e7e76ba119b]::__rust_begin_short_backtrace::<core[a373ad73a504971]::result::Result<(), alloc[2e1b2a31b91974c5]::string::String>, fn() -> core[a373ad73a504971]::result::Result<(), alloc[2e1b2a31b91974c5]::string::String>>
[INFO] [stdout]   15:     0x645ca3d6c755 - test[aada8e7e76ba119b]::run_test::{closure#0}
[INFO] [stdout]   16:     0x645ca3d66044 - std[617be2ca0a6fd877]::sys::backtrace::__rust_begin_short_backtrace::<test[aada8e7e76ba119b]::run_test::{closure#1}, ()>
[INFO] [stdout]   17:     0x645ca3d6f7e2 - <std[617be2ca0a6fd877]::thread::lifecycle::spawn_unchecked<test[aada8e7e76ba119b]::run_test::{closure#1}, ()>::{closure#1} as core[a373ad73a504971]::ops::function::FnOnce<()>>::call_once::{shim:vtable#0}
[INFO] [stdout]   18:     0x645ca409255f - <std[617be2ca0a6fd877]::sys::thread::unix::Thread>::new::thread_start
[INFO] [stdout]   19:     0x70145445edfa - <unknown>
[INFO] [stdout]   20:     0x7014544f23d4 - clone
[INFO] [stdout]   21:                0x0 - <unknown>
[INFO] [stdout] 
[INFO] [stdout] ---- schema_registry::client::tests::test_check_registrycompatibility stdout ----
[INFO] [stdout] 
[INFO] [stdout] thread 'schema_registry::client::tests::test_check_registrycompatibility' (9315) panicked at src/schema_registry/client.rs:224:65:
[INFO] [stdout] called `Result::unwrap()` on an `Err` value: NotPresent
[INFO] [stdout] stack backtrace:
[INFO] [stdout]    0:     0x645ca4092d31 - <<std[617be2ca0a6fd877]::sys::backtrace::BacktraceLock>::print::DisplayBacktrace as core[a373ad73a504971]::fmt::Display>::fmt
[INFO] [stdout]    1:     0x645ca40a8f2a - core[a373ad73a504971]::fmt::write
[INFO] [stdout]    2:     0x645ca409701c - <alloc[2e1b2a31b91974c5]::vec::Vec<u8> as core[a373ad73a504971]::io::write::Write>::write_fmt
[INFO] [stdout]    3:     0x645ca406ebe6 - std[617be2ca0a6fd877]::panicking::default_hook::{closure#0}
[INFO] [stdout]    4:     0x645ca408b239 - std[617be2ca0a6fd877]::panicking::default_hook
[INFO] [stdout]    5:     0x645ca3d6c130 - test[aada8e7e76ba119b]::test_main_inner::{closure#0}
[INFO] [stdout]    6:     0x645ca408b3f2 - std[617be2ca0a6fd877]::panicking::panic_with_hook
[INFO] [stdout]    7:     0x645ca406ec92 - std[617be2ca0a6fd877]::panicking::panic_handler::{closure#0}
[INFO] [stdout]    8:     0x645ca4067979 - std[617be2ca0a6fd877]::sys::backtrace::__rust_end_short_backtrace::<std[617be2ca0a6fd877]::panicking::panic_handler::{closure#0}, !>
[INFO] [stdout]    9:     0x645ca406f89d - __rustc[ea4f61d10b84890b]::rust_begin_unwind
[INFO] [stdout]   10:     0x645ca40a970c - core[a373ad73a504971]::panicking::panic_fmt
[INFO] [stdout]   11:     0x645ca40a94e2 - core[a373ad73a504971]::result::unwrap_failed
[INFO] [stdout]   12:     0x645ca3d592d2 - degauss[55600e9d4a76f284]::schema_registry::client::tests::test_client
[INFO] [stdout]   13:     0x645ca3d5aadc - <degauss[55600e9d4a76f284]::schema_registry::client::tests::test_check_registrycompatibility::{closure#0} as core[a373ad73a504971]::ops::function::FnOnce<()>>::call_once
[INFO] [stdout]   14:     0x645ca3d5f57b - test[aada8e7e76ba119b]::__rust_begin_short_backtrace::<core[a373ad73a504971]::result::Result<(), alloc[2e1b2a31b91974c5]::string::String>, fn() -> core[a373ad73a504971]::result::Result<(), alloc[2e1b2a31b91974c5]::string::String>>
[INFO] [stdout]   15:     0x645ca3d6c755 - test[aada8e7e76ba119b]::run_test::{closure#0}
[INFO] [stdout]   16:     0x645ca3d66044 - std[617be2ca0a6fd877]::sys::backtrace::__rust_begin_short_backtrace::<test[aada8e7e76ba119b]::run_test::{closure#1}, ()>
[INFO] [stdout]   17:     0x645ca3d6f7e2 - <std[617be2ca0a6fd877]::thread::lifecycle::spawn_unchecked<test[aada8e7e76ba119b]::run_test::{closure#1}, ()>::{closure#1} as core[a373ad73a504971]::ops::function::FnOnce<()>>::call_once::{shim:vtable#0}
[INFO] [stdout]   18:     0x645ca409255f - <std[617be2ca0a6fd877]::sys::thread::unix::Thread>::new::thread_start
[INFO] [stdout]   19:     0x70145445edfa - <unknown>
[INFO] [stdout]   20:     0x7014544f23d4 - clone
[INFO] [stdout]   21:                0x0 - <unknown>
[INFO] [stdout] 
[INFO] [stdout] ---- schema_registry::client::tests::test_set_schema stdout ----
[INFO] [stdout] 
[INFO] [stdout] thread 'schema_registry::client::tests::test_set_schema' (9318) panicked at src/schema_registry/client.rs:224:65:
[INFO] [stdout] called `Result::unwrap()` on an `Err` value: NotPresent
[INFO] [stdout] stack backtrace:
[INFO] [stdout]    0:     0x645ca4092d31 - <<std[617be2ca0a6fd877]::sys::backtrace::BacktraceLock>::print::DisplayBacktrace as core[a373ad73a504971]::fmt::Display>::fmt
[INFO] [stdout]    1:     0x645ca40a8f2a - core[a373ad73a504971]::fmt::write
[INFO] [stdout]    2:     0x645ca409701c - <alloc[2e1b2a31b91974c5]::vec::Vec<u8> as core[a373ad73a504971]::io::write::Write>::write_fmt
[INFO] [stdout]    3:     0x645ca406ebe6 - std[617be2ca0a6fd877]::panicking::default_hook::{closure#0}
[INFO] [stdout]    4:     0x645ca408b239 - std[617be2ca0a6fd877]::panicking::default_hook
[INFO] [stdout]    5:     0x645ca3d6c130 - test[aada8e7e76ba119b]::test_main_inner::{closure#0}
[INFO] [stdout]    6:     0x645ca408b3f2 - std[617be2ca0a6fd877]::panicking::panic_with_hook
[INFO] [stdout]    7:     0x645ca406ec92 - std[617be2ca0a6fd877]::panicking::panic_handler::{closure#0}
[INFO] [stdout]    8:     0x645ca4067979 - std[617be2ca0a6fd877]::sys::backtrace::__rust_end_short_backtrace::<std[617be2ca0a6fd877]::panicking::panic_handler::{closure#0}, !>
[INFO] [stdout]    9:     0x645ca406f89d - __rustc[ea4f61d10b84890b]::rust_begin_unwind
[INFO] [stdout]   10:     0x645ca40a970c - core[a373ad73a504971]::panicking::panic_fmt
[INFO] [stdout]   11:     0x645ca40a94e2 - core[a373ad73a504971]::result::unwrap_failed
[INFO] [stdout]   12:     0x645ca3d592d2 - degauss[55600e9d4a76f284]::schema_registry::client::tests::test_client
[INFO] [stdout]   13:     0x645ca3d5a191 - <degauss[55600e9d4a76f284]::schema_registry::client::tests::test_set_schema::{closure#0} as core[a373ad73a504971]::ops::function::FnOnce<()>>::call_once
[INFO] [stdout]   14:     0x645ca3d5f57b - test[aada8e7e76ba119b]::__rust_begin_short_backtrace::<core[a373ad73a504971]::result::Result<(), alloc[2e1b2a31b91974c5]::string::String>, fn() -> core[a373ad73a504971]::result::Result<(), alloc[2e1b2a31b91974c5]::string::String>>
[INFO] [stdout]   15:     0x645ca3d6c755 - test[aada8e7e76ba119b]::run_test::{closure#0}
[INFO] [stdout]   16:     0x645ca3d66044 - std[617be2ca0a6fd877]::sys::backtrace::__rust_begin_short_backtrace::<test[aada8e7e76ba119b]::run_test::{closure#1}, ()>
[INFO] [stdout]   17:     0x645ca3d6f7e2 - <std[617be2ca0a6fd877]::thread::lifecycle::spawn_unchecked<test[aada8e7e76ba119b]::run_test::{closure#1}, ()>::{closure#1} as core[a373ad73a504971]::ops::function::FnOnce<()>>::call_once::{shim:vtable#0}
[INFO] [stdout]   18:     0x645ca409255f - <std[617be2ca0a6fd877]::sys::thread::unix::Thread>::new::thread_start
[INFO] [stdout]   19:     0x70145445edfa - <unknown>
[INFO] [stdout]   20:     0x7014544f23d4 - clone
[INFO] [stdout]   21:                0x0 - <unknown>
[INFO] [stdout] 
[INFO] [stdout] 
[INFO] [stdout] failures:
[INFO] [stdout]     schema_registry::client::tests::test_check_registrycompatibility
[INFO] [stdout]     schema_registry::client::tests::test_register_schema
[INFO] [stdout]     schema_registry::client::tests::test_set_and_get_schema
[INFO] [stdout]     schema_registry::client::tests::test_set_schema
[INFO] [stdout] 
[INFO] [stdout] test result: FAILED. 0 passed; 4 failed; 0 ignored; 0 measured; 0 filtered out; finished in 0.01s
[INFO] [stdout] 
[INFO] [stderr] error: test failed, to rerun pass `--lib`
[INFO] running `Command { std: "docker" "inspect" "b912525ce3734ac1e0ad552616a7fb79132c102e8d4a34ad52257399da611f73", kill_on_drop: false }`
[INFO] running `Command { std: "docker" "rm" "-f" "b912525ce3734ac1e0ad552616a7fb79132c102e8d4a34ad52257399da611f73", kill_on_drop: false }`
[INFO] [stdout] b912525ce3734ac1e0ad552616a7fb79132c102e8d4a34ad52257399da611f73
