[INFO] fetching crate deft-simplecss 0.3.1...
[INFO] testing deft-simplecss-0.3.1 against 1.99.0-beta.8+cargoflags=--release for beta-release-1.100-2
[INFO] extracting crate deft-simplecss 0.3.1 into /workspace/builds/worker-3-tc1/source
[INFO] started tweaking crates.io crate deft-simplecss 0.3.1
[INFO] removed 0 missing examples
[INFO] removed 0 missing tests
[INFO] finished tweaking crates.io crate deft-simplecss 0.3.1
[INFO] tweaked toml for crates.io crate deft-simplecss 0.3.1 written to /workspace/builds/worker-3-tc1/source/Cargo.toml
[INFO] validating manifest of crates.io crate deft-simplecss 0.3.1 on toolchain 1.99.0-beta.8
[INFO] running `Command { std: CARGO_HOME="/workspace/cargo-home" RUSTUP_HOME="/workspace/rustup-home" "/workspace/cargo-home/bin/cargo" "+1.99.0-beta.8" "metadata" "--manifest-path" "Cargo.toml" "--no-deps", kill_on_drop: false }`
[INFO] crate crates.io crate deft-simplecss 0.3.1 already has a lockfile, it will not be regenerated
[INFO] running `Command { std: CARGO_HOME="/workspace/cargo-home" RUSTUP_HOME="/workspace/rustup-home" "/workspace/cargo-home/bin/cargo" "+1.99.0-beta.8" "fetch" "--manifest-path" "Cargo.toml", kill_on_drop: false }`
[INFO] running `Command { std: "docker" "create" "-v" "/var/lib/crater-agent-workspace/builds/worker-3-tc1/source:/opt/rustwide/workdir:ro,Z" "-v" "/var/lib/crater-agent-workspace/builds/worker-3-tc1/target:/opt/rustwide/target:rw,Z" "-v" "/var/lib/crater-agent-workspace/cargo-home:/opt/rustwide/cargo-home:ro,Z" "-v" "/var/lib/crater-agent-workspace/rustup-home:/opt/rustwide/rustup-home:ro,Z" "-m" "1610612736" "--network" "none" "ghcr.io/rust-lang/crates-build-env/linux@sha256:77db811e55d90add9212f6832c23229e3de5f1c1f9905e8cb07319ea15df73ac" "sleep" "infinity", kill_on_drop: false }`
[INFO] [stdout] 0effea5e981415a38e06cd6cf29f6d1a47079435b4e377aedd4dcbb787a4dc0e
[INFO] running `Command { std: "docker" "start" "0effea5e981415a38e06cd6cf29f6d1a47079435b4e377aedd4dcbb787a4dc0e", kill_on_drop: false }`
[INFO] running `Command { std: "docker" "inspect" "0effea5e981415a38e06cd6cf29f6d1a47079435b4e377aedd4dcbb787a4dc0e", kill_on_drop: false }`
[INFO] running `Command { std: "docker" "exec" "-e" "SOURCE_DIR=/opt/rustwide/workdir" "-e" "CARGO_HOME=/opt/rustwide/cargo-home" "-e" "RUSTUP_HOME=/opt/rustwide/rustup-home" "-e" "CARGO_TARGET_DIR=/opt/rustwide/target" "-w" "/opt/rustwide/workdir" "--user" "0:0" "0effea5e981415a38e06cd6cf29f6d1a47079435b4e377aedd4dcbb787a4dc0e" "/opt/rustwide/cargo-home/bin/cargo" "+1.99.0-beta.8" "metadata" "--no-deps" "--format-version=1", kill_on_drop: false }`
[INFO] running `Command { std: "docker" "inspect" "0effea5e981415a38e06cd6cf29f6d1a47079435b4e377aedd4dcbb787a4dc0e", kill_on_drop: false }`
[INFO] running `Command { std: "docker" "exec" "-e" "SOURCE_DIR=/opt/rustwide/workdir" "-e" "CARGO_HOME=/opt/rustwide/cargo-home" "-e" "RUSTUP_HOME=/opt/rustwide/rustup-home" "-e" "CARGO_TARGET_DIR=/opt/rustwide/target" "-e" "CARGO_INCREMENTAL=0" "-e" "RUST_BACKTRACE=full" "-e" "RUSTFLAGS=--cap-lints=warn" "-e" "RUSTDOCFLAGS=--cap-lints=warn" "-w" "/opt/rustwide/workdir" "--user" "0:0" "0effea5e981415a38e06cd6cf29f6d1a47079435b4e377aedd4dcbb787a4dc0e" "/opt/rustwide/cargo-home/bin/cargo" "+1.99.0-beta.8" "build" "--frozen" "--message-format=json" "--release", kill_on_drop: false }`
[INFO] [stderr]    Compiling deft-simplecss v0.3.1 (/opt/rustwide/workdir)
[INFO] [stdout] warning: missing documentation for a method
[INFO] [stdout]    --> src/selector.rs:171:5
[INFO] [stdout]     |
[INFO] [stdout] 171 |     pub fn source(&self) -> &'a str {
[INFO] [stdout]     |     ^^^^^^^^^^^^^^^^^^^^^^^^^^^^^^^
[INFO] [stdout]     |
[INFO] [stdout]     = note: requested on the command line with `-W missing-docs`
[INFO] [stdout] 
[INFO] [stdout] 
[INFO] [stderr]     Finished `release` profile [optimized] target(s) in 1.58s
[INFO] running `Command { std: "docker" "inspect" "0effea5e981415a38e06cd6cf29f6d1a47079435b4e377aedd4dcbb787a4dc0e", kill_on_drop: false }`
[INFO] running `Command { std: "docker" "exec" "-e" "SOURCE_DIR=/opt/rustwide/workdir" "-e" "CARGO_HOME=/opt/rustwide/cargo-home" "-e" "RUSTUP_HOME=/opt/rustwide/rustup-home" "-e" "CARGO_TARGET_DIR=/opt/rustwide/target" "-e" "CARGO_INCREMENTAL=0" "-e" "RUST_BACKTRACE=full" "-e" "RUSTFLAGS=--cap-lints=warn" "-e" "RUSTDOCFLAGS=--cap-lints=warn" "-w" "/opt/rustwide/workdir" "--user" "0:0" "0effea5e981415a38e06cd6cf29f6d1a47079435b4e377aedd4dcbb787a4dc0e" "/opt/rustwide/cargo-home/bin/cargo" "+1.99.0-beta.8" "test" "--frozen" "--no-run" "--message-format=json" "--release", kill_on_drop: false }`
[INFO] [stderr]    Compiling env_filter v0.1.3
[INFO] [stderr]    Compiling roxmltree v0.20.0
[INFO] [stdout] warning: missing documentation for a method
[INFO] [stdout]    --> src/selector.rs:171:5
[INFO] [stdout]     |
[INFO] [stdout] 171 |     pub fn source(&self) -> &'a str {
[INFO] [stdout]     |     ^^^^^^^^^^^^^^^^^^^^^^^^^^^^^^^
[INFO] [stdout]     |
[INFO] [stdout]     = note: requested on the command line with `-W missing-docs`
[INFO] [stdout] 
[INFO] [stdout] 
[INFO] [stderr]    Compiling env_logger v0.11.8
[INFO] [stderr]    Compiling deft-simplecss v0.3.1 (/opt/rustwide/workdir)
[INFO] [stdout] warning: missing documentation for a method
[INFO] [stdout]    --> src/selector.rs:171:5
[INFO] [stdout]     |
[INFO] [stdout] 171 |     pub fn source(&self) -> &'a str {
[INFO] [stdout]     |     ^^^^^^^^^^^^^^^^^^^^^^^^^^^^^^^
[INFO] [stdout]     |
[INFO] [stdout]     = note: requested on the command line with `-W missing-docs`
[INFO] [stdout] 
[INFO] [stdout] 
[INFO] [stderr]     Finished `release` profile [optimized] target(s) in 6.93s
[INFO] running `Command { std: "docker" "inspect" "0effea5e981415a38e06cd6cf29f6d1a47079435b4e377aedd4dcbb787a4dc0e", kill_on_drop: false }`
[INFO] running `Command { std: "docker" "exec" "-e" "SOURCE_DIR=/opt/rustwide/workdir" "-e" "CARGO_HOME=/opt/rustwide/cargo-home" "-e" "RUSTUP_HOME=/opt/rustwide/rustup-home" "-e" "CARGO_TARGET_DIR=/opt/rustwide/target" "-e" "CARGO_INCREMENTAL=0" "-e" "RUST_BACKTRACE=full" "-e" "RUSTFLAGS=--cap-lints=warn" "-e" "RUSTDOCFLAGS=--cap-lints=warn" "-w" "/opt/rustwide/workdir" "--user" "0:0" "0effea5e981415a38e06cd6cf29f6d1a47079435b4e377aedd4dcbb787a4dc0e" "/opt/rustwide/cargo-home/bin/cargo" "+1.99.0-beta.8" "test" "--frozen" "--release", kill_on_drop: false }`
[INFO] [stderr] warning: missing documentation for a method
[INFO] [stderr]    --> src/selector.rs:171:5
[INFO] [stderr]     |
[INFO] [stderr] 171 |     pub fn source(&self) -> &'a str {
[INFO] [stderr]     |     ^^^^^^^^^^^^^^^^^^^^^^^^^^^^^^^
[INFO] [stderr]     |
[INFO] [stderr]     = note: requested on the command line with `-W missing-docs`
[INFO] [stderr] 
[INFO] [stderr] warning: `deft-simplecss` (lib) generated 1 warning
[INFO] [stderr] warning: `deft-simplecss` (lib test) generated 1 warning (1 duplicate)
[INFO] [stderr]     Finished `release` profile [optimized] target(s) in 0.03s
[INFO] [stderr]      Running unittests src/lib.rs (/opt/rustwide/target/release/deps/deft_simplecss-807600a716e4459a)
[INFO] [stdout] 
[INFO] [stdout] running 0 tests
[INFO] [stdout] 
[INFO] [stdout] test result: ok. 0 passed; 0 failed; 0 ignored; 0 measured; 0 filtered out; finished in 0.00s
[INFO] [stdout] 
[INFO] [stderr]      Running tests/declaration_tokenizer.rs (/opt/rustwide/target/release/deps/declaration_tokenizer-0441c61268ca829b)
[INFO] [stdout] 
[INFO] [stdout] running 34 tests
[INFO] [stdout] test tokenize_02 ... ok
[INFO] [stdout] test tokenize_08 ... ok
[INFO] [stdout] test tokenize_04 ... ok
[INFO] [stdout] test tokenize_09 ... ok
[INFO] [stdout] test tokenize_10 ... ok
[INFO] [stdout] test tokenize_01 ... ok
[INFO] [stdout] test tokenize_03 ... ok
[INFO] [stdout] test tokenize_13 ... ok
[INFO] [stdout] test tokenize_16 ... ok
[INFO] [stdout] test tokenize_17 ... ok
[INFO] [stdout] test tokenize_11 ... ok
[INFO] [stdout] test tokenize_14 ... ok
[INFO] [stdout] test tokenize_12 ... ok
[INFO] [stdout] test tokenize_05 ... ok
[INFO] [stdout] test tokenize_07 ... ok
[INFO] [stdout] test tokenize_15 ... ok
[INFO] [stdout] test tokenize_19 ... ok
[INFO] [stdout] test tokenize_20 ... ok
[INFO] [stdout] test tokenize_21 ... ok
[INFO] [stdout] test tokenize_06 ... ok
[INFO] [stdout] test tokenize_18 ... ok
[INFO] [stdout] test tokenize_22 ... ok
[INFO] [stdout] test tokenize_23 ... ok
[INFO] [stdout] test tokenize_24 ... ok
[INFO] [stdout] test tokenize_25 ... ok
[INFO] [stdout] test tokenize_27 ... ok
[INFO] [stdout] test tokenize_28 ... ok
[INFO] [stdout] test tokenize_29 ... ok
[INFO] [stdout] test tokenize_33 ... ok
[INFO] [stdout] test tokenize_34 ... ok
[INFO] [stdout] test tokenize_26 ... ok
[INFO] [stdout] test tokenize_32 ... ok
[INFO] [stdout] test tokenize_30 ... ok
[INFO] [stderr]      Running tests/select.rs (/opt/rustwide/target/release/deps/select-bfc58c8562521ab5)
[INFO] [stdout] test tokenize_31 ... ok
[INFO] [stdout] 
[INFO] [stdout] test result: ok. 34 passed; 0 failed; 0 ignored; 0 measured; 0 filtered out; finished in 0.01s
[INFO] [stdout] 
[INFO] [stdout] 
[INFO] [stdout] running 31 tests
[INFO] [stdout] test select_04 ... ok
[INFO] [stdout] test select_01 ... ok
[INFO] [stdout] test select_07 ... ok
[INFO] [stdout] test select_02 ... ok
[INFO] [stdout] test select_08 ... ok
[INFO] [stdout] test select_03 ... ok
[INFO] [stdout] test select_05 ... ok
[INFO] [stdout] test select_06 ... ok
[INFO] [stdout] test select_10 ... ok
[INFO] [stdout] test select_09 ... ok
[INFO] [stdout] test select_11 ... ok
[INFO] [stdout] test select_13 ... ok
[INFO] [stdout] test select_17 ... ok
[INFO] [stdout] test select_14 ... ok
[INFO] [stdout] test select_18 ... ok
[INFO] [stdout] test select_15 ... ok
[INFO] [stdout] test select_12 ... ok
[INFO] [stdout] test select_16 ... ok
[INFO] [stdout] test select_19 ... ok
[INFO] [stdout] test select_20 ... ok
[INFO] [stdout] test select_21 ... ok
[INFO] [stdout] test select_24 ... ok
[INFO] [stdout] test select_30 ... ok
[INFO] [stdout] test select_27 ... ok
[INFO] [stdout] test select_28 ... ok
[INFO] [stdout] test select_29 ... ok
[INFO] [stdout] test select_22 ... ok
[INFO] [stdout] test select_23 ... ok
[INFO] [stdout] test select_25 ... ok
[INFO] [stdout] test select_26 ... ok
[INFO] [stdout] test to_string ... ok
[INFO] [stdout] 
[INFO] [stdout] test result: ok. 31 passed; 0 failed; 0 ignored; 0 measured; 0 filtered out; finished in 0.00s
[INFO] [stdout] 
[INFO] [stderr]      Running tests/selector_tokenizer.rs (/opt/rustwide/target/release/deps/selector_tokenizer-c244b1b3027eec82)
[INFO] [stdout] 
[INFO] [stdout] running 74 tests
[INFO] [stdout] test comment_04 ... ok
[INFO] [stdout] test comment_06 ... ok
[INFO] [stdout] test comment_11 ... ok
[INFO] [stdout] test comment_09 ... ok
[INFO] [stdout] test comment_12 ... ok
[INFO] [stdout] test malformed_01 ... ok
[INFO] [stdout] test malformed_02 ... ok
[INFO] [stdout] test malformed_04 ... ok
[INFO] [stdout] test malformed_05 ... ok
[INFO] [stdout] test malformed_06 ... ok
[INFO] [stdout] test comment_05 ... ok
[INFO] [stdout] test comment_02 ... ok
[INFO] [stdout] test comment_08 ... ok
[INFO] [stdout] test comment_03 ... ok
[INFO] [stdout] test comment_10 ... ok
[INFO] [stdout] test malformed_08 ... ok
[INFO] [stdout] test malformed_09 ... ok
[INFO] [stdout] test malformed_10 ... ok
[INFO] [stdout] test malformed_12 ... ok
[INFO] [stdout] test malformed_13 ... ok
[INFO] [stdout] test malformed_15 ... ok
[INFO] [stdout] test malformed_11 ... ok
[INFO] [stdout] test malformed_16 ... ok
[INFO] [stdout] test malformed_17 ... ok
[INFO] [stdout] test malformed_18 ... ok
[INFO] [stdout] test tokenize_01 ... ok
[INFO] [stdout] test tokenize_02 ... ok
[INFO] [stdout] test tokenize_03 ... ok
[INFO] [stdout] test tokenize_04 ... ok
[INFO] [stdout] test tokenize_06 ... ok
[INFO] [stdout] test tokenize_07 ... ok
[INFO] [stdout] test tokenize_08 ... ok
[INFO] [stdout] test tokenize_09 ... ok
[INFO] [stdout] test malformed_14 ... FAILED
[INFO] [stdout] test tokenize_10 ... ok
[INFO] [stdout] test tokenize_11 ... ok
[INFO] [stdout] test tokenize_05 ... ok
[INFO] [stdout] test tokenize_12 ... ok
[INFO] [stdout] test comment_01 ... ok
[INFO] [stdout] test malformed_03 ... ok
[INFO] [stdout] test tokenize_17 ... ok
[INFO] [stdout] test tokenize_20 ... ok
[INFO] [stdout] test tokenize_16 ... ok
[INFO] [stdout] test malformed_07 ... ok
[INFO] [stdout] test tokenize_22 ... ok
[INFO] [stdout] test tokenize_14 ... ok
[INFO] [stdout] test tokenize_23 ... ok
[INFO] [stdout] test tokenize_19 ... ok
[INFO] [stdout] test tokenize_24 ... ok
[INFO] [stdout] test tokenize_21 ... ok
[INFO] [stdout] test tokenize_13 ... ok
[INFO] [stdout] test tokenize_15 ... ok
[INFO] [stdout] test tokenize_18 ... ok
[INFO] [stdout] test tokenize_26 ... ok
[INFO] [stdout] test tokenize_29 ... ok
[INFO] [stdout] test tokenize_27 ... ok
[INFO] [stdout] test tokenize_30 ... ok
[INFO] [stdout] test tokenize_28 ... ok
[INFO] [stdout] test tokenize_32 ... ok
[INFO] [stdout] test tokenize_25 ... ok
[INFO] [stdout] test tokenize_31 ... ok
[INFO] [stdout] test tokenize_39 ... ok
[INFO] [stdout] test tokenize_40 ... ok
[INFO] [stdout] test tokenize_36 ... ok
[INFO] [stdout] test tokenize_33 ... ok
[INFO] [stdout] test tokenize_35 ... ok
[INFO] [stdout] test tokenize_38 ... ok
[INFO] [stdout] test tokenize_41 ... ok
[INFO] [stdout] test tokenize_44 ... ok
[INFO] [stdout] test tokenize_45 ... ok
[INFO] [stdout] test tokenize_42 ... ok
[INFO] [stdout] test tokenize_43 ... ok
[INFO] [stdout] test tokenize_34 ... ok
[INFO] [stdout] test tokenize_37 ... ok
[INFO] [stdout] 
[INFO] [stdout] failures:
[INFO] [stdout] 
[INFO] [stdout] ---- malformed_14 stdout ----
[INFO] [stdout] 
[INFO] [stdout] thread 'malformed_14' (433) panicked at tests/selector_tokenizer.rs:357:1:
[INFO] [stdout] internal error: entered unreachable code
[INFO] [stdout] stack backtrace:
[INFO] [stdout]    0:     0x578ec7e904b1 - <<std[70759c8f55707aa4]::sys::backtrace::BacktraceLock>::print::DisplayBacktrace as core[df12db4294e9bfd3]::fmt::Display>::fmt
[INFO] [stdout]    1:     0x578ec7ea483a - core[df12db4294e9bfd3]::fmt::write
[INFO] [stdout]    2:     0x578ec7e9494c - <alloc[2182bb758b4b3781]::vec::Vec<u8> as core[df12db4294e9bfd3]::io::write::Write>::write_fmt
[INFO] [stdout]    3:     0x578ec7e6caa6 - std[70759c8f55707aa4]::panicking::default_hook::{closure#0}
[INFO] [stdout]    4:     0x578ec7e88c19 - std[70759c8f55707aa4]::panicking::default_hook
[INFO] [stdout]    5:     0x578ec7e23b10 - test[9d35eded1c95d3be]::test_main_inner::<test[9d35eded1c95d3be]::test_main_static::{closure#0}>::{closure#0}
[INFO] [stdout]    6:     0x578ec7e88dd2 - std[70759c8f55707aa4]::panicking::panic_with_hook
[INFO] [stdout]    7:     0x578ec7e6cb84 - std[70759c8f55707aa4]::panicking::panic_handler::{closure#0}
[INFO] [stdout]    8:     0x578ec7e658d9 - std[70759c8f55707aa4]::sys::backtrace::__rust_end_short_backtrace::<std[70759c8f55707aa4]::panicking::panic_handler::{closure#0}, !>
[INFO] [stdout]    9:     0x578ec7e6d74d - __rustc[8fa7c3cbc660c2b3]::rust_begin_unwind
[INFO] [stdout]   10:     0x578ec7ea4f6c - core[df12db4294e9bfd3]::panicking::panic_fmt
[INFO] [stdout]   11:     0x578ec7ea4f32 - core[df12db4294e9bfd3]::panicking::panic
[INFO] [stdout]   12:     0x578ec7e164b5 - <selector_tokenizer[4f7fd102a84695eb]::malformed_14::{closure#0} as core[df12db4294e9bfd3]::ops::function::FnOnce<()>>::call_once
[INFO] [stdout]   13:     0x578ec7e16dfb - test[9d35eded1c95d3be]::__rust_begin_short_backtrace::<core[df12db4294e9bfd3]::result::Result<(), alloc[2182bb758b4b3781]::string::String>, fn() -> core[df12db4294e9bfd3]::result::Result<(), alloc[2182bb758b4b3781]::string::String>>
[INFO] [stdout]   14:     0x578ec7e24465 - test[9d35eded1c95d3be]::run_test::{closure#0}
[INFO] [stdout]   15:     0x578ec7e1dd24 - std[70759c8f55707aa4]::sys::backtrace::__rust_begin_short_backtrace::<test[9d35eded1c95d3be]::run_test::{closure#1}, ()>
[INFO] [stdout]   16:     0x578ec7e275c2 - <std[70759c8f55707aa4]::thread::lifecycle::spawn_unchecked<test[9d35eded1c95d3be]::run_test::{closure#1}, ()>::{closure#1} as core[df12db4294e9bfd3]::ops::function::FnOnce<()>>::call_once::{shim:vtable#0}
[INFO] [stdout]   17:     0x578ec7e8fd89 - <std[70759c8f55707aa4]::sys::thread::unix::Thread>::new::thread_start
[INFO] [stdout]   18:     0x7bc5b780bdfa - <unknown>
[INFO] [stdout]   19:     0x7bc5b789f3d4 - clone
[INFO] [stdout]   20:                0x0 - <unknown>
[INFO] [stdout] 
[INFO] [stdout] 
[INFO] [stdout] failures:
[INFO] [stdout]     malformed_14
[INFO] [stdout] 
[INFO] [stdout] test result: FAILED. 73 passed; 1 failed; 0 ignored; 0 measured; 0 filtered out; finished in 0.22s
[INFO] [stdout] 
[INFO] [stderr] error: test failed, to rerun pass `--test selector_tokenizer`
[INFO] running `Command { std: "docker" "inspect" "0effea5e981415a38e06cd6cf29f6d1a47079435b4e377aedd4dcbb787a4dc0e", kill_on_drop: false }`
[INFO] running `Command { std: "docker" "rm" "-f" "0effea5e981415a38e06cd6cf29f6d1a47079435b4e377aedd4dcbb787a4dc0e", kill_on_drop: false }`
[INFO] [stdout] 0effea5e981415a38e06cd6cf29f6d1a47079435b4e377aedd4dcbb787a4dc0e
