[INFO] fetching crate defmt-ringbuf 1.0.0...
[INFO] testing defmt-ringbuf-1.0.0 against 1.100.0-beta.1+cargoflags=--release for beta-release-1.100-2
[INFO] extracting crate defmt-ringbuf 1.0.0 into /workspace/builds/worker-5-tc2/source
[INFO] started tweaking crates.io crate defmt-ringbuf 1.0.0
[INFO] finished tweaking crates.io crate defmt-ringbuf 1.0.0
[INFO] tweaked toml for crates.io crate defmt-ringbuf 1.0.0 written to /workspace/builds/worker-5-tc2/source/Cargo.toml
[INFO] validating manifest of crates.io crate defmt-ringbuf 1.0.0 on toolchain 1.100.0-beta.1
[INFO] running `Command { std: CARGO_HOME="/workspace/cargo-home" RUSTUP_HOME="/workspace/rustup-home" "/workspace/cargo-home/bin/cargo" "+1.100.0-beta.1" "metadata" "--manifest-path" "Cargo.toml" "--no-deps", kill_on_drop: false }`
[INFO] crate crates.io crate defmt-ringbuf 1.0.0 already has a lockfile, it will not be regenerated
[INFO] running `Command { std: CARGO_HOME="/workspace/cargo-home" RUSTUP_HOME="/workspace/rustup-home" "/workspace/cargo-home/bin/cargo" "+1.100.0-beta.1" "fetch" "--manifest-path" "Cargo.toml", kill_on_drop: false }`
[INFO] running `Command { std: "docker" "create" "-v" "/var/lib/crater-agent-workspace/builds/worker-5-tc2/source:/opt/rustwide/workdir:ro,Z" "-v" "/var/lib/crater-agent-workspace/builds/worker-5-tc2/target:/opt/rustwide/target:rw,Z" "-v" "/var/lib/crater-agent-workspace/cargo-home:/opt/rustwide/cargo-home:ro,Z" "-v" "/var/lib/crater-agent-workspace/rustup-home:/opt/rustwide/rustup-home:ro,Z" "-m" "1610612736" "--network" "none" "ghcr.io/rust-lang/crates-build-env/linux@sha256:77db811e55d90add9212f6832c23229e3de5f1c1f9905e8cb07319ea15df73ac" "sleep" "infinity", kill_on_drop: false }`
[INFO] [stdout] c2c32edf1f2b3b49d169f37a00e80a0813c1d70eeda04b6809911e72dccf4300
[INFO] running `Command { std: "docker" "start" "c2c32edf1f2b3b49d169f37a00e80a0813c1d70eeda04b6809911e72dccf4300", kill_on_drop: false }`
[INFO] running `Command { std: "docker" "inspect" "c2c32edf1f2b3b49d169f37a00e80a0813c1d70eeda04b6809911e72dccf4300", kill_on_drop: false }`
[INFO] running `Command { std: "docker" "exec" "-e" "SOURCE_DIR=/opt/rustwide/workdir" "-e" "CARGO_HOME=/opt/rustwide/cargo-home" "-e" "RUSTUP_HOME=/opt/rustwide/rustup-home" "-e" "CARGO_TARGET_DIR=/opt/rustwide/target" "-w" "/opt/rustwide/workdir" "--user" "0:0" "c2c32edf1f2b3b49d169f37a00e80a0813c1d70eeda04b6809911e72dccf4300" "/opt/rustwide/cargo-home/bin/cargo" "+1.100.0-beta.1" "metadata" "--no-deps" "--format-version=1", kill_on_drop: false }`
[INFO] running `Command { std: "docker" "inspect" "c2c32edf1f2b3b49d169f37a00e80a0813c1d70eeda04b6809911e72dccf4300", kill_on_drop: false }`
[INFO] running `Command { std: "docker" "exec" "-e" "SOURCE_DIR=/opt/rustwide/workdir" "-e" "CARGO_HOME=/opt/rustwide/cargo-home" "-e" "RUSTUP_HOME=/opt/rustwide/rustup-home" "-e" "CARGO_TARGET_DIR=/opt/rustwide/target" "-e" "CARGO_INCREMENTAL=0" "-e" "RUST_BACKTRACE=full" "-e" "RUSTFLAGS=--cap-lints=warn" "-e" "RUSTDOCFLAGS=--cap-lints=warn" "-w" "/opt/rustwide/workdir" "--user" "0:0" "c2c32edf1f2b3b49d169f37a00e80a0813c1d70eeda04b6809911e72dccf4300" "/opt/rustwide/cargo-home/bin/cargo" "+1.100.0-beta.1" "build" "--frozen" "--message-format=json" "--release", kill_on_drop: false }`
[INFO] [stderr]    Compiling syn v2.0.117
[INFO] [stderr]    Compiling semver-parser v0.7.0
[INFO] [stderr]    Compiling proc-macro-error-attr2 v2.0.0
[INFO] [stderr]    Compiling defmt-macros v1.0.1
[INFO] [stderr]    Compiling nb v1.1.0
[INFO] [stderr]    Compiling defmt v1.0.1
[INFO] [stderr]    Compiling cortex-m v0.7.7
[INFO] [stderr]    Compiling vcell v0.1.3
[INFO] [stderr]    Compiling void v1.0.2
[INFO] [stderr]    Compiling bitfield v0.13.2
[INFO] [stderr]    Compiling critical-section v1.2.0
[INFO] [stderr]    Compiling thiserror v2.0.18
[INFO] [stderr]    Compiling volatile-register v0.2.2
[INFO] [stderr]    Compiling nb v0.1.3
[INFO] [stderr]    Compiling semver v0.9.0
[INFO] [stderr]    Compiling embedded-hal v0.2.7
[INFO] [stderr]    Compiling rustc_version v0.2.3
[INFO] [stderr]    Compiling bare-metal v0.2.5
[INFO] [stderr]    Compiling proc-macro-error2 v2.0.1
[INFO] [stderr]    Compiling thiserror-impl v2.0.18
[INFO] [stderr]    Compiling defmt-parser v1.0.0
[INFO] [stderr]    Compiling defmt-ringbuf v1.0.0 (/opt/rustwide/workdir)
[INFO] [stderr]     Finished `release` profile [optimized] target(s) in 8.84s
[INFO] [stderr] warning: the following packages contain code that will be rejected by a future version of Rust: proc-macro-error2 v2.0.1
[INFO] [stderr] note: to see what the problems were, use the option `--future-incompat-report`, or run `cargo report future-incompatibilities --id 6`
[INFO] running `Command { std: "docker" "inspect" "c2c32edf1f2b3b49d169f37a00e80a0813c1d70eeda04b6809911e72dccf4300", kill_on_drop: false }`
[INFO] running `Command { std: "docker" "exec" "-e" "SOURCE_DIR=/opt/rustwide/workdir" "-e" "CARGO_HOME=/opt/rustwide/cargo-home" "-e" "RUSTUP_HOME=/opt/rustwide/rustup-home" "-e" "CARGO_TARGET_DIR=/opt/rustwide/target" "-e" "CARGO_INCREMENTAL=0" "-e" "RUST_BACKTRACE=full" "-e" "RUSTFLAGS=--cap-lints=warn" "-e" "RUSTDOCFLAGS=--cap-lints=warn" "-w" "/opt/rustwide/workdir" "--user" "0:0" "c2c32edf1f2b3b49d169f37a00e80a0813c1d70eeda04b6809911e72dccf4300" "/opt/rustwide/cargo-home/bin/cargo" "+1.100.0-beta.1" "test" "--frozen" "--no-run" "--message-format=json" "--release", kill_on_drop: false }`
[INFO] [stderr]    Compiling defmt-ringbuf v1.0.0 (/opt/rustwide/workdir)
[INFO] [stderr]     Finished `release` profile [optimized] target(s) in 0.26s
[INFO] [stderr] warning: the following packages contain code that will be rejected by a future version of Rust: proc-macro-error2 v2.0.1
[INFO] [stderr] note: to see what the problems were, use the option `--future-incompat-report`, or run `cargo report future-incompatibilities --id 6`
[INFO] running `Command { std: "docker" "inspect" "c2c32edf1f2b3b49d169f37a00e80a0813c1d70eeda04b6809911e72dccf4300", kill_on_drop: false }`
[INFO] running `Command { std: "docker" "exec" "-e" "SOURCE_DIR=/opt/rustwide/workdir" "-e" "CARGO_HOME=/opt/rustwide/cargo-home" "-e" "RUSTUP_HOME=/opt/rustwide/rustup-home" "-e" "CARGO_TARGET_DIR=/opt/rustwide/target" "-e" "CARGO_INCREMENTAL=0" "-e" "RUST_BACKTRACE=full" "-e" "RUSTFLAGS=--cap-lints=warn" "-e" "RUSTDOCFLAGS=--cap-lints=warn" "-w" "/opt/rustwide/workdir" "--user" "0:0" "c2c32edf1f2b3b49d169f37a00e80a0813c1d70eeda04b6809911e72dccf4300" "/opt/rustwide/cargo-home/bin/cargo" "+1.100.0-beta.1" "test" "--frozen" "--release", kill_on_drop: false }`
[INFO] [stderr]     Finished `release` profile [optimized] target(s) in 0.05s
[INFO] [stderr] warning: the following packages contain code that will be rejected by a future version of Rust: proc-macro-error2 v2.0.1
[INFO] [stderr] note: to see what the problems were, use the option `--future-incompat-report`, or run `cargo report future-incompatibilities --id 6`
[INFO] [stderr]      Running unittests src/lib.rs (/opt/rustwide/target/release/build/defmt-ringbuf/c06319c65d07bca0/out/defmt_ringbuf-c06319c65d07bca0)
[INFO] [stdout] 
[INFO] [stdout] running 0 tests
[INFO] [stdout] 
[INFO] [stdout] test result: ok. 0 passed; 0 failed; 0 ignored; 0 measured; 0 filtered out; finished in 0.00s
[INFO] [stdout] 
[INFO] [stderr]    Doc-tests defmt_ringbuf
[INFO] [stdout] 
[INFO] [stdout] running 1 test
[INFO] [stdout] test src/lib.rs - (line 9) ... FAILED
[INFO] [stdout] 
[INFO] [stdout] failures:
[INFO] [stdout] 
[INFO] [stdout] ---- src/lib.rs - (line 9) stdout ----
[INFO] [stdout] error: cannot find attribute `entry` in this scope
[INFO] [stdout]   --> src/lib.rs:16:3
[INFO] [stdout]    |
[INFO] [stdout] 16 | #[entry]
[INFO] [stdout]    |   ^^^^^
[INFO] [stdout] 
[INFO] [stdout] error[E0308]: mismatched types
[INFO] [stdout]   --> src/lib.rs:18:5
[INFO] [stdout]    |
[INFO] [stdout] 18 | /     unsafe {
[INFO] [stdout] 19 | |         defmt_ringbuf::init(&mut LOG, || ());
[INFO] [stdout] 20 | |     }
[INFO] [stdout]    | |_____^ expected `!`, found `()`
[INFO] [stdout]    |
[INFO] [stdout]    = note:   expected type `!`
[INFO] [stdout]            found unit type `()`
[INFO] [stdout] 
[INFO] [stdout] error: aborting due to 2 previous errors
[INFO] [stdout] 
[INFO] [stdout] For more information about this error, try `rustc --explain E0308`.
[INFO] [stdout] Couldn't compile the test.
[INFO] [stdout] 
[INFO] [stdout] failures:
[INFO] [stdout]     src/lib.rs - (line 9)
[INFO] [stdout] 
[INFO] [stdout] test result: FAILED. 0 passed; 1 failed; 0 ignored; 0 measured; 0 filtered out; finished in 0.08s
[INFO] [stdout] 
[INFO] [stderr] error: doctest failed, to rerun pass `--doc`
[INFO] running `Command { std: "docker" "inspect" "c2c32edf1f2b3b49d169f37a00e80a0813c1d70eeda04b6809911e72dccf4300", kill_on_drop: false }`
[INFO] running `Command { std: "docker" "rm" "-f" "c2c32edf1f2b3b49d169f37a00e80a0813c1d70eeda04b6809911e72dccf4300", kill_on_drop: false }`
[INFO] [stdout] c2c32edf1f2b3b49d169f37a00e80a0813c1d70eeda04b6809911e72dccf4300
