[INFO] fetching crate deflect 0.1.0...
[INFO] testing deflect-0.1.0 against 1.99.0-beta.8+cargoflags=--release for beta-release-1.100-2
[INFO] extracting crate deflect 0.1.0 into /workspace/builds/worker-0-tc1/source
[INFO] removed /workspace/builds/worker-0-tc1/source/.cargo/config.toml
[INFO] started tweaking crates.io crate deflect 0.1.0
[INFO] finished tweaking crates.io crate deflect 0.1.0
[INFO] tweaked toml for crates.io crate deflect 0.1.0 written to /workspace/builds/worker-0-tc1/source/Cargo.toml
[INFO] validating manifest of crates.io crate deflect 0.1.0 on toolchain 1.99.0-beta.8
[INFO] running `Command { std: CARGO_HOME="/workspace/cargo-home" RUSTUP_HOME="/workspace/rustup-home" "/workspace/cargo-home/bin/cargo" "+1.99.0-beta.8" "metadata" "--manifest-path" "Cargo.toml" "--no-deps", kill_on_drop: false }`
[INFO] crate crates.io crate deflect 0.1.0 already has a lockfile, it will not be regenerated
[INFO] running `Command { std: CARGO_HOME="/workspace/cargo-home" RUSTUP_HOME="/workspace/rustup-home" "/workspace/cargo-home/bin/cargo" "+1.99.0-beta.8" "fetch" "--manifest-path" "Cargo.toml", kill_on_drop: false }`
[INFO] [stderr]     Updating crates.io index
[INFO] [stderr]  Downloading crates ...
[INFO] [stderr]   Downloaded thiserror-impl v1.0.37
[INFO] [stderr]   Downloaded quickcheck_macros v1.0.0
[INFO] [stderr]   Downloaded stable_deref_trait v1.2.0
[INFO] [stderr]   Downloaded unicode-ident v1.0.5
[INFO] [stderr]   Downloaded quote v1.0.21
[INFO] [stderr]   Downloaded getrandom v0.2.8
[INFO] [stderr]   Downloaded either v1.8.0
[INFO] [stderr]   Downloaded scopeguard v1.1.0
[INFO] [stderr]   Downloaded thiserror v1.0.37
[INFO] [stderr]   Downloaded version_check v0.1.5
[INFO] [stderr]   Downloaded procmaps v0.4.1
[INFO] [stderr]   Downloaded parking_lot_core v0.9.5
[INFO] [stderr]   Downloaded fallible-iterator v0.2.0
[INFO] [stderr]   Downloaded once_cell v1.16.0
[INFO] [stderr]   Downloaded quickcheck v1.0.3
[INFO] [stderr]   Downloaded log v0.4.17
[INFO] [stderr]   Downloaded dashmap v5.4.0
[INFO] [stderr]   Downloaded redox_syscall v0.2.16
[INFO] [stderr]   Downloaded lock_api v0.4.9
[INFO] [stderr]   Downloaded proc-macro2 v1.0.47
[INFO] [stderr]   Downloaded rustc-demangle v0.1.21
[INFO] [stderr]   Downloaded env_logger v0.8.4
[INFO] [stderr]   Downloaded memmap2 v0.5.8
[INFO] [stderr]   Downloaded smallvec v1.10.0
[INFO] [stderr]   Downloaded anyhow v1.0.66
[INFO] [stderr]   Downloaded addr2line v0.17.0
[INFO] [stderr]   Downloaded crc32fast v1.3.2
[INFO] [stderr]   Downloaded syn v1.0.105
[INFO] [stderr]   Downloaded miniz_oxide v0.6.2
[INFO] [stderr]   Downloaded memchr v2.5.0
[INFO] [stderr]   Downloaded flate2 v1.0.25
[INFO] [stderr]   Downloaded cpp_demangle v0.3.5
[INFO] [stderr]   Downloaded rand v0.8.5
[INFO] [stderr]   Downloaded aho-corasick v0.7.20
[INFO] [stderr]   Downloaded nom v4.2.3
[INFO] [stderr]   Downloaded object v0.27.1
[INFO] [stderr]   Downloaded regex v1.7.0
[INFO] [stderr]   Downloaded regex-syntax v0.6.28
[INFO] [stderr]   Downloaded windows_x86_64_gnullvm v0.42.0
[INFO] [stderr]   Downloaded windows_aarch64_gnullvm v0.42.0
[INFO] [stderr]   Downloaded windows_x86_64_msvc v0.42.0
[INFO] [stderr]   Downloaded libc v0.2.137
[INFO] [stderr]   Downloaded windows_i686_gnu v0.42.0
[INFO] [stderr]   Downloaded windows_aarch64_msvc v0.42.0
[INFO] [stderr]   Downloaded windows_x86_64_gnu v0.42.0
[INFO] [stderr]   Downloaded gimli v0.26.2
[INFO] [stderr]   Downloaded windows_i686_msvc v0.42.0
[INFO] [stderr]   Downloaded windows-sys v0.42.0
[INFO] running `Command { std: "docker" "create" "-v" "/var/lib/crater-agent-workspace/builds/worker-0-tc1/source:/opt/rustwide/workdir:ro,Z" "-v" "/var/lib/crater-agent-workspace/builds/worker-0-tc1/target:/opt/rustwide/target:rw,Z" "-v" "/var/lib/crater-agent-workspace/cargo-home:/opt/rustwide/cargo-home:ro,Z" "-v" "/var/lib/crater-agent-workspace/rustup-home:/opt/rustwide/rustup-home:ro,Z" "-m" "1610612736" "--network" "none" "ghcr.io/rust-lang/crates-build-env/linux@sha256:77db811e55d90add9212f6832c23229e3de5f1c1f9905e8cb07319ea15df73ac" "sleep" "infinity", kill_on_drop: false }`
[INFO] [stdout] 588f562de0987bfd7cd3aa7643e2aa1622f594ff60023d6ec02896310e8615f0
[INFO] running `Command { std: "docker" "start" "588f562de0987bfd7cd3aa7643e2aa1622f594ff60023d6ec02896310e8615f0", kill_on_drop: false }`
[INFO] running `Command { std: "docker" "inspect" "588f562de0987bfd7cd3aa7643e2aa1622f594ff60023d6ec02896310e8615f0", kill_on_drop: false }`
[INFO] running `Command { std: "docker" "exec" "-e" "SOURCE_DIR=/opt/rustwide/workdir" "-e" "CARGO_HOME=/opt/rustwide/cargo-home" "-e" "RUSTUP_HOME=/opt/rustwide/rustup-home" "-e" "CARGO_TARGET_DIR=/opt/rustwide/target" "-w" "/opt/rustwide/workdir" "--user" "0:0" "588f562de0987bfd7cd3aa7643e2aa1622f594ff60023d6ec02896310e8615f0" "/opt/rustwide/cargo-home/bin/cargo" "+1.99.0-beta.8" "metadata" "--no-deps" "--format-version=1", kill_on_drop: false }`
[INFO] running `Command { std: "docker" "inspect" "588f562de0987bfd7cd3aa7643e2aa1622f594ff60023d6ec02896310e8615f0", kill_on_drop: false }`
[INFO] running `Command { std: "docker" "exec" "-e" "SOURCE_DIR=/opt/rustwide/workdir" "-e" "CARGO_HOME=/opt/rustwide/cargo-home" "-e" "RUSTUP_HOME=/opt/rustwide/rustup-home" "-e" "CARGO_TARGET_DIR=/opt/rustwide/target" "-e" "CARGO_INCREMENTAL=0" "-e" "RUST_BACKTRACE=full" "-e" "RUSTFLAGS=--cap-lints=warn" "-e" "RUSTDOCFLAGS=--cap-lints=warn" "-w" "/opt/rustwide/workdir" "--user" "0:0" "588f562de0987bfd7cd3aa7643e2aa1622f594ff60023d6ec02896310e8615f0" "/opt/rustwide/cargo-home/bin/cargo" "+1.99.0-beta.8" "build" "--frozen" "--message-format=json" "--release", kill_on_drop: false }`
[INFO] [stderr]    Compiling cfg-if v1.0.0
[INFO] [stderr]    Compiling proc-macro2 v1.0.47
[INFO] [stderr]    Compiling libc v0.2.137
[INFO] [stderr]    Compiling memchr v2.5.0
[INFO] [stderr]    Compiling quote v1.0.21
[INFO] [stderr]    Compiling unicode-ident v1.0.5
[INFO] [stderr]    Compiling crc32fast v1.3.2
[INFO] [stderr]    Compiling autocfg v1.1.0
[INFO] [stderr]    Compiling version_check v0.1.5
[INFO] [stderr]    Compiling syn v1.0.105
[INFO] [stderr]    Compiling adler v1.0.2
[INFO] [stderr]    Compiling smallvec v1.10.0
[INFO] [stderr]    Compiling cpp_demangle v0.3.5
[INFO] [stderr]    Compiling parking_lot_core v0.9.5
[INFO] [stderr]    Compiling anyhow v1.0.66
[INFO] [stderr]    Compiling stable_deref_trait v1.2.0
[INFO] [stderr]    Compiling thiserror v1.0.37
[INFO] [stderr]    Compiling fallible-iterator v0.2.0
[INFO] [stderr]    Compiling scopeguard v1.1.0
[INFO] [stderr]    Compiling miniz_oxide v0.6.2
[INFO] [stderr]    Compiling once_cell v1.16.0
[INFO] [stderr]    Compiling hashbrown v0.12.3
[INFO] [stderr]    Compiling rustc-demangle v0.1.21
[INFO] [stderr]    Compiling either v1.8.0
[INFO] [stderr]    Compiling nom v4.2.3
[INFO] [stderr]    Compiling itertools v0.10.5
[INFO] [stderr]    Compiling flate2 v1.0.25
[INFO] [stderr]    Compiling lock_api v0.4.9
[INFO] [stderr]    Compiling gimli v0.26.2
[INFO] [stderr]    Compiling object v0.27.1
[INFO] [stderr]    Compiling memmap2 v0.5.8
[INFO] [stderr]    Compiling dashmap v5.4.0
[INFO] [stderr]    Compiling procmaps v0.4.1
[INFO] [stderr]    Compiling thiserror-impl v1.0.37
[INFO] [stderr]    Compiling addr2line v0.17.0
[INFO] [stderr]    Compiling deflect v0.1.0 (/opt/rustwide/workdir)
[INFO] [stdout] warning: non-local `impl` definition, `impl` blocks should be written at the same level as their item
[INFO] [stdout]    --> src/lib.rs:232:5
[INFO] [stdout]     |
[INFO] [stdout] 231 | pub fn default_provider() -> Result<DefaultProvider, crate::Error> {
[INFO] [stdout]     | ------------------------------------------------------------------ move the `impl` block outside of this function `default_provider`
[INFO] [stdout] 232 |     unsafe impl DebugInfoProvider for DefaultProvider {
[INFO] [stdout]     |     ^^^^^^^^^^^^-----------------^^^^^---------------
[INFO] [stdout]     |                 |                     |
[INFO] [stdout]     |                 |                     `DefaultProvider` is not local
[INFO] [stdout]     |                 `DebugInfoProvider` is not local
[INFO] [stdout]     |
[INFO] [stdout]     = note: an `impl` is never scoped, even when it is nested inside an item, as it may impact type checking outside of that item, which can be the case if neither the trait or the self type are at the same nesting level as the `impl`
[INFO] [stdout]     = note: `#[warn(non_local_definitions)]` on by default
[INFO] [stdout] 
[INFO] [stdout] 
[INFO] [stdout] warning: direct cast of function item into an integer
[INFO] [stdout]    --> src/lib.rs:255:42
[INFO] [stdout]     |
[INFO] [stdout] 255 |         <Self as Reflect>::local_type_id as usize
[INFO] [stdout]     |                                          ^^^^^^^^
[INFO] [stdout]     |
[INFO] [stdout]     = note: `#[warn(function_casts_as_integer)]` on by default
[INFO] [stdout] help: first cast to a pointer `as *const ()`
[INFO] [stdout]     |
[INFO] [stdout] 255 |         <Self as Reflect>::local_type_id as *const () as usize
[INFO] [stdout]     |                                          ++++++++++++
[INFO] [stdout] 
[INFO] [stdout] 
[INFO] [stdout] warning: hiding a lifetime that's elided elsewhere is confusing
[INFO] [stdout]    --> src/schema/enum.rs:124:34
[INFO] [stdout]     |
[INFO] [stdout] 124 |     pub fn discriminant_location(&self) -> &super::Offset<R> {
[INFO] [stdout]     |                                  ^^^^^     ^^^^^^^^^^^^^^^^^
[INFO] [stdout]     |                                  |         ||
[INFO] [stdout]     |                                  |         |the same lifetime is hidden here
[INFO] [stdout]     |                                  |         the same lifetime is elided here
[INFO] [stdout]     |                                  the lifetime is elided here
[INFO] [stdout]     |
[INFO] [stdout]     = help: the same lifetime is referred to in inconsistent ways, making the signature confusing
[INFO] [stdout]     = note: `#[warn(mismatched_lifetime_syntaxes)]` on by default
[INFO] [stdout] help: use `'_` for type paths
[INFO] [stdout]     |
[INFO] [stdout] 124 |     pub fn discriminant_location(&self) -> &super::Offset<'_, R> {
[INFO] [stdout]     |                                                           +++
[INFO] [stdout] 
[INFO] [stdout] 
[INFO] [stderr]     Finished `release` profile [optimized] target(s) in 28.18s
[INFO] [stderr] warning: the following packages contain code that will be rejected by a future version of Rust: nom v4.2.3
[INFO] [stderr] note: to see what the problems were, use the option `--future-incompat-report`, or run `cargo report future-incompatibilities --id 1`
[INFO] running `Command { std: "docker" "inspect" "588f562de0987bfd7cd3aa7643e2aa1622f594ff60023d6ec02896310e8615f0", kill_on_drop: false }`
[INFO] running `Command { std: "docker" "exec" "-e" "SOURCE_DIR=/opt/rustwide/workdir" "-e" "CARGO_HOME=/opt/rustwide/cargo-home" "-e" "RUSTUP_HOME=/opt/rustwide/rustup-home" "-e" "CARGO_TARGET_DIR=/opt/rustwide/target" "-e" "CARGO_INCREMENTAL=0" "-e" "RUST_BACKTRACE=full" "-e" "RUSTFLAGS=--cap-lints=warn" "-e" "RUSTDOCFLAGS=--cap-lints=warn" "-w" "/opt/rustwide/workdir" "--user" "0:0" "588f562de0987bfd7cd3aa7643e2aa1622f594ff60023d6ec02896310e8615f0" "/opt/rustwide/cargo-home/bin/cargo" "+1.99.0-beta.8" "test" "--frozen" "--no-run" "--message-format=json" "--release", kill_on_drop: false }`
[INFO] [stderr]    Compiling memchr v2.5.0
[INFO] [stderr]    Compiling syn v1.0.105
[INFO] [stderr]    Compiling log v0.4.17
[INFO] [stderr]    Compiling regex-syntax v0.6.28
[INFO] [stderr]    Compiling getrandom v0.2.8
[INFO] [stderr]    Compiling rand_core v0.6.4
[INFO] [stderr]    Compiling rand v0.8.5
[INFO] [stderr]    Compiling aho-corasick v0.7.20
[INFO] [stderr]    Compiling object v0.27.1
[INFO] [stderr]    Compiling nom v4.2.3
[INFO] [stderr]    Compiling procmaps v0.4.1
[INFO] [stderr]    Compiling regex v1.7.0
[INFO] [stderr]    Compiling env_logger v0.8.4
[INFO] [stderr]    Compiling thiserror-impl v1.0.37
[INFO] [stderr]    Compiling quickcheck_macros v1.0.0
[INFO] [stderr]    Compiling quickcheck v1.0.3
[INFO] [stderr]    Compiling addr2line v0.17.0
[INFO] [stderr]    Compiling thiserror v1.0.37
[INFO] [stderr]    Compiling deflect v0.1.0 (/opt/rustwide/workdir)
[INFO] [stdout] warning: non-local `impl` definition, `impl` blocks should be written at the same level as their item
[INFO] [stdout]    --> src/lib.rs:232:5
[INFO] [stdout]     |
[INFO] [stdout] 231 | pub fn default_provider() -> Result<DefaultProvider, crate::Error> {
[INFO] [stdout]     | ------------------------------------------------------------------ move the `impl` block outside of this function `default_provider`
[INFO] [stdout] 232 |     unsafe impl DebugInfoProvider for DefaultProvider {
[INFO] [stdout]     |     ^^^^^^^^^^^^-----------------^^^^^---------------
[INFO] [stdout]     |                 |                     |
[INFO] [stdout]     |                 |                     `DefaultProvider` is not local
[INFO] [stdout]     |                 `DebugInfoProvider` is not local
[INFO] [stdout]     |
[INFO] [stdout]     = note: an `impl` is never scoped, even when it is nested inside an item, as it may impact type checking outside of that item, which can be the case if neither the trait or the self type are at the same nesting level as the `impl`
[INFO] [stdout]     = note: `#[warn(non_local_definitions)]` on by default
[INFO] [stdout] 
[INFO] [stdout] 
[INFO] [stdout] warning: direct cast of function item into an integer
[INFO] [stdout]    --> src/lib.rs:255:42
[INFO] [stdout]     |
[INFO] [stdout] 255 |         <Self as Reflect>::local_type_id as usize
[INFO] [stdout]     |                                          ^^^^^^^^
[INFO] [stdout]     |
[INFO] [stdout]     = note: `#[warn(function_casts_as_integer)]` on by default
[INFO] [stdout] help: first cast to a pointer `as *const ()`
[INFO] [stdout]     |
[INFO] [stdout] 255 |         <Self as Reflect>::local_type_id as *const () as usize
[INFO] [stdout]     |                                          ++++++++++++
[INFO] [stdout] 
[INFO] [stdout] 
[INFO] [stdout] warning: hiding a lifetime that's elided elsewhere is confusing
[INFO] [stdout]    --> src/schema/enum.rs:124:34
[INFO] [stdout]     |
[INFO] [stdout] 124 |     pub fn discriminant_location(&self) -> &super::Offset<R> {
[INFO] [stdout]     |                                  ^^^^^     ^^^^^^^^^^^^^^^^^
[INFO] [stdout]     |                                  |         ||
[INFO] [stdout]     |                                  |         |the same lifetime is hidden here
[INFO] [stdout]     |                                  |         the same lifetime is elided here
[INFO] [stdout]     |                                  the lifetime is elided here
[INFO] [stdout]     |
[INFO] [stdout]     = help: the same lifetime is referred to in inconsistent ways, making the signature confusing
[INFO] [stdout]     = note: `#[warn(mismatched_lifetime_syntaxes)]` on by default
[INFO] [stdout] help: use `'_` for type paths
[INFO] [stdout]     |
[INFO] [stdout] 124 |     pub fn discriminant_location(&self) -> &super::Offset<'_, R> {
[INFO] [stdout]     |                                                           +++
[INFO] [stdout] 
[INFO] [stdout] 
[INFO] [stdout] warning: methods `foo` and `bar` are never used
[INFO] [stdout]  --> examples/dyn.rs:7:12
[INFO] [stdout]   |
[INFO] [stdout] 6 |     trait Trait {
[INFO] [stdout]   |           ----- methods in this trait
[INFO] [stdout] 7 |         fn foo(&self) {}
[INFO] [stdout]   |            ^^^
[INFO] [stdout] 8 |         fn bar(&self) {}
[INFO] [stdout]   |            ^^^
[INFO] [stdout]   |
[INFO] [stdout]   = note: `#[warn(dead_code)]` (part of `#[warn(unused)]`) on by default
[INFO] [stdout] 
[INFO] [stdout] 
[INFO] [stdout] warning: non-local `impl` definition, `impl` blocks should be written at the same level as their item
[INFO] [stdout]    --> src/lib.rs:232:5
[INFO] [stdout]     |
[INFO] [stdout] 231 | pub fn default_provider() -> Result<DefaultProvider, crate::Error> {
[INFO] [stdout]     | ------------------------------------------------------------------ move the `impl` block outside of this function `default_provider`
[INFO] [stdout] 232 |     unsafe impl DebugInfoProvider for DefaultProvider {
[INFO] [stdout]     |     ^^^^^^^^^^^^-----------------^^^^^---------------
[INFO] [stdout]     |                 |                     |
[INFO] [stdout]     |                 |                     `DefaultProvider` is not local
[INFO] [stdout]     |                 `DebugInfoProvider` is not local
[INFO] [stdout]     |
[INFO] [stdout]     = note: an `impl` is never scoped, even when it is nested inside an item, as it may impact type checking outside of that item, which can be the case if neither the trait or the self type are at the same nesting level as the `impl`
[INFO] [stdout]     = note: `#[warn(non_local_definitions)]` on by default
[INFO] [stdout] 
[INFO] [stdout] 
[INFO] [stdout] warning: direct cast of function item into an integer
[INFO] [stdout]    --> src/lib.rs:255:42
[INFO] [stdout]     |
[INFO] [stdout] 255 |         <Self as Reflect>::local_type_id as usize
[INFO] [stdout]     |                                          ^^^^^^^^
[INFO] [stdout]     |
[INFO] [stdout]     = note: `#[warn(function_casts_as_integer)]` on by default
[INFO] [stdout] help: first cast to a pointer `as *const ()`
[INFO] [stdout]     |
[INFO] [stdout] 255 |         <Self as Reflect>::local_type_id as *const () as usize
[INFO] [stdout]     |                                          ++++++++++++
[INFO] [stdout] 
[INFO] [stdout] 
[INFO] [stdout] warning: hiding a lifetime that's elided elsewhere is confusing
[INFO] [stdout]    --> src/schema/enum.rs:124:34
[INFO] [stdout]     |
[INFO] [stdout] 124 |     pub fn discriminant_location(&self) -> &super::Offset<R> {
[INFO] [stdout]     |                                  ^^^^^     ^^^^^^^^^^^^^^^^^
[INFO] [stdout]     |                                  |         ||
[INFO] [stdout]     |                                  |         |the same lifetime is hidden here
[INFO] [stdout]     |                                  |         the same lifetime is elided here
[INFO] [stdout]     |                                  the lifetime is elided here
[INFO] [stdout]     |
[INFO] [stdout]     = help: the same lifetime is referred to in inconsistent ways, making the signature confusing
[INFO] [stdout]     = note: `#[warn(mismatched_lifetime_syntaxes)]` on by default
[INFO] [stdout] help: use `'_` for type paths
[INFO] [stdout]     |
[INFO] [stdout] 124 |     pub fn discriminant_location(&self) -> &super::Offset<'_, R> {
[INFO] [stdout]     |                                                           +++
[INFO] [stdout] 
[INFO] [stdout] 
[INFO] [stdout] warning: struct `DisplayDebug` is never constructed
[INFO] [stdout]  --> tests/reflect.rs:2:8
[INFO] [stdout]   |
[INFO] [stdout] 2 | struct DisplayDebug<T>(T);
[INFO] [stdout]   |        ^^^^^^^^^^^^
[INFO] [stdout]   |
[INFO] [stdout]   = note: `#[warn(dead_code)]` (part of `#[warn(unused)]`) on by default
[INFO] [stdout] 
[INFO] [stdout] 
[INFO] [stdout] warning: field `0` is never read
[INFO] [stdout]   --> tests/reflect.rs:36:24
[INFO] [stdout]    |
[INFO] [stdout] 36 |     struct TupleStruct(u8);
[INFO] [stdout]    |            ----------- ^^
[INFO] [stdout]    |            |
[INFO] [stdout]    |            field in this struct
[INFO] [stdout]    |
[INFO] [stdout]    = help: consider removing this field
[INFO] [stdout] 
[INFO] [stdout] 
[INFO] [stderr]     Finished `release` profile [optimized] target(s) in 1m 05s
[INFO] [stderr] warning: the following packages contain code that will be rejected by a future version of Rust: nom v4.2.3
[INFO] [stderr] note: to see what the problems were, use the option `--future-incompat-report`, or run `cargo report future-incompatibilities --id 1`
[INFO] running `Command { std: "docker" "inspect" "588f562de0987bfd7cd3aa7643e2aa1622f594ff60023d6ec02896310e8615f0", kill_on_drop: false }`
[INFO] running `Command { std: "docker" "exec" "-e" "SOURCE_DIR=/opt/rustwide/workdir" "-e" "CARGO_HOME=/opt/rustwide/cargo-home" "-e" "RUSTUP_HOME=/opt/rustwide/rustup-home" "-e" "CARGO_TARGET_DIR=/opt/rustwide/target" "-e" "CARGO_INCREMENTAL=0" "-e" "RUST_BACKTRACE=full" "-e" "RUSTFLAGS=--cap-lints=warn" "-e" "RUSTDOCFLAGS=--cap-lints=warn" "-w" "/opt/rustwide/workdir" "--user" "0:0" "588f562de0987bfd7cd3aa7643e2aa1622f594ff60023d6ec02896310e8615f0" "/opt/rustwide/cargo-home/bin/cargo" "+1.99.0-beta.8" "test" "--frozen" "--release", kill_on_drop: false }`
[INFO] [stderr] warning: non-local `impl` definition, `impl` blocks should be written at the same level as their item
[INFO] [stderr]    --> src/lib.rs:232:5
[INFO] [stderr]     |
[INFO] [stderr] 231 | pub fn default_provider() -> Result<DefaultProvider, crate::Error> {
[INFO] [stderr]     | ------------------------------------------------------------------ move the `impl` block outside of this function `default_provider`
[INFO] [stderr] 232 |     unsafe impl DebugInfoProvider for DefaultProvider {
[INFO] [stderr]     |     ^^^^^^^^^^^^-----------------^^^^^---------------
[INFO] [stderr]     |                 |                     |
[INFO] [stderr]     |                 |                     `DefaultProvider` is not local
[INFO] [stderr]     |                 `DebugInfoProvider` is not local
[INFO] [stderr]     |
[INFO] [stderr]     = note: an `impl` is never scoped, even when it is nested inside an item, as it may impact type checking outside of that item, which can be the case if neither the trait or the self type are at the same nesting level as the `impl`
[INFO] [stderr]     = note: `#[warn(non_local_definitions)]` on by default
[INFO] [stderr] 
[INFO] [stderr] warning: direct cast of function item into an integer
[INFO] [stderr]    --> src/lib.rs:255:42
[INFO] [stderr]     |
[INFO] [stderr] 255 |         <Self as Reflect>::local_type_id as usize
[INFO] [stderr]     |                                          ^^^^^^^^
[INFO] [stderr]     |
[INFO] [stderr]     = note: `#[warn(function_casts_as_integer)]` on by default
[INFO] [stderr] help: first cast to a pointer `as *const ()`
[INFO] [stderr]     |
[INFO] [stderr] 255 |         <Self as Reflect>::local_type_id as *const () as usize
[INFO] [stderr]     |                                          ++++++++++++
[INFO] [stderr] 
[INFO] [stderr] warning: hiding a lifetime that's elided elsewhere is confusing
[INFO] [stderr]    --> src/schema/enum.rs:124:34
[INFO] [stderr]     |
[INFO] [stderr] 124 |     pub fn discriminant_location(&self) -> &super::Offset<R> {
[INFO] [stderr]     |                                  ^^^^^     ^^^^^^^^^^^^^^^^^
[INFO] [stderr]     |                                  |         ||
[INFO] [stderr]     |                                  |         |the same lifetime is hidden here
[INFO] [stderr]     |                                  |         the same lifetime is elided here
[INFO] [stderr]     |                                  the lifetime is elided here
[INFO] [stderr]     |
[INFO] [stderr]     = help: the same lifetime is referred to in inconsistent ways, making the signature confusing
[INFO] [stderr]     = note: `#[warn(mismatched_lifetime_syntaxes)]` on by default
[INFO] [stderr] help: use `'_` for type paths
[INFO] [stderr]     |
[INFO] [stderr] 124 |     pub fn discriminant_location(&self) -> &super::Offset<'_, R> {
[INFO] [stderr]     |                                                           +++
[INFO] [stderr] 
[INFO] [stderr] warning: `deflect` (lib) generated 3 warnings (run `cargo fix --lib -p deflect` to apply 2 suggestions)
[INFO] [stderr] warning: `deflect` (lib test) generated 3 warnings (3 duplicates)
[INFO] [stderr] warning: struct `DisplayDebug` is never constructed
[INFO] [stderr]  --> tests/reflect.rs:2:8
[INFO] [stderr]   |
[INFO] [stderr] 2 | struct DisplayDebug<T>(T);
[INFO] [stderr]   |        ^^^^^^^^^^^^
[INFO] [stderr]   |
[INFO] [stderr]   = note: `#[warn(dead_code)]` (part of `#[warn(unused)]`) on by default
[INFO] [stderr] 
[INFO] [stderr] warning: field `0` is never read
[INFO] [stderr]   --> tests/reflect.rs:36:24
[INFO] [stderr]    |
[INFO] [stderr] 36 |     struct TupleStruct(u8);
[INFO] [stderr]    |            ----------- ^^
[INFO] [stderr]    |            |
[INFO] [stderr]    |            field in this struct
[INFO] [stderr]    |
[INFO] [stderr]    = help: consider removing this field
[INFO] [stderr] 
[INFO] [stderr] warning: methods `foo` and `bar` are never used
[INFO] [stderr]  --> examples/dyn.rs:7:12
[INFO] [stderr]   |
[INFO] [stderr] 6 |     trait Trait {
[INFO] [stderr]   |           ----- methods in this trait
[INFO] [stderr] 7 |         fn foo(&self) {}
[INFO] [stderr]   |            ^^^
[INFO] [stderr] 8 |         fn bar(&self) {}
[INFO] [stderr]   |            ^^^
[INFO] [stderr]   |
[INFO] [stderr]   = note: `#[warn(dead_code)]` (part of `#[warn(unused)]`) on by default
[INFO] [stderr] 
[INFO] [stderr] warning: `deflect` (test "reflect") generated 2 warnings
[INFO] [stderr] warning: `deflect` (example "dyn") generated 1 warning
[INFO] [stderr]     Finished `release` profile [optimized] target(s) in 0.13s
[INFO] [stderr] warning: the following packages contain code that will be rejected by a future version of Rust: nom v4.2.3
[INFO] [stderr] note: to see what the problems were, use the option `--future-incompat-report`, or run `cargo report future-incompatibilities --id 1`
[INFO] [stderr]      Running unittests src/lib.rs (/opt/rustwide/target/release/deps/deflect-3ea51e1a694f0341)
[INFO] [stdout] 
[INFO] [stderr]      Running tests/reflect.rs (/opt/rustwide/target/release/deps/reflect-fdcb5411fe1242d3)
[INFO] [stdout] running 0 tests
[INFO] [stdout] 
[INFO] [stdout] test result: ok. 0 passed; 0 failed; 0 ignored; 0 measured; 0 filtered out; finished in 0.00s
[INFO] [stdout] 
[INFO] [stdout] 
[INFO] [stdout] running 27 tests
[INFO] [stdout] test phantom_data ... FAILED
[INFO] [stdout] test primitive::i128 ... FAILED
[INFO] [stdout] test primitive::i8 ... FAILED
[INFO] [stdout] test primitive::f32 ... FAILED
[INFO] [stdout] test primitive::f64 ... FAILED
[INFO] [stdout] test primitive::isize ... FAILED
[INFO] [stdout] test primitive::char ... FAILED
[INFO] [stdout] test braced_struct ... FAILED
[INFO] [stdout] test primitive::i32 ... FAILED
[INFO] [stdout] test primitive::i16 ... FAILED
[INFO] [stdout] test boxed_dyn ... FAILED
[INFO] [stdout] test primitive::i64 ... FAILED
[INFO] [stdout] test boxed_slice ... FAILED
[INFO] [stdout] test primitive::u128 ... FAILED
[INFO] [stdout] test primitive::u16 ... FAILED
[INFO] [stdout] test primitive::bool ... FAILED
[INFO] [stdout] test r#ref::unit_struct ... FAILED
[INFO] [stdout] test primitive::u32 ... FAILED
[INFO] [stdout] test primitive::u8 ... FAILED
[INFO] [stdout] test slice::of_chars ... FAILED
[INFO] [stdout] test primitive::u64 ... FAILED
[INFO] [stdout] test slice::of_units ... FAILED
[INFO] [stdout] test primitive::unit ... FAILED
[INFO] [stdout] test primitive::usize ... FAILED
[INFO] [stdout] test unit_struct ... FAILED
[INFO] [stdout] test str ... FAILED
[INFO] [stdout] test tuple_struct ... FAILED
[INFO] [stdout] 
[INFO] [stdout] failures:
[INFO] [stdout] 
[INFO] [stdout] ---- phantom_data stdout ----
[INFO] [stdout] Error: could not find a DWARF frame for the address 0xbe030
[INFO] [stdout] 
[INFO] [stdout] ---- primitive::i128 stdout ----
[INFO] [stdout] 
[INFO] [stdout] thread 'primitive::i128' (1973) panicked at /opt/rustwide/cargo-home/registry/src/index.crates.io-1949cf8c6b5b557f/quickcheck-1.0.3/src/tester.rs:165:28:
[INFO] [stdout] [quickcheck] TEST FAILED (runtime error). Arguments: (0)
[INFO] [stdout] Error: could not find a DWARF frame for the address 0xa9018
[INFO] [stdout] stack backtrace:
[INFO] [stdout]    0:     0x62e2ab0d3fe1 - <<std[70759c8f55707aa4]::sys::backtrace::BacktraceLock>::print::DisplayBacktrace as core[df12db4294e9bfd3]::fmt::Display>::fmt
[INFO] [stdout]    1:     0x62e2ab0ea97a - core[df12db4294e9bfd3]::fmt::write
[INFO] [stdout]    2:     0x62e2ab0d854c - <alloc[2182bb758b4b3781]::vec::Vec<u8> as core[df12db4294e9bfd3]::io::write::Write>::write_fmt
[INFO] [stdout]    3:     0x62e2ab0b0126 - std[70759c8f55707aa4]::panicking::default_hook::{closure#0}
[INFO] [stdout]    4:     0x62e2ab0cc499 - std[70759c8f55707aa4]::panicking::default_hook
[INFO] [stdout]    5:     0x62e2ab0686c0 - test[9d35eded1c95d3be]::test_main_inner::<test[9d35eded1c95d3be]::test_main_static::{closure#0}>::{closure#0}
[INFO] [stdout]    6:     0x62e2ab0cc652 - std[70759c8f55707aa4]::panicking::panic_with_hook
[INFO] [stdout]    7:     0x62e2aaf843d5 - std[70759c8f55707aa4]::panicking::begin_panic::<alloc[2182bb758b4b3781]::string::String>::{closure#0}
[INFO] [stdout]    8:     0x62e2aaf8439e - std[70759c8f55707aa4]::sys::backtrace::__rust_end_short_backtrace::<std[70759c8f55707aa4]::panicking::begin_panic<alloc[2182bb758b4b3781]::string::String>::{closure#0}, !>
[INFO] [stdout]    9:     0x62e2aaf94124 - std[70759c8f55707aa4]::panicking::begin_panic::<alloc[2182bb758b4b3781]::string::String>
[INFO] [stdout]   10:     0x62e2aaf648a0 - quickcheck[e79b348c2ba640a7]::tester::quickcheck::<fn(i128) -> core[df12db4294e9bfd3]::result::Result<(), alloc[2182bb758b4b3781]::boxed::Box<dyn core[df12db4294e9bfd3]::error::Error>>>
[INFO] [stdout]   11:     0x62e2aaf974d0 - <reflect[9d815ba552b6809f]::primitive::i128::{closure#0} as core[df12db4294e9bfd3]::ops::function::FnOnce<()>>::call_once
[INFO] [stdout]   12:     0x62e2ab05b9ab - test[9d35eded1c95d3be]::__rust_begin_short_backtrace::<core[df12db4294e9bfd3]::result::Result<(), alloc[2182bb758b4b3781]::string::String>, fn() -> core[df12db4294e9bfd3]::result::Result<(), alloc[2182bb758b4b3781]::string::String>>
[INFO] [stdout]   13:     0x62e2ab069015 - test[9d35eded1c95d3be]::run_test::{closure#0}
[INFO] [stdout]   14:     0x62e2ab0628d4 - std[70759c8f55707aa4]::sys::backtrace::__rust_begin_short_backtrace::<test[9d35eded1c95d3be]::run_test::{closure#1}, ()>
[INFO] [stdout]   15:     0x62e2ab06c172 - <std[70759c8f55707aa4]::thread::lifecycle::spawn_unchecked<test[9d35eded1c95d3be]::run_test::{closure#1}, ()>::{closure#1} as core[df12db4294e9bfd3]::ops::function::FnOnce<()>>::call_once::{shim:vtable#0}
[INFO] [stdout]   16:     0x62e2ab0d3889 - <std[70759c8f55707aa4]::sys::thread::unix::Thread>::new::thread_start
[INFO] [stdout]   17:     0x7c1e651aedfa - <unknown>
[INFO] [stdout]   18:     0x7c1e652423d4 - clone
[INFO] [stdout]   19:                0x0 - <unknown>
[INFO] [stdout] 
[INFO] [stdout] ---- primitive::i8 stdout ----
[INFO] [stdout] 
[INFO] [stdout] thread 'primitive::i8' (1977) panicked at /opt/rustwide/cargo-home/registry/src/index.crates.io-1949cf8c6b5b557f/quickcheck-1.0.3/src/tester.rs:165:28:
[INFO] [stdout] [quickcheck] TEST FAILED (runtime error). Arguments: (0)
[INFO] [stdout] Error: could not find a DWARF frame for the address 0xa8fc8
[INFO] [stdout] stack backtrace:
[INFO] [stdout]    0:     0x62e2ab0d3fe1 - <<std[70759c8f55707aa4]::sys::backtrace::BacktraceLock>::print::DisplayBacktrace as core[df12db4294e9bfd3]::fmt::Display>::fmt
[INFO] [stdout]    1:     0x62e2ab0ea97a - core[df12db4294e9bfd3]::fmt::write
[INFO] [stdout]    2:     0x62e2ab0d854c - <alloc[2182bb758b4b3781]::vec::Vec<u8> as core[df12db4294e9bfd3]::io::write::Write>::write_fmt
[INFO] [stdout]    3:     0x62e2ab0b0126 - std[70759c8f55707aa4]::panicking::default_hook::{closure#0}
[INFO] [stdout]    4:     0x62e2ab0cc499 - std[70759c8f55707aa4]::panicking::default_hook
[INFO] [stdout]    5:     0x62e2ab0686c0 - test[9d35eded1c95d3be]::test_main_inner::<test[9d35eded1c95d3be]::test_main_static::{closure#0}>::{closure#0}
[INFO] [stdout]    6:     0x62e2ab0cc652 - std[70759c8f55707aa4]::panicking::panic_with_hook
[INFO] [stdout]    7:     0x62e2aaf843d5 - std[70759c8f55707aa4]::panicking::begin_panic::<alloc[2182bb758b4b3781]::string::String>::{closure#0}
[INFO] [stdout]    8:     0x62e2aaf8439e - std[70759c8f55707aa4]::sys::backtrace::__rust_end_short_backtrace::<std[70759c8f55707aa4]::panicking::begin_panic<alloc[2182bb758b4b3781]::string::String>::{closure#0}, !>
[INFO] [stdout]    9:     0x62e2aaf94124 - std[70759c8f55707aa4]::panicking::begin_panic::<alloc[2182bb758b4b3781]::string::String>
[INFO] [stdout]   10:     0x62e2aaf5e5b0 - quickcheck[e79b348c2ba640a7]::tester::quickcheck::<fn(i8) -> core[df12db4294e9bfd3]::result::Result<(), alloc[2182bb758b4b3781]::boxed::Box<dyn core[df12db4294e9bfd3]::error::Error>>>
[INFO] [stdout]   11:     0x62e2aaf97350 - <reflect[9d815ba552b6809f]::primitive::i8::{closure#0} as core[df12db4294e9bfd3]::ops::function::FnOnce<()>>::call_once
[INFO] [stdout]   12:     0x62e2ab05b9ab - test[9d35eded1c95d3be]::__rust_begin_short_backtrace::<core[df12db4294e9bfd3]::result::Result<(), alloc[2182bb758b4b3781]::string::String>, fn() -> core[df12db4294e9bfd3]::result::Result<(), alloc[2182bb758b4b3781]::string::String>>
[INFO] [stdout]   13:     0x62e2ab069015 - test[9d35eded1c95d3be]::run_test::{closure#0}
[INFO] [stdout]   14:     0x62e2ab0628d4 - std[70759c8f55707aa4]::sys::backtrace::__rust_begin_short_backtrace::<test[9d35eded1c95d3be]::run_test::{closure#1}, ()>
[INFO] [stdout]   15:     0x62e2ab06c172 - <std[70759c8f55707aa4]::thread::lifecycle::spawn_unchecked<test[9d35eded1c95d3be]::run_test::{closure#1}, ()>::{closure#1} as core[df12db4294e9bfd3]::ops::function::FnOnce<()>>::call_once::{shim:vtable#0}
[INFO] [stdout]   16:     0x62e2ab0d3889 - <std[70759c8f55707aa4]::sys::thread::unix::Thread>::new::thread_start
[INFO] [stdout]   17:     0x7c1e651aedfa - <unknown>
[INFO] [stdout]   18:     0x7c1e652423d4 - clone
[INFO] [stdout]   19:                0x0 - <unknown>
[INFO] [stdout] 
[INFO] [stdout] ---- primitive::f32 stdout ----
[INFO] [stdout] 
[INFO] [stdout] thread 'primitive::f32' (1971) panicked at /opt/rustwide/cargo-home/registry/src/index.crates.io-1949cf8c6b5b557f/quickcheck-1.0.3/src/tester.rs:165:28:
[INFO] [stdout] [quickcheck] TEST FAILED (runtime error). Arguments: (0.0)
[INFO] [stdout] Error: could not find a DWARF frame for the address 0xa8fe8
[INFO] [stdout] stack backtrace:
[INFO] [stdout]    0:     0x62e2ab0d3fe1 - <<std[70759c8f55707aa4]::sys::backtrace::BacktraceLock>::print::DisplayBacktrace as core[df12db4294e9bfd3]::fmt::Display>::fmt
[INFO] [stdout]    1:     0x62e2ab0ea97a - core[df12db4294e9bfd3]::fmt::write
[INFO] [stdout]    2:     0x62e2ab0d854c - <alloc[2182bb758b4b3781]::vec::Vec<u8> as core[df12db4294e9bfd3]::io::write::Write>::write_fmt
[INFO] [stdout]    3:     0x62e2ab0b0126 - std[70759c8f55707aa4]::panicking::default_hook::{closure#0}
[INFO] [stdout]    4:     0x62e2ab0cc499 - std[70759c8f55707aa4]::panicking::default_hook
[INFO] [stdout]    5:     0x62e2ab0686c0 - test[9d35eded1c95d3be]::test_main_inner::<test[9d35eded1c95d3be]::test_main_static::{closure#0}>::{closure#0}
[INFO] [stdout]    6:     0x62e2ab0cc652 - std[70759c8f55707aa4]::panicking::panic_with_hook
[INFO] [stdout]    7:     0x62e2aaf843d5 - std[70759c8f55707aa4]::panicking::begin_panic::<alloc[2182bb758b4b3781]::string::String>::{closure#0}
[INFO] [stdout]    8:     0x62e2aaf8439e - std[70759c8f55707aa4]::sys::backtrace::__rust_end_short_backtrace::<std[70759c8f55707aa4]::panicking::begin_panic<alloc[2182bb758b4b3781]::string::String>::{closure#0}, !>
[INFO] [stdout]    9:     0x62e2aaf94124 - std[70759c8f55707aa4]::panicking::begin_panic::<alloc[2182bb758b4b3781]::string::String>
[INFO] [stdout]   10:     0x62e2aaf60f20 - quickcheck[e79b348c2ba640a7]::tester::quickcheck::<fn(f32) -> core[df12db4294e9bfd3]::result::Result<(), alloc[2182bb758b4b3781]::boxed::Box<dyn core[df12db4294e9bfd3]::error::Error>>>
[INFO] [stdout]   11:     0x62e2aaf97390 - <reflect[9d815ba552b6809f]::primitive::f32::{closure#0} as core[df12db4294e9bfd3]::ops::function::FnOnce<()>>::call_once
[INFO] [stdout]   12:     0x62e2ab05b9ab - test[9d35eded1c95d3be]::__rust_begin_short_backtrace::<core[df12db4294e9bfd3]::result::Result<(), alloc[2182bb758b4b3781]::string::String>, fn() -> core[df12db4294e9bfd3]::result::Result<(), alloc[2182bb758b4b3781]::string::String>>
[INFO] [stdout]   13:     0x62e2ab069015 - test[9d35eded1c95d3be]::run_test::{closure#0}
[INFO] [stdout]   14:     0x62e2ab0628d4 - std[70759c8f55707aa4]::sys::backtrace::__rust_begin_short_backtrace::<test[9d35eded1c95d3be]::run_test::{closure#1}, ()>
[INFO] [stdout]   15:     0x62e2ab06c172 - <std[70759c8f55707aa4]::thread::lifecycle::spawn_unchecked<test[9d35eded1c95d3be]::run_test::{closure#1}, ()>::{closure#1} as core[df12db4294e9bfd3]::ops::function::FnOnce<()>>::call_once::{shim:vtable#0}
[INFO] [stdout]   16:     0x62e2ab0d3889 - <std[70759c8f55707aa4]::sys::thread::unix::Thread>::new::thread_start
[INFO] [stdout]   17:     0x7c1e651aedfa - <unknown>
[INFO] [stdout]   18:     0x7c1e652423d4 - clone
[INFO] [stdout]   19:                0x0 - <unknown>
[INFO] [stdout] 
[INFO] [stdout] ---- primitive::f64 stdout ----
[INFO] [stdout] 
[INFO] [stdout] thread 'primitive::f64' (1972) panicked at /opt/rustwide/cargo-home/registry/src/index.crates.io-1949cf8c6b5b557f/quickcheck-1.0.3/src/tester.rs:165:28:
[INFO] [stdout] [quickcheck] TEST FAILED (runtime error). Arguments: (0.0)
[INFO] [stdout] Error: could not find a DWARF frame for the address 0xa8fe0
[INFO] [stdout] stack backtrace:
[INFO] [stdout]    0:     0x62e2ab0d3fe1 - <<std[70759c8f55707aa4]::sys::backtrace::BacktraceLock>::print::DisplayBacktrace as core[df12db4294e9bfd3]::fmt::Display>::fmt
[INFO] [stdout]    1:     0x62e2ab0ea97a - core[df12db4294e9bfd3]::fmt::write
[INFO] [stdout]    2:     0x62e2ab0d854c - <alloc[2182bb758b4b3781]::vec::Vec<u8> as core[df12db4294e9bfd3]::io::write::Write>::write_fmt
[INFO] [stdout]    3:     0x62e2ab0b0126 - std[70759c8f55707aa4]::panicking::default_hook::{closure#0}
[INFO] [stderr] error: test failed, to rerun pass `--test reflect`
[INFO] [stdout]    4:     0x62e2ab0cc499 - std[70759c8f55707aa4]::panicking::default_hook
[INFO] [stdout]    5:     0x62e2ab0686c0 - test[9d35eded1c95d3be]::test_main_inner::<test[9d35eded1c95d3be]::test_main_static::{closure#0}>::{closure#0}
[INFO] [stdout]    6:     0x62e2ab0cc652 - std[70759c8f55707aa4]::panicking::panic_with_hook
[INFO] [stdout]    7:     0x62e2aaf843d5 - std[70759c8f55707aa4]::panicking::begin_panic::<alloc[2182bb758b4b3781]::string::String>::{closure#0}
[INFO] [stdout]    8:     0x62e2aaf8439e - std[70759c8f55707aa4]::sys::backtrace::__rust_end_short_backtrace::<std[70759c8f55707aa4]::panicking::begin_panic<alloc[2182bb758b4b3781]::string::String>::{closure#0}, !>
[INFO] [stdout]    9:     0x62e2aaf94124 - std[70759c8f55707aa4]::panicking::begin_panic::<alloc[2182bb758b4b3781]::string::String>
[INFO] [stdout]   10:     0x62e2aaf60590 - quickcheck[e79b348c2ba640a7]::tester::quickcheck::<fn(f64) -> core[df12db4294e9bfd3]::result::Result<(), alloc[2182bb758b4b3781]::boxed::Box<dyn core[df12db4294e9bfd3]::error::Error>>>
[INFO] [stdout]   11:     0x62e2aaf973b0 - <reflect[9d815ba552b6809f]::primitive::f64::{closure#0} as core[df12db4294e9bfd3]::ops::function::FnOnce<()>>::call_once
[INFO] [stdout]   12:     0x62e2ab05b9ab - test[9d35eded1c95d3be]::__rust_begin_short_backtrace::<core[df12db4294e9bfd3]::result::Result<(), alloc[2182bb758b4b3781]::string::String>, fn() -> core[df12db4294e9bfd3]::result::Result<(), alloc[2182bb758b4b3781]::string::String>>
[INFO] [stdout]   13:     0x62e2ab069015 - test[9d35eded1c95d3be]::run_test::{closure#0}
[INFO] [stdout]   14:     0x62e2ab0628d4 - std[70759c8f55707aa4]::sys::backtrace::__rust_begin_short_backtrace::<test[9d35eded1c95d3be]::run_test::{closure#1}, ()>
[INFO] [stdout]   15:     0x62e2ab06c172 - <std[70759c8f55707aa4]::thread::lifecycle::spawn_unchecked<test[9d35eded1c95d3be]::run_test::{closure#1}, ()>::{closure#1} as core[df12db4294e9bfd3]::ops::function::FnOnce<()>>::call_once::{shim:vtable#0}
[INFO] [stdout]   16:     0x62e2ab0d3889 - <std[70759c8f55707aa4]::sys::thread::unix::Thread>::new::thread_start
[INFO] [stdout]   17:     0x7c1e651aedfa - <unknown>
[INFO] [stdout]   18:     0x7c1e652423d4 - clone
[INFO] [stdout]   19:                0x0 - <unknown>
[INFO] [stdout] 
[INFO] [stdout] ---- primitive::isize stdout ----
[INFO] [stdout] 
[INFO] [stdout] thread 'primitive::isize' (1978) panicked at /opt/rustwide/cargo-home/registry/src/index.crates.io-1949cf8c6b5b557f/quickcheck-1.0.3/src/tester.rs:165:28:
[INFO] [stdout] [quickcheck] TEST FAILED (runtime error). Arguments: (0)
[INFO] [stdout] Error: could not find a DWARF frame for the address 0xa8ff8
[INFO] [stdout] stack backtrace:
[INFO] [stdout]    0:     0x62e2ab0d3fe1 - <<std[70759c8f55707aa4]::sys::backtrace::BacktraceLock>::print::DisplayBacktrace as core[df12db4294e9bfd3]::fmt::Display>::fmt
[INFO] [stdout]    1:     0x62e2ab0ea97a - core[df12db4294e9bfd3]::fmt::write
[INFO] [stdout]    2:     0x62e2ab0d854c - <alloc[2182bb758b4b3781]::vec::Vec<u8> as core[df12db4294e9bfd3]::io::write::Write>::write_fmt
[INFO] [stdout]    3:     0x62e2ab0b0126 - std[70759c8f55707aa4]::panicking::default_hook::{closure#0}
[INFO] [stdout]    4:     0x62e2ab0cc499 - std[70759c8f55707aa4]::panicking::default_hook
[INFO] [stdout]    5:     0x62e2ab0686c0 - test[9d35eded1c95d3be]::test_main_inner::<test[9d35eded1c95d3be]::test_main_static::{closure#0}>::{closure#0}
[INFO] [stdout]    6:     0x62e2ab0cc652 - std[70759c8f55707aa4]::panicking::panic_with_hook
[INFO] [stdout]    7:     0x62e2aaf843d5 - std[70759c8f55707aa4]::panicking::begin_panic::<alloc[2182bb758b4b3781]::string::String>::{closure#0}
[INFO] [stdout]    8:     0x62e2aaf8439e - std[70759c8f55707aa4]::sys::backtrace::__rust_end_short_backtrace::<std[70759c8f55707aa4]::panicking::begin_panic<alloc[2182bb758b4b3781]::string::String>::{closure#0}, !>
[INFO] [stdout]    9:     0x62e2aaf94124 - std[70759c8f55707aa4]::panicking::begin_panic::<alloc[2182bb758b4b3781]::string::String>
[INFO] [stdout]   10:     0x62e2aaf62240 - quickcheck[e79b348c2ba640a7]::tester::quickcheck::<fn(isize) -> core[df12db4294e9bfd3]::result::Result<(), alloc[2182bb758b4b3781]::boxed::Box<dyn core[df12db4294e9bfd3]::error::Error>>>
[INFO] [stdout]   11:     0x62e2aaf97530 - <reflect[9d815ba552b6809f]::primitive::isize::{closure#0} as core[df12db4294e9bfd3]::ops::function::FnOnce<()>>::call_once
[INFO] [stdout]   12:     0x62e2ab05b9ab - test[9d35eded1c95d3be]::__rust_begin_short_backtrace::<core[df12db4294e9bfd3]::result::Result<(), alloc[2182bb758b4b3781]::string::String>, fn() -> core[df12db4294e9bfd3]::result::Result<(), alloc[2182bb758b4b3781]::string::String>>
[INFO] [stdout]   13:     0x62e2ab069015 - test[9d35eded1c95d3be]::run_test::{closure#0}
[INFO] [stdout]   14:     0x62e2ab0628d4 - std[70759c8f55707aa4]::sys::backtrace::__rust_begin_short_backtrace::<test[9d35eded1c95d3be]::run_test::{closure#1}, ()>
[INFO] [stdout]   15:     0x62e2ab06c172 - <std[70759c8f55707aa4]::thread::lifecycle::spawn_unchecked<test[9d35eded1c95d3be]::run_test::{closure#1}, ()>::{closure#1} as core[df12db4294e9bfd3]::ops::function::FnOnce<()>>::call_once::{shim:vtable#0}
[INFO] [stdout]   16:     0x62e2ab0d3889 - <std[70759c8f55707aa4]::sys::thread::unix::Thread>::new::thread_start
[INFO] [stdout]   17:     0x7c1e651aedfa - <unknown>
[INFO] [stdout]   18:     0x7c1e652423d4 - clone
[INFO] [stdout]   19:                0x0 - <unknown>
[INFO] [stdout] 
[INFO] [stdout] ---- primitive::char stdout ----
[INFO] [stdout] 
[INFO] [stdout] thread 'primitive::char' (1970) panicked at /opt/rustwide/cargo-home/registry/src/index.crates.io-1949cf8c6b5b557f/quickcheck-1.0.3/src/tester.rs:165:28:
[INFO] [stdout] [quickcheck] TEST FAILED (runtime error). Arguments: ('\0')
[INFO] [stdout] Error: could not find a DWARF frame for the address 0xa8fd8
[INFO] [stdout] stack backtrace:
[INFO] [stdout]    0:     0x62e2ab0d3fe1 - <<std[70759c8f55707aa4]::sys::backtrace::BacktraceLock>::print::DisplayBacktrace as core[df12db4294e9bfd3]::fmt::Display>::fmt
[INFO] [stdout]    1:     0x62e2ab0ea97a - core[df12db4294e9bfd3]::fmt::write
[INFO] [stdout]    2:     0x62e2ab0d854c - <alloc[2182bb758b4b3781]::vec::Vec<u8> as core[df12db4294e9bfd3]::io::write::Write>::write_fmt
[INFO] [stdout]    3:     0x62e2ab0b0126 - std[70759c8f55707aa4]::panicking::default_hook::{closure#0}
[INFO] [stdout]    4:     0x62e2ab0cc499 - std[70759c8f55707aa4]::panicking::default_hook
[INFO] [stdout]    5:     0x62e2ab0686c0 - test[9d35eded1c95d3be]::test_main_inner::<test[9d35eded1c95d3be]::test_main_static::{closure#0}>::{closure#0}
[INFO] [stdout]    6:     0x62e2ab0cc652 - std[70759c8f55707aa4]::panicking::panic_with_hook
[INFO] [stdout]    7:     0x62e2aaf843d5 - std[70759c8f55707aa4]::panicking::begin_panic::<alloc[2182bb758b4b3781]::string::String>::{closure#0}
[INFO] [stdout]    8:     0x62e2aaf8439e - std[70759c8f55707aa4]::sys::backtrace::__rust_end_short_backtrace::<std[70759c8f55707aa4]::panicking::begin_panic<alloc[2182bb758b4b3781]::string::String>::{closure#0}, !>
[INFO] [stdout]    9:     0x62e2aaf94124 - std[70759c8f55707aa4]::panicking::begin_panic::<alloc[2182bb758b4b3781]::string::String>
[INFO] [stdout]   10:     0x62e2aaf5fc00 - quickcheck[e79b348c2ba640a7]::tester::quickcheck::<fn(char) -> core[df12db4294e9bfd3]::result::Result<(), alloc[2182bb758b4b3781]::boxed::Box<dyn core[df12db4294e9bfd3]::error::Error>>>
[INFO] [stdout]   11:     0x62e2aaf974b0 - <reflect[9d815ba552b6809f]::primitive::char::{closure#0} as core[df12db4294e9bfd3]::ops::function::FnOnce<()>>::call_once
[INFO] [stdout]   12:     0x62e2ab05b9ab - test[9d35eded1c95d3be]::__rust_begin_short_backtrace::<core[df12db4294e9bfd3]::result::Result<(), alloc[2182bb758b4b3781]::string::String>, fn() -> core[df12db4294e9bfd3]::result::Result<(), alloc[2182bb758b4b3781]::string::String>>
[INFO] [stdout]   13:     0x62e2ab069015 - test[9d35eded1c95d3be]::run_test::{closure#0}
[INFO] [stdout]   14:     0x62e2ab0628d4 - std[70759c8f55707aa4]::sys::backtrace::__rust_begin_short_backtrace::<test[9d35eded1c95d3be]::run_test::{closure#1}, ()>
[INFO] [stdout]   15:     0x62e2ab06c172 - <std[70759c8f55707aa4]::thread::lifecycle::spawn_unchecked<test[9d35eded1c95d3be]::run_test::{closure#1}, ()>::{closure#1} as core[df12db4294e9bfd3]::ops::function::FnOnce<()>>::call_once::{shim:vtable#0}
[INFO] [stdout]   16:     0x62e2ab0d3889 - <std[70759c8f55707aa4]::sys::thread::unix::Thread>::new::thread_start
[INFO] [stdout]   17:     0x7c1e651aedfa - <unknown>
[INFO] [stdout]   18:     0x7c1e652423d4 - clone
[INFO] [stdout]   19:                0x0 - <unknown>
[INFO] [stdout] 
[INFO] [stdout] ---- braced_struct stdout ----
[INFO] [stdout] Error: could not find a DWARF frame for the address 0xbc5c0
[INFO] [stdout] 
[INFO] [stdout] ---- primitive::i32 stdout ----
[INFO] [stdout] 
[INFO] [stdout] thread 'primitive::i32' (1975) panicked at /opt/rustwide/cargo-home/registry/src/index.crates.io-1949cf8c6b5b557f/quickcheck-1.0.3/src/tester.rs:165:28:
[INFO] [stdout] [quickcheck] TEST FAILED (runtime error). Arguments: (0)
[INFO] [stdout] Error: could not find a DWARF frame for the address 0xa9008
[INFO] [stdout] stack backtrace:
[INFO] [stdout]    0:     0x62e2ab0d3fe1 - <<std[70759c8f55707aa4]::sys::backtrace::BacktraceLock>::print::DisplayBacktrace as core[df12db4294e9bfd3]::fmt::Display>::fmt
[INFO] [stdout]    1:     0x62e2ab0ea97a - core[df12db4294e9bfd3]::fmt::write
[INFO] [stdout]    2:     0x62e2ab0d854c - <alloc[2182bb758b4b3781]::vec::Vec<u8> as core[df12db4294e9bfd3]::io::write::Write>::write_fmt
[INFO] [stdout]    3:     0x62e2ab0b0126 - std[70759c8f55707aa4]::panicking::default_hook::{closure#0}
[INFO] [stdout]    4:     0x62e2ab0cc499 - std[70759c8f55707aa4]::panicking::default_hook
[INFO] [stdout]    5:     0x62e2ab0686c0 - test[9d35eded1c95d3be]::test_main_inner::<test[9d35eded1c95d3be]::test_main_static::{closure#0}>::{closure#0}
[INFO] [stdout]    6:     0x62e2ab0cc652 - std[70759c8f55707aa4]::panicking::panic_with_hook
[INFO] [stdout]    7:     0x62e2aaf843d5 - std[70759c8f55707aa4]::panicking::begin_panic::<alloc[2182bb758b4b3781]::string::String>::{closure#0}
[INFO] [stdout]    8:     0x62e2aaf8439e - std[70759c8f55707aa4]::sys::backtrace::__rust_end_short_backtrace::<std[70759c8f55707aa4]::panicking::begin_panic<alloc[2182bb758b4b3781]::string::String>::{closure#0}, !>
[INFO] [stdout]    9:     0x62e2aaf94124 - std[70759c8f55707aa4]::panicking::begin_panic::<alloc[2182bb758b4b3781]::string::String>
[INFO] [stdout]   10:     0x62e2aaf63560 - quickcheck[e79b348c2ba640a7]::tester::quickcheck::<fn(i32) -> core[df12db4294e9bfd3]::result::Result<(), alloc[2182bb758b4b3781]::boxed::Box<dyn core[df12db4294e9bfd3]::error::Error>>>
[INFO] [stdout]   11:     0x62e2aaf973f0 - <reflect[9d815ba552b6809f]::primitive::i32::{closure#0} as core[df12db4294e9bfd3]::ops::function::FnOnce<()>>::call_once
[INFO] [stdout]   12:     0x62e2ab05b9ab - test[9d35eded1c95d3be]::__rust_begin_short_backtrace::<core[df12db4294e9bfd3]::result::Result<(), alloc[2182bb758b4b3781]::string::String>, fn() -> core[df12db4294e9bfd3]::result::Result<(), alloc[2182bb758b4b3781]::string::String>>
[INFO] [stdout]   13:     0x62e2ab069015 - test[9d35eded1c95d3be]::run_test::{closure#0}
[INFO] [stdout]   14:     0x62e2ab0628d4 - std[70759c8f55707aa4]::sys::backtrace::__rust_begin_short_backtrace::<test[9d35eded1c95d3be]::run_test::{closure#1}, ()>
[INFO] [stdout]   15:     0x62e2ab06c172 - <std[70759c8f55707aa4]::thread::lifecycle::spawn_unchecked<test[9d35eded1c95d3be]::run_test::{closure#1}, ()>::{closure#1} as core[df12db4294e9bfd3]::ops::function::FnOnce<()>>::call_once::{shim:vtable#0}
[INFO] [stdout]   16:     0x62e2ab0d3889 - <std[70759c8f55707aa4]::sys::thread::unix::Thread>::new::thread_start
[INFO] [stdout]   17:     0x7c1e651aedfa - <unknown>
[INFO] [stdout]   18:     0x7c1e652423d4 - clone
[INFO] [stdout]   19:                0x0 - <unknown>
[INFO] [stdout] 
[INFO] [stdout] ---- primitive::i16 stdout ----
[INFO] [stdout] 
[INFO] [stdout] thread 'primitive::i16' (1974) panicked at /opt/rustwide/cargo-home/registry/src/index.crates.io-1949cf8c6b5b557f/quickcheck-1.0.3/src/tester.rs:165:28:
[INFO] [stdout] [quickcheck] TEST FAILED (runtime error). Arguments: (0)
[INFO] [stdout] Error: could not find a DWARF frame for the address 0xa9028
[INFO] [stdout] stack backtrace:
[INFO] [stdout]    0:     0x62e2ab0d3fe1 - <<std[70759c8f55707aa4]::sys::backtrace::BacktraceLock>::print::DisplayBacktrace as core[df12db4294e9bfd3]::fmt::Display>::fmt
[INFO] [stdout]    1:     0x62e2ab0ea97a - core[df12db4294e9bfd3]::fmt::write
[INFO] [stdout]    2:     0x62e2ab0d854c - <alloc[2182bb758b4b3781]::vec::Vec<u8> as core[df12db4294e9bfd3]::io::write::Write>::write_fmt
[INFO] [stdout]    3:     0x62e2ab0b0126 - std[70759c8f55707aa4]::panicking::default_hook::{closure#0}
[INFO] [stdout]    4:     0x62e2ab0cc499 - std[70759c8f55707aa4]::panicking::default_hook
[INFO] [stdout]    5:     0x62e2ab0686c0 - test[9d35eded1c95d3be]::test_main_inner::<test[9d35eded1c95d3be]::test_main_static::{closure#0}>::{closure#0}
[INFO] [stdout]    6:     0x62e2ab0cc652 - std[70759c8f55707aa4]::panicking::panic_with_hook
[INFO] [stdout]    7:     0x62e2aaf843d5 - std[70759c8f55707aa4]::panicking::begin_panic::<alloc[2182bb758b4b3781]::string::String>::{closure#0}
[INFO] [stdout]    8:     0x62e2aaf8439e - std[70759c8f55707aa4]::sys::backtrace::__rust_end_short_backtrace::<std[70759c8f55707aa4]::panicking::begin_panic<alloc[2182bb758b4b3781]::string::String>::{closure#0}, !>
[INFO] [stdout]    9:     0x62e2aaf94124 - std[70759c8f55707aa4]::panicking::begin_panic::<alloc[2182bb758b4b3781]::string::String>
[INFO] [stdout]   10:     0x62e2aaf65bce - quickcheck[e79b348c2ba640a7]::tester::quickcheck::<fn(i16) -> core[df12db4294e9bfd3]::result::Result<(), alloc[2182bb758b4b3781]::boxed::Box<dyn core[df12db4294e9bfd3]::error::Error>>>
[INFO] [stdout]   11:     0x62e2aaf973d0 - <reflect[9d815ba552b6809f]::primitive::i16::{closure#0} as core[df12db4294e9bfd3]::ops::function::FnOnce<()>>::call_once
[INFO] [stdout]   12:     0x62e2ab05b9ab - test[9d35eded1c95d3be]::__rust_begin_short_backtrace::<core[df12db4294e9bfd3]::result::Result<(), alloc[2182bb758b4b3781]::string::String>, fn() -> core[df12db4294e9bfd3]::result::Result<(), alloc[2182bb758b4b3781]::string::String>>
[INFO] [stdout]   13:     0x62e2ab069015 - test[9d35eded1c95d3be]::run_test::{closure#0}
[INFO] [stdout]   14:     0x62e2ab0628d4 - std[70759c8f55707aa4]::sys::backtrace::__rust_begin_short_backtrace::<test[9d35eded1c95d3be]::run_test::{closure#1}, ()>
[INFO] [stdout]   15:     0x62e2ab06c172 - <std[70759c8f55707aa4]::thread::lifecycle::spawn_unchecked<test[9d35eded1c95d3be]::run_test::{closure#1}, ()>::{closure#1} as core[df12db4294e9bfd3]::ops::function::FnOnce<()>>::call_once::{shim:vtable#0}
[INFO] [stdout]   16:     0x62e2ab0d3889 - <std[70759c8f55707aa4]::sys::thread::unix::Thread>::new::thread_start
[INFO] [stdout]   17:     0x7c1e651aedfa - <unknown>
[INFO] [stdout]   18:     0x7c1e652423d4 - clone
[INFO] [stdout]   19:                0x0 - <unknown>
[INFO] [stdout] 
[INFO] [stdout] ---- boxed_dyn stdout ----
[INFO] [stdout] Error: could not find a DWARF frame for the address 0xb8a30
[INFO] [stdout] 
[INFO] [stdout] ---- primitive::i64 stdout ----
[INFO] [stdout] 
[INFO] [stdout] thread 'primitive::i64' (1976) panicked at /opt/rustwide/cargo-home/registry/src/index.crates.io-1949cf8c6b5b557f/quickcheck-1.0.3/src/tester.rs:165:28:
[INFO] [stdout] [quickcheck] TEST FAILED (runtime error). Arguments: (0)
[INFO] [stdout] Error: could not find a DWARF frame for the address 0xa9040
[INFO] [stdout] stack backtrace:
[INFO] [stdout]    0:     0x62e2ab0d3fe1 - <<std[70759c8f55707aa4]::sys::backtrace::BacktraceLock>::print::DisplayBacktrace as core[df12db4294e9bfd3]::fmt::Display>::fmt
[INFO] [stdout]    1:     0x62e2ab0ea97a - core[df12db4294e9bfd3]::fmt::write
[INFO] [stdout]    2:     0x62e2ab0d854c - <alloc[2182bb758b4b3781]::vec::Vec<u8> as core[df12db4294e9bfd3]::io::write::Write>::write_fmt
[INFO] [stdout]    3:     0x62e2ab0b0126 - std[70759c8f55707aa4]::panicking::default_hook::{closure#0}
[INFO] [stdout]    4:     0x62e2ab0cc499 - std[70759c8f55707aa4]::panicking::default_hook
[INFO] [stdout]    5:     0x62e2ab0686c0 - test[9d35eded1c95d3be]::test_main_inner::<test[9d35eded1c95d3be]::test_main_static::{closure#0}>::{closure#0}
[INFO] [stdout]    6:     0x62e2ab0cc652 - std[70759c8f55707aa4]::panicking::panic_with_hook
[INFO] [stdout]    7:     0x62e2aaf843d5 - std[70759c8f55707aa4]::panicking::begin_panic::<alloc[2182bb758b4b3781]::string::String>::{closure#0}
[INFO] [stdout]    8:     0x62e2aaf8439e - std[70759c8f55707aa4]::sys::backtrace::__rust_end_short_backtrace::<std[70759c8f55707aa4]::panicking::begin_panic<alloc[2182bb758b4b3781]::string::String>::{closure#0}, !>
[INFO] [stdout]    9:     0x62e2aaf94124 - std[70759c8f55707aa4]::panicking::begin_panic::<alloc[2182bb758b4b3781]::string::String>
[INFO] [stdout]   10:     0x62e2aaf67880 - quickcheck[e79b348c2ba640a7]::tester::quickcheck::<fn(i64) -> core[df12db4294e9bfd3]::result::Result<(), alloc[2182bb758b4b3781]::boxed::Box<dyn core[df12db4294e9bfd3]::error::Error>>>
[INFO] [stdout]   11:     0x62e2aaf97410 - <reflect[9d815ba552b6809f]::primitive::i64::{closure#0} as core[df12db4294e9bfd3]::ops::function::FnOnce<()>>::call_once
[INFO] [stdout]   12:     0x62e2ab05b9ab - test[9d35eded1c95d3be]::__rust_begin_short_backtrace::<core[df12db4294e9bfd3]::result::Result<(), alloc[2182bb758b4b3781]::string::String>, fn() -> core[df12db4294e9bfd3]::result::Result<(), alloc[2182bb758b4b3781]::string::String>>
[INFO] [stdout]   13:     0x62e2ab069015 - test[9d35eded1c95d3be]::run_test::{closure#0}
[INFO] [stdout]   14:     0x62e2ab0628d4 - std[70759c8f55707aa4]::sys::backtrace::__rust_begin_short_backtrace::<test[9d35eded1c95d3be]::run_test::{closure#1}, ()>
[INFO] [stdout]   15:     0x62e2ab06c172 - <std[70759c8f55707aa4]::thread::lifecycle::spawn_unchecked<test[9d35eded1c95d3be]::run_test::{closure#1}, ()>::{closure#1} as core[df12db4294e9bfd3]::ops::function::FnOnce<()>>::call_once::{shim:vtable#0}
[INFO] [stdout]   16:     0x62e2ab0d3889 - <std[70759c8f55707aa4]::sys::thread::unix::Thread>::new::thread_start
[INFO] [stdout]   17:     0x7c1e651aedfa - <unknown>
[INFO] [stdout]   18:     0x7c1e652423d4 - clone
[INFO] [stdout]   19:                0x0 - <unknown>
[INFO] [stdout] 
[INFO] [stdout] ---- boxed_slice stdout ----
[INFO] [stdout] Error: could not find a DWARF frame for the address 0xb8a38
[INFO] [stdout] 
[INFO] [stdout] ---- primitive::u128 stdout ----
[INFO] [stdout] 
[INFO] [stdout] thread 'primitive::u128' (1979) panicked at /opt/rustwide/cargo-home/registry/src/index.crates.io-1949cf8c6b5b557f/quickcheck-1.0.3/src/tester.rs:165:28:
[INFO] [stdout] [quickcheck] TEST FAILED (runtime error). Arguments: (0)
[INFO] [stdout] Error: could not find a DWARF frame for the address 0xa9020
[INFO] [stdout] stack backtrace:
[INFO] [stdout]    0:     0x62e2ab0d3fe1 - <<std[70759c8f55707aa4]::sys::backtrace::BacktraceLock>::print::DisplayBacktrace as core[df12db4294e9bfd3]::fmt::Display>::fmt
[INFO] [stdout]    1:     0x62e2ab0ea97a - core[df12db4294e9bfd3]::fmt::write
[INFO] [stdout]    2:     0x62e2ab0d854c - <alloc[2182bb758b4b3781]::vec::Vec<u8> as core[df12db4294e9bfd3]::io::write::Write>::write_fmt
[INFO] [stdout]    3:     0x62e2ab0b0126 - std[70759c8f55707aa4]::panicking::default_hook::{closure#0}
[INFO] [stdout]    4:     0x62e2ab0cc499 - std[70759c8f55707aa4]::panicking::default_hook
[INFO] [stdout]    5:     0x62e2ab0686c0 - test[9d35eded1c95d3be]::test_main_inner::<test[9d35eded1c95d3be]::test_main_static::{closure#0}>::{closure#0}
[INFO] [stdout]    6:     0x62e2ab0cc652 - std[70759c8f55707aa4]::panicking::panic_with_hook
[INFO] [stdout]    7:     0x62e2aaf843d5 - std[70759c8f55707aa4]::panicking::begin_panic::<alloc[2182bb758b4b3781]::string::String>::{closure#0}
[INFO] [stdout]    8:     0x62e2aaf8439e - std[70759c8f55707aa4]::sys::backtrace::__rust_end_short_backtrace::<std[70759c8f55707aa4]::panicking::begin_panic<alloc[2182bb758b4b3781]::string::String>::{closure#0}, !>
[INFO] [stdout]    9:     0x62e2aaf94124 - std[70759c8f55707aa4]::panicking::begin_panic::<alloc[2182bb758b4b3781]::string::String>
[INFO] [stdout]   10:     0x62e2aaf65250 - quickcheck[e79b348c2ba640a7]::tester::quickcheck::<fn(u128) -> core[df12db4294e9bfd3]::result::Result<(), alloc[2182bb758b4b3781]::boxed::Box<dyn core[df12db4294e9bfd3]::error::Error>>>
[INFO] [stdout]   11:     0x62e2aaf974f0 - <reflect[9d815ba552b6809f]::primitive::u128::{closure#0} as core[df12db4294e9bfd3]::ops::function::FnOnce<()>>::call_once
[INFO] [stdout]   12:     0x62e2ab05b9ab - test[9d35eded1c95d3be]::__rust_begin_short_backtrace::<core[df12db4294e9bfd3]::result::Result<(), alloc[2182bb758b4b3781]::string::String>, fn() -> core[df12db4294e9bfd3]::result::Result<(), alloc[2182bb758b4b3781]::string::String>>
[INFO] [stdout]   13:     0x62e2ab069015 - test[9d35eded1c95d3be]::run_test::{closure#0}
[INFO] [stdout]   14:     0x62e2ab0628d4 - std[70759c8f55707aa4]::sys::backtrace::__rust_begin_short_backtrace::<test[9d35eded1c95d3be]::run_test::{closure#1}, ()>
[INFO] [stdout]   15:     0x62e2ab06c172 - <std[70759c8f55707aa4]::thread::lifecycle::spawn_unchecked<test[9d35eded1c95d3be]::run_test::{closure#1}, ()>::{closure#1} as core[df12db4294e9bfd3]::ops::function::FnOnce<()>>::call_once::{shim:vtable#0}
[INFO] [stdout]   16:     0x62e2ab0d3889 - <std[70759c8f55707aa4]::sys::thread::unix::Thread>::new::thread_start
[INFO] [stdout]   17:     0x7c1e651aedfa - <unknown>
[INFO] [stdout]   18:     0x7c1e652423d4 - clone
[INFO] [stdout]   19:                0x0 - <unknown>
[INFO] [stdout] 
[INFO] [stdout] ---- primitive::u16 stdout ----
[INFO] [stdout] 
[INFO] [stdout] thread 'primitive::u16' (1980) panicked at /opt/rustwide/cargo-home/registry/src/index.crates.io-1949cf8c6b5b557f/quickcheck-1.0.3/src/tester.rs:165:28:
[INFO] [stdout] [quickcheck] TEST FAILED (runtime error). Arguments: (0)
[INFO] [stdout] Error: could not find a DWARF frame for the address 0xa9030
[INFO] [stdout] stack backtrace:
[INFO] [stdout]    0:     0x62e2ab0d3fe1 - <<std[70759c8f55707aa4]::sys::backtrace::BacktraceLock>::print::DisplayBacktrace as core[df12db4294e9bfd3]::fmt::Display>::fmt
[INFO] [stdout]    1:     0x62e2ab0ea97a - core[df12db4294e9bfd3]::fmt::write
[INFO] [stdout]    2:     0x62e2ab0d854c - <alloc[2182bb758b4b3781]::vec::Vec<u8> as core[df12db4294e9bfd3]::io::write::Write>::write_fmt
[INFO] [stdout]    3:     0x62e2ab0b0126 - std[70759c8f55707aa4]::panicking::default_hook::{closure#0}
[INFO] [stdout]    4:     0x62e2ab0cc499 - std[70759c8f55707aa4]::panicking::default_hook
[INFO] [stdout]    5:     0x62e2ab0686c0 - test[9d35eded1c95d3be]::test_main_inner::<test[9d35eded1c95d3be]::test_main_static::{closure#0}>::{closure#0}
[INFO] [stdout]    6:     0x62e2ab0cc652 - std[70759c8f55707aa4]::panicking::panic_with_hook
[INFO] [stdout]    7:     0x62e2aaf843d5 - std[70759c8f55707aa4]::panicking::begin_panic::<alloc[2182bb758b4b3781]::string::String>::{closure#0}
[INFO] [stdout]    8:     0x62e2aaf8439e - std[70759c8f55707aa4]::sys::backtrace::__rust_end_short_backtrace::<std[70759c8f55707aa4]::panicking::begin_panic<alloc[2182bb758b4b3781]::string::String>::{closure#0}, !>
[INFO] [stdout]    9:     0x62e2aaf94124 - std[70759c8f55707aa4]::panicking::begin_panic::<alloc[2182bb758b4b3781]::string::String>
[INFO] [stdout]   10:     0x62e2aaf6653e - quickcheck[e79b348c2ba640a7]::tester::quickcheck::<fn(u16) -> core[df12db4294e9bfd3]::result::Result<(), alloc[2182bb758b4b3781]::boxed::Box<dyn core[df12db4294e9bfd3]::error::Error>>>
[INFO] [stdout]   11:     0x62e2aaf97430 - <reflect[9d815ba552b6809f]::primitive::u16::{closure#0} as core[df12db4294e9bfd3]::ops::function::FnOnce<()>>::call_once
[INFO] [stdout]   12:     0x62e2ab05b9ab - test[9d35eded1c95d3be]::__rust_begin_short_backtrace::<core[df12db4294e9bfd3]::result::Result<(), alloc[2182bb758b4b3781]::string::String>, fn() -> core[df12db4294e9bfd3]::result::Result<(), alloc[2182bb758b4b3781]::string::String>>
[INFO] [stdout]   13:     0x62e2ab069015 - test[9d35eded1c95d3be]::run_test::{closure#0}
[INFO] [stdout]   14:     0x62e2ab0628d4 - std[70759c8f55707aa4]::sys::backtrace::__rust_begin_short_backtrace::<test[9d35eded1c95d3be]::run_test::{closure#1}, ()>
[INFO] [stdout]   15:     0x62e2ab06c172 - <std[70759c8f55707aa4]::thread::lifecycle::spawn_unchecked<test[9d35eded1c95d3be]::run_test::{closure#1}, ()>::{closure#1} as core[df12db4294e9bfd3]::ops::function::FnOnce<()>>::call_once::{shim:vtable#0}
[INFO] [stdout]   16:     0x62e2ab0d3889 - <std[70759c8f55707aa4]::sys::thread::unix::Thread>::new::thread_start
[INFO] [stdout]   17:     0x7c1e651aedfa - <unknown>
[INFO] [stdout]   18:     0x7c1e652423d4 - clone
[INFO] [stdout]   19:                0x0 - <unknown>
[INFO] [stdout] 
[INFO] [stdout] ---- primitive::bool stdout ----
[INFO] [stdout] 
[INFO] [stdout] thread 'primitive::bool' (1969) panicked at /opt/rustwide/cargo-home/registry/src/index.crates.io-1949cf8c6b5b557f/quickcheck-1.0.3/src/tester.rs:165:28:
[INFO] [stdout] [quickcheck] TEST FAILED (runtime error). Arguments: (false)
[INFO] [stdout] Error: could not find a DWARF frame for the address 0xa8fd0
[INFO] [stdout] stack backtrace:
[INFO] [stdout]    0:     0x62e2ab0d3fe1 - <<std[70759c8f55707aa4]::sys::backtrace::BacktraceLock>::print::DisplayBacktrace as core[df12db4294e9bfd3]::fmt::Display>::fmt
[INFO] [stdout]    1:     0x62e2ab0ea97a - core[df12db4294e9bfd3]::fmt::write
[INFO] [stdout]    2:     0x62e2ab0d854c - <alloc[2182bb758b4b3781]::vec::Vec<u8> as core[df12db4294e9bfd3]::io::write::Write>::write_fmt
[INFO] [stdout]    3:     0x62e2ab0b0126 - std[70759c8f55707aa4]::panicking::default_hook::{closure#0}
[INFO] [stdout]    4:     0x62e2ab0cc499 - std[70759c8f55707aa4]::panicking::default_hook
[INFO] [stdout]    5:     0x62e2ab0686c0 - test[9d35eded1c95d3be]::test_main_inner::<test[9d35eded1c95d3be]::test_main_static::{closure#0}>::{closure#0}
[INFO] [stdout]    6:     0x62e2ab0cc652 - std[70759c8f55707aa4]::panicking::panic_with_hook
[INFO] [stdout]    7:     0x62e2aaf843d5 - std[70759c8f55707aa4]::panicking::begin_panic::<alloc[2182bb758b4b3781]::string::String>::{closure#0}
[INFO] [stdout]    8:     0x62e2aaf8439e - std[70759c8f55707aa4]::sys::backtrace::__rust_end_short_backtrace::<std[70759c8f55707aa4]::panicking::begin_panic<alloc[2182bb758b4b3781]::string::String>::{closure#0}, !>
[INFO] [stdout]    9:     0x62e2aaf94124 - std[70759c8f55707aa4]::panicking::begin_panic::<alloc[2182bb758b4b3781]::string::String>
[INFO] [stdout]   10:     0x62e2aaf5f124 - quickcheck[e79b348c2ba640a7]::tester::quickcheck::<fn(bool) -> core[df12db4294e9bfd3]::result::Result<(), alloc[2182bb758b4b3781]::boxed::Box<dyn core[df12db4294e9bfd3]::error::Error>>>
[INFO] [stdout]   11:     0x62e2aaf97490 - <reflect[9d815ba552b6809f]::primitive::bool::{closure#0} as core[df12db4294e9bfd3]::ops::function::FnOnce<()>>::call_once
[INFO] [stdout]   12:     0x62e2ab05b9ab - test[9d35eded1c95d3be]::__rust_begin_short_backtrace::<core[df12db4294e9bfd3]::result::Result<(), alloc[2182bb758b4b3781]::string::String>, fn() -> core[df12db4294e9bfd3]::result::Result<(), alloc[2182bb758b4b3781]::string::String>>
[INFO] [stdout]   13:     0x62e2ab069015 - test[9d35eded1c95d3be]::run_test::{closure#0}
[INFO] [stdout]   14:     0x62e2ab0628d4 - std[70759c8f55707aa4]::sys::backtrace::__rust_begin_short_backtrace::<test[9d35eded1c95d3be]::run_test::{closure#1}, ()>
[INFO] [stdout]   15:     0x62e2ab06c172 - <std[70759c8f55707aa4]::thread::lifecycle::spawn_unchecked<test[9d35eded1c95d3be]::run_test::{closure#1}, ()>::{closure#1} as core[df12db4294e9bfd3]::ops::function::FnOnce<()>>::call_once::{shim:vtable#0}
[INFO] [stdout]   16:     0x62e2ab0d3889 - <std[70759c8f55707aa4]::sys::thread::unix::Thread>::new::thread_start
[INFO] [stdout]   17:     0x7c1e651aedfa - <unknown>
[INFO] [stdout]   18:     0x7c1e652423d4 - clone
[INFO] [stdout]   19:                0x0 - <unknown>
[INFO] [stdout] 
[INFO] [stdout] ---- r#ref::unit_struct stdout ----
[INFO] [stdout] Error: could not find a DWARF frame for the address 0xbc5c8
[INFO] [stdout] 
[INFO] [stdout] ---- primitive::u32 stdout ----
[INFO] [stdout] 
[INFO] [stdout] thread 'primitive::u32' (1981) panicked at /opt/rustwide/cargo-home/registry/src/index.crates.io-1949cf8c6b5b557f/quickcheck-1.0.3/src/tester.rs:165:28:
[INFO] [stdout] [quickcheck] TEST FAILED (runtime error). Arguments: (0)
[INFO] [stdout] Error: could not find a DWARF frame for the address 0xa9010
[INFO] [stdout] stack backtrace:
[INFO] [stdout]    0:     0x62e2ab0d3fe1 - <<std[70759c8f55707aa4]::sys::backtrace::BacktraceLock>::print::DisplayBacktrace as core[df12db4294e9bfd3]::fmt::Display>::fmt
[INFO] [stdout]    1:     0x62e2ab0ea97a - core[df12db4294e9bfd3]::fmt::write
[INFO] [stdout]    2:     0x62e2ab0d854c - <alloc[2182bb758b4b3781]::vec::Vec<u8> as core[df12db4294e9bfd3]::io::write::Write>::write_fmt
[INFO] [stdout]    3:     0x62e2ab0b0126 - std[70759c8f55707aa4]::panicking::default_hook::{closure#0}
[INFO] [stdout]    4:     0x62e2ab0cc499 - std[70759c8f55707aa4]::panicking::default_hook
[INFO] [stdout]    5:     0x62e2ab0686c0 - test[9d35eded1c95d3be]::test_main_inner::<test[9d35eded1c95d3be]::test_main_static::{closure#0}>::{closure#0}
[INFO] [stdout]    6:     0x62e2ab0cc652 - std[70759c8f55707aa4]::panicking::panic_with_hook
[INFO] [stdout]    7:     0x62e2aaf843d5 - std[70759c8f55707aa4]::panicking::begin_panic::<alloc[2182bb758b4b3781]::string::String>::{closure#0}
[INFO] [stdout]    8:     0x62e2aaf8439e - std[70759c8f55707aa4]::sys::backtrace::__rust_end_short_backtrace::<std[70759c8f55707aa4]::panicking::begin_panic<alloc[2182bb758b4b3781]::string::String>::{closure#0}, !>
[INFO] [stdout]    9:     0x62e2aaf94124 - std[70759c8f55707aa4]::panicking::begin_panic::<alloc[2182bb758b4b3781]::string::String>
[INFO] [stdout]   10:     0x62e2aaf63ef0 - quickcheck[e79b348c2ba640a7]::tester::quickcheck::<fn(u32) -> core[df12db4294e9bfd3]::result::Result<(), alloc[2182bb758b4b3781]::boxed::Box<dyn core[df12db4294e9bfd3]::error::Error>>>
[INFO] [stdout]   11:     0x62e2aaf97450 - <reflect[9d815ba552b6809f]::primitive::u32::{closure#0} as core[df12db4294e9bfd3]::ops::function::FnOnce<()>>::call_once
[INFO] [stdout]   12:     0x62e2ab05b9ab - test[9d35eded1c95d3be]::__rust_begin_short_backtrace::<core[df12db4294e9bfd3]::result::Result<(), alloc[2182bb758b4b3781]::string::String>, fn() -> core[df12db4294e9bfd3]::result::Result<(), alloc[2182bb758b4b3781]::string::String>>
[INFO] [stdout]   13:     0x62e2ab069015 - test[9d35eded1c95d3be]::run_test::{closure#0}
[INFO] [stdout]   14:     0x62e2ab0628d4 - std[70759c8f55707aa4]::sys::backtrace::__rust_begin_short_backtrace::<test[9d35eded1c95d3be]::run_test::{closure#1}, ()>
[INFO] [stdout]   15:     0x62e2ab06c172 - <std[70759c8f55707aa4]::thread::lifecycle::spawn_unchecked<test[9d35eded1c95d3be]::run_test::{closure#1}, ()>::{closure#1} as core[df12db4294e9bfd3]::ops::function::FnOnce<()>>::call_once::{shim:vtable#0}
[INFO] [stdout]   16:     0x62e2ab0d3889 - <std[70759c8f55707aa4]::sys::thread::unix::Thread>::new::thread_start
[INFO] [stdout]   17:     0x7c1e651aedfa - <unknown>
[INFO] [stdout]   18:     0x7c1e652423d4 - clone
[INFO] [stdout]   19:                0x0 - <unknown>
[INFO] [stdout] 
[INFO] [stdout] ---- primitive::u8 stdout ----
[INFO] [stdout] 
[INFO] [stdout] thread 'primitive::u8' (1983) panicked at /opt/rustwide/cargo-home/registry/src/index.crates.io-1949cf8c6b5b557f/quickcheck-1.0.3/src/tester.rs:165:28:
[INFO] [stdout] [quickcheck] TEST FAILED (runtime error). Arguments: (0)
[INFO] [stdout] Error: could not find a DWARF frame for the address 0xa8ff0
[INFO] [stdout] stack backtrace:
[INFO] [stdout]    0:     0x62e2ab0d3fe1 - <<std[70759c8f55707aa4]::sys::backtrace::BacktraceLock>::print::DisplayBacktrace as core[df12db4294e9bfd3]::fmt::Display>::fmt
[INFO] [stdout]    1:     0x62e2ab0ea97a - core[df12db4294e9bfd3]::fmt::write
[INFO] [stdout]    2:     0x62e2ab0d854c - <alloc[2182bb758b4b3781]::vec::Vec<u8> as core[df12db4294e9bfd3]::io::write::Write>::write_fmt
[INFO] [stdout]    3:     0x62e2ab0b0126 - std[70759c8f55707aa4]::panicking::default_hook::{closure#0}
[INFO] [stdout]    4:     0x62e2ab0cc499 - std[70759c8f55707aa4]::panicking::default_hook
[INFO] [stdout]    5:     0x62e2ab0686c0 - test[9d35eded1c95d3be]::test_main_inner::<test[9d35eded1c95d3be]::test_main_static::{closure#0}>::{closure#0}
[INFO] [stdout]    6:     0x62e2ab0cc652 - std[70759c8f55707aa4]::panicking::panic_with_hook
[INFO] [stdout]    7:     0x62e2aaf843d5 - std[70759c8f55707aa4]::panicking::begin_panic::<alloc[2182bb758b4b3781]::string::String>::{closure#0}
[INFO] [stdout]    8:     0x62e2aaf8439e - std[70759c8f55707aa4]::sys::backtrace::__rust_end_short_backtrace::<std[70759c8f55707aa4]::panicking::begin_panic<alloc[2182bb758b4b3781]::string::String>::{closure#0}, !>
[INFO] [stdout]    9:     0x62e2aaf94124 - std[70759c8f55707aa4]::panicking::begin_panic::<alloc[2182bb758b4b3781]::string::String>
[INFO] [stdout]   10:     0x62e2aaf618b0 - quickcheck[e79b348c2ba640a7]::tester::quickcheck::<fn(u8) -> core[df12db4294e9bfd3]::result::Result<(), alloc[2182bb758b4b3781]::boxed::Box<dyn core[df12db4294e9bfd3]::error::Error>>>
[INFO] [stdout]   11:     0x62e2aaf97370 - <reflect[9d815ba552b6809f]::primitive::u8::{closure#0} as core[df12db4294e9bfd3]::ops::function::FnOnce<()>>::call_once
[INFO] [stdout]   12:     0x62e2ab05b9ab - test[9d35eded1c95d3be]::__rust_begin_short_backtrace::<core[df12db4294e9bfd3]::result::Result<(), alloc[2182bb758b4b3781]::string::String>, fn() -> core[df12db4294e9bfd3]::result::Result<(), alloc[2182bb758b4b3781]::string::String>>
[INFO] [stdout]   13:     0x62e2ab069015 - test[9d35eded1c95d3be]::run_test::{closure#0}
[INFO] [stdout]   14:     0x62e2ab0628d4 - std[70759c8f55707aa4]::sys::backtrace::__rust_begin_short_backtrace::<test[9d35eded1c95d3be]::run_test::{closure#1}, ()>
[INFO] [stdout]   15:     0x62e2ab06c172 - <std[70759c8f55707aa4]::thread::lifecycle::spawn_unchecked<test[9d35eded1c95d3be]::run_test::{closure#1}, ()>::{closure#1} as core[df12db4294e9bfd3]::ops::function::FnOnce<()>>::call_once::{shim:vtable#0}
[INFO] [stdout]   16:     0x62e2ab0d3889 - <std[70759c8f55707aa4]::sys::thread::unix::Thread>::new::thread_start
[INFO] [stdout]   17:     0x7c1e651aedfa - <unknown>
[INFO] [stdout]   18:     0x7c1e652423d4 - clone
[INFO] [stdout]   19:                0x0 - <unknown>
[INFO] [stdout] 
[INFO] [stdout] ---- slice::of_chars stdout ----
[INFO] [stdout] 
[INFO] [stdout] thread 'slice::of_chars' (1987) panicked at /opt/rustwide/cargo-home/registry/src/index.crates.io-1949cf8c6b5b557f/quickcheck-1.0.3/src/tester.rs:165:28:
[INFO] [stdout] [quickcheck] TEST FAILED (runtime error). Arguments: ([])
[INFO] [stdout] Error: could not find a DWARF frame for the address 0xa8fb0
[INFO] [stdout] stack backtrace:
[INFO] [stdout]    0:     0x62e2ab0d3fe1 - <<std[70759c8f55707aa4]::sys::backtrace::BacktraceLock>::print::DisplayBacktrace as core[df12db4294e9bfd3]::fmt::Display>::fmt
[INFO] [stdout]    1:     0x62e2ab0ea97a - core[df12db4294e9bfd3]::fmt::write
[INFO] [stdout]    2:     0x62e2ab0d854c - <alloc[2182bb758b4b3781]::vec::Vec<u8> as core[df12db4294e9bfd3]::io::write::Write>::write_fmt
[INFO] [stdout]    3:     0x62e2ab0b0126 - std[70759c8f55707aa4]::panicking::default_hook::{closure#0}
[INFO] [stdout]    4:     0x62e2ab0cc499 - std[70759c8f55707aa4]::panicking::default_hook
[INFO] [stdout]    5:     0x62e2ab0686c0 - test[9d35eded1c95d3be]::test_main_inner::<test[9d35eded1c95d3be]::test_main_static::{closure#0}>::{closure#0}
[INFO] [stdout]    6:     0x62e2ab0cc652 - std[70759c8f55707aa4]::panicking::panic_with_hook
[INFO] [stdout]    7:     0x62e2aaf843d5 - std[70759c8f55707aa4]::panicking::begin_panic::<alloc[2182bb758b4b3781]::string::String>::{closure#0}
[INFO] [stdout]    8:     0x62e2aaf8439e - std[70759c8f55707aa4]::sys::backtrace::__rust_end_short_backtrace::<std[70759c8f55707aa4]::panicking::begin_panic<alloc[2182bb758b4b3781]::string::String>::{closure#0}, !>
[INFO] [stdout]    9:     0x62e2aaf94124 - std[70759c8f55707aa4]::panicking::begin_panic::<alloc[2182bb758b4b3781]::string::String>
[INFO] [stdout]   10:     0x62e2aaf5c527 - quickcheck[e79b348c2ba640a7]::tester::quickcheck::<fn(alloc[2182bb758b4b3781]::vec::Vec<char>) -> core[df12db4294e9bfd3]::result::Result<(), alloc[2182bb758b4b3781]::boxed::Box<dyn core[df12db4294e9bfd3]::error::Error>>>
[INFO] [stdout]   11:     0x62e2aaf97310 - <reflect[9d815ba552b6809f]::slice::of_chars::{closure#0} as core[df12db4294e9bfd3]::ops::function::FnOnce<()>>::call_once
[INFO] [stdout]   12:     0x62e2ab05b9ab - test[9d35eded1c95d3be]::__rust_begin_short_backtrace::<core[df12db4294e9bfd3]::result::Result<(), alloc[2182bb758b4b3781]::string::String>, fn() -> core[df12db4294e9bfd3]::result::Result<(), alloc[2182bb758b4b3781]::string::String>>
[INFO] [stdout]   13:     0x62e2ab069015 - test[9d35eded1c95d3be]::run_test::{closure#0}
[INFO] [stdout]   14:     0x62e2ab0628d4 - std[70759c8f55707aa4]::sys::backtrace::__rust_begin_short_backtrace::<test[9d35eded1c95d3be]::run_test::{closure#1}, ()>
[INFO] [stdout]   15:     0x62e2ab06c172 - <std[70759c8f55707aa4]::thread::lifecycle::spawn_unchecked<test[9d35eded1c95d3be]::run_test::{closure#1}, ()>::{closure#1} as core[df12db4294e9bfd3]::ops::function::FnOnce<()>>::call_once::{shim:vtable#0}
[INFO] [stdout]   16:     0x62e2ab0d3889 - <std[70759c8f55707aa4]::sys::thread::unix::Thread>::new::thread_start
[INFO] [stdout]   17:     0x7c1e651aedfa - <unknown>
[INFO] [stdout]   18:     0x7c1e652423d4 - clone
[INFO] [stdout]   19:                0x0 - <unknown>
[INFO] [stdout] 
[INFO] [stdout] ---- primitive::u64 stdout ----
[INFO] [stdout] 
[INFO] [stdout] thread 'primitive::u64' (1982) panicked at /opt/rustwide/cargo-home/registry/src/index.crates.io-1949cf8c6b5b557f/quickcheck-1.0.3/src/tester.rs:165:28:
[INFO] [stdout] [quickcheck] TEST FAILED (runtime error). Arguments: (0)
[INFO] [stdout] Error: could not find a DWARF frame for the address 0xa9048
[INFO] [stdout] stack backtrace:
[INFO] [stdout]    0:     0x62e2ab0d3fe1 - <<std[70759c8f55707aa4]::sys::backtrace::BacktraceLock>::print::DisplayBacktrace as core[df12db4294e9bfd3]::fmt::Display>::fmt
[INFO] [stdout]    1:     0x62e2ab0ea97a - core[df12db4294e9bfd3]::fmt::write
[INFO] [stdout]    2:     0x62e2ab0d854c - <alloc[2182bb758b4b3781]::vec::Vec<u8> as core[df12db4294e9bfd3]::io::write::Write>::write_fmt
[INFO] [stdout]    3:     0x62e2ab0b0126 - std[70759c8f55707aa4]::panicking::default_hook::{closure#0}
[INFO] [stdout]    4:     0x62e2ab0cc499 - std[70759c8f55707aa4]::panicking::default_hook
[INFO] [stdout]    5:     0x62e2ab0686c0 - test[9d35eded1c95d3be]::test_main_inner::<test[9d35eded1c95d3be]::test_main_static::{closure#0}>::{closure#0}
[INFO] [stdout]    6:     0x62e2ab0cc652 - std[70759c8f55707aa4]::panicking::panic_with_hook
[INFO] [stdout]    7:     0x62e2aaf843d5 - std[70759c8f55707aa4]::panicking::begin_panic::<alloc[2182bb758b4b3781]::string::String>::{closure#0}
[INFO] [stdout]    8:     0x62e2aaf8439e - std[70759c8f55707aa4]::sys::backtrace::__rust_end_short_backtrace::<std[70759c8f55707aa4]::panicking::begin_panic<alloc[2182bb758b4b3781]::string::String>::{closure#0}, !>
[INFO] [stdout]    9:     0x62e2aaf94124 - std[70759c8f55707aa4]::panicking::begin_panic::<alloc[2182bb758b4b3781]::string::String>
[INFO] [stdout]   10:     0x62e2aaf68210 - quickcheck[e79b348c2ba640a7]::tester::quickcheck::<fn(u64) -> core[df12db4294e9bfd3]::result::Result<(), alloc[2182bb758b4b3781]::boxed::Box<dyn core[df12db4294e9bfd3]::error::Error>>>
[INFO] [stdout]   11:     0x62e2aaf97470 - <reflect[9d815ba552b6809f]::primitive::u64::{closure#0} as core[df12db4294e9bfd3]::ops::function::FnOnce<()>>::call_once
[INFO] [stdout]   12:     0x62e2ab05b9ab - test[9d35eded1c95d3be]::__rust_begin_short_backtrace::<core[df12db4294e9bfd3]::result::Result<(), alloc[2182bb758b4b3781]::string::String>, fn() -> core[df12db4294e9bfd3]::result::Result<(), alloc[2182bb758b4b3781]::string::String>>
[INFO] [stdout]   13:     0x62e2ab069015 - test[9d35eded1c95d3be]::run_test::{closure#0}
[INFO] [stdout]   14:     0x62e2ab0628d4 - std[70759c8f55707aa4]::sys::backtrace::__rust_begin_short_backtrace::<test[9d35eded1c95d3be]::run_test::{closure#1}, ()>
[INFO] [stdout]   15:     0x62e2ab06c172 - <std[70759c8f55707aa4]::thread::lifecycle::spawn_unchecked<test[9d35eded1c95d3be]::run_test::{closure#1}, ()>::{closure#1} as core[df12db4294e9bfd3]::ops::function::FnOnce<()>>::call_once::{shim:vtable#0}
[INFO] [stdout]   16:     0x62e2ab0d3889 - <std[70759c8f55707aa4]::sys::thread::unix::Thread>::new::thread_start
[INFO] [stdout]   17:     0x7c1e651aedfa - <unknown>
[INFO] [stdout]   18:     0x7c1e652423d4 - clone
[INFO] [stdout]   19:                0x0 - <unknown>
[INFO] [stdout] 
[INFO] [stdout] ---- slice::of_units stdout ----
[INFO] [stdout] 
[INFO] [stdout] thread 'slice::of_units' (1988) panicked at /opt/rustwide/cargo-home/registry/src/index.crates.io-1949cf8c6b5b557f/quickcheck-1.0.3/src/tester.rs:165:28:
[INFO] [stdout] [quickcheck] TEST FAILED (runtime error). Arguments: ([])
[INFO] [stdout] Error: could not find a DWARF frame for the address 0xa8fb8
[INFO] [stdout] stack backtrace:
[INFO] [stdout]    0:     0x62e2ab0d3fe1 - <<std[70759c8f55707aa4]::sys::backtrace::BacktraceLock>::print::DisplayBacktrace as core[df12db4294e9bfd3]::fmt::Display>::fmt
[INFO] [stdout]    1:     0x62e2ab0ea97a - core[df12db4294e9bfd3]::fmt::write
[INFO] [stdout]    2:     0x62e2ab0d854c - <alloc[2182bb758b4b3781]::vec::Vec<u8> as core[df12db4294e9bfd3]::io::write::Write>::write_fmt
[INFO] [stdout]    3:     0x62e2ab0b0126 - std[70759c8f55707aa4]::panicking::default_hook::{closure#0}
[INFO] [stdout]    4:     0x62e2ab0cc499 - std[70759c8f55707aa4]::panicking::default_hook
[INFO] [stdout]    5:     0x62e2ab0686c0 - test[9d35eded1c95d3be]::test_main_inner::<test[9d35eded1c95d3be]::test_main_static::{closure#0}>::{closure#0}
[INFO] [stdout]    6:     0x62e2ab0cc652 - std[70759c8f55707aa4]::panicking::panic_with_hook
[INFO] [stdout]    7:     0x62e2aaf843d5 - std[70759c8f55707aa4]::panicking::begin_panic::<alloc[2182bb758b4b3781]::string::String>::{closure#0}
[INFO] [stdout]    8:     0x62e2aaf8439e - std[70759c8f55707aa4]::sys::backtrace::__rust_end_short_backtrace::<std[70759c8f55707aa4]::panicking::begin_panic<alloc[2182bb758b4b3781]::string::String>::{closure#0}, !>
[INFO] [stdout]    9:     0x62e2aaf94124 - std[70759c8f55707aa4]::panicking::begin_panic::<alloc[2182bb758b4b3781]::string::String>
[INFO] [stdout]   10:     0x62e2aaf5d0f3 - quickcheck[e79b348c2ba640a7]::tester::quickcheck::<fn(alloc[2182bb758b4b3781]::vec::Vec<()>) -> core[df12db4294e9bfd3]::result::Result<(), alloc[2182bb758b4b3781]::boxed::Box<dyn core[df12db4294e9bfd3]::error::Error>>>
[INFO] [stdout]   11:     0x62e2aaf97330 - <reflect[9d815ba552b6809f]::slice::of_units::{closure#0} as core[df12db4294e9bfd3]::ops::function::FnOnce<()>>::call_once
[INFO] [stdout]   12:     0x62e2ab05b9ab - test[9d35eded1c95d3be]::__rust_begin_short_backtrace::<core[df12db4294e9bfd3]::result::Result<(), alloc[2182bb758b4b3781]::string::String>, fn() -> core[df12db4294e9bfd3]::result::Result<(), alloc[2182bb758b4b3781]::string::String>>
[INFO] [stdout]   13:     0x62e2ab069015 - test[9d35eded1c95d3be]::run_test::{closure#0}
[INFO] [stdout]   14:     0x62e2ab0628d4 - std[70759c8f55707aa4]::sys::backtrace::__rust_begin_short_backtrace::<test[9d35eded1c95d3be]::run_test::{closure#1}, ()>
[INFO] [stdout]   15:     0x62e2ab06c172 - <std[70759c8f55707aa4]::thread::lifecycle::spawn_unchecked<test[9d35eded1c95d3be]::run_test::{closure#1}, ()>::{closure#1} as core[df12db4294e9bfd3]::ops::function::FnOnce<()>>::call_once::{shim:vtable#0}
[INFO] [stdout]   16:     0x62e2ab0d3889 - <std[70759c8f55707aa4]::sys::thread::unix::Thread>::new::thread_start
[INFO] [stdout]   17:     0x7c1e651aedfa - <unknown>
[INFO] [stdout]   18:     0x7c1e652423d4 - clone
[INFO] [stdout]   19:                0x0 - <unknown>
[INFO] [stdout] 
[INFO] [stdout] ---- primitive::unit stdout ----
[INFO] [stdout] 
[INFO] [stdout] thread 'primitive::unit' (1984) panicked at /opt/rustwide/cargo-home/registry/src/index.crates.io-1949cf8c6b5b557f/quickcheck-1.0.3/src/tester.rs:165:28:
[INFO] [stdout] [quickcheck] TEST FAILED (runtime error). Arguments: (())
[INFO] [stdout] Error: could not find a DWARF frame for the address 0xa9038
[INFO] [stdout] stack backtrace:
[INFO] [stdout]    0:     0x62e2ab0d3fe1 - <<std[70759c8f55707aa4]::sys::backtrace::BacktraceLock>::print::DisplayBacktrace as core[df12db4294e9bfd3]::fmt::Display>::fmt
[INFO] [stdout]    1:     0x62e2ab0ea97a - core[df12db4294e9bfd3]::fmt::write
[INFO] [stdout]    2:     0x62e2ab0d854c - <alloc[2182bb758b4b3781]::vec::Vec<u8> as core[df12db4294e9bfd3]::io::write::Write>::write_fmt
[INFO] [stdout]    3:     0x62e2ab0b0126 - std[70759c8f55707aa4]::panicking::default_hook::{closure#0}
[INFO] [stdout]    4:     0x62e2ab0cc499 - std[70759c8f55707aa4]::panicking::default_hook
[INFO] [stdout]    5:     0x62e2ab0686c0 - test[9d35eded1c95d3be]::test_main_inner::<test[9d35eded1c95d3be]::test_main_static::{closure#0}>::{closure#0}
[INFO] [stdout]    6:     0x62e2ab0cc652 - std[70759c8f55707aa4]::panicking::panic_with_hook
[INFO] [stdout]    7:     0x62e2aaf843d5 - std[70759c8f55707aa4]::panicking::begin_panic::<alloc[2182bb758b4b3781]::string::String>::{closure#0}
[INFO] [stdout]    8:     0x62e2aaf8439e - std[70759c8f55707aa4]::sys::backtrace::__rust_end_short_backtrace::<std[70759c8f55707aa4]::panicking::begin_panic<alloc[2182bb758b4b3781]::string::String>::{closure#0}, !>
[INFO] [stdout]    9:     0x62e2aaf94124 - std[70759c8f55707aa4]::panicking::begin_panic::<alloc[2182bb758b4b3781]::string::String>
[INFO] [stdout]   10:     0x62e2aaf66ef0 - quickcheck[e79b348c2ba640a7]::tester::quickcheck::<fn(()) -> core[df12db4294e9bfd3]::result::Result<(), alloc[2182bb758b4b3781]::boxed::Box<dyn core[df12db4294e9bfd3]::error::Error>>>
[INFO] [stdout]   11:     0x62e2aaf97510 - <reflect[9d815ba552b6809f]::primitive::unit::{closure#0} as core[df12db4294e9bfd3]::ops::function::FnOnce<()>>::call_once
[INFO] [stdout]   12:     0x62e2ab05b9ab - test[9d35eded1c95d3be]::__rust_begin_short_backtrace::<core[df12db4294e9bfd3]::result::Result<(), alloc[2182bb758b4b3781]::string::String>, fn() -> core[df12db4294e9bfd3]::result::Result<(), alloc[2182bb758b4b3781]::string::String>>
[INFO] [stdout]   13:     0x62e2ab069015 - test[9d35eded1c95d3be]::run_test::{closure#0}
[INFO] [stdout]   14:     0x62e2ab0628d4 - std[70759c8f55707aa4]::sys::backtrace::__rust_begin_short_backtrace::<test[9d35eded1c95d3be]::run_test::{closure#1}, ()>
[INFO] [stdout]   15:     0x62e2ab06c172 - <std[70759c8f55707aa4]::thread::lifecycle::spawn_unchecked<test[9d35eded1c95d3be]::run_test::{closure#1}, ()>::{closure#1} as core[df12db4294e9bfd3]::ops::function::FnOnce<()>>::call_once::{shim:vtable#0}
[INFO] [stdout]   16:     0x62e2ab0d3889 - <std[70759c8f55707aa4]::sys::thread::unix::Thread>::new::thread_start
[INFO] [stdout]   17:     0x7c1e651aedfa - <unknown>
[INFO] [stdout]   18:     0x7c1e652423d4 - clone
[INFO] [stdout]   19:                0x0 - <unknown>
[INFO] [stdout] 
[INFO] [stdout] ---- primitive::usize stdout ----
[INFO] [stdout] 
[INFO] [stdout] thread 'primitive::usize' (1985) panicked at /opt/rustwide/cargo-home/registry/src/index.crates.io-1949cf8c6b5b557f/quickcheck-1.0.3/src/tester.rs:165:28:
[INFO] [stdout] [quickcheck] TEST FAILED (runtime error). Arguments: (0)
[INFO] [stdout] Error: could not find a DWARF frame for the address 0xa9000
[INFO] [stdout] stack backtrace:
[INFO] [stdout]    0:     0x62e2ab0d3fe1 - <<std[70759c8f55707aa4]::sys::backtrace::BacktraceLock>::print::DisplayBacktrace as core[df12db4294e9bfd3]::fmt::Display>::fmt
[INFO] [stdout]    1:     0x62e2ab0ea97a - core[df12db4294e9bfd3]::fmt::write
[INFO] [stdout]    2:     0x62e2ab0d854c - <alloc[2182bb758b4b3781]::vec::Vec<u8> as core[df12db4294e9bfd3]::io::write::Write>::write_fmt
[INFO] [stdout]    3:     0x62e2ab0b0126 - std[70759c8f55707aa4]::panicking::default_hook::{closure#0}
[INFO] [stdout]    4:     0x62e2ab0cc499 - std[70759c8f55707aa4]::panicking::default_hook
[INFO] [stdout]    5:     0x62e2ab0686c0 - test[9d35eded1c95d3be]::test_main_inner::<test[9d35eded1c95d3be]::test_main_static::{closure#0}>::{closure#0}
[INFO] [stdout]    6:     0x62e2ab0cc652 - std[70759c8f55707aa4]::panicking::panic_with_hook
[INFO] [stdout]    7:     0x62e2aaf843d5 - std[70759c8f55707aa4]::panicking::begin_panic::<alloc[2182bb758b4b3781]::string::String>::{closure#0}
[INFO] [stdout]    8:     0x62e2aaf8439e - std[70759c8f55707aa4]::sys::backtrace::__rust_end_short_backtrace::<std[70759c8f55707aa4]::panicking::begin_panic<alloc[2182bb758b4b3781]::string::String>::{closure#0}, !>
[INFO] [stdout]    9:     0x62e2aaf94124 - std[70759c8f55707aa4]::panicking::begin_panic::<alloc[2182bb758b4b3781]::string::String>
[INFO] [stdout]   10:     0x62e2aaf62bd0 - quickcheck[e79b348c2ba640a7]::tester::quickcheck::<fn(usize) -> core[df12db4294e9bfd3]::result::Result<(), alloc[2182bb758b4b3781]::boxed::Box<dyn core[df12db4294e9bfd3]::error::Error>>>
[INFO] [stdout]   11:     0x62e2aaf97550 - <reflect[9d815ba552b6809f]::primitive::usize::{closure#0} as core[df12db4294e9bfd3]::ops::function::FnOnce<()>>::call_once
[INFO] [stdout]   12:     0x62e2ab05b9ab - test[9d35eded1c95d3be]::__rust_begin_short_backtrace::<core[df12db4294e9bfd3]::result::Result<(), alloc[2182bb758b4b3781]::string::String>, fn() -> core[df12db4294e9bfd3]::result::Result<(), alloc[2182bb758b4b3781]::string::String>>
[INFO] [stdout]   13:     0x62e2ab069015 - test[9d35eded1c95d3be]::run_test::{closure#0}
[INFO] [stdout]   14:     0x62e2ab0628d4 - std[70759c8f55707aa4]::sys::backtrace::__rust_begin_short_backtrace::<test[9d35eded1c95d3be]::run_test::{closure#1}, ()>
[INFO] [stdout]   15:     0x62e2ab06c172 - <std[70759c8f55707aa4]::thread::lifecycle::spawn_unchecked<test[9d35eded1c95d3be]::run_test::{closure#1}, ()>::{closure#1} as core[df12db4294e9bfd3]::ops::function::FnOnce<()>>::call_once::{shim:vtable#0}
[INFO] [stdout]   16:     0x62e2ab0d3889 - <std[70759c8f55707aa4]::sys::thread::unix::Thread>::new::thread_start
[INFO] [stdout]   17:     0x7c1e651aedfa - <unknown>
[INFO] [stdout]   18:     0x7c1e652423d4 - clone
[INFO] [stdout]   19:                0x0 - <unknown>
[INFO] [stdout] 
[INFO] [stdout] ---- unit_struct stdout ----
[INFO] [stdout] Error: could not find a DWARF frame for the address 0xbc5b0
[INFO] [stdout] 
[INFO] [stdout] ---- str stdout ----
[INFO] [stdout] 
[INFO] [stdout] thread 'str' (1989) panicked at /opt/rustwide/cargo-home/registry/src/index.crates.io-1949cf8c6b5b557f/quickcheck-1.0.3/src/tester.rs:165:28:
[INFO] [stdout] [quickcheck] TEST FAILED (runtime error). Arguments: ("")
[INFO] [stdout] Error: could not find a DWARF frame for the address 0xa8fc0
[INFO] [stdout] stack backtrace:
[INFO] [stdout]    0:     0x62e2ab0d3fe1 - <<std[70759c8f55707aa4]::sys::backtrace::BacktraceLock>::print::DisplayBacktrace as core[df12db4294e9bfd3]::fmt::Display>::fmt
[INFO] [stdout]    1:     0x62e2ab0ea97a - core[df12db4294e9bfd3]::fmt::write
[INFO] [stdout]    2:     0x62e2ab0d854c - <alloc[2182bb758b4b3781]::vec::Vec<u8> as core[df12db4294e9bfd3]::io::write::Write>::write_fmt
[INFO] [stdout]    3:     0x62e2ab0b0126 - std[70759c8f55707aa4]::panicking::default_hook::{closure#0}
[INFO] [stdout]    4:     0x62e2ab0cc499 - std[70759c8f55707aa4]::panicking::default_hook
[INFO] [stdout]    5:     0x62e2ab0686c0 - test[9d35eded1c95d3be]::test_main_inner::<test[9d35eded1c95d3be]::test_main_static::{closure#0}>::{closure#0}
[INFO] [stdout]    6:     0x62e2ab0cc652 - std[70759c8f55707aa4]::panicking::panic_with_hook
[INFO] [stdout]    7:     0x62e2aaf843d5 - std[70759c8f55707aa4]::panicking::begin_panic::<alloc[2182bb758b4b3781]::string::String>::{closure#0}
[INFO] [stdout]    8:     0x62e2aaf8439e - std[70759c8f55707aa4]::sys::backtrace::__rust_end_short_backtrace::<std[70759c8f55707aa4]::panicking::begin_panic<alloc[2182bb758b4b3781]::string::String>::{closure#0}, !>
[INFO] [stdout]    9:     0x62e2aaf94124 - std[70759c8f55707aa4]::panicking::begin_panic::<alloc[2182bb758b4b3781]::string::String>
[INFO] [stdout]   10:     0x62e2aaf5dbf9 - quickcheck[e79b348c2ba640a7]::tester::quickcheck::<fn(alloc[2182bb758b4b3781]::string::String) -> core[df12db4294e9bfd3]::result::Result<(), alloc[2182bb758b4b3781]::boxed::Box<dyn core[df12db4294e9bfd3]::error::Error>>>
[INFO] [stdout]   11:     0x62e2aaf96920 - <reflect[9d815ba552b6809f]::str::{closure#0} as core[df12db4294e9bfd3]::ops::function::FnOnce<()>>::call_once
[INFO] [stdout]   12:     0x62e2ab05b9ab - test[9d35eded1c95d3be]::__rust_begin_short_backtrace::<core[df12db4294e9bfd3]::result::Result<(), alloc[2182bb758b4b3781]::string::String>, fn() -> core[df12db4294e9bfd3]::result::Result<(), alloc[2182bb758b4b3781]::string::String>>
[INFO] [stdout]   13:     0x62e2ab069015 - test[9d35eded1c95d3be]::run_test::{closure#0}
[INFO] [stdout]   14:     0x62e2ab0628d4 - std[70759c8f55707aa4]::sys::backtrace::__rust_begin_short_backtrace::<test[9d35eded1c95d3be]::run_test::{closure#1}, ()>
[INFO] [stdout]   15:     0x62e2ab06c172 - <std[70759c8f55707aa4]::thread::lifecycle::spawn_unchecked<test[9d35eded1c95d3be]::run_test::{closure#1}, ()>::{closure#1} as core[df12db4294e9bfd3]::ops::function::FnOnce<()>>::call_once::{shim:vtable#0}
[INFO] [stdout]   16:     0x62e2ab0d3889 - <std[70759c8f55707aa4]::sys::thread::unix::Thread>::new::thread_start
[INFO] [stdout]   17:     0x7c1e651aedfa - <unknown>
[INFO] [stdout]   18:     0x7c1e652423d4 - clone
[INFO] [stdout]   19:                0x0 - <unknown>
[INFO] [stdout] 
[INFO] [stdout] ---- tuple_struct stdout ----
[INFO] [stdout] Error: could not find a DWARF frame for the address 0xbc5b8
[INFO] [stdout] 
[INFO] [stdout] 
[INFO] [stdout] failures:
[INFO] [stdout]     boxed_dyn
[INFO] [stdout]     boxed_slice
[INFO] [stdout]     braced_struct
[INFO] [stdout]     phantom_data
[INFO] [stdout]     primitive::bool
[INFO] [stdout]     primitive::char
[INFO] [stdout]     primitive::f32
[INFO] [stdout]     primitive::f64
[INFO] [stdout]     primitive::i128
[INFO] [stdout]     primitive::i16
[INFO] [stdout]     primitive::i32
[INFO] [stdout]     primitive::i64
[INFO] [stdout]     primitive::i8
[INFO] [stdout]     primitive::isize
[INFO] [stdout]     primitive::u128
[INFO] [stdout]     primitive::u16
[INFO] [stdout]     primitive::u32
[INFO] [stdout]     primitive::u64
[INFO] [stdout]     primitive::u8
[INFO] [stdout]     primitive::unit
[INFO] [stdout]     primitive::usize
[INFO] [stdout]     r#ref::unit_struct
[INFO] [stdout]     slice::of_chars
[INFO] [stdout]     slice::of_units
[INFO] [stdout]     str
[INFO] [stdout]     tuple_struct
[INFO] [stdout]     unit_struct
[INFO] [stdout] 
[INFO] [stdout] test result: FAILED. 0 passed; 27 failed; 0 ignored; 0 measured; 0 filtered out; finished in 0.02s
[INFO] [stdout] 
[INFO] running `Command { std: "docker" "inspect" "588f562de0987bfd7cd3aa7643e2aa1622f594ff60023d6ec02896310e8615f0", kill_on_drop: false }`
[INFO] running `Command { std: "docker" "rm" "-f" "588f562de0987bfd7cd3aa7643e2aa1622f594ff60023d6ec02896310e8615f0", kill_on_drop: false }`
[INFO] [stdout] 588f562de0987bfd7cd3aa7643e2aa1622f594ff60023d6ec02896310e8615f0
