[INFO] fetching crate default-boxed 0.2.0...
[INFO] testing default-boxed-0.2.0 against 1.99.0-beta.8+cargoflags=--release for beta-release-1.100-2
[INFO] extracting crate default-boxed 0.2.0 into /workspace/builds/worker-4-tc1/source
[INFO] started tweaking crates.io crate default-boxed 0.2.0
[INFO] finished tweaking crates.io crate default-boxed 0.2.0
[INFO] tweaked toml for crates.io crate default-boxed 0.2.0 written to /workspace/builds/worker-4-tc1/source/Cargo.toml
[INFO] validating manifest of crates.io crate default-boxed 0.2.0 on toolchain 1.99.0-beta.8
[INFO] running `Command { std: CARGO_HOME="/workspace/cargo-home" RUSTUP_HOME="/workspace/rustup-home" "/workspace/cargo-home/bin/cargo" "+1.99.0-beta.8" "metadata" "--manifest-path" "Cargo.toml" "--no-deps", kill_on_drop: false }`
[INFO] running `Command { std: CARGO_HOME="/workspace/cargo-home" RUSTUP_HOME="/workspace/rustup-home" "/workspace/cargo-home/bin/cargo" "+1.99.0-beta.8" "generate-lockfile" "--manifest-path" "Cargo.toml", kill_on_drop: false }`
[INFO] [stderr]     Updating crates.io index
[INFO] [stderr]      Locking 29 packages to highest compatible versions
[INFO] running `Command { std: CARGO_HOME="/workspace/cargo-home" RUSTUP_HOME="/workspace/rustup-home" "/workspace/cargo-home/bin/cargo" "+1.99.0-beta.8" "fetch" "--manifest-path" "Cargo.toml", kill_on_drop: false }`
[INFO] [stderr]  Downloading crates ...
[INFO] [stderr]   Downloaded trybuild v1.0.122
[INFO] [stderr]   Downloaded target-tuple v1.0.2
[INFO] [stderr]   Downloaded default-boxed-derive v0.2.0
[INFO] running `Command { std: "docker" "create" "-v" "/var/lib/crater-agent-workspace/builds/worker-4-tc1/source:/opt/rustwide/workdir:ro,Z" "-v" "/var/lib/crater-agent-workspace/builds/worker-4-tc1/target:/opt/rustwide/target:rw,Z" "-v" "/var/lib/crater-agent-workspace/cargo-home:/opt/rustwide/cargo-home:ro,Z" "-v" "/var/lib/crater-agent-workspace/rustup-home:/opt/rustwide/rustup-home:ro,Z" "-m" "1610612736" "--network" "none" "ghcr.io/rust-lang/crates-build-env/linux@sha256:77db811e55d90add9212f6832c23229e3de5f1c1f9905e8cb07319ea15df73ac" "sleep" "infinity", kill_on_drop: false }`
[INFO] [stdout] 523aa52ddfcc6188a2b7ab96d0c7b67166d4a5ef28ee3da99d98050d40db1838
[INFO] running `Command { std: "docker" "start" "523aa52ddfcc6188a2b7ab96d0c7b67166d4a5ef28ee3da99d98050d40db1838", kill_on_drop: false }`
[INFO] running `Command { std: "docker" "inspect" "523aa52ddfcc6188a2b7ab96d0c7b67166d4a5ef28ee3da99d98050d40db1838", kill_on_drop: false }`
[INFO] running `Command { std: "docker" "exec" "-e" "SOURCE_DIR=/opt/rustwide/workdir" "-e" "CARGO_HOME=/opt/rustwide/cargo-home" "-e" "RUSTUP_HOME=/opt/rustwide/rustup-home" "-e" "CARGO_TARGET_DIR=/opt/rustwide/target" "-w" "/opt/rustwide/workdir" "--user" "0:0" "523aa52ddfcc6188a2b7ab96d0c7b67166d4a5ef28ee3da99d98050d40db1838" "/opt/rustwide/cargo-home/bin/cargo" "+1.99.0-beta.8" "metadata" "--no-deps" "--format-version=1", kill_on_drop: false }`
[INFO] running `Command { std: "docker" "inspect" "523aa52ddfcc6188a2b7ab96d0c7b67166d4a5ef28ee3da99d98050d40db1838", kill_on_drop: false }`
[INFO] running `Command { std: "docker" "exec" "-e" "SOURCE_DIR=/opt/rustwide/workdir" "-e" "CARGO_HOME=/opt/rustwide/cargo-home" "-e" "RUSTUP_HOME=/opt/rustwide/rustup-home" "-e" "CARGO_TARGET_DIR=/opt/rustwide/target" "-e" "CARGO_INCREMENTAL=0" "-e" "RUST_BACKTRACE=full" "-e" "RUSTFLAGS=--cap-lints=warn" "-e" "RUSTDOCFLAGS=--cap-lints=warn" "-w" "/opt/rustwide/workdir" "--user" "0:0" "523aa52ddfcc6188a2b7ab96d0c7b67166d4a5ef28ee3da99d98050d40db1838" "/opt/rustwide/cargo-home/bin/cargo" "+1.99.0-beta.8" "build" "--frozen" "--message-format=json" "--release", kill_on_drop: false }`
[INFO] [stderr]    Compiling syn v1.0.109
[INFO] [stderr]    Compiling default-boxed-derive v0.2.0
[INFO] [stderr]    Compiling default-boxed v0.2.0 (/opt/rustwide/workdir)
[INFO] [stderr]     Finished `release` profile [optimized] target(s) in 3.49s
[INFO] running `Command { std: "docker" "inspect" "523aa52ddfcc6188a2b7ab96d0c7b67166d4a5ef28ee3da99d98050d40db1838", kill_on_drop: false }`
[INFO] running `Command { std: "docker" "exec" "-e" "SOURCE_DIR=/opt/rustwide/workdir" "-e" "CARGO_HOME=/opt/rustwide/cargo-home" "-e" "RUSTUP_HOME=/opt/rustwide/rustup-home" "-e" "CARGO_TARGET_DIR=/opt/rustwide/target" "-e" "CARGO_INCREMENTAL=0" "-e" "RUST_BACKTRACE=full" "-e" "RUSTFLAGS=--cap-lints=warn" "-e" "RUSTDOCFLAGS=--cap-lints=warn" "-w" "/opt/rustwide/workdir" "--user" "0:0" "523aa52ddfcc6188a2b7ab96d0c7b67166d4a5ef28ee3da99d98050d40db1838" "/opt/rustwide/cargo-home/bin/cargo" "+1.99.0-beta.8" "test" "--frozen" "--no-run" "--message-format=json" "--release", kill_on_drop: false }`
[INFO] [stderr]    Compiling winnow v1.0.4
[INFO] [stderr]    Compiling target-tuple v1.0.2
[INFO] [stderr]    Compiling syn v3.0.9
[INFO] [stderr]    Compiling toml_datetime v1.1.2+spec-1.1.0
[INFO] [stderr]    Compiling serde_spanned v1.1.2
[INFO] [stderr]    Compiling toml_writer v1.1.3+spec-1.1.0
[INFO] [stderr]    Compiling serde_json v1.0.154
[INFO] [stderr]    Compiling glob v0.3.4
[INFO] [stderr]    Compiling toml_parser v1.1.5+spec-1.1.0
[INFO] [stderr]    Compiling toml v1.1.8+spec-1.1.0
[INFO] [stderr]    Compiling serde_derive v1.0.229
[INFO] [stderr]    Compiling trybuild v1.0.122
[INFO] [stderr]    Compiling default-boxed v0.2.0 (/opt/rustwide/workdir)
[INFO] [stderr]     Finished `release` profile [optimized] target(s) in 34.08s
[INFO] running `Command { std: "docker" "inspect" "523aa52ddfcc6188a2b7ab96d0c7b67166d4a5ef28ee3da99d98050d40db1838", kill_on_drop: false }`
[INFO] running `Command { std: "docker" "exec" "-e" "SOURCE_DIR=/opt/rustwide/workdir" "-e" "CARGO_HOME=/opt/rustwide/cargo-home" "-e" "RUSTUP_HOME=/opt/rustwide/rustup-home" "-e" "CARGO_TARGET_DIR=/opt/rustwide/target" "-e" "CARGO_INCREMENTAL=0" "-e" "RUST_BACKTRACE=full" "-e" "RUSTFLAGS=--cap-lints=warn" "-e" "RUSTDOCFLAGS=--cap-lints=warn" "-w" "/opt/rustwide/workdir" "--user" "0:0" "523aa52ddfcc6188a2b7ab96d0c7b67166d4a5ef28ee3da99d98050d40db1838" "/opt/rustwide/cargo-home/bin/cargo" "+1.99.0-beta.8" "test" "--frozen" "--release", kill_on_drop: false }`
[INFO] [stderr]     Finished `release` profile [optimized] target(s) in 0.09s
[INFO] [stderr]      Running unittests src/lib.rs (/opt/rustwide/target/release/deps/default_boxed-a8050794afd6bce4)
[INFO] [stdout] 
[INFO] [stdout] running 0 tests
[INFO] [stdout] 
[INFO] [stdout] test result: ok. 0 passed; 0 failed; 0 ignored; 0 measured; 0 filtered out; finished in 0.00s
[INFO] [stdout] 
[INFO] [stderr]      Running tests/boxed-array.rs (/opt/rustwide/target/release/deps/boxed_array-4b2dac73b47291ee)
[INFO] [stdout] 
[INFO] [stdout] running 1 test
[INFO] [stderr]      Running tests/compile_test.rs (/opt/rustwide/target/release/deps/compile_test-72dc4710df347ad0)
[INFO] [stdout] test test_boxed_array ... ok
[INFO] [stdout] 
[INFO] [stdout] test result: ok. 1 passed; 0 failed; 0 ignored; 0 measured; 0 filtered out; finished in 0.00s
[INFO] [stdout] 
[INFO] [stdout] 
[INFO] [stdout] running 1 test
[INFO] [stderr]    Compiling proc-macro2 v1.0.107
[INFO] [stderr]    Compiling unicode-ident v1.0.27
[INFO] [stderr]    Compiling quote v1.0.47
[INFO] [stderr]    Compiling syn v1.0.109
[INFO] [stderr]    Compiling default-boxed-derive v0.2.0
[INFO] [stderr]    Compiling default-boxed v0.2.0 (/opt/rustwide/workdir)
[INFO] [stderr]    Compiling default-boxed-tests v0.0.0 (/opt/rustwide/target/tests/trybuild/default-boxed)
[INFO] [stderr]     Finished `dev` profile [unoptimized + debuginfo] target(s) in 6.26s
[INFO] [stderr] 
[INFO] [stderr] 
[INFO] [stderr] test tests/pass/basic.rs [should pass] ... ok
[INFO] [stderr] test tests/pass/generics.rs [should pass] ... ok
[INFO] [stderr] test tests/pass/nested-array.rs [should pass] ... ok
[INFO] [stderr] test tests/pass/packed-struct.rs [should pass] ... ok
[INFO] [stderr] test tests/pass/tuple-struct.rs [should pass] ... ok
[INFO] [stderr] test tests/pass/tuple.rs [should pass] ... ok
[INFO] [stderr] test tests/pass/unit-like.rs [should pass] ... ok
[INFO] [stderr] test tests/pass/zero-sized.rs [should pass] ... ok
[INFO] [stderr] test tests/compile_fail/enum.rs [should fail to compile] ... ok
[INFO] [stderr] test tests/compile_fail/not-impl.rs [should fail to compile] ... mismatch
[INFO] [stderr] 
[INFO] [stderr] EXPECTED:
[INFO] [stderr] ┈┈┈┈┈┈┈┈┈┈┈┈┈┈┈┈┈┈┈┈┈┈┈┈┈┈┈┈┈┈┈┈┈┈┈┈┈┈┈┈┈┈┈┈┈┈┈┈┈┈┈┈┈┈┈┈┈┈┈┈
[INFO] [stderr] error[E0277]: the trait bound `Bar: Default` is not satisfied
[INFO] [stderr]  --> $DIR/not-impl.rs:7:8
[INFO] [stderr]   |
[INFO] [stderr] 7 |     a: Bar,
[INFO] [stderr]   |        ^^^ the trait `Default` is not implemented for `Bar`
[INFO] [stderr]   |
[INFO] [stderr]   = note: required because of the requirements on the impl of `DefaultBoxed` for `Bar`
[INFO] [stderr] ┈┈┈┈┈┈┈┈┈┈┈┈┈┈┈┈┈┈┈┈┈┈┈┈┈┈┈┈┈┈┈┈┈┈┈┈┈┈┈┈┈┈┈┈┈┈┈┈┈┈┈┈┈┈┈┈┈┈┈┈
[INFO] [stderr] 
[INFO] [stderr] ACTUAL OUTPUT:
[INFO] [stderr] ┈┈┈┈┈┈┈┈┈┈┈┈┈┈┈┈┈┈┈┈┈┈┈┈┈┈┈┈┈┈┈┈┈┈┈┈┈┈┈┈┈┈┈┈┈┈┈┈┈┈┈┈┈┈┈┈┈┈┈┈
[INFO] [stderr] error[E0277]: the trait bound `Bar: DefaultBoxed` is not satisfied
[INFO] [stderr]  --> tests/compile_fail/not-impl.rs:7:8
[INFO] [stderr]   |
[INFO] [stderr] 7 |     a: Bar,
[INFO] [stderr]   |        ^^^ the trait `Default` is not implemented for `Bar`
[INFO] [stderr]   |
[INFO] [stderr] help: the trait `DefaultBoxed` is implemented for `Foo`
[INFO] [stderr]  --> tests/compile_fail/not-impl.rs:5:10
[INFO] [stderr]   |
[INFO] [stderr] 5 | #[derive(DefaultBoxed)]
[INFO] [stderr]   |          ^^^^^^^^^^^^
[INFO] [stderr]   = note: required for `Bar` to implement `DefaultBoxed`
[INFO] [stderr]   = note: this error originates in the derive macro `DefaultBoxed` (in Nightly builds, run with -Z macro-backtrace for more info)
[INFO] [stderr] help: consider annotating `Bar` with `#[derive(Default)]`
[INFO] [stderr]   |
[INFO] [stderr] 3 + #[derive(Default)]
[INFO] [stderr] 4 | struct Bar;
[INFO] [stderr]   |
[INFO] [stderr] ┈┈┈┈┈┈┈┈┈┈┈┈┈┈┈┈┈┈┈┈┈┈┈┈┈┈┈┈┈┈┈┈┈┈┈┈┈┈┈┈┈┈┈┈┈┈┈┈┈┈┈┈┈┈┈┈┈┈┈┈
[INFO] [stderr] note: If the actual output is the correct output you can bless it by rerunning
[INFO] [stderr]       your test with the environment variable TRYBUILD=overwrite
[INFO] [stderr] 
[INFO] [stderr] test tests/compile_fail/union.rs [should fail to compile] ... ok
[INFO] [stderr] 
[INFO] [stderr] 
[INFO] [stdout] test compile_test ... FAILED
[INFO] [stdout] 
[INFO] [stdout] failures:
[INFO] [stdout] 
[INFO] [stdout] ---- compile_test stdout ----
[INFO] [stdout] 
[INFO] [stdout] thread 'compile_test' (491) panicked at /opt/rustwide/cargo-home/registry/src/index.crates.io-1949cf8c6b5b557f/trybuild-1.0.122/src/run.rs:103:13:
[INFO] [stdout] 1 of 11 tests failed
[INFO] [stdout] stack backtrace:
[INFO] [stdout]    0:     0x582300af7cd1 - <<std[70759c8f55707aa4]::sys::backtrace::BacktraceLock>::print::DisplayBacktrace as core[df12db4294e9bfd3]::fmt::Display>::fmt
[INFO] [stdout]    1:     0x582300b0e35a - core[df12db4294e9bfd3]::fmt::write
[INFO] [stdout]    2:     0x582300afc79c - <alloc[2182bb758b4b3781]::vec::Vec<u8> as core[df12db4294e9bfd3]::io::write::Write>::write_fmt
[INFO] [stdout]    3:     0x582300ad11b6 - std[70759c8f55707aa4]::panicking::default_hook::{closure#0}
[INFO] [stdout]    4:     0x582300aef349 - std[70759c8f55707aa4]::panicking::default_hook
[INFO] [stdout]    5:     0x582300a88620 - test[9d35eded1c95d3be]::test_main_inner::<test[9d35eded1c95d3be]::test_main_static::{closure#0}>::{closure#0}
[INFO] [stdout]    6:     0x582300aef502 - std[70759c8f55707aa4]::panicking::panic_with_hook
[INFO] [stdout]    7:     0x582300ad1262 - std[70759c8f55707aa4]::panicking::panic_handler::{closure#0}
[INFO] [stdout]    8:     0x582300ac9b29 - std[70759c8f55707aa4]::sys::backtrace::__rust_end_short_backtrace::<std[70759c8f55707aa4]::panicking::panic_handler::{closure#0}, !>
[INFO] [stdout]    9:     0x582300ad1e5d - __rustc[8fa7c3cbc660c2b3]::rust_begin_unwind
[INFO] [stdout]   10:     0x582300b0eacc - core[df12db4294e9bfd3]::panicking::panic_fmt
[INFO] [stdout]   11:     0x5823009dbd4b - <trybuild[6c188aa1e2891758]::Runner>::run
[INFO] [stdout]   12:     0x5823009df140 - <trybuild[6c188aa1e2891758]::TestCases as core[df12db4294e9bfd3]::ops::drop::Drop>::drop
[INFO] [stdout]   13:     0x5823009d5c76 - compile_test[623897bf11212c7a]::compile_test
[INFO] [stdout]   14:     0x5823009d5ea9 - <compile_test[623897bf11212c7a]::compile_test::{closure#0} as core[df12db4294e9bfd3]::ops::function::FnOnce<()>>::call_once
[INFO] [stdout]   15:     0x582300a7b90b - test[9d35eded1c95d3be]::__rust_begin_short_backtrace::<core[df12db4294e9bfd3]::result::Result<(), alloc[2182bb758b4b3781]::string::String>, fn() -> core[df12db4294e9bfd3]::result::Result<(), alloc[2182bb758b4b3781]::string::String>>
[INFO] [stdout]   16:     0x582300a88f75 - test[9d35eded1c95d3be]::run_test::{closure#0}
[INFO] [stdout]   17:     0x582300a82834 - std[70759c8f55707aa4]::sys::backtrace::__rust_begin_short_backtrace::<test[9d35eded1c95d3be]::run_test::{closure#1}, ()>
[INFO] [stdout]   18:     0x582300a8c0d2 - <std[70759c8f55707aa4]::thread::lifecycle::spawn_unchecked<test[9d35eded1c95d3be]::run_test::{closure#1}, ()>::{closure#1} as core[df12db4294e9bfd3]::ops::function::FnOnce<()>>::call_once::{shim:vtable#0}
[INFO] [stdout]   19:     0x582300af6f89 - <std[70759c8f55707aa4]::sys::thread::unix::Thread>::new::thread_start
[INFO] [stdout]   20:     0x743079803dfa - <unknown>
[INFO] [stdout]   21:     0x7430798973d4 - clone
[INFO] [stdout]   22:                0x0 - <unknown>
[INFO] [stdout] 
[INFO] [stdout] 
[INFO] [stdout] failures:
[INFO] [stdout]     compile_test
[INFO] [stdout] 
[INFO] [stdout] test result: FAILED. 0 passed; 1 failed; 0 ignored; 0 measured; 0 filtered out; finished in 12.10s
[INFO] [stdout] 
[INFO] [stderr] error: test failed, to rerun pass `--test compile_test`
[INFO] running `Command { std: "docker" "inspect" "523aa52ddfcc6188a2b7ab96d0c7b67166d4a5ef28ee3da99d98050d40db1838", kill_on_drop: false }`
[INFO] running `Command { std: "docker" "rm" "-f" "523aa52ddfcc6188a2b7ab96d0c7b67166d4a5ef28ee3da99d98050d40db1838", kill_on_drop: false }`
[INFO] [stdout] 523aa52ddfcc6188a2b7ab96d0c7b67166d4a5ef28ee3da99d98050d40db1838
