[INFO] fetching crate deez 0.3.0...
[INFO] testing deez-0.3.0 against 1.100.0-beta.1+cargoflags=--release for beta-release-1.100-2
[INFO] extracting crate deez 0.3.0 into /workspace/builds/worker-6-tc2/source
[INFO] started tweaking crates.io crate deez 0.3.0
[INFO] finished tweaking crates.io crate deez 0.3.0
[INFO] tweaked toml for crates.io crate deez 0.3.0 written to /workspace/builds/worker-6-tc2/source/Cargo.toml
[INFO] validating manifest of crates.io crate deez 0.3.0 on toolchain 1.100.0-beta.1
[INFO] running `Command { std: CARGO_HOME="/workspace/cargo-home" RUSTUP_HOME="/workspace/rustup-home" "/workspace/cargo-home/bin/cargo" "+1.100.0-beta.1" "metadata" "--manifest-path" "Cargo.toml" "--no-deps", kill_on_drop: false }`
[INFO] running `Command { std: CARGO_HOME="/workspace/cargo-home" RUSTUP_HOME="/workspace/rustup-home" "/workspace/cargo-home/bin/cargo" "+1.100.0-beta.1" "generate-lockfile" "--manifest-path" "Cargo.toml", kill_on_drop: false }`
[INFO] [stderr]     Updating crates.io index
[INFO] [stderr]     Blocking waiting for file lock on package cache
[INFO] [stderr]      Locking 180 packages to highest compatible versions
[INFO] [stderr]       Adding aws-config v0.55.3 (available: v1.12.0)
[INFO] [stderr]       Adding aws-sdk-dynamodb v0.28.0 (available: v1.130.0)
[INFO] [stderr]       Adding aws-smithy-types v0.55.3 (available: v1.8.1)
[INFO] [stderr]       Adding generic-array v0.14.7 (available: v0.14.9)
[INFO] [stderr]       Adding thiserror v1.0.69 (available: v2.0.21)
[INFO] running `Command { std: CARGO_HOME="/workspace/cargo-home" RUSTUP_HOME="/workspace/rustup-home" "/workspace/cargo-home/bin/cargo" "+1.100.0-beta.1" "fetch" "--manifest-path" "Cargo.toml", kill_on_drop: false }`
[INFO] running `Command { std: "docker" "create" "-v" "/var/lib/crater-agent-workspace/builds/worker-6-tc2/source:/opt/rustwide/workdir:ro,Z" "-v" "/var/lib/crater-agent-workspace/builds/worker-6-tc2/target:/opt/rustwide/target:rw,Z" "-v" "/var/lib/crater-agent-workspace/cargo-home:/opt/rustwide/cargo-home:ro,Z" "-v" "/var/lib/crater-agent-workspace/rustup-home:/opt/rustwide/rustup-home:ro,Z" "-m" "1610612736" "--network" "none" "ghcr.io/rust-lang/crates-build-env/linux@sha256:77db811e55d90add9212f6832c23229e3de5f1c1f9905e8cb07319ea15df73ac" "sleep" "infinity", kill_on_drop: false }`
[INFO] [stdout] 0fde64c552abdea5d996b78ecad352d1fda251803e4e1de30c5737ebd7bd0bd2
[INFO] running `Command { std: "docker" "start" "0fde64c552abdea5d996b78ecad352d1fda251803e4e1de30c5737ebd7bd0bd2", kill_on_drop: false }`
[INFO] running `Command { std: "docker" "inspect" "0fde64c552abdea5d996b78ecad352d1fda251803e4e1de30c5737ebd7bd0bd2", kill_on_drop: false }`
[INFO] running `Command { std: "docker" "exec" "-e" "SOURCE_DIR=/opt/rustwide/workdir" "-e" "CARGO_HOME=/opt/rustwide/cargo-home" "-e" "RUSTUP_HOME=/opt/rustwide/rustup-home" "-e" "CARGO_TARGET_DIR=/opt/rustwide/target" "-w" "/opt/rustwide/workdir" "--user" "0:0" "0fde64c552abdea5d996b78ecad352d1fda251803e4e1de30c5737ebd7bd0bd2" "/opt/rustwide/cargo-home/bin/cargo" "+1.100.0-beta.1" "metadata" "--no-deps" "--format-version=1", kill_on_drop: false }`
[INFO] running `Command { std: "docker" "inspect" "0fde64c552abdea5d996b78ecad352d1fda251803e4e1de30c5737ebd7bd0bd2", kill_on_drop: false }`
[INFO] running `Command { std: "docker" "exec" "-e" "SOURCE_DIR=/opt/rustwide/workdir" "-e" "CARGO_HOME=/opt/rustwide/cargo-home" "-e" "RUSTUP_HOME=/opt/rustwide/rustup-home" "-e" "CARGO_TARGET_DIR=/opt/rustwide/target" "-e" "CARGO_INCREMENTAL=0" "-e" "RUST_BACKTRACE=full" "-e" "RUSTFLAGS=--cap-lints=warn" "-e" "RUSTDOCFLAGS=--cap-lints=warn" "-w" "/opt/rustwide/workdir" "--user" "0:0" "0fde64c552abdea5d996b78ecad352d1fda251803e4e1de30c5737ebd7bd0bd2" "/opt/rustwide/cargo-home/bin/cargo" "+1.100.0-beta.1" "build" "--frozen" "--message-format=json" "--release", kill_on_drop: false }`
[INFO] [stderr]    Compiling futures-task v0.3.34
[INFO] [stderr]    Compiling powerfmt v0.2.1
[INFO] [stderr]    Compiling outref v0.5.2
[INFO] [stderr]    Compiling num-traits v0.2.19
[INFO] [stderr]    Compiling http v0.2.12
[INFO] [stderr]    Compiling deranged v0.5.9
[INFO] [stderr]    Compiling vsimd v0.8.0
[INFO] [stderr]    Compiling equivalent v1.0.3
[INFO] [stderr]    Compiling syn v2.0.119
[INFO] [stderr]    Compiling socket2 v0.6.5
[INFO] [stderr]    Compiling mio v1.2.4
[INFO] [stderr]    Compiling ring v0.17.14
[INFO] [stderr]    Compiling getrandom v0.2.17
[INFO] [stderr]    Compiling want v0.3.2
[INFO] [stderr]    Compiling socket2 v0.5.10
[INFO] [stderr]    Compiling either v1.19.0
[INFO] [stderr]    Compiling indexmap v2.14.2
[INFO] [stderr]    Compiling rustls v0.20.9
[INFO] [stderr]    Compiling bytes-utils v0.1.4
[INFO] [stderr]    Compiling futures-util v0.3.34
[INFO] [stderr]    Compiling ring v0.16.20
[INFO] [stderr]    Compiling rustls-native-certs v0.6.3
[INFO] [stderr]    Compiling aho-corasick v1.1.5
[INFO] [stderr]    Compiling aws-types v0.55.3
[INFO] [stderr]    Compiling syn v3.0.9
[INFO] [stderr]    Compiling tokio v1.53.3
[INFO] [stderr]    Compiling proc-macro-error-attr v1.0.4
[INFO] [stderr]    Compiling syn v1.0.109
[INFO] [stderr]    Compiling base64-simd v0.8.0
[INFO] [stderr]    Compiling zeroize v1.9.1
[INFO] [stderr]    Compiling digest v0.10.7
[INFO] [stderr]    Compiling proc-macro-error v1.0.4
[INFO] [stderr]    Compiling smallvec v1.16.3
[INFO] [stderr]    Compiling memchr v2.8.3
[INFO] [stderr]    Compiling proc-macro-utils v0.8.0
[INFO] [stderr]    Compiling sha2 v0.10.9
[INFO] [stderr]    Compiling num-integer v0.1.47
[INFO] [stderr]    Compiling hmac v0.12.1
[INFO] [stderr]    Compiling http-body v0.4.6
[INFO] [stderr]    Compiling collection_literals v1.0.3
[INFO] [stderr]    Compiling interpolator v0.5.0
[INFO] [stderr]    Compiling time v0.3.55
[INFO] [stderr]    Compiling regex-automata v0.4.18
[INFO] [stderr]    Compiling aws-smithy-types v0.55.3
[INFO] [stderr]    Compiling aws-smithy-json v0.55.3
[INFO] [stderr]    Compiling derive-where v1.7.0
[INFO] [stderr]    Compiling tokio-util v0.7.20
[INFO] [stderr]    Compiling tokio-stream v0.1.19
[INFO] [stderr]    Compiling tracing-attributes v0.1.31
[INFO] [stderr]    Compiling pin-project-internal v1.1.13
[INFO] [stderr]    Compiling thiserror-impl v1.0.69
[INFO] [stderr]    Compiling regex v1.13.1
[INFO] [stderr]    Compiling aws-smithy-async v0.55.3
[INFO] [stderr]    Compiling quote-use-macros v0.7.2
[INFO] [stderr]    Compiling quote-use v0.7.2
[INFO] [stderr]    Compiling tracing v0.1.44
[INFO] [stderr]    Compiling attribute-derive-macro v0.6.1
[INFO] [stderr]    Compiling thiserror v1.0.69
[INFO] [stderr]    Compiling h2 v0.3.27
[INFO] [stderr]    Compiling pin-project v1.1.13
[INFO] [stderr]    Compiling tower v0.4.13
[INFO] [stderr]    Compiling aws-credential-types v0.55.3
[INFO] [stderr]    Compiling attribute-derive v0.6.1
[INFO] [stderr]    Compiling deez_derive v0.3.0
[INFO] [stderr]    Compiling hyper v0.14.32
[INFO] [stderr]    Compiling webpki v0.22.4
[INFO] [stderr]    Compiling sct v0.7.1
[INFO] [stderr]    Compiling aws-smithy-http v0.55.3
[INFO] [stderr]    Compiling aws-smithy-http-tower v0.55.3
[INFO] [stderr]    Compiling aws-sigv4 v0.55.3
[INFO] [stderr]    Compiling tokio-rustls v0.23.4
[INFO] [stderr]    Compiling hyper-rustls v0.23.2
[INFO] [stderr]    Compiling aws-smithy-client v0.55.3
[INFO] [stderr]    Compiling aws-http v0.55.3
[INFO] [stderr]    Compiling aws-sig-auth v0.55.3
[INFO] [stderr]    Compiling aws-endpoint v0.55.3
[INFO] [stderr]    Compiling aws-sdk-dynamodb v0.28.0
[INFO] [stderr]    Compiling deez v0.3.0 (/opt/rustwide/workdir)
[INFO] [stderr] warning: unused dependency `thiserror`
[INFO] [stderr]  --> Cargo.toml:7:15
[INFO] [stderr]   |
[INFO] [stderr] 7 | [dependencies.thiserror]
[INFO] [stderr]   |               ^^^^^^^^^^
[INFO] [stderr]   |
[INFO] [stderr]   = note: `cargo::unused_dependencies` is set to `warn` by default
[INFO] [stderr] help: consider removing the dependency on `thiserror`
[INFO] [stderr] warning: `deez` (manifest) generated 1 warning
[INFO] [stderr]     Finished `release` profile [optimized] target(s) in 1m 39s
[INFO] running `Command { std: "docker" "inspect" "0fde64c552abdea5d996b78ecad352d1fda251803e4e1de30c5737ebd7bd0bd2", kill_on_drop: false }`
[INFO] running `Command { std: "docker" "exec" "-e" "SOURCE_DIR=/opt/rustwide/workdir" "-e" "CARGO_HOME=/opt/rustwide/cargo-home" "-e" "RUSTUP_HOME=/opt/rustwide/rustup-home" "-e" "CARGO_TARGET_DIR=/opt/rustwide/target" "-e" "CARGO_INCREMENTAL=0" "-e" "RUST_BACKTRACE=full" "-e" "RUSTFLAGS=--cap-lints=warn" "-e" "RUSTDOCFLAGS=--cap-lints=warn" "-w" "/opt/rustwide/workdir" "--user" "0:0" "0fde64c552abdea5d996b78ecad352d1fda251803e4e1de30c5737ebd7bd0bd2" "/opt/rustwide/cargo-home/bin/cargo" "+1.100.0-beta.1" "test" "--frozen" "--no-run" "--message-format=json" "--release", kill_on_drop: false }`
[INFO] [stderr]    Compiling syn v3.0.9
[INFO] [stderr]    Compiling xmlparser v0.13.6
[INFO] [stderr]    Compiling aws-smithy-query v0.55.3
[INFO] [stderr]    Compiling chrono v0.4.45
[INFO] [stderr]    Compiling aws-smithy-xml v0.55.3
[INFO] [stderr]    Compiling tokio-macros v2.7.2
[INFO] [stderr]    Compiling derive-where v1.7.0
[INFO] [stderr]    Compiling tokio v1.53.3
[INFO] [stderr]    Compiling quote-use-macros v0.7.2
[INFO] [stderr]    Compiling quote-use v0.7.2
[INFO] [stderr]    Compiling attribute-derive-macro v0.6.1
[INFO] [stderr]    Compiling attribute-derive v0.6.1
[INFO] [stderr]    Compiling deez_derive v0.3.0
[INFO] [stderr]    Compiling tokio-util v0.7.20
[INFO] [stderr]    Compiling tokio-stream v0.1.19
[INFO] [stderr]    Compiling tower v0.4.13
[INFO] [stderr]    Compiling tokio-rustls v0.23.4
[INFO] [stderr]    Compiling h2 v0.3.27
[INFO] [stderr]    Compiling aws-smithy-async v0.55.3
[INFO] [stderr]    Compiling aws-credential-types v0.55.3
[INFO] [stderr]    Compiling hyper v0.14.32
[INFO] [stderr]    Compiling aws-smithy-http v0.55.3
[INFO] [stderr]    Compiling hyper-rustls v0.23.2
[INFO] [stderr]    Compiling aws-smithy-http-tower v0.55.3
[INFO] [stderr]    Compiling aws-sigv4 v0.55.3
[INFO] [stderr]    Compiling aws-smithy-client v0.55.3
[INFO] [stderr]    Compiling aws-types v0.55.3
[INFO] [stderr]    Compiling aws-sig-auth v0.55.3
[INFO] [stderr]    Compiling aws-http v0.55.3
[INFO] [stderr]    Compiling aws-endpoint v0.55.3
[INFO] [stderr]    Compiling aws-sdk-dynamodb v0.28.0
[INFO] [stderr]    Compiling aws-sdk-sso v0.28.0
[INFO] [stderr]    Compiling aws-sdk-sts v0.28.0
[INFO] [stderr]    Compiling aws-config v0.55.3
[INFO] [stderr]    Compiling deez v0.3.0 (/opt/rustwide/workdir)
[INFO] [stderr] warning: unused dependency `thiserror`
[INFO] [stderr]  --> Cargo.toml:7:15
[INFO] [stderr]   |
[INFO] [stderr] 7 | [dependencies.thiserror]
[INFO] [stderr]   |               ^^^^^^^^^^
[INFO] [stderr]   |
[INFO] [stderr]   = note: `cargo::unused_dependencies` is set to `warn` by default
[INFO] [stderr] help: consider removing the dependency on `thiserror`
[INFO] [stderr] warning: `deez` (manifest) generated 1 warning
[INFO] [stderr]     Finished `release` profile [optimized] target(s) in 1m 44s
[INFO] running `Command { std: "docker" "inspect" "0fde64c552abdea5d996b78ecad352d1fda251803e4e1de30c5737ebd7bd0bd2", kill_on_drop: false }`
[INFO] running `Command { std: "docker" "exec" "-e" "SOURCE_DIR=/opt/rustwide/workdir" "-e" "CARGO_HOME=/opt/rustwide/cargo-home" "-e" "RUSTUP_HOME=/opt/rustwide/rustup-home" "-e" "CARGO_TARGET_DIR=/opt/rustwide/target" "-e" "CARGO_INCREMENTAL=0" "-e" "RUST_BACKTRACE=full" "-e" "RUSTFLAGS=--cap-lints=warn" "-e" "RUSTDOCFLAGS=--cap-lints=warn" "-w" "/opt/rustwide/workdir" "--user" "0:0" "0fde64c552abdea5d996b78ecad352d1fda251803e4e1de30c5737ebd7bd0bd2" "/opt/rustwide/cargo-home/bin/cargo" "+1.100.0-beta.1" "test" "--frozen" "--release", kill_on_drop: false }`
[INFO] [stderr] warning: unused dependency `thiserror`
[INFO] [stderr]  --> Cargo.toml:7:15
[INFO] [stderr]   |
[INFO] [stderr] 7 | [dependencies.thiserror]
[INFO] [stderr]   |               ^^^^^^^^^^
[INFO] [stderr]   |
[INFO] [stderr]   = note: `cargo::unused_dependencies` is set to `warn` by default
[INFO] [stderr] help: consider removing the dependency on `thiserror`
[INFO] [stderr] warning: `deez` (manifest) generated 1 warning
[INFO] [stderr]     Finished `release` profile [optimized] target(s) in 0.38s
[INFO] [stderr]      Running unittests src/lib.rs (/opt/rustwide/target/release/build/deez/2cba59c4ad020442/out/deez-2cba59c4ad020442)
[INFO] [stdout] 
[INFO] [stdout] running 4 tests
[INFO] [stdout] test deez::tests::index_names ... ok
[INFO] [stdout] test deez::tests::partial_keys ... ok
[INFO] [stdout] test deez::tests::all_types ... ok
[INFO] [stdout] test deez::tests::to_from ... ok
[INFO] [stdout] 
[INFO] [stdout] test result: ok. 4 passed; 0 failed; 0 ignored; 0 measured; 0 filtered out; finished in 0.00s
[INFO] [stdout] 
[INFO] [stderr]      Running tests/integration.rs (/opt/rustwide/target/release/build/deez/b66e16d72fecc4ec/out/integration-b66e16d72fecc4ec)
[INFO] [stdout] 
[INFO] [stdout] running 6 tests
[INFO] [stdout] test operations::create::temp ... ignored
[INFO] [stdout] test operations::create::create ... FAILED
[INFO] [stdout] test operations::create::create_with_threads ... FAILED
[INFO] [stdout] test operations::update::update ... FAILED
[INFO] [stdout] test operations::batch_write::batch_write ... FAILED
[INFO] [stdout] test operations::delete::delete ... FAILED
[INFO] [stdout] 
[INFO] [stdout] failures:
[INFO] [stdout] 
[INFO] [stdout] ---- operations::create::create stdout ----
[INFO] [stdout] 
[INFO] [stdout] thread 'operations::create::create' (2587) panicked at tests/schemas/foo.rs:115:10:
[INFO] [stdout] called `Result::unwrap()` on an `Err` value: ConstructionFailure(ConstructionFailure { source: SigningStageError { kind: MissingCredentials } })
[INFO] [stdout] stack backtrace:
[INFO] [stdout]    0:     0x5a69531fed81 - <<std[617be2ca0a6fd877]::sys::backtrace::BacktraceLock>::print::DisplayBacktrace as core[a373ad73a504971]::fmt::Display>::fmt
[INFO] [stdout]    1:     0x5a69532188ca - core[a373ad73a504971]::fmt::write
[INFO] [stdout]    2:     0x5a695320513c - <alloc[2e1b2a31b91974c5]::vec::Vec<u8> as core[a373ad73a504971]::io::write::Write>::write_fmt
[INFO] [stdout]    3:     0x5a69531d93d6 - std[617be2ca0a6fd877]::panicking::default_hook::{closure#0}
[INFO] [stdout]    4:     0x5a69531f6969 - std[617be2ca0a6fd877]::panicking::default_hook
[INFO] [stdout]    5:     0x5a6952e4b0c0 - test[aada8e7e76ba119b]::test_main_inner::{closure#0}
[INFO] [stdout]    6:     0x5a69531f6c92 - std[617be2ca0a6fd877]::panicking::panic_with_hook
[INFO] [stdout]    7:     0x5a69531d9482 - std[617be2ca0a6fd877]::panicking::panic_handler::{closure#0}
[INFO] [stdout]    8:     0x5a69531d1999 - std[617be2ca0a6fd877]::sys::backtrace::__rust_end_short_backtrace::<std[617be2ca0a6fd877]::panicking::panic_handler::{closure#0}, !>
[INFO] [stdout]    9:     0x5a69531da38d - __rustc[ea4f61d10b84890b]::rust_begin_unwind
[INFO] [stdout]   10:     0x5a69532190ac - core[a373ad73a504971]::panicking::panic_fmt
[INFO] [stdout]   11:     0x5a6953218e82 - core[a373ad73a504971]::result::unwrap_failed
[INFO] [stdout]   12:     0x5a6952c446a9 - integration[879c85b4bd428315]::schemas::foo::init::{closure#0}
[INFO] [stdout]   13:     0x5a6952c3b6dd - integration[879c85b4bd428315]::operations::create::create::{closure#0}
[INFO] [stdout]   14:     0x5a6952caf8a8 - <tokio[5cf25c55d89a8cc3]::runtime::scheduler::current_thread::Context>::enter::<core[a373ad73a504971]::task::poll::Poll<core[a373ad73a504971]::result::Result<(), anyhow[99151d60601c3017]::Error>>, <tokio[5cf25c55d89a8cc3]::runtime::scheduler::current_thread::CoreGuard>::block_on<core[a373ad73a504971]::pin::Pin<&mut core[a373ad73a504971]::pin::Pin<&mut dyn core[a373ad73a504971]::future::future::Future<Output = core[a373ad73a504971]::result::Result<(), anyhow[99151d60601c3017]::Error>>>>>::{closure#0}::{closure#0}>
[INFO] [stdout]   15:     0x5a6952cbf4b7 - <tokio[5cf25c55d89a8cc3]::runtime::context::scoped::Scoped<tokio[5cf25c55d89a8cc3]::runtime::scheduler::Context>>::set::<<tokio[5cf25c55d89a8cc3]::runtime::scheduler::current_thread::CoreGuard>::enter<<tokio[5cf25c55d89a8cc3]::runtime::scheduler::current_thread::CoreGuard>::block_on<core[a373ad73a504971]::pin::Pin<&mut core[a373ad73a504971]::pin::Pin<&mut dyn core[a373ad73a504971]::future::future::Future<Output = core[a373ad73a504971]::result::Result<(), anyhow[99151d60601c3017]::Error>>>>>::{closure#0}, core[a373ad73a504971]::option::Option<core[a373ad73a504971]::result::Result<(), anyhow[99151d60601c3017]::Error>>>::{closure#0}, (alloc[2e1b2a31b91974c5]::boxed::Box<tokio[5cf25c55d89a8cc3]::runtime::scheduler::current_thread::Core>, core[a373ad73a504971]::option::Option<core[a373ad73a504971]::result::Result<(), anyhow[99151d60601c3017]::Error>>)>
[INFO] [stdout]   16:     0x5a6952caf463 - <tokio[5cf25c55d89a8cc3]::runtime::scheduler::current_thread::CurrentThread>::block_on::<core[a373ad73a504971]::pin::Pin<&mut dyn core[a373ad73a504971]::future::future::Future<Output = core[a373ad73a504971]::result::Result<(), anyhow[99151d60601c3017]::Error>>>>
[INFO] [stdout]   17:     0x5a6952c7f72d - <tokio[5cf25c55d89a8cc3]::runtime::runtime::Runtime>::block_on::<core[a373ad73a504971]::pin::Pin<&mut dyn core[a373ad73a504971]::future::future::Future<Output = core[a373ad73a504971]::result::Result<(), anyhow[99151d60601c3017]::Error>>>>
[INFO] [stdout]   18:     0x5a6952c478f2 - <integration[879c85b4bd428315]::operations::create::create::{closure#0} as core[a373ad73a504971]::ops::function::FnOnce<()>>::call_once
[INFO] [stdout]   19:     0x5a6952e3e50b - test[aada8e7e76ba119b]::__rust_begin_short_backtrace::<core[a373ad73a504971]::result::Result<(), alloc[2e1b2a31b91974c5]::string::String>, fn() -> core[a373ad73a504971]::result::Result<(), alloc[2e1b2a31b91974c5]::string::String>>
[INFO] [stdout]   20:     0x5a6952e4b6e5 - test[aada8e7e76ba119b]::run_test::{closure#0}
[INFO] [stdout]   21:     0x5a6952e44fd4 - std[617be2ca0a6fd877]::sys::backtrace::__rust_begin_short_backtrace::<test[aada8e7e76ba119b]::run_test::{closure#1}, ()>
[INFO] [stdout]   22:     0x5a6952e4e772 - <std[617be2ca0a6fd877]::thread::lifecycle::spawn_unchecked<test[aada8e7e76ba119b]::run_test::{closure#1}, ()>::{closure#1} as core[a373ad73a504971]::ops::function::FnOnce<()>>::call_once::{shim:vtable#0}
[INFO] [stdout]   23:     0x5a69531fde9f - <std[617be2ca0a6fd877]::sys::thread::unix::Thread>::new::thread_start
[INFO] [stdout]   24:     0x7141b8ce5dfa - <unknown>
[INFO] [stdout]   25:     0x7141b8d793d4 - clone
[INFO] [stdout]   26:                0x0 - <unknown>
[INFO] [stdout] 
[INFO] [stdout] ---- operations::create::create_with_threads stdout ----
[INFO] [stdout] 
[INFO] [stdout] thread 'operations::create::create_with_threads' (2588) panicked at tests/schemas/foo.rs:115:10:
[INFO] [stdout] called `Result::unwrap()` on an `Err` value: ConstructionFailure(ConstructionFailure { source: SigningStageError { kind: MissingCredentials } })
[INFO] [stdout] stack backtrace:
[INFO] [stdout]    0:     0x5a69531fed81 - <<std[617be2ca0a6fd877]::sys::backtrace::BacktraceLock>::print::DisplayBacktrace as core[a373ad73a504971]::fmt::Display>::fmt
[INFO] [stdout]    1:     0x5a69532188ca - core[a373ad73a504971]::fmt::write
[INFO] [stdout]    2:     0x5a695320513c - <alloc[2e1b2a31b91974c5]::vec::Vec<u8> as core[a373ad73a504971]::io::write::Write>::write_fmt
[INFO] [stdout]    3:     0x5a69531d93d6 - std[617be2ca0a6fd877]::panicking::default_hook::{closure#0}
[INFO] [stdout]    4:     0x5a69531f6969 - std[617be2ca0a6fd877]::panicking::default_hook
[INFO] [stdout]    5:     0x5a6952e4b0c0 - test[aada8e7e76ba119b]::test_main_inner::{closure#0}
[INFO] [stdout]    6:     0x5a69531f6c92 - std[617be2ca0a6fd877]::panicking::panic_with_hook
[INFO] [stdout]    7:     0x5a69531d9482 - std[617be2ca0a6fd877]::panicking::panic_handler::{closure#0}
[INFO] [stdout]    8:     0x5a69531d1999 - std[617be2ca0a6fd877]::sys::backtrace::__rust_end_short_backtrace::<std[617be2ca0a6fd877]::panicking::panic_handler::{closure#0}, !>
[INFO] [stdout]    9:     0x5a69531da38d - __rustc[ea4f61d10b84890b]::rust_begin_unwind
[INFO] [stdout]   10:     0x5a69532190ac - core[a373ad73a504971]::panicking::panic_fmt
[INFO] [stdout]   11:     0x5a6953218e82 - core[a373ad73a504971]::result::unwrap_failed
[INFO] [stdout]   12:     0x5a6952c446a9 - integration[879c85b4bd428315]::schemas::foo::init::{closure#0}
[INFO] [stdout]   13:     0x5a6952c39c91 - integration[879c85b4bd428315]::operations::create::create_with_threads::{closure#0}
[INFO] [stdout]   14:     0x5a6952caf8a8 - <tokio[5cf25c55d89a8cc3]::runtime::scheduler::current_thread::Context>::enter::<core[a373ad73a504971]::task::poll::Poll<core[a373ad73a504971]::result::Result<(), anyhow[99151d60601c3017]::Error>>, <tokio[5cf25c55d89a8cc3]::runtime::scheduler::current_thread::CoreGuard>::block_on<core[a373ad73a504971]::pin::Pin<&mut core[a373ad73a504971]::pin::Pin<&mut dyn core[a373ad73a504971]::future::future::Future<Output = core[a373ad73a504971]::result::Result<(), anyhow[99151d60601c3017]::Error>>>>>::{closure#0}::{closure#0}>
[INFO] [stdout]   15:     0x5a6952cbf4b7 - <tokio[5cf25c55d89a8cc3]::runtime::context::scoped::Scoped<tokio[5cf25c55d89a8cc3]::runtime::scheduler::Context>>::set::<<tokio[5cf25c55d89a8cc3]::runtime::scheduler::current_thread::CoreGuard>::enter<<tokio[5cf25c55d89a8cc3]::runtime::scheduler::current_thread::CoreGuard>::block_on<core[a373ad73a504971]::pin::Pin<&mut core[a373ad73a504971]::pin::Pin<&mut dyn core[a373ad73a504971]::future::future::Future<Output = core[a373ad73a504971]::result::Result<(), anyhow[99151d60601c3017]::Error>>>>>::{closure#0}, core[a373ad73a504971]::option::Option<core[a373ad73a504971]::result::Result<(), anyhow[99151d60601c3017]::Error>>>::{closure#0}, (alloc[2e1b2a31b91974c5]::boxed::Box<tokio[5cf25c55d89a8cc3]::runtime::scheduler::current_thread::Core>, core[a373ad73a504971]::option::Option<core[a373ad73a504971]::result::Result<(), anyhow[99151d60601c3017]::Error>>)>
[INFO] [stdout]   16:     0x5a6952caf463 - <tokio[5cf25c55d89a8cc3]::runtime::scheduler::current_thread::CurrentThread>::block_on::<core[a373ad73a504971]::pin::Pin<&mut dyn core[a373ad73a504971]::future::future::Future<Output = core[a373ad73a504971]::result::Result<(), anyhow[99151d60601c3017]::Error>>>>
[INFO] [stdout]   17:     0x5a6952c7f72d - <tokio[5cf25c55d89a8cc3]::runtime::runtime::Runtime>::block_on::<core[a373ad73a504971]::pin::Pin<&mut dyn core[a373ad73a504971]::future::future::Future<Output = core[a373ad73a504971]::result::Result<(), anyhow[99151d60601c3017]::Error>>>>
[INFO] [stdout]   18:     0x5a6952c474d2 - <integration[879c85b4bd428315]::operations::create::create_with_threads::{closure#0} as core[a373ad73a504971]::ops::function::FnOnce<()>>::call_once
[INFO] [stdout]   19:     0x5a6952e3e50b - test[aada8e7e76ba119b]::__rust_begin_short_backtrace::<core[a373ad73a504971]::result::Result<(), alloc[2e1b2a31b91974c5]::string::String>, fn() -> core[a373ad73a504971]::result::Result<(), alloc[2e1b2a31b91974c5]::string::String>>
[INFO] [stdout]   20:     0x5a6952e4b6e5 - test[aada8e7e76ba119b]::run_test::{closure#0}
[INFO] [stdout]   21:     0x5a6952e44fd4 - std[617be2ca0a6fd877]::sys::backtrace::__rust_begin_short_backtrace::<test[aada8e7e76ba119b]::run_test::{closure#1}, ()>
[INFO] [stdout]   22:     0x5a6952e4e772 - <std[617be2ca0a6fd877]::thread::lifecycle::spawn_unchecked<test[aada8e7e76ba119b]::run_test::{closure#1}, ()>::{closure#1} as core[a373ad73a504971]::ops::function::FnOnce<()>>::call_once::{shim:vtable#0}
[INFO] [stdout]   23:     0x5a69531fde9f - <std[617be2ca0a6fd877]::sys::thread::unix::Thread>::new::thread_start
[INFO] [stdout]   24:     0x7141b8ce5dfa - <unknown>
[INFO] [stdout]   25:     0x7141b8d793d4 - clone
[INFO] [stdout]   26:                0x0 - <unknown>
[INFO] [stdout] 
[INFO] [stdout] ---- operations::update::update stdout ----
[INFO] [stdout] 
[INFO] [stdout] thread 'operations::update::update' (2590) panicked at tests/schemas/foo.rs:115:10:
[INFO] [stdout] called `Result::unwrap()` on an `Err` value: ConstructionFailure(ConstructionFailure { source: SigningStageError { kind: MissingCredentials } })
[INFO] [stdout] stack backtrace:
[INFO] [stdout]    0:     0x5a69531fed81 - <<std[617be2ca0a6fd877]::sys::backtrace::BacktraceLock>::print::DisplayBacktrace as core[a373ad73a504971]::fmt::Display>::fmt
[INFO] [stdout]    1:     0x5a69532188ca - core[a373ad73a504971]::fmt::write
[INFO] [stdout]    2:     0x5a695320513c - <alloc[2e1b2a31b91974c5]::vec::Vec<u8> as core[a373ad73a504971]::io::write::Write>::write_fmt
[INFO] [stdout]    3:     0x5a69531d93d6 - std[617be2ca0a6fd877]::panicking::default_hook::{closure#0}
[INFO] [stdout]    4:     0x5a69531f6969 - std[617be2ca0a6fd877]::panicking::default_hook
[INFO] [stdout]    5:     0x5a6952e4b0c0 - test[aada8e7e76ba119b]::test_main_inner::{closure#0}
[INFO] [stdout]    6:     0x5a69531f6c92 - std[617be2ca0a6fd877]::panicking::panic_with_hook
[INFO] [stdout]    7:     0x5a69531d9482 - std[617be2ca0a6fd877]::panicking::panic_handler::{closure#0}
[INFO] [stdout]    8:     0x5a69531d1999 - std[617be2ca0a6fd877]::sys::backtrace::__rust_end_short_backtrace::<std[617be2ca0a6fd877]::panicking::panic_handler::{closure#0}, !>
[INFO] [stdout]    9:     0x5a69531da38d - __rustc[ea4f61d10b84890b]::rust_begin_unwind
[INFO] [stdout]   10:     0x5a69532190ac - core[a373ad73a504971]::panicking::panic_fmt
[INFO] [stdout]   11:     0x5a6953218e82 - core[a373ad73a504971]::result::unwrap_failed
[INFO] [stdout]   12:     0x5a6952bf3f79 - integration[879c85b4bd428315]::schemas::foo::init::{closure#0}
[INFO] [stdout]   13:     0x5a6952bdd6c3 - integration[879c85b4bd428315]::operations::update::update::{closure#0}
[INFO] [stdout]   14:     0x5a6952caf8a8 - <tokio[5cf25c55d89a8cc3]::runtime::scheduler::current_thread::Context>::enter::<core[a373ad73a504971]::task::poll::Poll<core[a373ad73a504971]::result::Result<(), anyhow[99151d60601c3017]::Error>>, <tokio[5cf25c55d89a8cc3]::runtime::scheduler::current_thread::CoreGuard>::block_on<core[a373ad73a504971]::pin::Pin<&mut core[a373ad73a504971]::pin::Pin<&mut dyn core[a373ad73a504971]::future::future::Future<Output = core[a373ad73a504971]::result::Result<(), anyhow[99151d60601c3017]::Error>>>>>::{closure#0}::{closure#0}>
[INFO] [stdout]   15:     0x5a6952cbf4b7 - <tokio[5cf25c55d89a8cc3]::runtime::context::scoped::Scoped<tokio[5cf25c55d89a8cc3]::runtime::scheduler::Context>>::set::<<tokio[5cf25c55d89a8cc3]::runtime::scheduler::current_thread::CoreGuard>::enter<<tokio[5cf25c55d89a8cc3]::runtime::scheduler::current_thread::CoreGuard>::block_on<core[a373ad73a504971]::pin::Pin<&mut core[a373ad73a504971]::pin::Pin<&mut dyn core[a373ad73a504971]::future::future::Future<Output = core[a373ad73a504971]::result::Result<(), anyhow[99151d60601c3017]::Error>>>>>::{closure#0}, core[a373ad73a504971]::option::Option<core[a373ad73a504971]::result::Result<(), anyhow[99151d60601c3017]::Error>>>::{closure#0}, (alloc[2e1b2a31b91974c5]::boxed::Box<tokio[5cf25c55d89a8cc3]::runtime::scheduler::current_thread::Core>, core[a373ad73a504971]::option::Option<core[a373ad73a504971]::result::Result<(), anyhow[99151d60601c3017]::Error>>)>
[INFO] [stdout]   16:     0x5a6952caf463 - <tokio[5cf25c55d89a8cc3]::runtime::scheduler::current_thread::CurrentThread>::block_on::<core[a373ad73a504971]::pin::Pin<&mut dyn core[a373ad73a504971]::future::future::Future<Output = core[a373ad73a504971]::result::Result<(), anyhow[99151d60601c3017]::Error>>>>
[INFO] [stdout]   17:     0x5a6952c7f72d - <tokio[5cf25c55d89a8cc3]::runtime::runtime::Runtime>::block_on::<core[a373ad73a504971]::pin::Pin<&mut dyn core[a373ad73a504971]::future::future::Future<Output = core[a373ad73a504971]::result::Result<(), anyhow[99151d60601c3017]::Error>>>>
[INFO] [stdout]   18:     0x5a6952bf6da2 - <integration[879c85b4bd428315]::operations::update::update::{closure#0} as core[a373ad73a504971]::ops::function::FnOnce<()>>::call_once
[INFO] [stdout]   19:     0x5a6952e3e50b - test[aada8e7e76ba119b]::__rust_begin_short_backtrace::<core[a373ad73a504971]::result::Result<(), alloc[2e1b2a31b91974c5]::string::String>, fn() -> core[a373ad73a504971]::result::Result<(), alloc[2e1b2a31b91974c5]::string::String>>
[INFO] [stdout]   20:     0x5a6952e4b6e5 - test[aada8e7e76ba119b]::run_test::{closure#0}
[INFO] [stdout]   21:     0x5a6952e44fd4 - std[617be2ca0a6fd877]::sys::backtrace::__rust_begin_short_backtrace::<test[aada8e7e76ba119b]::run_test::{closure#1}, ()>
[INFO] [stdout]   22:     0x5a6952e4e772 - <std[617be2ca0a6fd877]::thread::lifecycle::spawn_unchecked<test[aada8e7e76ba119b]::run_test::{closure#1}, ()>::{closure#1} as core[a373ad73a504971]::ops::function::FnOnce<()>>::call_once::{shim:vtable#0}
[INFO] [stdout]   23:     0x5a69531fde9f - <std[617be2ca0a6fd877]::sys::thread::unix::Thread>::new::thread_start
[INFO] [stdout]   24:     0x7141b8ce5dfa - <unknown>
[INFO] [stdout]   25:     0x7141b8d793d4 - clone
[INFO] [stdout]   26:                0x0 - <unknown>
[INFO] [stdout] 
[INFO] [stdout] ---- operations::batch_write::batch_write stdout ----
[INFO] [stdout] 
[INFO] [stdout] thread 'operations::batch_write::batch_write' (2586) panicked at tests/schemas/foo.rs:115:10:
[INFO] [stdout] called `Result::unwrap()` on an `Err` value: ConstructionFailure(ConstructionFailure { source: SigningStageError { kind: MissingCredentials } })
[INFO] [stdout] stack backtrace:
[INFO] [stdout]    0:     0x5a69531fed81 - <<std[617be2ca0a6fd877]::sys::backtrace::BacktraceLock>::print::DisplayBacktrace as core[a373ad73a504971]::fmt::Display>::fmt
[INFO] [stdout]    1:     0x5a69532188ca - core[a373ad73a504971]::fmt::write
[INFO] [stdout]    2:     0x5a695320513c - <alloc[2e1b2a31b91974c5]::vec::Vec<u8> as core[a373ad73a504971]::io::write::Write>::write_fmt
[INFO] [stdout]    3:     0x5a69531d93d6 - std[617be2ca0a6fd877]::panicking::default_hook::{closure#0}
[INFO] [stdout]    4:     0x5a69531f6969 - std[617be2ca0a6fd877]::panicking::default_hook
[INFO] [stdout]    5:     0x5a6952e4b0c0 - test[aada8e7e76ba119b]::test_main_inner::{closure#0}
[INFO] [stdout]    6:     0x5a69531f6c92 - std[617be2ca0a6fd877]::panicking::panic_with_hook
[INFO] [stdout]    7:     0x5a69531d9482 - std[617be2ca0a6fd877]::panicking::panic_handler::{closure#0}
[INFO] [stdout]    8:     0x5a69531d1999 - std[617be2ca0a6fd877]::sys::backtrace::__rust_end_short_backtrace::<std[617be2ca0a6fd877]::panicking::panic_handler::{closure#0}, !>
[INFO] [stdout]    9:     0x5a69531da38d - __rustc[ea4f61d10b84890b]::rust_begin_unwind
[INFO] [stdout]   10:     0x5a69532190ac - core[a373ad73a504971]::panicking::panic_fmt
[INFO] [stdout]   11:     0x5a6953218e82 - core[a373ad73a504971]::result::unwrap_failed
[INFO] [stdout]   12:     0x5a6952c6c6d9 - integration[879c85b4bd428315]::schemas::foo::init::{closure#0}
[INFO] [stdout]   13:     0x5a6952c6017d - integration[879c85b4bd428315]::operations::batch_write::batch_write::{closure#0}
[INFO] [stdout]   14:     0x5a6952caf8a8 - <tokio[5cf25c55d89a8cc3]::runtime::scheduler::current_thread::Context>::enter::<core[a373ad73a504971]::task::poll::Poll<core[a373ad73a504971]::result::Result<(), anyhow[99151d60601c3017]::Error>>, <tokio[5cf25c55d89a8cc3]::runtime::scheduler::current_thread::CoreGuard>::block_on<core[a373ad73a504971]::pin::Pin<&mut core[a373ad73a504971]::pin::Pin<&mut dyn core[a373ad73a504971]::future::future::Future<Output = core[a373ad73a504971]::result::Result<(), anyhow[99151d60601c3017]::Error>>>>>::{closure#0}::{closure#0}>
[INFO] [stdout]   15:     0x5a6952cbf4b7 - <tokio[5cf25c55d89a8cc3]::runtime::context::scoped::Scoped<tokio[5cf25c55d89a8cc3]::runtime::scheduler::Context>>::set::<<tokio[5cf25c55d89a8cc3]::runtime::scheduler::current_thread::CoreGuard>::enter<<tokio[5cf25c55d89a8cc3]::runtime::scheduler::current_thread::CoreGuard>::block_on<core[a373ad73a504971]::pin::Pin<&mut core[a373ad73a504971]::pin::Pin<&mut dyn core[a373ad73a504971]::future::future::Future<Output = core[a373ad73a504971]::result::Result<(), anyhow[99151d60601c3017]::Error>>>>>::{closure#0}, core[a373ad73a504971]::option::Option<core[a373ad73a504971]::result::Result<(), anyhow[99151d60601c3017]::Error>>>::{closure#0}, (alloc[2e1b2a31b91974c5]::boxed::Box<tokio[5cf25c55d89a8cc3]::runtime::scheduler::current_thread::Core>, core[a373ad73a504971]::option::Option<core[a373ad73a504971]::result::Result<(), anyhow[99151d60601c3017]::Error>>)>
[INFO] [stdout]   16:     0x5a6952caf463 - <tokio[5cf25c55d89a8cc3]::runtime::scheduler::current_thread::CurrentThread>::block_on::<core[a373ad73a504971]::pin::Pin<&mut dyn core[a373ad73a504971]::future::future::Future<Output = core[a373ad73a504971]::result::Result<(), anyhow[99151d60601c3017]::Error>>>>
[INFO] [stdout]   17:     0x5a6952c7f72d - <tokio[5cf25c55d89a8cc3]::runtime::runtime::Runtime>::block_on::<core[a373ad73a504971]::pin::Pin<&mut dyn core[a373ad73a504971]::future::future::Future<Output = core[a373ad73a504971]::result::Result<(), anyhow[99151d60601c3017]::Error>>>>
[INFO] [stdout]   18:     0x5a6952c6f502 - <integration[879c85b4bd428315]::operations::batch_write::batch_write::{closure#0} as core[a373ad73a504971]::ops::function::FnOnce<()>>::call_once
[INFO] [stdout]   19:     0x5a6952e3e50b - test[aada8e7e76ba119b]::__rust_begin_short_backtrace::<core[a373ad73a504971]::result::Result<(), alloc[2e1b2a31b91974c5]::string::String>, fn() -> core[a373ad73a504971]::result::Result<(), alloc[2e1b2a31b91974c5]::string::String>>
[INFO] [stdout]   20:     0x5a6952e4b6e5 - test[aada8e7e76ba119b]::run_test::{closure#0}
[INFO] [stdout]   21:     0x5a6952e44fd4 - std[617be2ca0a6fd877]::sys::backtrace::__rust_begin_short_backtrace::<test[aada8e7e76ba119b]::run_test::{closure#1}, ()>
[INFO] [stdout]   22:     0x5a6952e4e772 - <std[617be2ca0a6fd877]::thread::lifecycle::spawn_unchecked<test[aada8e7e76ba119b]::run_test::{closure#1}, ()>::{closure#1} as core[a373ad73a504971]::ops::function::FnOnce<()>>::call_once::{shim:vtable#0}
[INFO] [stdout]   23:     0x5a69531fde9f - <std[617be2ca0a6fd877]::sys::thread::unix::Thread>::new::thread_start
[INFO] [stdout]   24:     0x7141b8ce5dfa - <unknown>
[INFO] [stdout]   25:     0x7141b8d793d4 - clone
[INFO] [stdout]   26:                0x0 - <unknown>
[INFO] [stdout] 
[INFO] [stdout] ---- operations::delete::delete stdout ----
[INFO] [stdout] 
[INFO] [stdout] thread 'operations::delete::delete' (2589) panicked at tests/schemas/foo.rs:115:10:
[INFO] [stdout] called `Result::unwrap()` on an `Err` value: ConstructionFailure(ConstructionFailure { source: SigningStageError { kind: MissingCredentials } })
[INFO] [stdout] stack backtrace:
[INFO] [stdout]    0:     0x5a69531fed81 - <<std[617be2ca0a6fd877]::sys::backtrace::BacktraceLock>::print::DisplayBacktrace as core[a373ad73a504971]::fmt::Display>::fmt
[INFO] [stdout]    1:     0x5a69532188ca - core[a373ad73a504971]::fmt::write
[INFO] [stdout]    2:     0x5a695320513c - <alloc[2e1b2a31b91974c5]::vec::Vec<u8> as core[a373ad73a504971]::io::write::Write>::write_fmt
[INFO] [stdout]    3:     0x5a69531d93d6 - std[617be2ca0a6fd877]::panicking::default_hook::{closure#0}
[INFO] [stdout]    4:     0x5a69531f6969 - std[617be2ca0a6fd877]::panicking::default_hook
[INFO] [stdout]    5:     0x5a6952e4b0c0 - test[aada8e7e76ba119b]::test_main_inner::{closure#0}
[INFO] [stdout]    6:     0x5a69531f6c92 - std[617be2ca0a6fd877]::panicking::panic_with_hook
[INFO] [stdout]    7:     0x5a69531d9482 - std[617be2ca0a6fd877]::panicking::panic_handler::{closure#0}
[INFO] [stdout]    8:     0x5a69531d1999 - std[617be2ca0a6fd877]::sys::backtrace::__rust_end_short_backtrace::<std[617be2ca0a6fd877]::panicking::panic_handler::{closure#0}, !>
[INFO] [stdout]    9:     0x5a69531da38d - __rustc[ea4f61d10b84890b]::rust_begin_unwind
[INFO] [stdout]   10:     0x5a69532190ac - core[a373ad73a504971]::panicking::panic_fmt
[INFO] [stdout]   11:     0x5a6953218e82 - core[a373ad73a504971]::result::unwrap_failed
[INFO] [stdout]   12:     0x5a6952c1dcb9 - integration[879c85b4bd428315]::schemas::foo::init::{closure#0}
[INFO] [stdout]   13:     0x5a6952c07424 - integration[879c85b4bd428315]::operations::delete::delete::{closure#0}
[INFO] [stdout]   14:     0x5a6952caf8a8 - <tokio[5cf25c55d89a8cc3]::runtime::scheduler::current_thread::Context>::enter::<core[a373ad73a504971]::task::poll::Poll<core[a373ad73a504971]::result::Result<(), anyhow[99151d60601c3017]::Error>>, <tokio[5cf25c55d89a8cc3]::runtime::scheduler::current_thread::CoreGuard>::block_on<core[a373ad73a504971]::pin::Pin<&mut core[a373ad73a504971]::pin::Pin<&mut dyn core[a373ad73a504971]::future::future::Future<Output = core[a373ad73a504971]::result::Result<(), anyhow[99151d60601c3017]::Error>>>>>::{closure#0}::{closure#0}>
[INFO] [stdout]   15:     0x5a6952cbf4b7 - <tokio[5cf25c55d89a8cc3]::runtime::context::scoped::Scoped<tokio[5cf25c55d89a8cc3]::runtime::scheduler::Context>>::set::<<tokio[5cf25c55d89a8cc3]::runtime::scheduler::current_thread::CoreGuard>::enter<<tokio[5cf25c55d89a8cc3]::runtime::scheduler::current_thread::CoreGuard>::block_on<core[a373ad73a504971]::pin::Pin<&mut core[a373ad73a504971]::pin::Pin<&mut dyn core[a373ad73a504971]::future::future::Future<Output = core[a373ad73a504971]::result::Result<(), anyhow[99151d60601c3017]::Error>>>>>::{closure#0}, core[a373ad73a504971]::option::Option<core[a373ad73a504971]::result::Result<(), anyhow[99151d60601c3017]::Error>>>::{closure#0}, (alloc[2e1b2a31b91974c5]::boxed::Box<tokio[5cf25c55d89a8cc3]::runtime::scheduler::current_thread::Core>, core[a373ad73a504971]::option::Option<core[a373ad73a504971]::result::Result<(), anyhow[99151d60601c3017]::Error>>)>
[INFO] [stdout]   16:     0x5a6952caf463 - <tokio[5cf25c55d89a8cc3]::runtime::scheduler::current_thread::CurrentThread>::block_on::<core[a373ad73a504971]::pin::Pin<&mut dyn core[a373ad73a504971]::future::future::Future<Output = core[a373ad73a504971]::result::Result<(), anyhow[99151d60601c3017]::Error>>>>
[INFO] [stdout]   17:     0x5a6952c7f72d - <tokio[5cf25c55d89a8cc3]::runtime::runtime::Runtime>::block_on::<core[a373ad73a504971]::pin::Pin<&mut dyn core[a373ad73a504971]::future::future::Future<Output = core[a373ad73a504971]::result::Result<(), anyhow[99151d60601c3017]::Error>>>>
[INFO] [stdout]   18:     0x5a6952c20ae2 - <integration[879c85b4bd428315]::operations::delete::delete::{closure#0} as core[a373ad73a504971]::ops::function::FnOnce<()>>::call_once
[INFO] [stdout]   19:     0x5a6952e3e50b - test[aada8e7e76ba119b]::__rust_begin_short_backtrace::<core[a373ad73a504971]::result::Result<(), alloc[2e1b2a31b91974c5]::string::String>, fn() -> core[a373ad73a504971]::result::Result<(), alloc[2e1b2a31b91974c5]::string::String>>
[INFO] [stdout]   20:     0x5a6952e4b6e5 - test[aada8e7e76ba119b]::run_test::{closure#0}
[INFO] [stdout]   21:     0x5a6952e44fd4 - std[617be2ca0a6fd877]::sys::backtrace::__rust_begin_short_backtrace::<test[aada8e7e76ba119b]::run_test::{closure#1}, ()>
[INFO] [stdout]   22:     0x5a6952e4e772 - <std[617be2ca0a6fd877]::thread::lifecycle::spawn_unchecked<test[aada8e7e76ba119b]::run_test::{closure#1}, ()>::{closure#1} as core[a373ad73a504971]::ops::function::FnOnce<()>>::call_once::{shim:vtable#0}
[INFO] [stdout]   23:     0x5a69531fde9f - <std[617be2ca0a6fd877]::sys::thread::unix::Thread>::new::thread_start
[INFO] [stdout]   24:     0x7141b8ce5dfa - <unknown>
[INFO] [stdout]   25:     0x7141b8d793d4 - clone
[INFO] [stdout]   26:                0x0 - <unknown>
[INFO] [stdout] 
[INFO] [stdout] 
[INFO] [stdout] failures:
[INFO] [stdout]     operations::batch_write::batch_write
[INFO] [stdout]     operations::create::create
[INFO] [stdout]     operations::create::create_with_threads
[INFO] [stdout]     operations::delete::delete
[INFO] [stdout]     operations::update::update
[INFO] [stdout] 
[INFO] [stdout] test result: FAILED. 0 passed; 5 failed; 1 ignored; 0 measured; 0 filtered out; finished in 0.03s
[INFO] [stdout] 
[INFO] [stderr] error: test failed, to rerun pass `--test integration`
[INFO] running `Command { std: "docker" "inspect" "0fde64c552abdea5d996b78ecad352d1fda251803e4e1de30c5737ebd7bd0bd2", kill_on_drop: false }`
[INFO] running `Command { std: "docker" "rm" "-f" "0fde64c552abdea5d996b78ecad352d1fda251803e4e1de30c5737ebd7bd0bd2", kill_on_drop: false }`
[INFO] [stdout] 0fde64c552abdea5d996b78ecad352d1fda251803e4e1de30c5737ebd7bd0bd2
