[INFO] fetching crate deepseek-harness-sdk-rs 0.1.0-rc.6...
[INFO] testing deepseek-harness-sdk-rs-0.1.0-rc.6 against 1.100.0-beta.1+cargoflags=--release for beta-release-1.100-2
[INFO] extracting crate deepseek-harness-sdk-rs 0.1.0-rc.6 into /workspace/builds/worker-5-tc2/source
[INFO] started tweaking crates.io crate deepseek-harness-sdk-rs 0.1.0-rc.6
[INFO] removed 0 missing examples
[INFO] removed 0 missing tests
[INFO] finished tweaking crates.io crate deepseek-harness-sdk-rs 0.1.0-rc.6
[INFO] tweaked toml for crates.io crate deepseek-harness-sdk-rs 0.1.0-rc.6 written to /workspace/builds/worker-5-tc2/source/Cargo.toml
[INFO] validating manifest of crates.io crate deepseek-harness-sdk-rs 0.1.0-rc.6 on toolchain 1.100.0-beta.1
[INFO] running `Command { std: CARGO_HOME="/workspace/cargo-home" RUSTUP_HOME="/workspace/rustup-home" "/workspace/cargo-home/bin/cargo" "+1.100.0-beta.1" "metadata" "--manifest-path" "Cargo.toml" "--no-deps", kill_on_drop: false }`
[INFO] crate crates.io crate deepseek-harness-sdk-rs 0.1.0-rc.6 already has a lockfile, it will not be regenerated
[INFO] running `Command { std: CARGO_HOME="/workspace/cargo-home" RUSTUP_HOME="/workspace/rustup-home" "/workspace/cargo-home/bin/cargo" "+1.100.0-beta.1" "fetch" "--manifest-path" "Cargo.toml", kill_on_drop: false }`
[INFO] [stderr] warning: `package.homepage` is redundant with `package.repository`
[INFO] [stderr]    --> Cargo.toml:104:12
[INFO] [stderr]     |
[INFO] [stderr] 104 | homepage = "https://github.com/Loner1024/deepseek-harness-sdk-rs"
[INFO] [stderr]     |            ^^^^^^^^^^^^^^^^^^^^^^^^^^^^^^^^^^^^^^^^^^^^^^^^^^^^^^
[INFO] [stderr] ...
[INFO] [stderr] 109 | repository = "https://github.com/Loner1024/deepseek-harness-sdk-rs"
[INFO] [stderr]     |              ------------------------------------------------------
[INFO] [stderr]     |
[INFO] [stderr]     = note: `cargo::redundant_homepage` is set to `warn` by default
[INFO] [stderr] help: consider removing `package.homepage`
[INFO] [stderr] warning: `deepseek-harness-sdk-rs` (manifest) generated 1 warning
[INFO] running `Command { std: "docker" "create" "-v" "/var/lib/crater-agent-workspace/builds/worker-5-tc2/source:/opt/rustwide/workdir:ro,Z" "-v" "/var/lib/crater-agent-workspace/builds/worker-5-tc2/target:/opt/rustwide/target:rw,Z" "-v" "/var/lib/crater-agent-workspace/cargo-home:/opt/rustwide/cargo-home:ro,Z" "-v" "/var/lib/crater-agent-workspace/rustup-home:/opt/rustwide/rustup-home:ro,Z" "-m" "1610612736" "--network" "none" "ghcr.io/rust-lang/crates-build-env/linux@sha256:77db811e55d90add9212f6832c23229e3de5f1c1f9905e8cb07319ea15df73ac" "sleep" "infinity", kill_on_drop: false }`
[INFO] [stdout] 9674fc089e7b71de2a166de541d9cca14e71ed8a022f619a456475f2bb8021a5
[INFO] running `Command { std: "docker" "start" "9674fc089e7b71de2a166de541d9cca14e71ed8a022f619a456475f2bb8021a5", kill_on_drop: false }`
[INFO] running `Command { std: "docker" "inspect" "9674fc089e7b71de2a166de541d9cca14e71ed8a022f619a456475f2bb8021a5", kill_on_drop: false }`
[INFO] running `Command { std: "docker" "exec" "-e" "SOURCE_DIR=/opt/rustwide/workdir" "-e" "CARGO_HOME=/opt/rustwide/cargo-home" "-e" "RUSTUP_HOME=/opt/rustwide/rustup-home" "-e" "CARGO_TARGET_DIR=/opt/rustwide/target" "-w" "/opt/rustwide/workdir" "--user" "0:0" "9674fc089e7b71de2a166de541d9cca14e71ed8a022f619a456475f2bb8021a5" "/opt/rustwide/cargo-home/bin/cargo" "+1.100.0-beta.1" "metadata" "--no-deps" "--format-version=1", kill_on_drop: false }`
[INFO] running `Command { std: "docker" "inspect" "9674fc089e7b71de2a166de541d9cca14e71ed8a022f619a456475f2bb8021a5", kill_on_drop: false }`
[INFO] running `Command { std: "docker" "exec" "-e" "SOURCE_DIR=/opt/rustwide/workdir" "-e" "CARGO_HOME=/opt/rustwide/cargo-home" "-e" "RUSTUP_HOME=/opt/rustwide/rustup-home" "-e" "CARGO_TARGET_DIR=/opt/rustwide/target" "-e" "CARGO_INCREMENTAL=0" "-e" "RUST_BACKTRACE=full" "-e" "RUSTFLAGS=--cap-lints=warn" "-e" "RUSTDOCFLAGS=--cap-lints=warn" "-w" "/opt/rustwide/workdir" "--user" "0:0" "9674fc089e7b71de2a166de541d9cca14e71ed8a022f619a456475f2bb8021a5" "/opt/rustwide/cargo-home/bin/cargo" "+1.100.0-beta.1" "build" "--frozen" "--message-format=json" "--release", kill_on_drop: false }`
[INFO] [stderr] warning: `package.homepage` is redundant with `package.repository`
[INFO] [stderr]    --> Cargo.toml:104:12
[INFO] [stderr]     |
[INFO] [stderr] 104 | homepage = "https://github.com/Loner1024/deepseek-harness-sdk-rs"
[INFO] [stderr]     |            ^^^^^^^^^^^^^^^^^^^^^^^^^^^^^^^^^^^^^^^^^^^^^^^^^^^^^^
[INFO] [stderr] ...
[INFO] [stderr] 109 | repository = "https://github.com/Loner1024/deepseek-harness-sdk-rs"
[INFO] [stderr]     |              ------------------------------------------------------
[INFO] [stderr]     |
[INFO] [stderr]     = note: `cargo::redundant_homepage` is set to `warn` by default
[INFO] [stderr] help: consider removing `package.homepage`
[INFO] [stderr] warning: `deepseek-harness-sdk-rs` (manifest) generated 1 warning
[INFO] [stderr]    Compiling find-msvc-tools v0.1.10
[INFO] [stderr]    Compiling zeroize v1.9.0
[INFO] [stderr]    Compiling log v0.4.33
[INFO] [stderr]    Compiling simd-adler32 v0.3.10
[INFO] [stderr]    Compiling httparse v1.10.1
[INFO] [stderr]    Compiling rustls v0.23.43
[INFO] [stderr]    Compiling http v1.5.0
[INFO] [stderr]    Compiling thiserror-impl v2.0.20
[INFO] [stderr]    Compiling once_cell v1.21.4
[INFO] [stderr]    Compiling cc v1.4.2
[INFO] [stderr]    Compiling rustls-pki-types v1.15.1
[INFO] [stderr]    Compiling zip v2.4.2
[INFO] [stderr]    Compiling miniz_oxide v0.8.9
[INFO] [stderr]    Compiling base64 v0.23.1
[INFO] [stderr]    Compiling bumpalo v3.20.3
[INFO] [stderr]    Compiling webpki-roots v1.0.9
[INFO] [stderr]    Compiling dirs-sys v0.5.0
[INFO] [stderr]    Compiling flate2 v1.1.9
[INFO] [stderr]    Compiling zopfli v0.8.3
[INFO] [stderr]    Compiling getrandom v0.4.3
[INFO] [stderr]    Compiling displaydoc v0.2.7
[INFO] [stderr]    Compiling ureq-proto v0.6.1
[INFO] [stderr]    Compiling thiserror v2.0.20
[INFO] [stderr]    Compiling tokio-macros v2.7.2
[INFO] [stderr]    Compiling serde_derive v1.0.229
[INFO] [stderr]    Compiling ring v0.17.14
[INFO] [stderr]    Compiling mio v1.2.2
[INFO] [stderr]    Compiling utf8-zero v0.8.1
[INFO] [stderr]    Compiling uuid v1.24.0
[INFO] [stderr]    Compiling tokio v1.53.1
[INFO] [stderr]    Compiling serde_json v1.0.151
[INFO] [stderr]    Compiling dirs v6.0.0
[INFO] [stderr]    Compiling serde v1.0.229
[INFO] [stderr]    Compiling rustls-webpki v0.103.14
[INFO] [stderr]    Compiling ureq v3.4.0
[INFO] [stderr]    Compiling deepseek-harness-sdk-rs v0.1.0-rc.6 (/opt/rustwide/workdir)
[INFO] [stderr]     Finished `release` profile [optimized] target(s) in 1m 45s
[INFO] running `Command { std: "docker" "inspect" "9674fc089e7b71de2a166de541d9cca14e71ed8a022f619a456475f2bb8021a5", kill_on_drop: false }`
[INFO] running `Command { std: "docker" "exec" "-e" "SOURCE_DIR=/opt/rustwide/workdir" "-e" "CARGO_HOME=/opt/rustwide/cargo-home" "-e" "RUSTUP_HOME=/opt/rustwide/rustup-home" "-e" "CARGO_TARGET_DIR=/opt/rustwide/target" "-e" "CARGO_INCREMENTAL=0" "-e" "RUST_BACKTRACE=full" "-e" "RUSTFLAGS=--cap-lints=warn" "-e" "RUSTDOCFLAGS=--cap-lints=warn" "-w" "/opt/rustwide/workdir" "--user" "0:0" "9674fc089e7b71de2a166de541d9cca14e71ed8a022f619a456475f2bb8021a5" "/opt/rustwide/cargo-home/bin/cargo" "+1.100.0-beta.1" "test" "--frozen" "--no-run" "--message-format=json" "--release", kill_on_drop: false }`
[INFO] [stderr] warning: `package.homepage` is redundant with `package.repository`
[INFO] [stderr]    --> Cargo.toml:104:12
[INFO] [stderr]     |
[INFO] [stderr] 104 | homepage = "https://github.com/Loner1024/deepseek-harness-sdk-rs"
[INFO] [stderr]     |            ^^^^^^^^^^^^^^^^^^^^^^^^^^^^^^^^^^^^^^^^^^^^^^^^^^^^^^
[INFO] [stderr] ...
[INFO] [stderr] 109 | repository = "https://github.com/Loner1024/deepseek-harness-sdk-rs"
[INFO] [stderr]     |              ------------------------------------------------------
[INFO] [stderr]     |
[INFO] [stderr]     = note: `cargo::redundant_homepage` is set to `warn` by default
[INFO] [stderr] help: consider removing `package.homepage`
[INFO] [stderr] warning: `deepseek-harness-sdk-rs` (manifest) generated 1 warning
[INFO] [stderr]    Compiling smallvec v1.15.2
[INFO] [stderr]    Compiling tempfile v3.27.0
[INFO] [stderr]    Compiling parking_lot_core v0.9.12
[INFO] [stderr]    Compiling parking_lot v0.12.5
[INFO] [stderr]    Compiling tokio v1.53.1
[INFO] [stderr]    Compiling deepseek-harness-sdk-rs v0.1.0-rc.6 (/opt/rustwide/workdir)
[INFO] [stderr]     Finished `release` profile [optimized] target(s) in 1m 27s
[INFO] running `Command { std: "docker" "inspect" "9674fc089e7b71de2a166de541d9cca14e71ed8a022f619a456475f2bb8021a5", kill_on_drop: false }`
[INFO] running `Command { std: "docker" "exec" "-e" "SOURCE_DIR=/opt/rustwide/workdir" "-e" "CARGO_HOME=/opt/rustwide/cargo-home" "-e" "RUSTUP_HOME=/opt/rustwide/rustup-home" "-e" "CARGO_TARGET_DIR=/opt/rustwide/target" "-e" "CARGO_INCREMENTAL=0" "-e" "RUST_BACKTRACE=full" "-e" "RUSTFLAGS=--cap-lints=warn" "-e" "RUSTDOCFLAGS=--cap-lints=warn" "-w" "/opt/rustwide/workdir" "--user" "0:0" "9674fc089e7b71de2a166de541d9cca14e71ed8a022f619a456475f2bb8021a5" "/opt/rustwide/cargo-home/bin/cargo" "+1.100.0-beta.1" "test" "--frozen" "--release", kill_on_drop: false }`
[INFO] [stderr] warning: `package.homepage` is redundant with `package.repository`
[INFO] [stderr]    --> Cargo.toml:104:12
[INFO] [stderr]     |
[INFO] [stderr] 104 | homepage = "https://github.com/Loner1024/deepseek-harness-sdk-rs"
[INFO] [stderr]     |            ^^^^^^^^^^^^^^^^^^^^^^^^^^^^^^^^^^^^^^^^^^^^^^^^^^^^^^
[INFO] [stderr] ...
[INFO] [stderr] 109 | repository = "https://github.com/Loner1024/deepseek-harness-sdk-rs"
[INFO] [stderr]     |              ------------------------------------------------------
[INFO] [stderr]     |
[INFO] [stderr]     = note: `cargo::redundant_homepage` is set to `warn` by default
[INFO] [stderr] help: consider removing `package.homepage`
[INFO] [stderr] warning: `deepseek-harness-sdk-rs` (manifest) generated 1 warning
[INFO] [stderr]     Finished `release` profile [optimized] target(s) in 0.26s
[INFO] [stderr]      Running unittests src/lib.rs (/opt/rustwide/target/release/build/deepseek-harness-sdk-rs/38262d97a174aad5/out/deepseek_harness_sdk_rs-38262d97a174aad5)
[INFO] [stdout] 
[INFO] [stdout] running 8 tests
[INFO] [stdout] test events::tests::inbox_receipt_rejects_other_notifications_and_shapes ... ok
[INFO] [stdout] test runtime::tests::leaves_stable_and_pep440_versions_untouched ... ok
[INFO] [stdout] test events::tests::final_response_is_empty_without_assistant_events ... ok
[INFO] [stdout] test events::tests::finish_reason_reads_the_last_turn_end ... ok
[INFO] [stdout] test events::tests::finish_reason_rejects_a_missing_kind ... ok
[INFO] [stderr]      Running tests/api.rs (/opt/rustwide/target/release/build/deepseek-harness-sdk-rs/86e57f45aad65a73/out/api-86e57f45aad65a73)
[INFO] [stdout] test events::tests::inbox_receipt_matches_only_the_receipted_message ... ok
[INFO] [stdout] test runtime::tests::normalizes_pre_release_spelling ... ok
[INFO] [stdout] test events::tests::final_response_takes_the_last_assistant_text ... ok
[INFO] [stdout] 
[INFO] [stdout] test result: ok. 8 passed; 0 failed; 0 ignored; 0 measured; 0 filtered out; finished in 0.01s
[INFO] [stdout] 
[INFO] [stdout] 
[INFO] [stdout] running 9 tests
[INFO] [stdout] test sync_facade_rejects_an_async_context ... ok
[INFO] [stdout] test session_handle_runs_multiple_turns ... FAILED
[INFO] [stdout] test run_collects_descendant_notifications ... FAILED
[INFO] [stdout] test run_honors_an_explicit_session_and_callback ... FAILED
[INFO] [stdout] test run_rejects_a_turn_end_without_reason_kind ... FAILED
[INFO] [stdout] test run_without_assistant_messages_is_empty ... FAILED
[INFO] [stdout] test explicit_content_blocks_pass_through ... FAILED
[INFO] [stdout] test sync_facade_runs_a_turn ... FAILED
[INFO] [stdout] test run_collects_one_turn ... FAILED
[INFO] [stdout] 
[INFO] [stdout] failures:
[INFO] [stdout] 
[INFO] [stdout] ---- session_handle_runs_multiple_turns stdout ----
[INFO] [stdout] 
[INFO] [stdout] thread 'session_handle_runs_multiple_turns' (1397) panicked at tests/api.rs:107:10:
[INFO] [stdout] start_session: Io { source: Os { code: 2, kind: NotFound, message: "No such file or directory" } }
[INFO] [stdout] stack backtrace:
[INFO] [stdout]    0:     0x586b4e3faf71 - <<std[617be2ca0a6fd877]::sys::backtrace::BacktraceLock>::print::DisplayBacktrace as core[a373ad73a504971]::fmt::Display>::fmt
[INFO] [stdout]    1:     0x586b4e4112ca - core[a373ad73a504971]::fmt::write
[INFO] [stdout]    2:     0x586b4e3ff98c - <alloc[2e1b2a31b91974c5]::vec::Vec<u8> as core[a373ad73a504971]::io::write::Write>::write_fmt
[INFO] [stdout]    3:     0x586b4e3d3aa6 - std[617be2ca0a6fd877]::panicking::default_hook::{closure#0}
[INFO] [stdout]    4:     0x586b4e3f1fb9 - std[617be2ca0a6fd877]::panicking::default_hook
[INFO] [stdout]    5:     0x586b4e1cc130 - test[aada8e7e76ba119b]::test_main_inner::{closure#0}
[INFO] [stdout]    6:     0x586b4e3f22e2 - std[617be2ca0a6fd877]::panicking::panic_with_hook
[INFO] [stdout]    7:     0x586b4e3d3b52 - std[617be2ca0a6fd877]::panicking::panic_handler::{closure#0}
[INFO] [stdout]    8:     0x586b4e3cc639 - std[617be2ca0a6fd877]::sys::backtrace::__rust_end_short_backtrace::<std[617be2ca0a6fd877]::panicking::panic_handler::{closure#0}, !>
[INFO] [stdout]    9:     0x586b4e3d4afd - __rustc[ea4f61d10b84890b]::rust_begin_unwind
[INFO] [stdout]   10:     0x586b4e411a2c - core[a373ad73a504971]::panicking::panic_fmt
[INFO] [stdout]   11:     0x586b4e411802 - core[a373ad73a504971]::result::unwrap_failed
[INFO] [stdout]   12:     0x586b4e167572 - api[8e0e267cc9a60e49]::session_handle_runs_multiple_turns::{closure#0}
[INFO] [stdout]   13:     0x586b4e1a15e3 - <tokio[512e0f6cf8dcddac]::runtime::scheduler::current_thread::Context>::enter::<core[a373ad73a504971]::task::poll::Poll<()>, <tokio[512e0f6cf8dcddac]::runtime::scheduler::current_thread::CoreGuard>::block_on<core[a373ad73a504971]::pin::Pin<&mut core[a373ad73a504971]::pin::Pin<&mut dyn core[a373ad73a504971]::future::future::Future<Output = ()>>>>::{closure#0}::{closure#0}>
[INFO] [stdout]   14:     0x586b4e1a0009 - <std[617be2ca0a6fd877]::thread::local::LocalKey<tokio[512e0f6cf8dcddac]::runtime::context::Context>>::with::<tokio[512e0f6cf8dcddac]::runtime::context::set_scheduler<(alloc[2e1b2a31b91974c5]::boxed::Box<tokio[512e0f6cf8dcddac]::runtime::scheduler::current_thread::Core>, core[a373ad73a504971]::option::Option<()>), <tokio[512e0f6cf8dcddac]::runtime::scheduler::current_thread::CoreGuard>::enter<<tokio[512e0f6cf8dcddac]::runtime::scheduler::current_thread::CoreGuard>::block_on<core[a373ad73a504971]::pin::Pin<&mut core[a373ad73a504971]::pin::Pin<&mut dyn core[a373ad73a504971]::future::future::Future<Output = ()>>>>::{closure#0}, core[a373ad73a504971]::option::Option<()>>::{closure#0}>::{closure#0}, (alloc[2e1b2a31b91974c5]::boxed::Box<tokio[512e0f6cf8dcddac]::runtime::scheduler::current_thread::Core>, core[a373ad73a504971]::option::Option<()>)>
[INFO] [stdout]   15:     0x586b4e1a1ce7 - <tokio[512e0f6cf8dcddac]::runtime::scheduler::current_thread::CoreGuard>::block_on::<core[a373ad73a504971]::pin::Pin<&mut core[a373ad73a504971]::pin::Pin<&mut dyn core[a373ad73a504971]::future::future::Future<Output = ()>>>>
[INFO] [stdout]   16:     0x586b4e1a8c66 - tokio[512e0f6cf8dcddac]::runtime::context::runtime::enter_runtime::<<tokio[512e0f6cf8dcddac]::runtime::scheduler::current_thread::CurrentThread>::block_on<core[a373ad73a504971]::pin::Pin<&mut dyn core[a373ad73a504971]::future::future::Future<Output = ()>>>::{closure#0}, ()>
[INFO] [stdout]   17:     0x586b4e1b2085 - <tokio[512e0f6cf8dcddac]::runtime::runtime::Runtime>::block_on::<core[a373ad73a504971]::pin::Pin<&mut dyn core[a373ad73a504971]::future::future::Future<Output = ()>>>
[INFO] [stdout]   18:     0x586b4e171fde - <api[8e0e267cc9a60e49]::session_handle_runs_multiple_turns::{closure#0} as core[a373ad73a504971]::ops::function::FnOnce<()>>::call_once
[INFO] [stdout]   19:     0x586b4e1bf57b - test[aada8e7e76ba119b]::__rust_begin_short_backtrace::<core[a373ad73a504971]::result::Result<(), alloc[2e1b2a31b91974c5]::string::String>, fn() -> core[a373ad73a504971]::result::Result<(), alloc[2e1b2a31b91974c5]::string::String>>
[INFO] [stdout]   20:     0x586b4e1cc755 - test[aada8e7e76ba119b]::run_test::{closure#0}
[INFO] [stdout]   21:     0x586b4e1c6044 - std[617be2ca0a6fd877]::sys::backtrace::__rust_begin_short_backtrace::<test[aada8e7e76ba119b]::run_test::{closure#1}, ()>
[INFO] [stdout]   22:     0x586b4e1cf7e2 - <std[617be2ca0a6fd877]::thread::lifecycle::spawn_unchecked<test[aada8e7e76ba119b]::run_test::{closure#1}, ()>::{closure#1} as core[a373ad73a504971]::ops::function::FnOnce<()>>::call_once::{shim:vtable#0}
[INFO] [stdout]   23:     0x586b4e3fa0bf - <std[617be2ca0a6fd877]::sys::thread::unix::Thread>::new::thread_start
[INFO] [stdout]   24:     0x7d0d99492dfa - <unknown>
[INFO] [stdout]   25:     0x7d0d995263d4 - clone
[INFO] [stdout]   26:                0x0 - <unknown>
[INFO] [stdout] 
[INFO] [stdout] ---- run_collects_descendant_notifications stdout ----
[INFO] [stdout] 
[INFO] [stdout] thread 'run_collects_descendant_notifications' (1392) panicked at tests/api.rs:64:10:
[INFO] [stdout] run: Io { source: Os { code: 2, kind: NotFound, message: "No such file or directory" } }
[INFO] [stdout] stack backtrace:
[INFO] [stdout]    0:     0x586b4e3faf71 - <<std[617be2ca0a6fd877]::sys::backtrace::BacktraceLock>::print::DisplayBacktrace as core[a373ad73a504971]::fmt::Display>::fmt
[INFO] [stdout]    1:     0x586b4e4112ca - core[a373ad73a504971]::fmt::write
[INFO] [stdout]    2:     0x586b4e3ff98c - <alloc[2e1b2a31b91974c5]::vec::Vec<u8> as core[a373ad73a504971]::io::write::Write>::write_fmt
[INFO] [stdout]    3:     0x586b4e3d3aa6 - std[617be2ca0a6fd877]::panicking::default_hook::{closure#0}
[INFO] [stdout]    4:     0x586b4e3f1fb9 - std[617be2ca0a6fd877]::panicking::default_hook
[INFO] [stdout]    5:     0x586b4e1cc130 - test[aada8e7e76ba119b]::test_main_inner::{closure#0}
[INFO] [stdout]    6:     0x586b4e3f22e2 - std[617be2ca0a6fd877]::panicking::panic_with_hook
[INFO] [stdout]    7:     0x586b4e3d3b52 - std[617be2ca0a6fd877]::panicking::panic_handler::{closure#0}
[INFO] [stdout]    8:     0x586b4e3cc639 - std[617be2ca0a6fd877]::sys::backtrace::__rust_end_short_backtrace::<std[617be2ca0a6fd877]::panicking::panic_handler::{closure#0}, !>
[INFO] [stdout]    9:     0x586b4e3d4afd - __rustc[ea4f61d10b84890b]::rust_begin_unwind
[INFO] [stdout]   10:     0x586b4e411a2c - core[a373ad73a504971]::panicking::panic_fmt
[INFO] [stdout]   11:     0x586b4e411802 - core[a373ad73a504971]::result::unwrap_failed
[INFO] [stdout]   12:     0x586b4e169655 - api[8e0e267cc9a60e49]::run_collects_descendant_notifications::{closure#0}
[INFO] [stdout]   13:     0x586b4e1a15e3 - <tokio[512e0f6cf8dcddac]::runtime::scheduler::current_thread::Context>::enter::<core[a373ad73a504971]::task::poll::Poll<()>, <tokio[512e0f6cf8dcddac]::runtime::scheduler::current_thread::CoreGuard>::block_on<core[a373ad73a504971]::pin::Pin<&mut core[a373ad73a504971]::pin::Pin<&mut dyn core[a373ad73a504971]::future::future::Future<Output = ()>>>>::{closure#0}::{closure#0}>
[INFO] [stdout]   14:     0x586b4e1a0009 - <std[617be2ca0a6fd877]::thread::local::LocalKey<tokio[512e0f6cf8dcddac]::runtime::context::Context>>::with::<tokio[512e0f6cf8dcddac]::runtime::context::set_scheduler<(alloc[2e1b2a31b91974c5]::boxed::Box<tokio[512e0f6cf8dcddac]::runtime::scheduler::current_thread::Core>, core[a373ad73a504971]::option::Option<()>), <tokio[512e0f6cf8dcddac]::runtime::scheduler::current_thread::CoreGuard>::enter<<tokio[512e0f6cf8dcddac]::runtime::scheduler::current_thread::CoreGuard>::block_on<core[a373ad73a504971]::pin::Pin<&mut core[a373ad73a504971]::pin::Pin<&mut dyn core[a373ad73a504971]::future::future::Future<Output = ()>>>>::{closure#0}, core[a373ad73a504971]::option::Option<()>>::{closure#0}>::{closure#0}, (alloc[2e1b2a31b91974c5]::boxed::Box<tokio[512e0f6cf8dcddac]::runtime::scheduler::current_thread::Core>, core[a373ad73a504971]::option::Option<()>)>
[INFO] [stdout]   15:     0x586b4e1a1ce7 - <tokio[512e0f6cf8dcddac]::runtime::scheduler::current_thread::CoreGuard>::block_on::<core[a373ad73a504971]::pin::Pin<&mut core[a373ad73a504971]::pin::Pin<&mut dyn core[a373ad73a504971]::future::future::Future<Output = ()>>>>
[INFO] [stdout]   16:     0x586b4e1a8c66 - tokio[512e0f6cf8dcddac]::runtime::context::runtime::enter_runtime::<<tokio[512e0f6cf8dcddac]::runtime::scheduler::current_thread::CurrentThread>::block_on<core[a373ad73a504971]::pin::Pin<&mut dyn core[a373ad73a504971]::future::future::Future<Output = ()>>>::{closure#0}, ()>
[INFO] [stdout]   17:     0x586b4e1b2085 - <tokio[512e0f6cf8dcddac]::runtime::runtime::Runtime>::block_on::<core[a373ad73a504971]::pin::Pin<&mut dyn core[a373ad73a504971]::future::future::Future<Output = ()>>>
[INFO] [stdout]   18:     0x586b4e17260e - <api[8e0e267cc9a60e49]::run_collects_descendant_notifications::{closure#0} as core[a373ad73a504971]::ops::function::FnOnce<()>>::call_once
[INFO] [stdout]   19:     0x586b4e1bf57b - test[aada8e7e76ba119b]::__rust_begin_short_backtrace::<core[a373ad73a504971]::result::Result<(), alloc[2e1b2a31b91974c5]::string::String>, fn() -> core[a373ad73a504971]::result::Result<(), alloc[2e1b2a31b91974c5]::string::String>>
[INFO] [stdout]   20:     0x586b4e1cc755 - test[aada8e7e76ba119b]::run_test::{closure#0}
[INFO] [stdout]   21:     0x586b4e1c6044 - std[617be2ca0a6fd877]::sys::backtrace::__rust_begin_short_backtrace::<test[aada8e7e76ba119b]::run_test::{closure#1}, ()>
[INFO] [stdout]   22:     0x586b4e1cf7e2 - <std[617be2ca0a6fd877]::thread::lifecycle::spawn_unchecked<test[aada8e7e76ba119b]::run_test::{closure#1}, ()>::{closure#1} as core[a373ad73a504971]::ops::function::FnOnce<()>>::call_once::{shim:vtable#0}
[INFO] [stdout]   23:     0x586b4e3fa0bf - <std[617be2ca0a6fd877]::sys::thread::unix::Thread>::new::thread_start
[INFO] [stdout]   24:     0x7d0d99492dfa - <unknown>
[INFO] [stdout]   25:     0x7d0d995263d4 - clone
[INFO] [stdout]   26:                0x0 - <unknown>
[INFO] [stdout] 
[INFO] [stdout] ---- run_honors_an_explicit_session_and_callback stdout ----
[INFO] [stdout] 
[INFO] [stdout] thread 'run_honors_an_explicit_session_and_callback' (1394) panicked at tests/api.rs:52:52:
[INFO] [stdout] run: Io { source: Os { code: 2, kind: NotFound, message: "No such file or directory" } }
[INFO] [stdout] stack backtrace:
[INFO] [stdout]    0:     0x586b4e3faf71 - <<std[617be2ca0a6fd877]::sys::backtrace::BacktraceLock>::print::DisplayBacktrace as core[a373ad73a504971]::fmt::Display>::fmt
[INFO] [stdout]    1:     0x586b4e4112ca - core[a373ad73a504971]::fmt::write
[INFO] [stdout]    2:     0x586b4e3ff98c - <alloc[2e1b2a31b91974c5]::vec::Vec<u8> as core[a373ad73a504971]::io::write::Write>::write_fmt
[INFO] [stdout]    3:     0x586b4e3d3aa6 - std[617be2ca0a6fd877]::panicking::default_hook::{closure#0}
[INFO] [stdout]    4:     0x586b4e3f1fb9 - std[617be2ca0a6fd877]::panicking::default_hook
[INFO] [stdout]    5:     0x586b4e1cc130 - test[aada8e7e76ba119b]::test_main_inner::{closure#0}
[INFO] [stdout]    6:     0x586b4e3f22e2 - std[617be2ca0a6fd877]::panicking::panic_with_hook
[INFO] [stdout]    7:     0x586b4e3d3b52 - std[617be2ca0a6fd877]::panicking::panic_handler::{closure#0}
[INFO] [stdout]    8:     0x586b4e3cc639 - std[617be2ca0a6fd877]::sys::backtrace::__rust_end_short_backtrace::<std[617be2ca0a6fd877]::panicking::panic_handler::{closure#0}, !>
[INFO] [stdout]    9:     0x586b4e3d4afd - __rustc[ea4f61d10b84890b]::rust_begin_unwind
[INFO] [stdout]   10:     0x586b4e411a2c - core[a373ad73a504971]::panicking::panic_fmt
[INFO] [stdout]   11:     0x586b4e411802 - core[a373ad73a504971]::result::unwrap_failed
[INFO] [stdout]   12:     0x586b4e16a228 - api[8e0e267cc9a60e49]::run_honors_an_explicit_session_and_callback::{closure#0}
[INFO] [stdout]   13:     0x586b4e1a15e3 - <tokio[512e0f6cf8dcddac]::runtime::scheduler::current_thread::Context>::enter::<core[a373ad73a504971]::task::poll::Poll<()>, <tokio[512e0f6cf8dcddac]::runtime::scheduler::current_thread::CoreGuard>::block_on<core[a373ad73a504971]::pin::Pin<&mut core[a373ad73a504971]::pin::Pin<&mut dyn core[a373ad73a504971]::future::future::Future<Output = ()>>>>::{closure#0}::{closure#0}>
[INFO] [stdout]   14:     0x586b4e1a0009 - <std[617be2ca0a6fd877]::thread::local::LocalKey<tokio[512e0f6cf8dcddac]::runtime::context::Context>>::with::<tokio[512e0f6cf8dcddac]::runtime::context::set_scheduler<(alloc[2e1b2a31b91974c5]::boxed::Box<tokio[512e0f6cf8dcddac]::runtime::scheduler::current_thread::Core>, core[a373ad73a504971]::option::Option<()>), <tokio[512e0f6cf8dcddac]::runtime::scheduler::current_thread::CoreGuard>::enter<<tokio[512e0f6cf8dcddac]::runtime::scheduler::current_thread::CoreGuard>::block_on<core[a373ad73a504971]::pin::Pin<&mut core[a373ad73a504971]::pin::Pin<&mut dyn core[a373ad73a504971]::future::future::Future<Output = ()>>>>::{closure#0}, core[a373ad73a504971]::option::Option<()>>::{closure#0}>::{closure#0}, (alloc[2e1b2a31b91974c5]::boxed::Box<tokio[512e0f6cf8dcddac]::runtime::scheduler::current_thread::Core>, core[a373ad73a504971]::option::Option<()>)>
[INFO] [stdout]   15:     0x586b4e1a1ce7 - <tokio[512e0f6cf8dcddac]::runtime::scheduler::current_thread::CoreGuard>::block_on::<core[a373ad73a504971]::pin::Pin<&mut core[a373ad73a504971]::pin::Pin<&mut dyn core[a373ad73a504971]::future::future::Future<Output = ()>>>>
[INFO] [stdout]   16:     0x586b4e1a8c66 - tokio[512e0f6cf8dcddac]::runtime::context::runtime::enter_runtime::<<tokio[512e0f6cf8dcddac]::runtime::scheduler::current_thread::CurrentThread>::block_on<core[a373ad73a504971]::pin::Pin<&mut dyn core[a373ad73a504971]::future::future::Future<Output = ()>>>::{closure#0}, ()>
[INFO] [stdout]   17:     0x586b4e1b2085 - <tokio[512e0f6cf8dcddac]::runtime::runtime::Runtime>::block_on::<core[a373ad73a504971]::pin::Pin<&mut dyn core[a373ad73a504971]::future::future::Future<Output = ()>>>
[INFO] [stdout]   18:     0x586b4e172a2e - <api[8e0e267cc9a60e49]::run_honors_an_explicit_session_and_callback::{closure#0} as core[a373ad73a504971]::ops::function::FnOnce<()>>::call_once
[INFO] [stdout]   19:     0x586b4e1bf57b - test[aada8e7e76ba119b]::__rust_begin_short_backtrace::<core[a373ad73a504971]::result::Result<(), alloc[2e1b2a31b91974c5]::string::String>, fn() -> core[a373ad73a504971]::result::Result<(), alloc[2e1b2a31b91974c5]::string::String>>
[INFO] [stdout]   20:     0x586b4e1cc755 - test[aada8e7e76ba119b]::run_test::{closure#0}
[INFO] [stdout]   21:     0x586b4e1c6044 - std[617be2ca0a6fd877]::sys::backtrace::__rust_begin_short_backtrace::<test[aada8e7e76ba119b]::run_test::{closure#1}, ()>
[INFO] [stdout]   22:     0x586b4e1cf7e2 - <std[617be2ca0a6fd877]::thread::lifecycle::spawn_unchecked<test[aada8e7e76ba119b]::run_test::{closure#1}, ()>::{closure#1} as core[a373ad73a504971]::ops::function::FnOnce<()>>::call_once::{shim:vtable#0}
[INFO] [stdout]   23:     0x586b4e3fa0bf - <std[617be2ca0a6fd877]::sys::thread::unix::Thread>::new::thread_start
[INFO] [stdout]   24:     0x7d0d99492dfa - <unknown>
[INFO] [stdout]   25:     0x7d0d995263d4 - clone
[INFO] [stdout]   26:                0x0 - <unknown>
[INFO] [stdout] 
[INFO] [stdout] ---- run_rejects_a_turn_end_without_reason_kind stdout ----
[INFO] [stdout] 
[INFO] [stdout] thread 'run_rejects_a_turn_end_without_reason_kind' (1395) panicked at tests/api.rs:85:5:
[INFO] [stdout] assertion failed: matches!(error, SdkError::Protocol { .. })
[INFO] [stdout] stack backtrace:
[INFO] [stdout]    0:     0x586b4e3faf71 - <<std[617be2ca0a6fd877]::sys::backtrace::BacktraceLock>::print::DisplayBacktrace as core[a373ad73a504971]::fmt::Display>::fmt
[INFO] [stdout]    1:     0x586b4e4112ca - core[a373ad73a504971]::fmt::write
[INFO] [stdout]    2:     0x586b4e3ff98c - <alloc[2e1b2a31b91974c5]::vec::Vec<u8> as core[a373ad73a504971]::io::write::Write>::write_fmt
[INFO] [stdout]    3:     0x586b4e3d3aa6 - std[617be2ca0a6fd877]::panicking::default_hook::{closure#0}
[INFO] [stdout]    4:     0x586b4e3f1fb9 - std[617be2ca0a6fd877]::panicking::default_hook
[INFO] [stdout]    5:     0x586b4e1cc130 - test[aada8e7e76ba119b]::test_main_inner::{closure#0}
[INFO] [stdout]    6:     0x586b4e3f22e2 - std[617be2ca0a6fd877]::panicking::panic_with_hook
[INFO] [stdout]    7:     0x586b4e3d3b84 - std[617be2ca0a6fd877]::panicking::panic_handler::{closure#0}
[INFO] [stdout]    8:     0x586b4e3cc639 - std[617be2ca0a6fd877]::sys::backtrace::__rust_end_short_backtrace::<std[617be2ca0a6fd877]::panicking::panic_handler::{closure#0}, !>
[INFO] [stdout]    9:     0x586b4e3d4afd - __rustc[ea4f61d10b84890b]::rust_begin_unwind
[INFO] [stdout]   10:     0x586b4e411a2c - core[a373ad73a504971]::panicking::panic_fmt
[INFO] [stdout]   11:     0x586b4e4119f2 - core[a373ad73a504971]::panicking::panic
[INFO] [stdout]   12:     0x586b4e169dd3 - api[8e0e267cc9a60e49]::run_rejects_a_turn_end_without_reason_kind::{closure#0}
[INFO] [stdout]   13:     0x586b4e1a15e3 - <tokio[512e0f6cf8dcddac]::runtime::scheduler::current_thread::Context>::enter::<core[a373ad73a504971]::task::poll::Poll<()>, <tokio[512e0f6cf8dcddac]::runtime::scheduler::current_thread::CoreGuard>::block_on<core[a373ad73a504971]::pin::Pin<&mut core[a373ad73a504971]::pin::Pin<&mut dyn core[a373ad73a504971]::future::future::Future<Output = ()>>>>::{closure#0}::{closure#0}>
[INFO] [stdout]   14:     0x586b4e1a0009 - <std[617be2ca0a6fd877]::thread::local::LocalKey<tokio[512e0f6cf8dcddac]::runtime::context::Context>>::with::<tokio[512e0f6cf8dcddac]::runtime::context::set_scheduler<(alloc[2e1b2a31b91974c5]::boxed::Box<tokio[512e0f6cf8dcddac]::runtime::scheduler::current_thread::Core>, core[a373ad73a504971]::option::Option<()>), <tokio[512e0f6cf8dcddac]::runtime::scheduler::current_thread::CoreGuard>::enter<<tokio[512e0f6cf8dcddac]::runtime::scheduler::current_thread::CoreGuard>::block_on<core[a373ad73a504971]::pin::Pin<&mut core[a373ad73a504971]::pin::Pin<&mut dyn core[a373ad73a504971]::future::future::Future<Output = ()>>>>::{closure#0}, core[a373ad73a504971]::option::Option<()>>::{closure#0}>::{closure#0}, (alloc[2e1b2a31b91974c5]::boxed::Box<tokio[512e0f6cf8dcddac]::runtime::scheduler::current_thread::Core>, core[a373ad73a504971]::option::Option<()>)>
[INFO] [stdout]   15:     0x586b4e1a1ce7 - <tokio[512e0f6cf8dcddac]::runtime::scheduler::current_thread::CoreGuard>::block_on::<core[a373ad73a504971]::pin::Pin<&mut core[a373ad73a504971]::pin::Pin<&mut dyn core[a373ad73a504971]::future::future::Future<Output = ()>>>>
[INFO] [stdout]   16:     0x586b4e1a8c66 - tokio[512e0f6cf8dcddac]::runtime::context::runtime::enter_runtime::<<tokio[512e0f6cf8dcddac]::runtime::scheduler::current_thread::CurrentThread>::block_on<core[a373ad73a504971]::pin::Pin<&mut dyn core[a373ad73a504971]::future::future::Future<Output = ()>>>::{closure#0}, ()>
[INFO] [stdout]   17:     0x586b4e1b2085 - <tokio[512e0f6cf8dcddac]::runtime::runtime::Runtime>::block_on::<core[a373ad73a504971]::pin::Pin<&mut dyn core[a373ad73a504971]::future::future::Future<Output = ()>>>
[INFO] [stdout]   18:     0x586b4e1728ce - <api[8e0e267cc9a60e49]::run_rejects_a_turn_end_without_reason_kind::{closure#0} as core[a373ad73a504971]::ops::function::FnOnce<()>>::call_once
[INFO] [stdout]   19:     0x586b4e1bf57b - test[aada8e7e76ba119b]::__rust_begin_short_backtrace::<core[a373ad73a504971]::result::Result<(), alloc[2e1b2a31b91974c5]::string::String>, fn() -> core[a373ad73a504971]::result::Result<(), alloc[2e1b2a31b91974c5]::string::String>>
[INFO] [stdout]   20:     0x586b4e1cc755 - test[aada8e7e76ba119b]::run_test::{closure#0}
[INFO] [stdout]   21:     0x586b4e1c6044 - std[617be2ca0a6fd877]::sys::backtrace::__rust_begin_short_backtrace::<test[aada8e7e76ba119b]::run_test::{closure#1}, ()>
[INFO] [stdout]   22:     0x586b4e1cf7e2 - <std[617be2ca0a6fd877]::thread::lifecycle::spawn_unchecked<test[aada8e7e76ba119b]::run_test::{closure#1}, ()>::{closure#1} as core[a373ad73a504971]::ops::function::FnOnce<()>>::call_once::{shim:vtable#0}
[INFO] [stdout]   23:     0x586b4e3fa0bf - <std[617be2ca0a6fd877]::sys::thread::unix::Thread>::new::thread_start
[INFO] [stdout]   24:     0x7d0d99492dfa - <unknown>
[INFO] [stdout]   25:     0x7d0d995263d4 - clone
[INFO] [stdout]   26:                0x0 - <unknown>
[INFO] [stdout] 
[INFO] [stdout] ---- run_without_assistant_messages_is_empty stdout ----
[INFO] [stdout] 
[INFO] [stdout] thread 'run_without_assistant_messages_is_empty' (1396) panicked at tests/api.rs:95:10:
[INFO] [stdout] run: Io { source: Os { code: 2, kind: NotFound, message: "No such file or directory" } }
[INFO] [stdout] stack backtrace:
[INFO] [stdout]    0:     0x586b4e3faf71 - <<std[617be2ca0a6fd877]::sys::backtrace::BacktraceLock>::print::DisplayBacktrace as core[a373ad73a504971]::fmt::Display>::fmt
[INFO] [stdout]    1:     0x586b4e4112ca - core[a373ad73a504971]::fmt::write
[INFO] [stdout]    2:     0x586b4e3ff98c - <alloc[2e1b2a31b91974c5]::vec::Vec<u8> as core[a373ad73a504971]::io::write::Write>::write_fmt
[INFO] [stdout]    3:     0x586b4e3d3aa6 - std[617be2ca0a6fd877]::panicking::default_hook::{closure#0}
[INFO] [stdout]    4:     0x586b4e3f1fb9 - std[617be2ca0a6fd877]::panicking::default_hook
[INFO] [stdout]    5:     0x586b4e1cc130 - test[aada8e7e76ba119b]::test_main_inner::{closure#0}
[INFO] [stdout]    6:     0x586b4e3f22e2 - std[617be2ca0a6fd877]::panicking::panic_with_hook
[INFO] [stdout]    7:     0x586b4e3d3b52 - std[617be2ca0a6fd877]::panicking::panic_handler::{closure#0}
[INFO] [stdout]    8:     0x586b4e3cc639 - std[617be2ca0a6fd877]::sys::backtrace::__rust_end_short_backtrace::<std[617be2ca0a6fd877]::panicking::panic_handler::{closure#0}, !>
[INFO] [stdout]    9:     0x586b4e3d4afd - __rustc[ea4f61d10b84890b]::rust_begin_unwind
[INFO] [stdout]   10:     0x586b4e411a2c - core[a373ad73a504971]::panicking::panic_fmt
[INFO] [stdout]   11:     0x586b4e411802 - core[a373ad73a504971]::result::unwrap_failed
[INFO] [stdout]   12:     0x586b4e169a3d - api[8e0e267cc9a60e49]::run_without_assistant_messages_is_empty::{closure#0}
[INFO] [stdout]   13:     0x586b4e1a15e3 - <tokio[512e0f6cf8dcddac]::runtime::scheduler::current_thread::Context>::enter::<core[a373ad73a504971]::task::poll::Poll<()>, <tokio[512e0f6cf8dcddac]::runtime::scheduler::current_thread::CoreGuard>::block_on<core[a373ad73a504971]::pin::Pin<&mut core[a373ad73a504971]::pin::Pin<&mut dyn core[a373ad73a504971]::future::future::Future<Output = ()>>>>::{closure#0}::{closure#0}>
[INFO] [stdout]   14:     0x586b4e1a0009 - <std[617be2ca0a6fd877]::thread::local::LocalKey<tokio[512e0f6cf8dcddac]::runtime::context::Context>>::with::<tokio[512e0f6cf8dcddac]::runtime::context::set_scheduler<(alloc[2e1b2a31b91974c5]::boxed::Box<tokio[512e0f6cf8dcddac]::runtime::scheduler::current_thread::Core>, core[a373ad73a504971]::option::Option<()>), <tokio[512e0f6cf8dcddac]::runtime::scheduler::current_thread::CoreGuard>::enter<<tokio[512e0f6cf8dcddac]::runtime::scheduler::current_thread::CoreGuard>::block_on<core[a373ad73a504971]::pin::Pin<&mut core[a373ad73a504971]::pin::Pin<&mut dyn core[a373ad73a504971]::future::future::Future<Output = ()>>>>::{closure#0}, core[a373ad73a504971]::option::Option<()>>::{closure#0}>::{closure#0}, (alloc[2e1b2a31b91974c5]::boxed::Box<tokio[512e0f6cf8dcddac]::runtime::scheduler::current_thread::Core>, core[a373ad73a504971]::option::Option<()>)>
[INFO] [stdout]   15:     0x586b4e1a1ce7 - <tokio[512e0f6cf8dcddac]::runtime::scheduler::current_thread::CoreGuard>::block_on::<core[a373ad73a504971]::pin::Pin<&mut core[a373ad73a504971]::pin::Pin<&mut dyn core[a373ad73a504971]::future::future::Future<Output = ()>>>>
[INFO] [stdout]   16:     0x586b4e1a8c66 - tokio[512e0f6cf8dcddac]::runtime::context::runtime::enter_runtime::<<tokio[512e0f6cf8dcddac]::runtime::scheduler::current_thread::CurrentThread>::block_on<core[a373ad73a504971]::pin::Pin<&mut dyn core[a373ad73a504971]::future::future::Future<Output = ()>>>::{closure#0}, ()>
[INFO] [stdout]   17:     0x586b4e1b2085 - <tokio[512e0f6cf8dcddac]::runtime::runtime::Runtime>::block_on::<core[a373ad73a504971]::pin::Pin<&mut dyn core[a373ad73a504971]::future::future::Future<Output = ()>>>
[INFO] [stdout]   18:     0x586b4e17276e - <api[8e0e267cc9a60e49]::run_without_assistant_messages_is_empty::{closure#0} as core[a373ad73a504971]::ops::function::FnOnce<()>>::call_once
[INFO] [stdout]   19:     0x586b4e1bf57b - test[aada8e7e76ba119b]::__rust_begin_short_backtrace::<core[a373ad73a504971]::result::Result<(), alloc[2e1b2a31b91974c5]::string::String>, fn() -> core[a373ad73a504971]::result::Result<(), alloc[2e1b2a31b91974c5]::string::String>>
[INFO] [stdout]   20:     0x586b4e1cc755 - test[aada8e7e76ba119b]::run_test::{closure#0}
[INFO] [stdout]   21:     0x586b4e1c6044 - std[617be2ca0a6fd877]::sys::backtrace::__rust_begin_short_backtrace::<test[aada8e7e76ba119b]::run_test::{closure#1}, ()>
[INFO] [stdout]   22:     0x586b4e1cf7e2 - <std[617be2ca0a6fd877]::thread::lifecycle::spawn_unchecked<test[aada8e7e76ba119b]::run_test::{closure#1}, ()>::{closure#1} as core[a373ad73a504971]::ops::function::FnOnce<()>>::call_once::{shim:vtable#0}
[INFO] [stdout]   23:     0x586b4e3fa0bf - <std[617be2ca0a6fd877]::sys::thread::unix::Thread>::new::thread_start
[INFO] [stdout]   24:     0x7d0d99492dfa - <unknown>
[INFO] [stdout]   25:     0x7d0d995263d4 - clone
[INFO] [stdout]   26:                0x0 - <unknown>
[INFO] [stdout] 
[INFO] [stdout] ---- explicit_content_blocks_pass_through stdout ----
[INFO] [stdout] 
[INFO] [stdout] thread 'explicit_content_blocks_pass_through' (1391) panicked at tests/api.rs:126:10:
[INFO] [stdout] run: Io { source: Os { code: 2, kind: NotFound, message: "No such file or directory" } }
[INFO] [stdout] stack backtrace:
[INFO] [stdout]    0:     0x586b4e3faf71 - <<std[617be2ca0a6fd877]::sys::backtrace::BacktraceLock>::print::DisplayBacktrace as core[a373ad73a504971]::fmt::Display>::fmt
[INFO] [stdout]    1:     0x586b4e4112ca - core[a373ad73a504971]::fmt::write
[INFO] [stdout]    2:     0x586b4e3ff98c - <alloc[2e1b2a31b91974c5]::vec::Vec<u8> as core[a373ad73a504971]::io::write::Write>::write_fmt
[INFO] [stdout]    3:     0x586b4e3d3aa6 - std[617be2ca0a6fd877]::panicking::default_hook::{closure#0}
[INFO] [stdout]    4:     0x586b4e3f1fb9 - std[617be2ca0a6fd877]::panicking::default_hook
[INFO] [stdout]    5:     0x586b4e1cc130 - test[aada8e7e76ba119b]::test_main_inner::{closure#0}
[INFO] [stdout]    6:     0x586b4e3f22e2 - std[617be2ca0a6fd877]::panicking::panic_with_hook
[INFO] [stdout]    7:     0x586b4e3d3b52 - std[617be2ca0a6fd877]::panicking::panic_handler::{closure#0}
[INFO] [stdout]    8:     0x586b4e3cc639 - std[617be2ca0a6fd877]::sys::backtrace::__rust_end_short_backtrace::<std[617be2ca0a6fd877]::panicking::panic_handler::{closure#0}, !>
[INFO] [stdout]    9:     0x586b4e3d4afd - __rustc[ea4f61d10b84890b]::rust_begin_unwind
[INFO] [stdout]   10:     0x586b4e411a2c - core[a373ad73a504971]::panicking::panic_fmt
[INFO] [stdout]   11:     0x586b4e411802 - core[a373ad73a504971]::result::unwrap_failed
[INFO] [stdout]   12:     0x586b4e168508 - api[8e0e267cc9a60e49]::explicit_content_blocks_pass_through::{closure#0}
[INFO] [stdout]   13:     0x586b4e1a15e3 - <tokio[512e0f6cf8dcddac]::runtime::scheduler::current_thread::Context>::enter::<core[a373ad73a504971]::task::poll::Poll<()>, <tokio[512e0f6cf8dcddac]::runtime::scheduler::current_thread::CoreGuard>::block_on<core[a373ad73a504971]::pin::Pin<&mut core[a373ad73a504971]::pin::Pin<&mut dyn core[a373ad73a504971]::future::future::Future<Output = ()>>>>::{closure#0}::{closure#0}>
[INFO] [stdout]   14:     0x586b4e1a0009 - <std[617be2ca0a6fd877]::thread::local::LocalKey<tokio[512e0f6cf8dcddac]::runtime::context::Context>>::with::<tokio[512e0f6cf8dcddac]::runtime::context::set_scheduler<(alloc[2e1b2a31b91974c5]::boxed::Box<tokio[512e0f6cf8dcddac]::runtime::scheduler::current_thread::Core>, core[a373ad73a504971]::option::Option<()>), <tokio[512e0f6cf8dcddac]::runtime::scheduler::current_thread::CoreGuard>::enter<<tokio[512e0f6cf8dcddac]::runtime::scheduler::current_thread::CoreGuard>::block_on<core[a373ad73a504971]::pin::Pin<&mut core[a373ad73a504971]::pin::Pin<&mut dyn core[a373ad73a504971]::future::future::Future<Output = ()>>>>::{closure#0}, core[a373ad73a504971]::option::Option<()>>::{closure#0}>::{closure#0}, (alloc[2e1b2a31b91974c5]::boxed::Box<tokio[512e0f6cf8dcddac]::runtime::scheduler::current_thread::Core>, core[a373ad73a504971]::option::Option<()>)>
[INFO] [stdout]   15:     0x586b4e1a1ce7 - <tokio[512e0f6cf8dcddac]::runtime::scheduler::current_thread::CoreGuard>::block_on::<core[a373ad73a504971]::pin::Pin<&mut core[a373ad73a504971]::pin::Pin<&mut dyn core[a373ad73a504971]::future::future::Future<Output = ()>>>>
[INFO] [stdout]   16:     0x586b4e1a8c66 - tokio[512e0f6cf8dcddac]::runtime::context::runtime::enter_runtime::<<tokio[512e0f6cf8dcddac]::runtime::scheduler::current_thread::CurrentThread>::block_on<core[a373ad73a504971]::pin::Pin<&mut dyn core[a373ad73a504971]::future::future::Future<Output = ()>>>::{closure#0}, ()>
[INFO] [stdout]   17:     0x586b4e1b2085 - <tokio[512e0f6cf8dcddac]::runtime::runtime::Runtime>::block_on::<core[a373ad73a504971]::pin::Pin<&mut dyn core[a373ad73a504971]::future::future::Future<Output = ()>>>
[INFO] [stdout]   18:     0x586b4e17213e - <api[8e0e267cc9a60e49]::explicit_content_blocks_pass_through::{closure#0} as core[a373ad73a504971]::ops::function::FnOnce<()>>::call_once
[INFO] [stdout]   19:     0x586b4e1bf57b - test[aada8e7e76ba119b]::__rust_begin_short_backtrace::<core[a373ad73a504971]::result::Result<(), alloc[2e1b2a31b91974c5]::string::String>, fn() -> core[a373ad73a504971]::result::Result<(), alloc[2e1b2a31b91974c5]::string::String>>
[INFO] [stdout]   20:     0x586b4e1cc755 - test[aada8e7e76ba119b]::run_test::{closure#0}
[INFO] [stdout]   21:     0x586b4e1c6044 - std[617be2ca0a6fd877]::sys::backtrace::__rust_begin_short_backtrace::<test[aada8e7e76ba119b]::run_test::{closure#1}, ()>
[INFO] [stdout]   22:     0x586b4e1cf7e2 - <std[617be2ca0a6fd877]::thread::lifecycle::spawn_unchecked<test[aada8e7e76ba119b]::run_test::{closure#1}, ()>::{closure#1} as core[a373ad73a504971]::ops::function::FnOnce<()>>::call_once::{shim:vtable#0}
[INFO] [stdout]   23:     0x586b4e3fa0bf - <std[617be2ca0a6fd877]::sys::thread::unix::Thread>::new::thread_start
[INFO] [stdout]   24:     0x7d0d99492dfa - <unknown>
[INFO] [stdout]   25:     0x7d0d995263d4 - clone
[INFO] [stdout]   26:                0x0 - <unknown>
[INFO] [stdout] 
[INFO] [stdout] ---- sync_facade_runs_a_turn stdout ----
[INFO] [stdout] 
[INFO] [stdout] thread 'sync_facade_runs_a_turn' (1400) panicked at tests/api.rs:134:57:
[INFO] [stdout] sync run: Io { source: Os { code: 2, kind: NotFound, message: "No such file or directory" } }
[INFO] [stdout] stack backtrace:
[INFO] [stdout]    0:     0x586b4e3faf71 - <<std[617be2ca0a6fd877]::sys::backtrace::BacktraceLock>::print::DisplayBacktrace as core[a373ad73a504971]::fmt::Display>::fmt
[INFO] [stdout]    1:     0x586b4e4112ca - core[a373ad73a504971]::fmt::write
[INFO] [stdout]    2:     0x586b4e3ff98c - <alloc[2e1b2a31b91974c5]::vec::Vec<u8> as core[a373ad73a504971]::io::write::Write>::write_fmt
[INFO] [stdout]    3:     0x586b4e3d3aa6 - std[617be2ca0a6fd877]::panicking::default_hook::{closure#0}
[INFO] [stdout]    4:     0x586b4e3f1fb9 - std[617be2ca0a6fd877]::panicking::default_hook
[INFO] [stdout]    5:     0x586b4e1cc130 - test[aada8e7e76ba119b]::test_main_inner::{closure#0}
[INFO] [stdout]    6:     0x586b4e3f22e2 - std[617be2ca0a6fd877]::panicking::panic_with_hook
[INFO] [stdout]    7:     0x586b4e3d3b52 - std[617be2ca0a6fd877]::panicking::panic_handler::{closure#0}
[INFO] [stdout]    8:     0x586b4e3cc639 - std[617be2ca0a6fd877]::sys::backtrace::__rust_end_short_backtrace::<std[617be2ca0a6fd877]::panicking::panic_handler::{closure#0}, !>
[INFO] [stdout]    9:     0x586b4e3d4afd - __rustc[ea4f61d10b84890b]::rust_begin_unwind
[INFO] [stdout]   10:     0x586b4e411a2c - core[a373ad73a504971]::panicking::panic_fmt
[INFO] [stdout]   11:     0x586b4e411802 - core[a373ad73a504971]::result::unwrap_failed
[INFO] [stdout]   12:     0x586b4e171ebe - <api[8e0e267cc9a60e49]::sync_facade_runs_a_turn::{closure#0} as core[a373ad73a504971]::ops::function::FnOnce<()>>::call_once
[INFO] [stdout]   13:     0x586b4e1bf57b - test[aada8e7e76ba119b]::__rust_begin_short_backtrace::<core[a373ad73a504971]::result::Result<(), alloc[2e1b2a31b91974c5]::string::String>, fn() -> core[a373ad73a504971]::result::Result<(), alloc[2e1b2a31b91974c5]::string::String>>
[INFO] [stdout]   14:     0x586b4e1cc755 - test[aada8e7e76ba119b]::run_test::{closure#0}
[INFO] [stdout]   15:     0x586b4e1c6044 - std[617be2ca0a6fd877]::sys::backtrace::__rust_begin_short_backtrace::<test[aada8e7e76ba119b]::run_test::{closure#1}, ()>
[INFO] [stdout]   16:     0x586b4e1cf7e2 - <std[617be2ca0a6fd877]::thread::lifecycle::spawn_unchecked<test[aada8e7e76ba119b]::run_test::{closure#1}, ()>::{closure#1} as core[a373ad73a504971]::ops::function::FnOnce<()>>::call_once::{shim:vtable#0}
[INFO] [stdout]   17:     0x586b4e3fa0bf - <std[617be2ca0a6fd877]::sys::thread::unix::Thread>::new::thread_start
[INFO] [stdout]   18:     0x7d0d99492dfa - <unknown>
[INFO] [stdout]   19:     0x7d0d995263d4 - clone
[INFO] [stdout]   20:                0x0 - <unknown>
[INFO] [stdout] 
[INFO] [stdout] ---- run_collects_one_turn stdout ----
[INFO] [stdout] 
[INFO] [stdout] thread 'run_collects_one_turn' (1393) panicked at tests/api.rs:27:10:
[INFO] [stdout] run: Io { source: Os { code: 2, kind: NotFound, message: "No such file or directory" } }
[INFO] [stdout] stack backtrace:
[INFO] [stdout]    0:     0x586b4e3faf71 - <<std[617be2ca0a6fd877]::sys::backtrace::BacktraceLock>::print::DisplayBacktrace as core[a373ad73a504971]::fmt::Display>::fmt
[INFO] [stdout]    1:     0x586b4e4112ca - core[a373ad73a504971]::fmt::write
[INFO] [stdout]    2:     0x586b4e3ff98c - <alloc[2e1b2a31b91974c5]::vec::Vec<u8> as core[a373ad73a504971]::io::write::Write>::write_fmt
[INFO] [stdout]    3:     0x586b4e3d3aa6 - std[617be2ca0a6fd877]::panicking::default_hook::{closure#0}
[INFO] [stdout]    4:     0x586b4e3f1fb9 - std[617be2ca0a6fd877]::panicking::default_hook
[INFO] [stdout]    5:     0x586b4e1cc130 - test[aada8e7e76ba119b]::test_main_inner::{closure#0}
[INFO] [stdout]    6:     0x586b4e3f22e2 - std[617be2ca0a6fd877]::panicking::panic_with_hook
[INFO] [stdout]    7:     0x586b4e3d3b52 - std[617be2ca0a6fd877]::panicking::panic_handler::{closure#0}
[INFO] [stdout]    8:     0x586b4e3cc639 - std[617be2ca0a6fd877]::sys::backtrace::__rust_end_short_backtrace::<std[617be2ca0a6fd877]::panicking::panic_handler::{closure#0}, !>
[INFO] [stdout]    9:     0x586b4e3d4afd - __rustc[ea4f61d10b84890b]::rust_begin_unwind
[INFO] [stdout]   10:     0x586b4e411a2c - core[a373ad73a504971]::panicking::panic_fmt
[INFO] [stdout]   11:     0x586b4e411802 - core[a373ad73a504971]::result::unwrap_failed
[INFO] [stdout]   12:     0x586b4e166aa6 - api[8e0e267cc9a60e49]::run_collects_one_turn::{closure#0}
[INFO] [stdout]   13:     0x586b4e1a15e3 - <tokio[512e0f6cf8dcddac]::runtime::scheduler::current_thread::Context>::enter::<core[a373ad73a504971]::task::poll::Poll<()>, <tokio[512e0f6cf8dcddac]::runtime::scheduler::current_thread::CoreGuard>::block_on<core[a373ad73a504971]::pin::Pin<&mut core[a373ad73a504971]::pin::Pin<&mut dyn core[a373ad73a504971]::future::future::Future<Output = ()>>>>::{closure#0}::{closure#0}>
[INFO] [stdout]   14:     0x586b4e1a0009 - <std[617be2ca0a6fd877]::thread::local::LocalKey<tokio[512e0f6cf8dcddac]::runtime::context::Context>>::with::<tokio[512e0f6cf8dcddac]::runtime::context::set_scheduler<(alloc[2e1b2a31b91974c5]::boxed::Box<tokio[512e0f6cf8dcddac]::runtime::scheduler::current_thread::Core>, core[a373ad73a504971]::option::Option<()>), <tokio[512e0f6cf8dcddac]::runtime::scheduler::current_thread::CoreGuard>::enter<<tokio[512e0f6cf8dcddac]::runtime::scheduler::current_thread::CoreGuard>::block_on<core[a373ad73a504971]::pin::Pin<&mut core[a373ad73a504971]::pin::Pin<&mut dyn core[a373ad73a504971]::future::future::Future<Output = ()>>>>::{closure#0}, core[a373ad73a504971]::option::Option<()>>::{closure#0}>::{closure#0}, (alloc[2e1b2a31b91974c5]::boxed::Box<tokio[512e0f6cf8dcddac]::runtime::scheduler::current_thread::Core>, core[a373ad73a504971]::option::Option<()>)>
[INFO] [stdout]   15:     0x586b4e1a1ce7 - <tokio[512e0f6cf8dcddac]::runtime::scheduler::current_thread::CoreGuard>::block_on::<core[a373ad73a504971]::pin::Pin<&mut core[a373ad73a504971]::pin::Pin<&mut dyn core[a373ad73a504971]::future::future::Future<Output = ()>>>>
[INFO] [stdout]   16:     0x586b4e1a8c66 - tokio[512e0f6cf8dcddac]::runtime::context::runtime::enter_runtime::<<tokio[512e0f6cf8dcddac]::runtime::scheduler::current_thread::CurrentThread>::block_on<core[a373ad73a504971]::pin::Pin<&mut dyn core[a373ad73a504971]::future::future::Future<Output = ()>>>::{closure#0}, ()>
[INFO] [stdout]   17:     0x586b4e1b2085 - <tokio[512e0f6cf8dcddac]::runtime::runtime::Runtime>::block_on::<core[a373ad73a504971]::pin::Pin<&mut dyn core[a373ad73a504971]::future::future::Future<Output = ()>>>
[INFO] [stdout]   18:     0x586b4e171a7e - <api[8e0e267cc9a60e49]::run_collects_one_turn::{closure#0} as core[a373ad73a504971]::ops::function::FnOnce<()>>::call_once
[INFO] [stdout]   19:     0x586b4e1bf57b - test[aada8e7e76ba119b]::__rust_begin_short_backtrace::<core[a373ad73a504971]::result::Result<(), alloc[2e1b2a31b91974c5]::string::String>, fn() -> core[a373ad73a504971]::result::Result<(), alloc[2e1b2a31b91974c5]::string::String>>
[INFO] [stdout]   20:     0x586b4e1cc755 - test[aada8e7e76ba119b]::run_test::{closure#0}
[INFO] [stdout]   21:     0x586b4e1c6044 - std[617be2ca0a6fd877]::sys::backtrace::__rust_begin_short_backtrace::<test[aada8e7e76ba119b]::run_test::{closure#1}, ()>
[INFO] [stdout]   22:     0x586b4e1cf7e2 - <std[617be2ca0a6fd877]::thread::lifecycle::spawn_unchecked<test[aada8e7e76ba119b]::run_test::{closure#1}, ()>::{closure#1} as core[a373ad73a504971]::ops::function::FnOnce<()>>::call_once::{shim:vtable#0}
[INFO] [stdout]   23:     0x586b4e3fa0bf - <std[617be2ca0a6fd877]::sys::thread::unix::Thread>::new::thread_start
[INFO] [stdout]   24:     0x7d0d99492dfa - <unknown>
[INFO] [stdout]   25:     0x7d0d995263d4 - clone
[INFO] [stdout]   26:                0x0 - <unknown>
[INFO] [stdout] 
[INFO] [stdout] 
[INFO] [stdout] failures:
[INFO] [stdout]     explicit_content_blocks_pass_through
[INFO] [stdout]     run_collects_descendant_notifications
[INFO] [stdout]     run_collects_one_turn
[INFO] [stdout]     run_honors_an_explicit_session_and_callback
[INFO] [stdout]     run_rejects_a_turn_end_without_reason_kind
[INFO] [stdout]     run_without_assistant_messages_is_empty
[INFO] [stdout]     session_handle_runs_multiple_turns
[INFO] [stdout]     sync_facade_runs_a_turn
[INFO] [stdout] 
[INFO] [stdout] test result: FAILED. 1 passed; 8 failed; 0 ignored; 0 measured; 0 filtered out; finished in 0.01s
[INFO] [stdout] 
[INFO] [stderr] error: test failed, to rerun pass `--test api`
[INFO] running `Command { std: "docker" "inspect" "9674fc089e7b71de2a166de541d9cca14e71ed8a022f619a456475f2bb8021a5", kill_on_drop: false }`
[INFO] running `Command { std: "docker" "rm" "-f" "9674fc089e7b71de2a166de541d9cca14e71ed8a022f619a456475f2bb8021a5", kill_on_drop: false }`
[INFO] [stdout] 9674fc089e7b71de2a166de541d9cca14e71ed8a022f619a456475f2bb8021a5
