[INFO] fetching crate deepnest-rust-minkowski 0.1.0...
[INFO] testing deepnest-rust-minkowski-0.1.0 against 1.100.0-beta.1+cargoflags=--release for beta-release-1.100-2
[INFO] extracting crate deepnest-rust-minkowski 0.1.0 into /workspace/builds/worker-6-tc2/source
[INFO] started tweaking crates.io crate deepnest-rust-minkowski 0.1.0
[INFO] removed 0 missing examples
[INFO] finished tweaking crates.io crate deepnest-rust-minkowski 0.1.0
[INFO] tweaked toml for crates.io crate deepnest-rust-minkowski 0.1.0 written to /workspace/builds/worker-6-tc2/source/Cargo.toml
[INFO] validating manifest of crates.io crate deepnest-rust-minkowski 0.1.0 on toolchain 1.100.0-beta.1
[INFO] running `Command { std: CARGO_HOME="/workspace/cargo-home" RUSTUP_HOME="/workspace/rustup-home" "/workspace/cargo-home/bin/cargo" "+1.100.0-beta.1" "metadata" "--manifest-path" "Cargo.toml" "--no-deps", kill_on_drop: false }`
[INFO] crate crates.io crate deepnest-rust-minkowski 0.1.0 already has a lockfile, it will not be regenerated
[INFO] running `Command { std: CARGO_HOME="/workspace/cargo-home" RUSTUP_HOME="/workspace/rustup-home" "/workspace/cargo-home/bin/cargo" "+1.100.0-beta.1" "fetch" "--manifest-path" "Cargo.toml", kill_on_drop: false }`
[INFO] running `Command { std: "docker" "create" "-v" "/var/lib/crater-agent-workspace/builds/worker-6-tc2/source:/opt/rustwide/workdir:ro,Z" "-v" "/var/lib/crater-agent-workspace/builds/worker-6-tc2/target:/opt/rustwide/target:rw,Z" "-v" "/var/lib/crater-agent-workspace/cargo-home:/opt/rustwide/cargo-home:ro,Z" "-v" "/var/lib/crater-agent-workspace/rustup-home:/opt/rustwide/rustup-home:ro,Z" "-m" "1610612736" "--network" "none" "ghcr.io/rust-lang/crates-build-env/linux@sha256:77db811e55d90add9212f6832c23229e3de5f1c1f9905e8cb07319ea15df73ac" "sleep" "infinity", kill_on_drop: false }`
[INFO] [stdout] 317b5cb3c5ff6338959e199440a0be73eec4618eff016ab552fa9da6bcde632d
[INFO] running `Command { std: "docker" "start" "317b5cb3c5ff6338959e199440a0be73eec4618eff016ab552fa9da6bcde632d", kill_on_drop: false }`
[INFO] running `Command { std: "docker" "inspect" "317b5cb3c5ff6338959e199440a0be73eec4618eff016ab552fa9da6bcde632d", kill_on_drop: false }`
[INFO] running `Command { std: "docker" "exec" "-e" "SOURCE_DIR=/opt/rustwide/workdir" "-e" "CARGO_HOME=/opt/rustwide/cargo-home" "-e" "RUSTUP_HOME=/opt/rustwide/rustup-home" "-e" "CARGO_TARGET_DIR=/opt/rustwide/target" "-w" "/opt/rustwide/workdir" "--user" "0:0" "317b5cb3c5ff6338959e199440a0be73eec4618eff016ab552fa9da6bcde632d" "/opt/rustwide/cargo-home/bin/cargo" "+1.100.0-beta.1" "metadata" "--no-deps" "--format-version=1", kill_on_drop: false }`
[INFO] running `Command { std: "docker" "inspect" "317b5cb3c5ff6338959e199440a0be73eec4618eff016ab552fa9da6bcde632d", kill_on_drop: false }`
[INFO] running `Command { std: "docker" "exec" "-e" "SOURCE_DIR=/opt/rustwide/workdir" "-e" "CARGO_HOME=/opt/rustwide/cargo-home" "-e" "RUSTUP_HOME=/opt/rustwide/rustup-home" "-e" "CARGO_TARGET_DIR=/opt/rustwide/target" "-e" "CARGO_INCREMENTAL=0" "-e" "RUST_BACKTRACE=full" "-e" "RUSTFLAGS=--cap-lints=warn" "-e" "RUSTDOCFLAGS=--cap-lints=warn" "-w" "/opt/rustwide/workdir" "--user" "0:0" "317b5cb3c5ff6338959e199440a0be73eec4618eff016ab552fa9da6bcde632d" "/opt/rustwide/cargo-home/bin/cargo" "+1.100.0-beta.1" "build" "--frozen" "--message-format=json" "--release", kill_on_drop: false }`
[INFO] [stderr]    Compiling cc v1.2.16
[INFO] [stderr]    Compiling libc v0.2.171
[INFO] [stderr]    Compiling deepnest-rust-minkowski v0.1.0 (/opt/rustwide/workdir)
[INFO] [stderr] warning: deepnest-rust-minkowski@0.1.0: /opt/rustwide/workdir/cpp-src/minkowski.cc: In instantiation of 'void convolve_two_point_sequences(polygon_set&, itrT1, itrT1, itrT2, itrT2) [with itrT1 = __gnu_cxx::__normal_iterator<const boost::polygon::point_data<int>*, std::vector<boost::polygon::point_data<int> > >; itrT2 = __gnu_cxx::__normal_iterator<const boost::polygon::point_data<int>*, std::vector<boost::polygon::point_data<int> > >; polygon_set = boost::polygon::polygon_set_data<int>]':
[INFO] [stderr] warning: deepnest-rust-minkowski@0.1.0: /opt/rustwide/workdir/cpp-src/minkowski.cc:113:33:   required from 'void convolve_point_sequence_with_polygons(polygon_set&, itrT, itrT, const std::vector<boost::polygon::polygon_with_holes_data<int> >&) [with itrT = __gnu_cxx::__normal_iterator<const boost::polygon::point_data<int>*, std::vector<boost::polygon::point_data<int> > >; polygon_set = boost::polygon::polygon_set_data<int>]'
[INFO] [stderr] warning: deepnest-rust-minkowski@0.1.0:   113 |     convolve_two_point_sequences(result, b, e, begin_points(polygons[i]), end_points(polygons[i]));
[INFO] [stderr] warning: deepnest-rust-minkowski@0.1.0:       |     ~~~~~~~~~~~~~~~~~~~~~~~~~~~~^~~~~~~~~~~~~~~~~~~~~~~~~~~~~~~~~~~~~~~~~~~~~~~~~~~~~~~~~~~~~~~~~~
[INFO] [stderr] warning: deepnest-rust-minkowski@0.1.0: /opt/rustwide/workdir/cpp-src/minkowski.cc:129:42:   required from here
[INFO] [stderr] warning: deepnest-rust-minkowski@0.1.0:   129 |     convolve_point_sequence_with_polygons(result, begin_points(a_polygons[ai]),
[INFO] [stderr] warning: deepnest-rust-minkowski@0.1.0:       |     ~~~~~~~~~~~~~~~~~~~~~~~~~~~~~~~~~~~~~^~~~~~~~~~~~~~~~~~~~~~~~~~~~~~~~~~~~~~
[INFO] [stderr] warning: deepnest-rust-minkowski@0.1.0:   130 |                                           end_points(a_polygons[ai]), b_polygons);
[INFO] [stderr] warning: deepnest-rust-minkowski@0.1.0:       |                                           ~~~~~~~~~~~~~~~~~~~~~~~~~~~~~~~~~~~~~~~
[INFO] [stderr] warning: deepnest-rust-minkowski@0.1.0: /opt/rustwide/workdir/cpp-src/minkowski.cc:95:11: warning: variable 'first_b' set but not used [-Wunused-but-set-variable]
[INFO] [stderr] warning: deepnest-rust-minkowski@0.1.0:    95 |     point first_b = *bb;
[INFO] [stderr] warning: deepnest-rust-minkowski@0.1.0:       |           ^~~~~~~
[INFO] [stderr] warning: deepnest-rust-minkowski@0.1.0: /opt/rustwide/workdir/cpp-src/minkowski.cc:89:9: warning: variable 'first_a' set but not used [-Wunused-but-set-variable]
[INFO] [stderr] warning: deepnest-rust-minkowski@0.1.0:    89 |   point first_a = *ab;
[INFO] [stderr] warning: deepnest-rust-minkowski@0.1.0:       |         ^~~~~~~
[INFO] [stderr] warning: unused dependency `libc`
[INFO] [stderr]  --> Cargo.toml:4:15
[INFO] [stderr]   |
[INFO] [stderr] 4 | [dependencies.libc]
[INFO] [stderr]   |               ^^^^^
[INFO] [stderr]   |
[INFO] [stderr]   = note: `cargo::unused_dependencies` is set to `warn` by default
[INFO] [stderr] help: consider removing the dependency on `libc`
[INFO] [stderr] warning: `deepnest-rust-minkowski` (manifest) generated 1 warning
[INFO] [stderr]     Finished `release` profile [optimized] target(s) in 13.62s
[INFO] running `Command { std: "docker" "inspect" "317b5cb3c5ff6338959e199440a0be73eec4618eff016ab552fa9da6bcde632d", kill_on_drop: false }`
[INFO] running `Command { std: "docker" "exec" "-e" "SOURCE_DIR=/opt/rustwide/workdir" "-e" "CARGO_HOME=/opt/rustwide/cargo-home" "-e" "RUSTUP_HOME=/opt/rustwide/rustup-home" "-e" "CARGO_TARGET_DIR=/opt/rustwide/target" "-e" "CARGO_INCREMENTAL=0" "-e" "RUST_BACKTRACE=full" "-e" "RUSTFLAGS=--cap-lints=warn" "-e" "RUSTDOCFLAGS=--cap-lints=warn" "-w" "/opt/rustwide/workdir" "--user" "0:0" "317b5cb3c5ff6338959e199440a0be73eec4618eff016ab552fa9da6bcde632d" "/opt/rustwide/cargo-home/bin/cargo" "+1.100.0-beta.1" "test" "--frozen" "--no-run" "--message-format=json" "--release", kill_on_drop: false }`
[INFO] [stderr] warning: deepnest-rust-minkowski@0.1.0: /opt/rustwide/workdir/cpp-src/minkowski.cc: In instantiation of 'void convolve_two_point_sequences(polygon_set&, itrT1, itrT1, itrT2, itrT2) [with itrT1 = __gnu_cxx::__normal_iterator<const boost::polygon::point_data<int>*, std::vector<boost::polygon::point_data<int> > >; itrT2 = __gnu_cxx::__normal_iterator<const boost::polygon::point_data<int>*, std::vector<boost::polygon::point_data<int> > >; polygon_set = boost::polygon::polygon_set_data<int>]':
[INFO] [stderr] warning: deepnest-rust-minkowski@0.1.0: /opt/rustwide/workdir/cpp-src/minkowski.cc:113:33:   required from 'void convolve_point_sequence_with_polygons(polygon_set&, itrT, itrT, const std::vector<boost::polygon::polygon_with_holes_data<int> >&) [with itrT = __gnu_cxx::__normal_iterator<const boost::polygon::point_data<int>*, std::vector<boost::polygon::point_data<int> > >; polygon_set = boost::polygon::polygon_set_data<int>]'
[INFO] [stderr] warning: deepnest-rust-minkowski@0.1.0:   113 |     convolve_two_point_sequences(result, b, e, begin_points(polygons[i]), end_points(polygons[i]));
[INFO] [stderr] warning: deepnest-rust-minkowski@0.1.0:       |     ~~~~~~~~~~~~~~~~~~~~~~~~~~~~^~~~~~~~~~~~~~~~~~~~~~~~~~~~~~~~~~~~~~~~~~~~~~~~~~~~~~~~~~~~~~~~~~
[INFO] [stderr] warning: deepnest-rust-minkowski@0.1.0: /opt/rustwide/workdir/cpp-src/minkowski.cc:129:42:   required from here
[INFO] [stderr] warning: deepnest-rust-minkowski@0.1.0:   129 |     convolve_point_sequence_with_polygons(result, begin_points(a_polygons[ai]),
[INFO] [stderr] warning: deepnest-rust-minkowski@0.1.0:       |     ~~~~~~~~~~~~~~~~~~~~~~~~~~~~~~~~~~~~~^~~~~~~~~~~~~~~~~~~~~~~~~~~~~~~~~~~~~~
[INFO] [stderr] warning: deepnest-rust-minkowski@0.1.0:   130 |                                           end_points(a_polygons[ai]), b_polygons);
[INFO] [stderr] warning: deepnest-rust-minkowski@0.1.0:       |                                           ~~~~~~~~~~~~~~~~~~~~~~~~~~~~~~~~~~~~~~~
[INFO] [stderr] warning: deepnest-rust-minkowski@0.1.0: /opt/rustwide/workdir/cpp-src/minkowski.cc:95:11: warning: variable 'first_b' set but not used [-Wunused-but-set-variable]
[INFO] [stderr] warning: deepnest-rust-minkowski@0.1.0:    95 |     point first_b = *bb;
[INFO] [stderr] warning: deepnest-rust-minkowski@0.1.0:       |           ^~~~~~~
[INFO] [stderr] warning: deepnest-rust-minkowski@0.1.0: /opt/rustwide/workdir/cpp-src/minkowski.cc:89:9: warning: variable 'first_a' set but not used [-Wunused-but-set-variable]
[INFO] [stderr] warning: deepnest-rust-minkowski@0.1.0:    89 |   point first_a = *ab;
[INFO] [stderr] warning: deepnest-rust-minkowski@0.1.0:       |         ^~~~~~~
[INFO] [stderr]    Compiling deepnest-rust-minkowski v0.1.0 (/opt/rustwide/workdir)
[INFO] [stdout] warning: unused import: `Point`
[INFO] [stdout]  --> examples/basic_nfp.rs:1:42
[INFO] [stdout]   |
[INFO] [stdout] 1 | use deepnest_rust_minkowski::minkowski::{Point, NFPInput, calculate_nfp};
[INFO] [stdout]   |                                          ^^^^^
[INFO] [stdout]   |
[INFO] [stdout]   = note: `#[warn(unused_imports)]` (part of `#[warn(unused)]`) on by default
[INFO] [stdout] 
[INFO] [stdout] 
[INFO] [stdout] warning: unused import: `Point`
[INFO] [stdout]  --> examples/complex_nfp.rs:1:42
[INFO] [stdout]   |
[INFO] [stdout] 1 | use deepnest_rust_minkowski::minkowski::{Point, NFPInput, calculate_nfp};
[INFO] [stdout]   |                                          ^^^^^
[INFO] [stdout]   |
[INFO] [stdout]   = note: `#[warn(unused_imports)]` (part of `#[warn(unused)]`) on by default
[INFO] [stdout] 
[INFO] [stdout] 
[INFO] [stderr] warning: unused dependency `libc`
[INFO] [stderr]  --> Cargo.toml:4:15
[INFO] [stderr]   |
[INFO] [stderr] 4 | [dependencies.libc]
[INFO] [stderr]   |               ^^^^^
[INFO] [stderr]   |
[INFO] [stderr]   = note: `cargo::unused_dependencies` is set to `warn` by default
[INFO] [stderr] help: consider removing the dependency on `libc`
[INFO] [stderr] warning: `deepnest-rust-minkowski` (manifest) generated 1 warning
[INFO] [stderr]     Finished `release` profile [optimized] target(s) in 0.88s
[INFO] running `Command { std: "docker" "inspect" "317b5cb3c5ff6338959e199440a0be73eec4618eff016ab552fa9da6bcde632d", kill_on_drop: false }`
[INFO] running `Command { std: "docker" "exec" "-e" "SOURCE_DIR=/opt/rustwide/workdir" "-e" "CARGO_HOME=/opt/rustwide/cargo-home" "-e" "RUSTUP_HOME=/opt/rustwide/rustup-home" "-e" "CARGO_TARGET_DIR=/opt/rustwide/target" "-e" "CARGO_INCREMENTAL=0" "-e" "RUST_BACKTRACE=full" "-e" "RUSTFLAGS=--cap-lints=warn" "-e" "RUSTDOCFLAGS=--cap-lints=warn" "-w" "/opt/rustwide/workdir" "--user" "0:0" "317b5cb3c5ff6338959e199440a0be73eec4618eff016ab552fa9da6bcde632d" "/opt/rustwide/cargo-home/bin/cargo" "+1.100.0-beta.1" "test" "--frozen" "--release", kill_on_drop: false }`
[INFO] [stderr] warning: deepnest-rust-minkowski@0.1.0: /opt/rustwide/workdir/cpp-src/minkowski.cc: In instantiation of 'void convolve_two_point_sequences(polygon_set&, itrT1, itrT1, itrT2, itrT2) [with itrT1 = __gnu_cxx::__normal_iterator<const boost::polygon::point_data<int>*, std::vector<boost::polygon::point_data<int> > >; itrT2 = __gnu_cxx::__normal_iterator<const boost::polygon::point_data<int>*, std::vector<boost::polygon::point_data<int> > >; polygon_set = boost::polygon::polygon_set_data<int>]':
[INFO] [stderr] warning: deepnest-rust-minkowski@0.1.0: /opt/rustwide/workdir/cpp-src/minkowski.cc:113:33:   required from 'void convolve_point_sequence_with_polygons(polygon_set&, itrT, itrT, const std::vector<boost::polygon::polygon_with_holes_data<int> >&) [with itrT = __gnu_cxx::__normal_iterator<const boost::polygon::point_data<int>*, std::vector<boost::polygon::point_data<int> > >; polygon_set = boost::polygon::polygon_set_data<int>]'
[INFO] [stderr] warning: deepnest-rust-minkowski@0.1.0:   113 |     convolve_two_point_sequences(result, b, e, begin_points(polygons[i]), end_points(polygons[i]));
[INFO] [stderr] warning: deepnest-rust-minkowski@0.1.0:       |     ~~~~~~~~~~~~~~~~~~~~~~~~~~~~^~~~~~~~~~~~~~~~~~~~~~~~~~~~~~~~~~~~~~~~~~~~~~~~~~~~~~~~~~~~~~~~~~
[INFO] [stderr] warning: deepnest-rust-minkowski@0.1.0: /opt/rustwide/workdir/cpp-src/minkowski.cc:129:42:   required from here
[INFO] [stderr] warning: deepnest-rust-minkowski@0.1.0:   129 |     convolve_point_sequence_with_polygons(result, begin_points(a_polygons[ai]),
[INFO] [stderr] warning: deepnest-rust-minkowski@0.1.0:       |     ~~~~~~~~~~~~~~~~~~~~~~~~~~~~~~~~~~~~~^~~~~~~~~~~~~~~~~~~~~~~~~~~~~~~~~~~~~~
[INFO] [stderr] warning: deepnest-rust-minkowski@0.1.0:   130 |                                           end_points(a_polygons[ai]), b_polygons);
[INFO] [stderr] warning: deepnest-rust-minkowski@0.1.0:       |                                           ~~~~~~~~~~~~~~~~~~~~~~~~~~~~~~~~~~~~~~~
[INFO] [stderr] warning: deepnest-rust-minkowski@0.1.0: /opt/rustwide/workdir/cpp-src/minkowski.cc:95:11: warning: variable 'first_b' set but not used [-Wunused-but-set-variable]
[INFO] [stderr] warning: deepnest-rust-minkowski@0.1.0:    95 |     point first_b = *bb;
[INFO] [stderr] warning: deepnest-rust-minkowski@0.1.0:       |           ^~~~~~~
[INFO] [stderr] warning: deepnest-rust-minkowski@0.1.0: /opt/rustwide/workdir/cpp-src/minkowski.cc:89:9: warning: variable 'first_a' set but not used [-Wunused-but-set-variable]
[INFO] [stderr] warning: deepnest-rust-minkowski@0.1.0:    89 |   point first_a = *ab;
[INFO] [stderr] warning: deepnest-rust-minkowski@0.1.0:       |         ^~~~~~~
[INFO] [stderr] warning: unused import: `Point`
[INFO] [stderr]  --> examples/complex_nfp.rs:1:42
[INFO] [stderr]   |
[INFO] [stderr] 1 | use deepnest_rust_minkowski::minkowski::{Point, NFPInput, calculate_nfp};
[INFO] [stderr]   |                                          ^^^^^
[INFO] [stderr]   |
[INFO] [stderr]   = note: `#[warn(unused_imports)]` (part of `#[warn(unused)]`) on by default
[INFO] [stderr] 
[INFO] [stderr] warning: unused import: `Point`
[INFO] [stderr]  --> examples/basic_nfp.rs:1:42
[INFO] [stderr]   |
[INFO] [stderr] 1 | use deepnest_rust_minkowski::minkowski::{Point, NFPInput, calculate_nfp};
[INFO] [stderr]   |                                          ^^^^^
[INFO] [stderr]   |
[INFO] [stderr]   = note: `#[warn(unused_imports)]` (part of `#[warn(unused)]`) on by default
[INFO] [stderr] 
[INFO] [stderr] warning: `deepnest-rust-minkowski` (example "complex_nfp") generated 1 warning (run `cargo fix --example "complex_nfp" -p deepnest-rust-minkowski` to apply 1 suggestion)
[INFO] [stderr] warning: `deepnest-rust-minkowski` (example "basic_nfp") generated 1 warning (run `cargo fix --example "basic_nfp" -p deepnest-rust-minkowski` to apply 1 suggestion)
[INFO] [stderr] warning: unused dependency `libc`
[INFO] [stderr]  --> Cargo.toml:4:15
[INFO] [stderr]   |
[INFO] [stderr] 4 | [dependencies.libc]
[INFO] [stderr]   |               ^^^^^
[INFO] [stderr]   |
[INFO] [stderr]   = note: `cargo::unused_dependencies` is set to `warn` by default
[INFO] [stderr] help: consider removing the dependency on `libc`
[INFO] [stderr] warning: `deepnest-rust-minkowski` (manifest) generated 1 warning
[INFO] [stderr]     Finished `release` profile [optimized] target(s) in 0.03s
[INFO] [stderr]      Running unittests src/lib.rs (/opt/rustwide/target/release/build/deepnest-rust-minkowski/85d0f94773e2f121/out/deepnest_rust_minkowski-85d0f94773e2f121)
[INFO] [stdout] 
[INFO] [stdout] running 7 tests
[INFO] [stdout] test minkowski::tests::test_basic_nfp_calculation ... ok
[INFO] [stdout] test minkowski::tests::test_multiple_holes ... ok
[INFO] [stdout] test minkowski::tests::test_extremes ... ok
[INFO] [stderr] error: test failed, to rerun pass `--lib`
[INFO] [stdout] test minkowski::tests::test_non_rectangular_polygons ... ok
[INFO] [stdout] test minkowski::tests::test_nfp_calculation ... ok
[INFO] [stdout] test minkowski::tests::test_polygon_with_hole ... FAILED
[INFO] [stdout] test minkowski::tests::test_both_polygons_with_holes ... ok
[INFO] [stdout] 
[INFO] [stdout] failures:
[INFO] [stdout] 
[INFO] [stdout] ---- minkowski::tests::test_polygon_with_hole stdout ----
[INFO] [stdout] Polygons: 1, Holes: 1
[INFO] [stdout] 
[INFO] [stdout] thread 'minkowski::tests::test_polygon_with_hole' (305) panicked at src/minkowski.rs:325:9:
[INFO] [stdout] Result should have either multiple polygons or holes
[INFO] [stdout] stack backtrace:
[INFO] [stdout]    0:     0x5b6139352cc1 - <<std[617be2ca0a6fd877]::sys::backtrace::BacktraceLock>::print::DisplayBacktrace as core[a373ad73a504971]::fmt::Display>::fmt
[INFO] [stdout]    1:     0x5b6139366bba - core[a373ad73a504971]::fmt::write
[INFO] [stdout]    2:     0x5b6139356edc - <alloc[2e1b2a31b91974c5]::vec::Vec<u8> as core[a373ad73a504971]::io::write::Write>::write_fmt
[INFO] [stdout]    3:     0x5b613932f126 - std[617be2ca0a6fd877]::panicking::default_hook::{closure#0}
[INFO] [stdout]    4:     0x5b613934b359 - std[617be2ca0a6fd877]::panicking::default_hook
[INFO] [stdout]    5:     0x5b61392e7a00 - test[aada8e7e76ba119b]::test_main_inner::{closure#0}
[INFO] [stdout]    6:     0x5b613934b512 - std[617be2ca0a6fd877]::panicking::panic_with_hook
[INFO] [stdout]    7:     0x5b613932f204 - std[617be2ca0a6fd877]::panicking::panic_handler::{closure#0}
[INFO] [stdout]    8:     0x5b6139327ee9 - std[617be2ca0a6fd877]::sys::backtrace::__rust_end_short_backtrace::<std[617be2ca0a6fd877]::panicking::panic_handler::{closure#0}, !>
[INFO] [stdout]    9:     0x5b613932fddd - __rustc[ea4f61d10b84890b]::rust_begin_unwind
[INFO] [stdout]   10:     0x5b61393672ec - core[a373ad73a504971]::panicking::panic_fmt
[INFO] [stdout]   11:     0x5b61392b9137 - <deepnest_rust_minkowski[67fd6858653e8767]::minkowski::tests::test_polygon_with_hole::{closure#0} as core[a373ad73a504971]::ops::function::FnOnce<()>>::call_once
[INFO] [stdout]   12:     0x5b61392dae4b - test[aada8e7e76ba119b]::__rust_begin_short_backtrace::<core[a373ad73a504971]::result::Result<(), alloc[2e1b2a31b91974c5]::string::String>, fn() -> core[a373ad73a504971]::result::Result<(), alloc[2e1b2a31b91974c5]::string::String>>
[INFO] [stdout]   13:     0x5b61392e8025 - test[aada8e7e76ba119b]::run_test::{closure#0}
[INFO] [stdout]   14:     0x5b61392e1914 - std[617be2ca0a6fd877]::sys::backtrace::__rust_begin_short_backtrace::<test[aada8e7e76ba119b]::run_test::{closure#1}, ()>
[INFO] [stdout]   15:     0x5b61392eb0b2 - <std[617be2ca0a6fd877]::thread::lifecycle::spawn_unchecked<test[aada8e7e76ba119b]::run_test::{closure#1}, ()>::{closure#1} as core[a373ad73a504971]::ops::function::FnOnce<()>>::call_once::{shim:vtable#0}
[INFO] [stdout]   16:     0x5b613935251f - <std[617be2ca0a6fd877]::sys::thread::unix::Thread>::new::thread_start
[INFO] [stdout]   17:     0x7f6feeec9dfa - <unknown>
[INFO] [stdout]   18:     0x7f6feef5d3d4 - clone
[INFO] [stdout]   19:                0x0 - <unknown>
[INFO] [stdout] 
[INFO] [stdout] 
[INFO] [stdout] failures:
[INFO] [stdout]     minkowski::tests::test_polygon_with_hole
[INFO] [stdout] 
[INFO] [stdout] test result: FAILED. 6 passed; 1 failed; 0 ignored; 0 measured; 0 filtered out; finished in 0.01s
[INFO] [stdout] 
[INFO] running `Command { std: "docker" "inspect" "317b5cb3c5ff6338959e199440a0be73eec4618eff016ab552fa9da6bcde632d", kill_on_drop: false }`
[INFO] running `Command { std: "docker" "rm" "-f" "317b5cb3c5ff6338959e199440a0be73eec4618eff016ab552fa9da6bcde632d", kill_on_drop: false }`
[INFO] [stdout] 317b5cb3c5ff6338959e199440a0be73eec4618eff016ab552fa9da6bcde632d
