[INFO] fetching crate deepmerge 0.1.0...
[INFO] testing deepmerge-0.1.0 against 1.99.0-beta.8+cargoflags=--release for beta-release-1.100-2
[INFO] extracting crate deepmerge 0.1.0 into /workspace/builds/worker-5-tc1/source
[INFO] started tweaking crates.io crate deepmerge 0.1.0
[INFO] removed 0 missing examples
[INFO] removed 0 missing tests
[INFO] finished tweaking crates.io crate deepmerge 0.1.0
[INFO] tweaked toml for crates.io crate deepmerge 0.1.0 written to /workspace/builds/worker-5-tc1/source/Cargo.toml
[INFO] validating manifest of crates.io crate deepmerge 0.1.0 on toolchain 1.99.0-beta.8
[INFO] running `Command { std: CARGO_HOME="/workspace/cargo-home" RUSTUP_HOME="/workspace/rustup-home" "/workspace/cargo-home/bin/cargo" "+1.99.0-beta.8" "metadata" "--manifest-path" "Cargo.toml" "--no-deps", kill_on_drop: false }`
[INFO] crate crates.io crate deepmerge 0.1.0 already has a lockfile, it will not be regenerated
[INFO] running `Command { std: CARGO_HOME="/workspace/cargo-home" RUSTUP_HOME="/workspace/rustup-home" "/workspace/cargo-home/bin/cargo" "+1.99.0-beta.8" "fetch" "--manifest-path" "Cargo.toml", kill_on_drop: false }`
[INFO] [stderr]     Updating crates.io index
[INFO] [stderr]  Downloading crates ...
[INFO] [stderr]   Downloaded toml_datetime v0.7.0
[INFO] [stderr]   Downloaded toml v0.9.5
[INFO] [stderr]   Downloaded trybuild v1.0.110
[INFO] [stderr]   Downloaded toml_parser v1.0.2
[INFO] [stderr]   Downloaded serde_spanned v1.0.0
[INFO] [stderr]   Downloaded toml_writer v1.0.2
[INFO] [stderr]   Downloaded target-triple v0.1.4
[INFO] [stderr]   Downloaded wasi v0.14.5+wasi-0.2.4
[INFO] [stderr]   Downloaded rusty-fork v0.3.0
[INFO] [stderr]   Downloaded deepmerge-derive v0.1.0
[INFO] [stderr]   Downloaded tempfile v3.22.0
[INFO] [stderr]   Downloaded wit-bindgen v0.45.1
[INFO] [stderr]   Downloaded indexmap v2.11.1
[INFO] [stderr]   Downloaded wasip2 v1.0.0+wasi-0.2.4
[INFO] [stderr]   Downloaded serde_json v1.0.143
[INFO] [stderr]   Downloaded proptest v1.7.0
[INFO] [stderr]   Downloaded libc v0.2.175
[INFO] running `Command { std: "docker" "create" "-v" "/var/lib/crater-agent-workspace/builds/worker-5-tc1/source:/opt/rustwide/workdir:ro,Z" "-v" "/var/lib/crater-agent-workspace/builds/worker-5-tc1/target:/opt/rustwide/target:rw,Z" "-v" "/var/lib/crater-agent-workspace/cargo-home:/opt/rustwide/cargo-home:ro,Z" "-v" "/var/lib/crater-agent-workspace/rustup-home:/opt/rustwide/rustup-home:ro,Z" "-m" "1610612736" "--network" "none" "ghcr.io/rust-lang/crates-build-env/linux@sha256:77db811e55d90add9212f6832c23229e3de5f1c1f9905e8cb07319ea15df73ac" "sleep" "infinity", kill_on_drop: false }`
[INFO] [stdout] 077d4e948f5682073a79bdc2d522580456c3f9743113fc2a38d4490ebd42dcc9
[INFO] running `Command { std: "docker" "start" "077d4e948f5682073a79bdc2d522580456c3f9743113fc2a38d4490ebd42dcc9", kill_on_drop: false }`
[INFO] running `Command { std: "docker" "inspect" "077d4e948f5682073a79bdc2d522580456c3f9743113fc2a38d4490ebd42dcc9", kill_on_drop: false }`
[INFO] running `Command { std: "docker" "exec" "-e" "SOURCE_DIR=/opt/rustwide/workdir" "-e" "CARGO_HOME=/opt/rustwide/cargo-home" "-e" "RUSTUP_HOME=/opt/rustwide/rustup-home" "-e" "CARGO_TARGET_DIR=/opt/rustwide/target" "-w" "/opt/rustwide/workdir" "--user" "0:0" "077d4e948f5682073a79bdc2d522580456c3f9743113fc2a38d4490ebd42dcc9" "/opt/rustwide/cargo-home/bin/cargo" "+1.99.0-beta.8" "metadata" "--no-deps" "--format-version=1", kill_on_drop: false }`
[INFO] running `Command { std: "docker" "inspect" "077d4e948f5682073a79bdc2d522580456c3f9743113fc2a38d4490ebd42dcc9", kill_on_drop: false }`
[INFO] running `Command { std: "docker" "exec" "-e" "SOURCE_DIR=/opt/rustwide/workdir" "-e" "CARGO_HOME=/opt/rustwide/cargo-home" "-e" "RUSTUP_HOME=/opt/rustwide/rustup-home" "-e" "CARGO_TARGET_DIR=/opt/rustwide/target" "-e" "CARGO_INCREMENTAL=0" "-e" "RUST_BACKTRACE=full" "-e" "RUSTFLAGS=--cap-lints=warn" "-e" "RUSTDOCFLAGS=--cap-lints=warn" "-w" "/opt/rustwide/workdir" "--user" "0:0" "077d4e948f5682073a79bdc2d522580456c3f9743113fc2a38d4490ebd42dcc9" "/opt/rustwide/cargo-home/bin/cargo" "+1.99.0-beta.8" "build" "--frozen" "--message-format=json" "--release", kill_on_drop: false }`
[INFO] [stderr]    Compiling strsim v0.11.1
[INFO] [stderr]    Compiling proc-macro2 v1.0.101
[INFO] [stderr]    Compiling quote v1.0.40
[INFO] [stderr]    Compiling syn v2.0.106
[INFO] [stderr]    Compiling darling_core v0.21.3
[INFO] [stderr]    Compiling darling_macro v0.21.3
[INFO] [stderr]    Compiling darling v0.21.3
[INFO] [stderr]    Compiling deepmerge-derive v0.1.0
[INFO] [stderr]    Compiling deepmerge v0.1.0 (/opt/rustwide/workdir)
[INFO] [stderr]     Finished `release` profile [optimized] target(s) in 9.77s
[INFO] running `Command { std: "docker" "inspect" "077d4e948f5682073a79bdc2d522580456c3f9743113fc2a38d4490ebd42dcc9", kill_on_drop: false }`
[INFO] running `Command { std: "docker" "exec" "-e" "SOURCE_DIR=/opt/rustwide/workdir" "-e" "CARGO_HOME=/opt/rustwide/cargo-home" "-e" "RUSTUP_HOME=/opt/rustwide/rustup-home" "-e" "CARGO_TARGET_DIR=/opt/rustwide/target" "-e" "CARGO_INCREMENTAL=0" "-e" "RUST_BACKTRACE=full" "-e" "RUSTFLAGS=--cap-lints=warn" "-e" "RUSTDOCFLAGS=--cap-lints=warn" "-w" "/opt/rustwide/workdir" "--user" "0:0" "077d4e948f5682073a79bdc2d522580456c3f9743113fc2a38d4490ebd42dcc9" "/opt/rustwide/cargo-home/bin/cargo" "+1.99.0-beta.8" "test" "--frozen" "--no-run" "--message-format=json" "--release", kill_on_drop: false }`
[INFO] [stderr]    Compiling libc v0.2.175
[INFO] [stderr]    Compiling serde v1.0.219
[INFO] [stderr]    Compiling rustix v1.1.2
[INFO] [stderr]    Compiling linux-raw-sys v0.11.0
[INFO] [stderr]    Compiling winnow v0.7.13
[INFO] [stderr]    Compiling once_cell v1.21.3
[INFO] [stderr]    Compiling num-traits v0.2.19
[INFO] [stderr]    Compiling fastrand v2.3.0
[INFO] [stderr]    Compiling target-triple v0.1.4
[INFO] [stderr]    Compiling serde_json v1.0.143
[INFO] [stderr]    Compiling memchr v2.7.5
[INFO] [stderr]    Compiling quick-error v1.2.3
[INFO] [stderr]    Compiling bit-vec v0.8.0
[INFO] [stderr]    Compiling ppv-lite86 v0.2.21
[INFO] [stderr]    Compiling serde_derive v1.0.219
[INFO] [stderr]    Compiling toml_writer v1.0.2
[INFO] [stderr]    Compiling regex-syntax v0.8.6
[INFO] [stderr]    Compiling unarray v0.1.4
[INFO] [stderr]    Compiling glob v0.3.3
[INFO] [stderr]    Compiling bit-set v0.8.0
[INFO] [stderr]    Compiling getrandom v0.3.3
[INFO] [stderr]    Compiling wait-timeout v0.2.1
[INFO] [stderr]    Compiling rand_core v0.9.3
[INFO] [stderr]    Compiling rand_xorshift v0.4.0
[INFO] [stderr]    Compiling rand v0.9.2
[INFO] [stderr]    Compiling rand_chacha v0.9.0
[INFO] [stderr]    Compiling toml_parser v1.0.2
[INFO] [stderr]    Compiling tempfile v3.22.0
[INFO] [stderr]    Compiling rusty-fork v0.3.0
[INFO] [stderr]    Compiling proptest v1.7.0
[INFO] [stderr]    Compiling toml_datetime v0.7.0
[INFO] [stderr]    Compiling serde_spanned v1.0.0
[INFO] [stderr]    Compiling toml v0.9.5
[INFO] [stderr]    Compiling trybuild v1.0.110
[INFO] [stderr]    Compiling deepmerge v0.1.0 (/opt/rustwide/workdir)
[INFO] [stdout] warning: unused import: `Policy`
[INFO] [stdout]  --> tests/minimal_derive.rs:6:43
[INFO] [stdout]   |
[INFO] [stdout] 6 | use deepmerge::{DeepMerge, DefaultPolicy, Policy};
[INFO] [stdout]   |                                           ^^^^^^
[INFO] [stdout]   |
[INFO] [stdout]   = note: `#[warn(unused_imports)]` (part of `#[warn(unused)]`) on by default
[INFO] [stdout] 
[INFO] [stdout] 
[INFO] [stdout] warning: unused import: `SequenceMerge`
[INFO] [stdout]  --> tests/typed_attributes.rs:9:72
[INFO] [stdout]   |
[INFO] [stdout] 9 | use deepmerge::{DeepMerge, DefaultPolicy, ComposedPolicy, StringMerge, SequenceMerge};
[INFO] [stdout]   |                                                                        ^^^^^^^^^^^^^
[INFO] [stdout]   |
[INFO] [stdout]   = note: `#[warn(unused_imports)]` (part of `#[warn(unused)]`) on by default
[INFO] [stdout] 
[INFO] [stdout] 
[INFO] [stdout] warning: unused import: `std::collections::HashSet`
[INFO] [stdout]  --> tests/diagnostics_and_bounds.rs:4:5
[INFO] [stdout]   |
[INFO] [stdout] 4 | use std::collections::HashSet;
[INFO] [stdout]   |     ^^^^^^^^^^^^^^^^^^^^^^^^^
[INFO] [stdout]   |
[INFO] [stdout]   = note: `#[warn(unused_imports)]` (part of `#[warn(unused)]`) on by default
[INFO] [stdout] 
[INFO] [stdout] 
[INFO] [stdout] warning: struct `TagSet` is never constructed
[INFO] [stdout]   --> tests/proptest_derive.rs:31:8
[INFO] [stdout]    |
[INFO] [stdout] 31 | struct TagSet {
[INFO] [stdout]    |        ^^^^^^
[INFO] [stdout]    |
[INFO] [stdout]    = note: `#[warn(dead_code)]` (part of `#[warn(unused)]`) on by default
[INFO] [stdout] 
[INFO] [stdout] 
[INFO] [stdout] warning: variable does not need to be mutable
[INFO] [stdout]   --> tests/diagnostics_and_bounds.rs:91:9
[INFO] [stdout]    |
[INFO] [stdout] 91 |     let mut data: Vec<String> = vec!["a".to_string(), "b".to_string()];
[INFO] [stdout]    |         ----^^^^
[INFO] [stdout]    |         |
[INFO] [stdout]    |         help: remove this `mut`
[INFO] [stdout]    |
[INFO] [stdout]    = note: `#[warn(unused_mut)]` (part of `#[warn(unused)]`) on by default
[INFO] [stdout] 
[INFO] [stdout] 
[INFO] [stdout] warning: unused import: `SequenceMerge`
[INFO] [stdout]  --> tests/struct_policy_working.rs:3:72
[INFO] [stdout]   |
[INFO] [stdout] 3 | use deepmerge::{DeepMerge, DefaultPolicy, ComposedPolicy, StringMerge, SequenceMerge};
[INFO] [stdout]   |                                                                        ^^^^^^^^^^^^^
[INFO] [stdout]   |
[INFO] [stdout]   = note: `#[warn(unused_imports)]` (part of `#[warn(unused)]`) on by default
[INFO] [stdout] 
[INFO] [stdout] 
[INFO] [stdout] warning: struct `DedupePolicy` is never constructed
[INFO] [stdout]  --> tests/sequence_dedupe.rs:6:8
[INFO] [stdout]   |
[INFO] [stdout] 6 | struct DedupePolicy {
[INFO] [stdout]   |        ^^^^^^^^^^^^
[INFO] [stdout]   |
[INFO] [stdout]   = note: `#[warn(dead_code)]` (part of `#[warn(unused)]`) on by default
[INFO] [stdout] 
[INFO] [stdout] 
[INFO] [stderr]     Finished `release` profile [optimized] target(s) in 56.37s
[INFO] running `Command { std: "docker" "inspect" "077d4e948f5682073a79bdc2d522580456c3f9743113fc2a38d4490ebd42dcc9", kill_on_drop: false }`
[INFO] running `Command { std: "docker" "exec" "-e" "SOURCE_DIR=/opt/rustwide/workdir" "-e" "CARGO_HOME=/opt/rustwide/cargo-home" "-e" "RUSTUP_HOME=/opt/rustwide/rustup-home" "-e" "CARGO_TARGET_DIR=/opt/rustwide/target" "-e" "CARGO_INCREMENTAL=0" "-e" "RUST_BACKTRACE=full" "-e" "RUSTFLAGS=--cap-lints=warn" "-e" "RUSTDOCFLAGS=--cap-lints=warn" "-w" "/opt/rustwide/workdir" "--user" "0:0" "077d4e948f5682073a79bdc2d522580456c3f9743113fc2a38d4490ebd42dcc9" "/opt/rustwide/cargo-home/bin/cargo" "+1.99.0-beta.8" "test" "--frozen" "--release", kill_on_drop: false }`
[INFO] [stderr] warning: unused import: `SequenceMerge`
[INFO] [stderr]  --> tests/struct_policy_working.rs:3:72
[INFO] [stderr]   |
[INFO] [stderr] 3 | use deepmerge::{DeepMerge, DefaultPolicy, ComposedPolicy, StringMerge, SequenceMerge};
[INFO] [stderr]   |                                                                        ^^^^^^^^^^^^^
[INFO] [stderr]   |
[INFO] [stderr]   = note: `#[warn(unused_imports)]` (part of `#[warn(unused)]`) on by default
[INFO] [stderr] 
[INFO] [stderr] warning: unused import: `std::collections::HashSet`
[INFO] [stderr]  --> tests/diagnostics_and_bounds.rs:4:5
[INFO] [stderr]   |
[INFO] [stderr] 4 | use std::collections::HashSet;
[INFO] [stderr]   |     ^^^^^^^^^^^^^^^^^^^^^^^^^
[INFO] [stderr]   |
[INFO] [stderr]   = note: `#[warn(unused_imports)]` (part of `#[warn(unused)]`) on by default
[INFO] [stderr] 
[INFO] [stderr] warning: variable does not need to be mutable
[INFO] [stderr]   --> tests/diagnostics_and_bounds.rs:91:9
[INFO] [stderr]    |
[INFO] [stderr] 91 |     let mut data: Vec<String> = vec!["a".to_string(), "b".to_string()];
[INFO] [stderr]    |         ----^^^^
[INFO] [stderr]    |         |
[INFO] [stderr]    |         help: remove this `mut`
[INFO] [stderr]    |
[INFO] [stderr]    = note: `#[warn(unused_mut)]` (part of `#[warn(unused)]`) on by default
[INFO] [stderr] 
[INFO] [stderr] warning: struct `DedupePolicy` is never constructed
[INFO] [stderr]  --> tests/sequence_dedupe.rs:6:8
[INFO] [stderr]   |
[INFO] [stderr] 6 | struct DedupePolicy {
[INFO] [stderr]   |        ^^^^^^^^^^^^
[INFO] [stderr]   |
[INFO] [stderr]   = note: `#[warn(dead_code)]` (part of `#[warn(unused)]`) on by default
[INFO] [stderr] 
[INFO] [stderr] warning: `deepmerge` (test "struct_policy_working") generated 1 warning (run `cargo fix --test "struct_policy_working" -p deepmerge` to apply 1 suggestion)
[INFO] [stderr] warning: `deepmerge` (test "diagnostics_and_bounds") generated 2 warnings (run `cargo fix --test "diagnostics_and_bounds" -p deepmerge` to apply 2 suggestions)
[INFO] [stderr] warning: `deepmerge` (test "sequence_dedupe") generated 1 warning
[INFO] [stderr] warning: struct `TagSet` is never constructed
[INFO] [stderr]   --> tests/proptest_derive.rs:31:8
[INFO] [stderr]    |
[INFO] [stderr] 31 | struct TagSet {
[INFO] [stderr]    |        ^^^^^^
[INFO] [stderr]    |
[INFO] [stderr]    = note: `#[warn(dead_code)]` (part of `#[warn(unused)]`) on by default
[INFO] [stderr] 
[INFO] [stderr] warning: unused import: `SequenceMerge`
[INFO] [stderr]  --> tests/typed_attributes.rs:9:72
[INFO] [stderr]   |
[INFO] [stderr] 9 | use deepmerge::{DeepMerge, DefaultPolicy, ComposedPolicy, StringMerge, SequenceMerge};
[INFO] [stderr]   |                                                                        ^^^^^^^^^^^^^
[INFO] [stderr]   |
[INFO] [stderr]   = note: `#[warn(unused_imports)]` (part of `#[warn(unused)]`) on by default
[INFO] [stderr] 
[INFO] [stderr] warning: unused import: `Policy`
[INFO] [stderr]  --> tests/minimal_derive.rs:6:43
[INFO] [stderr]   |
[INFO] [stderr] 6 | use deepmerge::{DeepMerge, DefaultPolicy, Policy};
[INFO] [stderr]   |                                           ^^^^^^
[INFO] [stderr]   |
[INFO] [stderr]   = note: `#[warn(unused_imports)]` (part of `#[warn(unused)]`) on by default
[INFO] [stderr] 
[INFO] [stderr] warning: `deepmerge` (test "proptest_derive") generated 1 warning
[INFO] [stderr] warning: `deepmerge` (test "typed_attributes") generated 1 warning (run `cargo fix --test "typed_attributes" -p deepmerge` to apply 1 suggestion)
[INFO] [stderr] warning: `deepmerge` (test "minimal_derive") generated 1 warning (run `cargo fix --test "minimal_derive" -p deepmerge` to apply 1 suggestion)
[INFO] [stderr]     Finished `release` profile [optimized] target(s) in 0.13s
[INFO] [stderr]      Running unittests src/lib.rs (/opt/rustwide/target/release/deps/deepmerge-7e1d495e0f45b1b2)
[INFO] [stdout] 
[INFO] [stdout] running 29 tests
[INFO] [stdout] test tests::tests::test_custom_struct_merge_ref ... ok
[INFO] [stdout] test tests::tests::test_deep_merge_from_concat_empty_src ... ok
[INFO] [stdout] test tests::tests::test_merge_ref_reporting_string ... ok
[INFO] [stdout] test tests::tests::test_merge_ref_string ... ok
[INFO] [stdout] test tests::tests::test_deep_merge_from_string_str_concat ... ok
[INFO] [stdout] test tests::tests::test_deep_merge_from_bridge_implementation ... ok
[INFO] [stdout] test tests::tests::test_string_merge_concat ... ok
[INFO] [stdout] test tests::tests::test_deep_merge_from_string_str_with_separator ... ok
[INFO] [stdout] test tests::tests::test_deep_merge_from_change_reporting ... ok
[INFO] [stdout] test tests::tests::test_merge_outcome_methods ... ok
[INFO] [stdout] test tests::tests::test_string_merge_concat_with_sep_empty_src ... ok
[INFO] [stdout] test tests::tests::test_string_merge_change_reporting_keep ... ok
[INFO] [stdout] test tests::tests::test_deep_merge_from_no_clone_required ... ok
[INFO] [stdout] test tests::tests::test_deep_merge_from_string_str ... ok
[INFO] [stdout] test tests::tests::test_string_merge_with_composed_policy ... ok
[INFO] [stdout] test tests::tests::test_string_merge_concat_with_sep_both_empty ... ok
[INFO] [stdout] test tests::tests::test_top_level_deep_merge_from_functions ... ok
[INFO] [stdout] test tests::tests::test_string_merge_concat_with_sep ... ok
[INFO] [stdout] test tests::tests::test_deep_merge_ref_functions ... ok
[INFO] [stdout] test tests::tests::test_deep_merge_from_string_string_ref ... ok
[INFO] [stdout] test tests::tests::test_merge_ref_avoids_unnecessary_clones ... ok
[INFO] [stdout] test tests::tests::test_deep_merge_reporting_functions ... ok
[INFO] [stdout] test tests::tests::test_string_merge_change_reporting_concat_empty_src ... ok
[INFO] [stdout] test tests::tests::test_string_merge_change_reporting_concat ... ok
[INFO] [stderr]      Running tests/basic_types.rs (/opt/rustwide/target/release/deps/basic_types-cd9cdfa19d98bcff)
[INFO] [stdout] test tests::tests::test_string_merge_keep ... ok
[INFO] [stdout] test tests::tests::test_string_merge_concat_with_sep_empty_dst ... ok
[INFO] [stdout] test tests::tests::test_efficient_change_detection ... ok
[INFO] [stdout] test tests::tests::test_merged_convenience_functions ... ok
[INFO] [stdout] test tests::tests::test_string_merge_replace ... ok
[INFO] [stdout] 
[INFO] [stdout] test result: ok. 29 passed; 0 failed; 0 ignored; 0 measured; 0 filtered out; finished in 0.01s
[INFO] [stdout] 
[INFO] [stdout] 
[INFO] [stdout] running 11 tests
[INFO] [stdout] test test_number_replace ... ok
[INFO] [stdout] test test_number_keep_variant ... ok
[INFO] [stdout] test test_bool_merge ... ok
[INFO] [stdout] test test_conditions ... ok
[INFO] [stdout] test test_hashmap_merge ... ok
[INFO] [stdout] test test_option_merge ... ok
[INFO] [stdout] test test_preserve_policy ... ok
[INFO] [stdout] test test_strict_replace_policy ... ok
[INFO] [stdout] test test_string_merge ... ok
[INFO] [stdout] test test_number_with_policy ... ok
[INFO] [stdout] test test_vec_merge ... ok
[INFO] [stdout] 
[INFO] [stdout] test result: ok. 11 passed; 0 failed; 0 ignored; 0 measured; 0 filtered out; finished in 0.00s
[INFO] [stdout] 
[INFO] [stderr]      Running tests/compile_fail_tests.rs (/opt/rustwide/target/release/deps/compile_fail_tests-7d06387d8ef88baa)
[INFO] [stderr]      Running tests/containers.rs (/opt/rustwide/target/release/deps/containers-6b2228252b9a6402)
[INFO] [stdout] 
[INFO] [stdout] running 1 test
[INFO] [stdout] test compile_fail_tests ... ignored
[INFO] [stdout] 
[INFO] [stdout] test result: ok. 0 passed; 0 failed; 1 ignored; 0 measured; 0 filtered out; finished in 0.00s
[INFO] [stdout] 
[INFO] [stdout] 
[INFO] [stdout] running 4 tests
[INFO] [stderr]      Running tests/derive_integration.rs (/opt/rustwide/target/release/deps/derive_integration-cdde3d0f62baa667)
[INFO] [stdout] test test_vec_handles_empty_both_sides ... ok
[INFO] [stdout] test test_vec_append_stable_order ... ok
[INFO] [stdout] test test_nested_map_values ... ok
[INFO] [stdout] test test_map_extend_overwrites_and_preserves ... ok
[INFO] [stdout] 
[INFO] [stdout] test result: ok. 4 passed; 0 failed; 0 ignored; 0 measured; 0 filtered out; finished in 0.00s
[INFO] [stdout] 
[INFO] [stdout] 
[INFO] [stdout] running 2 tests
[INFO] [stdout] test test_derive_macro_with_field_attributes ... ok
[INFO] [stdout] test test_derive_macro_with_custom_policy ... ok
[INFO] [stdout] 
[INFO] [stdout] test result: ok. 2 passed; 0 failed; 0 ignored; 0 measured; 0 filtered out; finished in 0.00s
[INFO] [stdout] 
[INFO] [stderr]      Running tests/diagnostic_failures.rs (/opt/rustwide/target/release/deps/diagnostic_failures-418c38da2342e34d)
[INFO] [stdout] 
[INFO] [stdout] running 1 test
[INFO] [stdout] test test_diagnostics_exist ... ok
[INFO] [stdout] 
[INFO] [stdout] test result: ok. 1 passed; 0 failed; 0 ignored; 0 measured; 0 filtered out; finished in 0.00s
[INFO] [stdout] 
[INFO] [stderr]      Running tests/diagnostics_and_bounds.rs (/opt/rustwide/target/release/deps/diagnostics_and_bounds-1bc319b200a3a117)
[INFO] [stdout] 
[INFO] [stdout] running 6 tests
[INFO] [stdout] test test_diagnostic_scenarios ... ok
[INFO] [stdout] test test_composed_policy_with_union ... ok
[INFO] [stdout] test test_valid_union_policy_with_strings ... ok
[INFO] [stdout] test test_bound_injection_infrastructure ... ok
[INFO] [stdout] test test_vector_with_union_policy ... ok
[INFO] [stdout] test test_policy_constraint_analysis ... ok
[INFO] [stdout] 
[INFO] [stderr]      Running tests/edge_cases.rs (/opt/rustwide/target/release/deps/edge_cases-ce2e695be49cb7e4)
[INFO] [stdout] test result: ok. 6 passed; 0 failed; 0 ignored; 0 measured; 0 filtered out; finished in 0.00s
[INFO] [stdout] 
[INFO] [stdout] 
[INFO] [stdout] running 5 tests
[INFO] [stdout] test test_merge_empties_into_defaults ... ok
[INFO] [stdout] test test_partial_merge ... ok
[INFO] [stdout] test test_large_struct_compiles ... ok
[INFO] [stdout] test test_self_merge_no_op ... ok
[INFO] [stdout] test test_merge_with_defaults_preserves_values ... ok
[INFO] [stdout] 
[INFO] [stdout] test result: ok. 5 passed; 0 failed; 0 ignored; 0 measured; 0 filtered out; finished in 0.00s
[INFO] [stdout] 
[INFO] [stderr]      Running tests/extend_deep.rs (/opt/rustwide/target/release/deps/extend_deep-647abaf66157d97b)
[INFO] [stdout] 
[INFO] [stdout] running 4 tests
[INFO] [stdout] test test_deep_merge_empty_maps ... ok
[INFO] [stderr]      Running tests/minimal_derive.rs (/opt/rustwide/target/release/deps/minimal_derive-f31962030878e8e4)
[INFO] [stdout] test test_hashmap_deep_merge ... ok
[INFO] [stdout] test test_overlay_vs_union_map_merge ... ok
[INFO] [stdout] test test_deep_merge_with_empty_name ... ok
[INFO] [stdout] 
[INFO] [stdout] test result: ok. 4 passed; 0 failed; 0 ignored; 0 measured; 0 filtered out; finished in 0.00s
[INFO] [stdout] 
[INFO] [stdout] 
[INFO] [stdout] running 6 tests
[INFO] [stdout] test test_derive_generates_valid_impl ... ok
[INFO] [stdout] test test_merge_ref_needs_clone ... ok
[INFO] [stdout] test test_minimal_derive_no_clone_no_eq ... ok
[INFO] [stdout] test test_with_clone_can_use_merge_ref ... ok
[INFO] [stdout] test test_when_traits_are_needed ... ok
[INFO] [stdout] test test_non_clonable_field ... ok
[INFO] [stdout] 
[INFO] [stdout] test result: ok. 6 passed; 0 failed; 0 ignored; 0 measured; 0 filtered out; finished in 0.00s
[INFO] [stdout] 
[INFO] [stderr]      Running tests/nested.rs (/opt/rustwide/target/release/deps/nested-8391d0128238c83c)
[INFO] [stdout] 
[INFO] [stdout] running 4 tests
[INFO] [stdout] test test_none_to_some_propagation ... ok
[INFO] [stdout] test test_partial_nesting_update ... ok
[INFO] [stdout] test test_multi_level_nesting ... ok
[INFO] [stdout] test test_option_nested_deep_vs_replace ... ok
[INFO] [stdout] 
[INFO] [stderr]      Running tests/option_change_detection.rs (/opt/rustwide/target/release/deps/option_change_detection-b8947ac6868c00f6)
[INFO] [stdout] test result: ok. 4 passed; 0 failed; 0 ignored; 0 measured; 0 filtered out; finished in 0.00s
[INFO] [stdout] 
[INFO] [stdout] 
[INFO] [stdout] running 8 tests
[INFO] [stdout] test test_option_merge_with_key ... ok
[INFO] [stdout] test test_option_merge_if_changed ... ok
[INFO] [stdout] test test_option_conditions_without_partialeq ... ok
[INFO] [stdout] test test_option_with_nested_struct ... ok
[INFO] [stdout] test test_option_merge_if_changed_with_preserve ... ok
[INFO] [stdout] test test_option_conditions ... ok
[INFO] [stderr]      Running tests/policy.rs (/opt/rustwide/target/release/deps/policy-4f3d4d9a2ec1a033)
[INFO] [stdout] test test_option_merge_with_key_complex ... ok
[INFO] [stdout] test test_derived_with_option ... ok
[INFO] [stdout] 
[INFO] [stdout] test result: ok. 8 passed; 0 failed; 0 ignored; 0 measured; 0 filtered out; finished in 0.00s
[INFO] [stdout] 
[INFO] [stdout] 
[INFO] [stdout] running 6 tests
[INFO] [stdout] test test_number_strategies ... ok
[INFO] [stdout] test test_option_merge ... ok
[INFO] [stdout] test test_preserve_policy ... ok
[INFO] [stdout] test test_default_policy ... ok
[INFO] [stdout] test test_strict_replace_policy ... ok
[INFO] [stdout] test test_collection_strategies ... ok
[INFO] [stdout] 
[INFO] [stdout] test result: ok. 6 passed; 0 failed; 0 ignored; 0 measured; 0 filtered out; finished in 0.01s
[INFO] [stdout] 
[INFO] [stderr]      Running tests/policy_example.rs (/opt/rustwide/target/release/deps/policy_example-9216c06112f4a608)
[INFO] [stdout] 
[INFO] [stdout] running 5 tests
[INFO] [stdout] test test_bool_merge_strategies ... ok
[INFO] [stdout] test test_btree_containers ... ok
[INFO] [stdout] test test_custom_policy ... ok
[INFO] [stderr]      Running tests/prelude_compile_test.rs (/opt/rustwide/target/release/deps/prelude_compile_test-6688f5e079999836)
[INFO] [stdout] test test_default_policy_behavior ... ok
[INFO] [stdout] test test_non_mutating_merge ... ok
[INFO] [stdout] 
[INFO] [stdout] test result: ok. 5 passed; 0 failed; 0 ignored; 0 measured; 0 filtered out; finished in 0.00s
[INFO] [stdout] 
[INFO] [stdout] 
[INFO] [stdout] running 5 tests
[INFO] [stdout] test test_prelude_merge_from ... ok
[INFO] [stdout] test test_prelude_v1_namespace ... ok
[INFO] [stdout] test test_prelude_with_policy ... ok
[INFO] [stderr] error: test failed, to rerun pass `--test prelude_compile_test`
[INFO] [stdout] test test_prelude_merge_functions ... FAILED
[INFO] [stdout] test test_prelude_basic_usage ... FAILED
[INFO] [stdout] 
[INFO] [stdout] failures:
[INFO] [stdout] 
[INFO] [stdout] ---- test_prelude_merge_functions stdout ----
[INFO] [stdout] 
[INFO] [stdout] thread 'test_prelude_merge_functions' (2083) panicked at tests/prelude_compile_test.rs:155:5:
[INFO] [stdout] assertion `left == right` failed
[INFO] [stdout]   left: "second"
[INFO] [stdout]  right: "firstsecond"
[INFO] [stdout] stack backtrace:
[INFO] [stdout]    0:     0x57e9928f9791 - <<std[70759c8f55707aa4]::sys::backtrace::BacktraceLock>::print::DisplayBacktrace as core[df12db4294e9bfd3]::fmt::Display>::fmt
[INFO] [stdout]    1:     0x57e99290d96a - core[df12db4294e9bfd3]::fmt::write
[INFO] [stdout]    2:     0x57e9928fdc2c - <alloc[2182bb758b4b3781]::vec::Vec<u8> as core[df12db4294e9bfd3]::io::write::Write>::write_fmt
[INFO] [stdout]    3:     0x57e9928d5d86 - std[70759c8f55707aa4]::panicking::default_hook::{closure#0}
[INFO] [stdout]    4:     0x57e9928f1ef9 - std[70759c8f55707aa4]::panicking::default_hook
[INFO] [stdout]    5:     0x57e99288e380 - test[9d35eded1c95d3be]::test_main_inner::<test[9d35eded1c95d3be]::test_main_static::{closure#0}>::{closure#0}
[INFO] [stdout]    6:     0x57e9928f20b2 - std[70759c8f55707aa4]::panicking::panic_with_hook
[INFO] [stdout]    7:     0x57e9928d5e32 - std[70759c8f55707aa4]::panicking::panic_handler::{closure#0}
[INFO] [stdout]    8:     0x57e9928cebb9 - std[70759c8f55707aa4]::sys::backtrace::__rust_end_short_backtrace::<std[70759c8f55707aa4]::panicking::panic_handler::{closure#0}, !>
[INFO] [stdout]    9:     0x57e9928d6a2d - __rustc[8fa7c3cbc660c2b3]::rust_begin_unwind
[INFO] [stdout]   10:     0x57e99290e09c - core[df12db4294e9bfd3]::panicking::panic_fmt
[INFO] [stdout]   11:     0x57e99290dfb3 - core[df12db4294e9bfd3]::panicking::assert_failed_inner
[INFO] [stdout]   12:     0x57e99287fc08 - core[df12db4294e9bfd3]::panicking::assert_failed::<alloc[2182bb758b4b3781]::string::String, &str>
[INFO] [stdout]   13:     0x57e99287f8db - <prelude_compile_test[c6ef3411569dab54]::test_prelude_merge_functions::{closure#0} as core[df12db4294e9bfd3]::ops::function::FnOnce<()>>::call_once
[INFO] [stdout]   14:     0x57e99288166b - test[9d35eded1c95d3be]::__rust_begin_short_backtrace::<core[df12db4294e9bfd3]::result::Result<(), alloc[2182bb758b4b3781]::string::String>, fn() -> core[df12db4294e9bfd3]::result::Result<(), alloc[2182bb758b4b3781]::string::String>>
[INFO] [stdout]   15:     0x57e99288ecd5 - test[9d35eded1c95d3be]::run_test::{closure#0}
[INFO] [stdout]   16:     0x57e992888594 - std[70759c8f55707aa4]::sys::backtrace::__rust_begin_short_backtrace::<test[9d35eded1c95d3be]::run_test::{closure#1}, ()>
[INFO] [stdout]   17:     0x57e992891e32 - <std[70759c8f55707aa4]::thread::lifecycle::spawn_unchecked<test[9d35eded1c95d3be]::run_test::{closure#1}, ()>::{closure#1} as core[df12db4294e9bfd3]::ops::function::FnOnce<()>>::call_once::{shim:vtable#0}
[INFO] [stdout]   18:     0x57e9928f9069 - <std[70759c8f55707aa4]::sys::thread::unix::Thread>::new::thread_start
[INFO] [stdout]   19:     0x71b7698b7dfa - <unknown>
[INFO] [stdout]   20:     0x71b76994b3d4 - clone
[INFO] [stdout]   21:                0x0 - <unknown>
[INFO] [stdout] 
[INFO] [stdout] ---- test_prelude_basic_usage stdout ----
[INFO] [stdout] 
[INFO] [stdout] thread 'test_prelude_basic_usage' (2081) panicked at tests/prelude_compile_test.rs:53:5:
[INFO] [stdout] assertion `left == right` failed
[INFO] [stdout]   left: "_updated"
[INFO] [stdout]  right: "test_updated"
[INFO] [stdout] stack backtrace:
[INFO] [stdout]    0:     0x57e9928f9791 - <<std[70759c8f55707aa4]::sys::backtrace::BacktraceLock>::print::DisplayBacktrace as core[df12db4294e9bfd3]::fmt::Display>::fmt
[INFO] [stdout]    1:     0x57e99290d96a - core[df12db4294e9bfd3]::fmt::write
[INFO] [stdout]    2:     0x57e9928fdc2c - <alloc[2182bb758b4b3781]::vec::Vec<u8> as core[df12db4294e9bfd3]::io::write::Write>::write_fmt
[INFO] [stdout]    3:     0x57e9928d5d86 - std[70759c8f55707aa4]::panicking::default_hook::{closure#0}
[INFO] [stdout]    4:     0x57e9928f1ef9 - std[70759c8f55707aa4]::panicking::default_hook
[INFO] [stdout]    5:     0x57e99288e380 - test[9d35eded1c95d3be]::test_main_inner::<test[9d35eded1c95d3be]::test_main_static::{closure#0}>::{closure#0}
[INFO] [stdout]    6:     0x57e9928f20b2 - std[70759c8f55707aa4]::panicking::panic_with_hook
[INFO] [stdout]    7:     0x57e9928d5e32 - std[70759c8f55707aa4]::panicking::panic_handler::{closure#0}
[INFO] [stdout]    8:     0x57e9928cebb9 - std[70759c8f55707aa4]::sys::backtrace::__rust_end_short_backtrace::<std[70759c8f55707aa4]::panicking::panic_handler::{closure#0}, !>
[INFO] [stdout]    9:     0x57e9928d6a2d - __rustc[8fa7c3cbc660c2b3]::rust_begin_unwind
[INFO] [stdout]   10:     0x57e99290e09c - core[df12db4294e9bfd3]::panicking::panic_fmt
[INFO] [stdout]   11:     0x57e99290dfb3 - core[df12db4294e9bfd3]::panicking::assert_failed_inner
[INFO] [stdout]   12:     0x57e99287fc08 - core[df12db4294e9bfd3]::panicking::assert_failed::<alloc[2182bb758b4b3781]::string::String, &str>
[INFO] [stdout]   13:     0x57e99287e426 - <prelude_compile_test[c6ef3411569dab54]::test_prelude_basic_usage::{closure#0} as core[df12db4294e9bfd3]::ops::function::FnOnce<()>>::call_once
[INFO] [stdout]   14:     0x57e99288166b - test[9d35eded1c95d3be]::__rust_begin_short_backtrace::<core[df12db4294e9bfd3]::result::Result<(), alloc[2182bb758b4b3781]::string::String>, fn() -> core[df12db4294e9bfd3]::result::Result<(), alloc[2182bb758b4b3781]::string::String>>
[INFO] [stdout]   15:     0x57e99288ecd5 - test[9d35eded1c95d3be]::run_test::{closure#0}
[INFO] [stdout]   16:     0x57e992888594 - std[70759c8f55707aa4]::sys::backtrace::__rust_begin_short_backtrace::<test[9d35eded1c95d3be]::run_test::{closure#1}, ()>
[INFO] [stdout]   17:     0x57e992891e32 - <std[70759c8f55707aa4]::thread::lifecycle::spawn_unchecked<test[9d35eded1c95d3be]::run_test::{closure#1}, ()>::{closure#1} as core[df12db4294e9bfd3]::ops::function::FnOnce<()>>::call_once::{shim:vtable#0}
[INFO] [stdout]   18:     0x57e9928f9069 - <std[70759c8f55707aa4]::sys::thread::unix::Thread>::new::thread_start
[INFO] [stdout]   19:     0x71b7698b7dfa - <unknown>
[INFO] [stdout]   20:     0x71b76994b3d4 - clone
[INFO] [stdout]   21:                0x0 - <unknown>
[INFO] [stdout] 
[INFO] [stdout] 
[INFO] [stdout] failures:
[INFO] [stdout]     test_prelude_basic_usage
[INFO] [stdout]     test_prelude_merge_functions
[INFO] [stdout] 
[INFO] [stdout] test result: FAILED. 3 passed; 2 failed; 0 ignored; 0 measured; 0 filtered out; finished in 0.00s
[INFO] [stdout] 
[INFO] running `Command { std: "docker" "inspect" "077d4e948f5682073a79bdc2d522580456c3f9743113fc2a38d4490ebd42dcc9", kill_on_drop: false }`
[INFO] running `Command { std: "docker" "rm" "-f" "077d4e948f5682073a79bdc2d522580456c3f9743113fc2a38d4490ebd42dcc9", kill_on_drop: false }`
[INFO] [stdout] 077d4e948f5682073a79bdc2d522580456c3f9743113fc2a38d4490ebd42dcc9
