[INFO] fetching crate deepl-api 0.4.3...
[INFO] testing deepl-api-0.4.3 against 1.99.0-beta.8+cargoflags=--release for beta-release-1.100-2
[INFO] extracting crate deepl-api 0.4.3 into /workspace/builds/worker-2-tc1/source
[INFO] started tweaking crates.io crate deepl-api 0.4.3
[INFO] finished tweaking crates.io crate deepl-api 0.4.3
[INFO] tweaked toml for crates.io crate deepl-api 0.4.3 written to /workspace/builds/worker-2-tc1/source/Cargo.toml
[INFO] validating manifest of crates.io crate deepl-api 0.4.3 on toolchain 1.99.0-beta.8
[INFO] running `Command { std: CARGO_HOME="/workspace/cargo-home" RUSTUP_HOME="/workspace/rustup-home" "/workspace/cargo-home/bin/cargo" "+1.99.0-beta.8" "metadata" "--manifest-path" "Cargo.toml" "--no-deps", kill_on_drop: false }`
[INFO] crate crates.io crate deepl-api 0.4.3 already has a lockfile, it will not be regenerated
[INFO] running `Command { std: CARGO_HOME="/workspace/cargo-home" RUSTUP_HOME="/workspace/rustup-home" "/workspace/cargo-home/bin/cargo" "+1.99.0-beta.8" "fetch" "--manifest-path" "Cargo.toml", kill_on_drop: false }`
[INFO] [stderr]     Updating crates.io index
[INFO] [stderr]  Downloading crates ...
[INFO] [stderr]   Downloaded quote v1.0.26
[INFO] [stderr]   Downloaded unicode-ident v1.0.8
[INFO] [stderr]   Downloaded serde v1.0.156
[INFO] [stderr]   Downloaded proc-macro2 v1.0.52
[INFO] [stderr]   Downloaded serde_derive v1.0.156
[INFO] [stderr]   Downloaded num_cpus v1.15.0
[INFO] [stderr]   Downloaded openssl-probe v0.1.5
[INFO] [stderr]   Downloaded want v0.3.0
[INFO] [stderr]   Downloaded tower-service v0.3.2
[INFO] [stderr]   Downloaded openssl-macros v0.1.0
[INFO] [stderr]   Downloaded tempfile v3.4.0
[INFO] [stderr]   Downloaded form_urlencoded v1.1.0
[INFO] [stderr]   Downloaded hermit-abi v0.2.6
[INFO] [stderr]   Downloaded instant v0.1.12
[INFO] [stderr]   Downloaded percent-encoding v2.2.0
[INFO] [stderr]   Downloaded security-framework-sys v2.8.0
[INFO] [stderr]   Downloaded itoa v1.0.6
[INFO] [stderr]   Downloaded http-body v0.4.5
[INFO] [stderr]   Downloaded httparse v1.8.0
[INFO] [stderr]   Downloaded futures-sink v0.3.27
[INFO] [stderr]   Downloaded futures-core v0.3.27
[INFO] [stderr]   Downloaded socket2 v0.4.9
[INFO] [stderr]   Downloaded openssl-sys v0.9.81
[INFO] [stderr]   Downloaded httpdate v1.0.2
[INFO] [stderr]   Downloaded slab v0.4.8
[INFO] [stderr]   Downloaded futures-io v0.3.27
[INFO] [stderr]   Downloaded futures-channel v0.3.27
[INFO] [stderr]   Downloaded either v1.8.1
[INFO] [stderr]   Downloaded is-terminal v0.4.4
[INFO] [stderr]   Downloaded hermit-abi v0.3.1
[INFO] [stderr]   Downloaded clap_lex v0.3.2
[INFO] [stderr]   Downloaded scratch v1.0.5
[INFO] [stderr]   Downloaded cxxbridge-flags v1.0.92
[INFO] [stderr]   Downloaded predicates-tree v1.0.9
[INFO] [stderr]   Downloaded termtree v0.4.1
[INFO] [stderr]   Downloaded anstyle v0.3.1
[INFO] [stderr]   Downloaded globwalk v0.8.1
[INFO] [stderr]   Downloaded native-tls v0.2.11
[INFO] [stderr]   Downloaded io-lifetimes v1.0.6
[INFO] [stderr]   Downloaded core-foundation v0.9.3
[INFO] [stderr]   Downloaded pkg-config v0.3.26
[INFO] [stderr]   Downloaded futures-task v0.3.27
[INFO] [stderr]   Downloaded predicates-core v1.0.6
[INFO] [stderr]   Downloaded doc-comment v0.3.3
[INFO] [stderr]   Downloaded wait-timeout v0.2.0
[INFO] [stderr]   Downloaded ryu v1.0.13
[INFO] [stderr]   Downloaded ipnet v2.7.1
[INFO] [stderr]   Downloaded os_str_bytes v6.4.1
[INFO] [stderr]   Downloaded clap_derive v4.1.8
[INFO] [stderr]   Downloaded time v0.1.45
[INFO] [stderr]   Downloaded assert_fs v1.0.11
[INFO] [stderr]   Downloaded predicates v3.0.1
[INFO] [stderr]   Downloaded walkdir v2.3.2
[INFO] [stderr]   Downloaded globset v0.4.10
[INFO] [stderr]   Downloaded assert_cmd v2.0.9
[INFO] [stderr]   Downloaded once_cell v1.17.1
[INFO] [stderr]   Downloaded unicode-bidi v0.3.11
[INFO] [stderr]   Downloaded cc v1.0.79
[INFO] [stderr]   Downloaded schannel v0.1.21
[INFO] [stderr]   Downloaded mime v0.3.16
[INFO] [stderr]   Downloaded predicates v2.1.5
[INFO] [stderr]   Downloaded addr2line v0.19.0
[INFO] [stderr]   Downloaded url v2.3.1
[INFO] [stderr]   Downloaded bytes v1.4.0
[INFO] [stderr]   Downloaded security-framework v2.8.2
[INFO] [stderr]   Downloaded tracing-core v0.1.30
[INFO] [stderr]   Downloaded base64 v0.21.0
[INFO] [stderr]   Downloaded backtrace v0.3.67
[INFO] [stderr]   Downloaded miniz_oxide v0.6.2
[INFO] [stderr]   Downloaded cxxbridge-macro v1.0.92
[INFO] [stderr]   Downloaded ignore v0.4.20
[INFO] [stderr]   Downloaded bumpalo v3.12.0
[INFO] [stderr]   Downloaded mio v0.8.6
[INFO] [stderr]   Downloaded tracing v0.1.37
[INFO] [stderr]   Downloaded http v0.2.9
[INFO] [stderr]   Downloaded cxx-build v1.0.92
[INFO] [stderr]   Downloaded tokio-util v0.7.7
[INFO] [stderr]   Downloaded aho-corasick v0.7.20
[INFO] [stderr]   Downloaded reqwest v0.11.14
[INFO] [stderr]   Downloaded h2 v0.3.16
[INFO] [stderr]   Downloaded serde_json v1.0.94
[INFO] [stderr]   Downloaded futures-util v0.3.27
[INFO] [stderr]   Downloaded hyper v0.14.25
[INFO] [stderr]   Downloaded clap v4.1.8
[INFO] [stderr]   Downloaded chrono v0.4.24
[INFO] [stderr]   Downloaded regex v1.7.1
[INFO] [stderr]   Downloaded cxx v1.0.92
[INFO] [stderr]   Downloaded openssl v0.10.46
[INFO] [stderr]   Downloaded object v0.30.3
[INFO] [stderr]   Downloaded idna v0.3.0
[INFO] [stderr]   Downloaded rustix v0.36.9
[INFO] [stderr]   Downloaded regex-syntax v0.6.28
[INFO] [stderr]   Downloaded bstr v1.3.0
[INFO] [stderr]   Downloaded tokio v1.26.0
[INFO] [stderr]   Downloaded libc v0.2.140
[INFO] [stderr]   Downloaded gimli v0.27.2
[INFO] [stderr]   Downloaded linux-raw-sys v0.1.4
[INFO] [stderr]   Downloaded encoding_rs v0.8.32
[INFO] running `Command { std: "docker" "create" "-v" "/var/lib/crater-agent-workspace/builds/worker-2-tc1/source:/opt/rustwide/workdir:ro,Z" "-v" "/var/lib/crater-agent-workspace/builds/worker-2-tc1/target:/opt/rustwide/target:rw,Z" "-v" "/var/lib/crater-agent-workspace/cargo-home:/opt/rustwide/cargo-home:ro,Z" "-v" "/var/lib/crater-agent-workspace/rustup-home:/opt/rustwide/rustup-home:ro,Z" "-m" "1610612736" "--network" "none" "ghcr.io/rust-lang/crates-build-env/linux@sha256:77db811e55d90add9212f6832c23229e3de5f1c1f9905e8cb07319ea15df73ac" "sleep" "infinity", kill_on_drop: false }`
[INFO] [stdout] 0cfcf16ef50daeb025d97fb1c6fafc6851162a7f091f8f9da54f02ce8faa64b1
[INFO] running `Command { std: "docker" "start" "0cfcf16ef50daeb025d97fb1c6fafc6851162a7f091f8f9da54f02ce8faa64b1", kill_on_drop: false }`
[INFO] running `Command { std: "docker" "inspect" "0cfcf16ef50daeb025d97fb1c6fafc6851162a7f091f8f9da54f02ce8faa64b1", kill_on_drop: false }`
[INFO] running `Command { std: "docker" "exec" "-e" "SOURCE_DIR=/opt/rustwide/workdir" "-e" "CARGO_HOME=/opt/rustwide/cargo-home" "-e" "RUSTUP_HOME=/opt/rustwide/rustup-home" "-e" "CARGO_TARGET_DIR=/opt/rustwide/target" "-w" "/opt/rustwide/workdir" "--user" "0:0" "0cfcf16ef50daeb025d97fb1c6fafc6851162a7f091f8f9da54f02ce8faa64b1" "/opt/rustwide/cargo-home/bin/cargo" "+1.99.0-beta.8" "metadata" "--no-deps" "--format-version=1", kill_on_drop: false }`
[INFO] running `Command { std: "docker" "inspect" "0cfcf16ef50daeb025d97fb1c6fafc6851162a7f091f8f9da54f02ce8faa64b1", kill_on_drop: false }`
[INFO] running `Command { std: "docker" "exec" "-e" "SOURCE_DIR=/opt/rustwide/workdir" "-e" "CARGO_HOME=/opt/rustwide/cargo-home" "-e" "RUSTUP_HOME=/opt/rustwide/rustup-home" "-e" "CARGO_TARGET_DIR=/opt/rustwide/target" "-e" "CARGO_INCREMENTAL=0" "-e" "RUST_BACKTRACE=full" "-e" "RUSTFLAGS=--cap-lints=warn" "-e" "RUSTDOCFLAGS=--cap-lints=warn" "-w" "/opt/rustwide/workdir" "--user" "0:0" "0cfcf16ef50daeb025d97fb1c6fafc6851162a7f091f8f9da54f02ce8faa64b1" "/opt/rustwide/cargo-home/bin/cargo" "+1.99.0-beta.8" "build" "--frozen" "--message-format=json" "--release", kill_on_drop: false }`
[INFO] [stderr]    Compiling libc v0.2.140
[INFO] [stderr]    Compiling proc-macro2 v1.0.52
[INFO] [stderr]    Compiling unicode-ident v1.0.8
[INFO] [stderr]    Compiling quote v1.0.26
[INFO] [stderr]    Compiling syn v1.0.109
[INFO] [stderr]    Compiling cc v1.0.79
[INFO] [stderr]    Compiling memchr v2.5.0
[INFO] [stderr]    Compiling log v0.4.17
[INFO] [stderr]    Compiling once_cell v1.17.1
[INFO] [stderr]    Compiling version_check v0.9.4
[INFO] [stderr]    Compiling pin-project-lite v0.2.9
[INFO] [stderr]    Compiling pkg-config v0.3.26
[INFO] [stderr]    Compiling futures-core v0.3.27
[INFO] [stderr]    Compiling bytes v1.4.0
[INFO] [stderr]    Compiling tokio v1.26.0
[INFO] [stderr]    Compiling itoa v1.0.6
[INFO] [stderr]    Compiling slab v0.4.8
[INFO] [stderr]    Compiling futures-task v0.3.27
[INFO] [stderr]    Compiling serde_derive v1.0.156
[INFO] [stderr]    Compiling indexmap v1.9.2
[INFO] [stderr]    Compiling openssl v0.10.46
[INFO] [stderr]    Compiling foreign-types-shared v0.1.1
[INFO] [stderr]    Compiling serde v1.0.156
[INFO] [stderr]    Compiling futures-util v0.3.27
[INFO] [stderr]    Compiling foreign-types v0.3.2
[INFO] [stderr]    Compiling futures-channel v0.3.27
[INFO] [stderr]    Compiling httparse v1.8.0
[INFO] [stderr]    Compiling tracing-core v0.1.30
[INFO] [stderr]    Compiling io-lifetimes v1.0.6
[INFO] [stderr]    Compiling native-tls v0.2.11
[INFO] [stderr]    Compiling futures-io v0.3.27
[INFO] [stderr]    Compiling futures-sink v0.3.27
[INFO] [stderr]    Compiling http v0.2.9
[INFO] [stderr]    Compiling proc-macro-error-attr v1.0.4
[INFO] [stderr]    Compiling hashbrown v0.12.3
[INFO] [stderr]    Compiling proc-macro-error v1.0.4
[INFO] [stderr]    Compiling tinyvec v1.6.0
[INFO] [stderr]    Compiling num-traits v0.2.15
[INFO] [stderr]    Compiling rustix v0.36.9
[INFO] [stderr]    Compiling openssl-probe v0.1.5
[INFO] [stderr]    Compiling percent-encoding v2.2.0
[INFO] [stderr]    Compiling want v0.3.0
[INFO] [stderr]    Compiling form_urlencoded v1.1.0
[INFO] [stderr]    Compiling num-integer v0.1.45
[INFO] [stderr]    Compiling unicode-bidi v0.3.11
[INFO] [stderr]    Compiling linux-raw-sys v0.1.4
[INFO] [stderr]    Compiling ryu v1.0.13
[INFO] [stderr]    Compiling tracing v0.1.37
[INFO] [stderr]    Compiling tower-service v0.3.2
[INFO] [stderr]    Compiling serde_json v1.0.94
[INFO] [stderr]    Compiling http-body v0.4.5
[INFO] [stderr]    Compiling httpdate v1.0.2
[INFO] [stderr]    Compiling gimli v0.27.2
[INFO] [stderr]    Compiling openssl-sys v0.9.81
[INFO] [stderr]    Compiling backtrace v0.3.67
[INFO] [stderr]    Compiling miniz_oxide v0.6.2
[INFO] [stderr]    Compiling error-chain v0.12.4
[INFO] [stderr]    Compiling object v0.30.3
[INFO] [stderr]    Compiling heck v0.4.1
[INFO] [stderr]    Compiling os_str_bytes v6.4.1
[INFO] [stderr]    Compiling rustc-demangle v0.1.21
[INFO] [stderr]    Compiling encoding_rs v0.8.32
[INFO] [stderr]    Compiling termcolor v1.2.0
[INFO] [stderr]    Compiling strsim v0.10.0
[INFO] [stderr]    Compiling base64 v0.21.0
[INFO] [stderr]    Compiling clap_lex v0.3.2
[INFO] [stderr]    Compiling num_cpus v1.15.0
[INFO] [stderr]    Compiling mio v0.8.6
[INFO] [stderr]    Compiling socket2 v0.4.9
[INFO] [stderr]    Compiling unicode-normalization v0.1.22
[INFO] [stderr]    Compiling time v0.1.45
[INFO] [stderr]    Compiling idna v0.3.0
[INFO] [stderr]    Compiling iana-time-zone v0.1.53
[INFO] [stderr]    Compiling mime v0.3.16
[INFO] [stderr]    Compiling ipnet v2.7.1
[INFO] [stderr]    Compiling url v2.3.1
[INFO] [stderr]    Compiling is-terminal v0.4.4
[INFO] [stderr]    Compiling addr2line v0.19.0
[INFO] [stderr]    Compiling openssl-macros v0.1.0
[INFO] [stderr]    Compiling clap_derive v4.1.8
[INFO] [stderr]    Compiling clap v4.1.8
[INFO] [stderr]    Compiling tokio-util v0.7.7
[INFO] [stderr]    Compiling h2 v0.3.16
[INFO] [stderr]    Compiling tokio-native-tls v0.3.1
[INFO] [stderr]    Compiling serde_urlencoded v0.7.1
[INFO] [stderr]    Compiling chrono v0.4.24
[INFO] [stderr]    Compiling hyper v0.14.25
[INFO] [stderr]    Compiling hyper-tls v0.5.0
[INFO] [stderr]    Compiling reqwest v0.11.14
[INFO] [stderr]    Compiling deepl-api v0.4.3 (/opt/rustwide/workdir)
[INFO] [stdout] warning: trailing semicolon in macro used in expression position
[INFO] [stdout]    --> src/lib.rs:230:17
[INFO] [stdout]     |
[INFO] [stdout] 230 |                 bail!(ErrorKind::AuthorizationError)
[INFO] [stdout]     |                 ^^^^^^^^^^^^^^^^^^^^^^^^^^^^^^^^^^^^
[INFO] [stdout]     |
[INFO] [stdout]     = note: macro invocations at the end of a block are treated as expressions
[INFO] [stdout]     = note: to ignore the value produced by the macro, add a semicolon after the invocation of `bail`
[INFO] [stdout]     = warning: this was previously accepted by the compiler but is being phased out; it will become a hard error in a future release!
[INFO] [stdout]     = note: for more information, see issue #79813 <https://github.com/rust-lang/rust/issues/79813>
[INFO] [stdout]     = note: `#[warn(semicolon_in_expressions_from_non_local_macros)]` (part of `#[warn(future_incompatible)]`) on by default
[INFO] [stdout]     = note: this warning originates in the macro `bail` (in Nightly builds, run with -Z macro-backtrace for more info)
[INFO] [stdout] 
[INFO] [stdout] 
[INFO] [stdout] warning: trailing semicolon in macro used in expression position
[INFO] [stdout]    --> src/lib.rs:233:17
[INFO] [stdout]     |
[INFO] [stdout] 233 |                 bail!(ErrorKind::AuthorizationError)
[INFO] [stdout]     |                 ^^^^^^^^^^^^^^^^^^^^^^^^^^^^^^^^^^^^
[INFO] [stdout]     |
[INFO] [stdout]     = note: macro invocations at the end of a block are treated as expressions
[INFO] [stdout]     = note: to ignore the value produced by the macro, add a semicolon after the invocation of `bail`
[INFO] [stdout]     = warning: this was previously accepted by the compiler but is being phased out; it will become a hard error in a future release!
[INFO] [stdout]     = note: for more information, see issue #79813 <https://github.com/rust-lang/rust/issues/79813>
[INFO] [stdout]     = note: this warning originates in the macro `bail` (in Nightly builds, run with -Z macro-backtrace for more info)
[INFO] [stdout] 
[INFO] [stdout] 
[INFO] [stdout] warning: trailing semicolon in macro used in expression position
[INFO] [stdout]    --> src/lib.rs:236:17
[INFO] [stdout]     |
[INFO] [stdout] 236 |                 bail!(ErrorKind::NotFoundError)
[INFO] [stdout]     |                 ^^^^^^^^^^^^^^^^^^^^^^^^^^^^^^^
[INFO] [stdout]     |
[INFO] [stdout]     = note: macro invocations at the end of a block are treated as expressions
[INFO] [stdout]     = note: to ignore the value produced by the macro, add a semicolon after the invocation of `bail`
[INFO] [stdout]     = warning: this was previously accepted by the compiler but is being phased out; it will become a hard error in a future release!
[INFO] [stdout]     = note: for more information, see issue #79813 <https://github.com/rust-lang/rust/issues/79813>
[INFO] [stdout]     = note: this warning originates in the macro `bail` (in Nightly builds, run with -Z macro-backtrace for more info)
[INFO] [stdout] 
[INFO] [stdout] 
[INFO] [stdout] warning: trailing semicolon in macro used in expression position
[INFO] [stdout]    --> src/lib.rs:243:41
[INFO] [stdout]     |
[INFO] [stdout] 243 | ...ror) => bail!(ErrorKind::ServerError(format!("{}: {}", server_error.message, server_error.detail.unwrap_or_default()))),
[INFO] [stdout]     |            ^^^^^^^^^^^^^^^^^^^^^^^^^^^^^^^^^^^^^^^^^^^^^^^^^^^^^^^^^^^^^^^^^^^^^^^^^^^^^^^^^^^^^^^^^^^^^^^^^^^^^^^^^^^^^^^
[INFO] [stdout]     |
[INFO] [stdout]     = warning: this was previously accepted by the compiler but is being phased out; it will become a hard error in a future release!
[INFO] [stdout]     = note: for more information, see issue #79813 <https://github.com/rust-lang/rust/issues/79813>
[INFO] [stdout]     = note: this warning originates in the macro `bail` (in Nightly builds, run with -Z macro-backtrace for more info)
[INFO] [stdout] 
[INFO] [stdout] 
[INFO] [stdout] warning: trailing semicolon in macro used in expression position
[INFO] [stdout]    --> src/lib.rs:244:26
[INFO] [stdout]     |
[INFO] [stdout] 244 |                     _ => bail!(ErrorKind::ServerError(status.to_string())),
[INFO] [stdout]     |                          ^^^^^^^^^^^^^^^^^^^^^^^^^^^^^^^^^^^^^^^^^^^^^^^^^
[INFO] [stdout]     |
[INFO] [stdout]     = warning: this was previously accepted by the compiler but is being phased out; it will become a hard error in a future release!
[INFO] [stdout]     = note: for more information, see issue #79813 <https://github.com/rust-lang/rust/issues/79813>
[INFO] [stdout]     = note: this warning originates in the macro `bail` (in Nightly builds, run with -Z macro-backtrace for more info)
[INFO] [stdout] 
[INFO] [stdout] 
[INFO] [stdout] warning: trailing semicolon in macro used in expression position
[INFO] [stdout]    --> src/lib.rs:248:17
[INFO] [stdout]     |
[INFO] [stdout] 248 |                 bail!(e)
[INFO] [stdout]     |                 ^^^^^^^^
[INFO] [stdout]     |
[INFO] [stdout]     = note: macro invocations at the end of a block are treated as expressions
[INFO] [stdout]     = note: to ignore the value produced by the macro, add a semicolon after the invocation of `bail`
[INFO] [stdout]     = warning: this was previously accepted by the compiler but is being phased out; it will become a hard error in a future release!
[INFO] [stdout]     = note: for more information, see issue #79813 <https://github.com/rust-lang/rust/issues/79813>
[INFO] [stdout]     = note: this warning originates in the macro `bail` (in Nightly builds, run with -Z macro-backtrace for more info)
[INFO] [stdout] 
[INFO] [stdout] 
[INFO] [stdout] warning: trailing semicolon in macro used in expression position
[INFO] [stdout]    --> src/lib.rs:289:18
[INFO] [stdout]     |
[INFO] [stdout] 289 |             _ => bail!(ErrorKind::DeserializationError),
[INFO] [stdout]     |                  ^^^^^^^^^^^^^^^^^^^^^^^^^^^^^^^^^^^^^^
[INFO] [stdout]     |
[INFO] [stdout]     = warning: this was previously accepted by the compiler but is being phased out; it will become a hard error in a future release!
[INFO] [stdout]     = note: for more information, see issue #79813 <https://github.com/rust-lang/rust/issues/79813>
[INFO] [stdout]     = note: this warning originates in the macro `bail` (in Nightly builds, run with -Z macro-backtrace for more info)
[INFO] [stdout] 
[INFO] [stdout] 
[INFO] [stdout] warning: trailing semicolon in macro used in expression position
[INFO] [stdout]    --> src/lib.rs:351:18
[INFO] [stdout]     |
[INFO] [stdout] 351 |             _ => bail!(ErrorKind::DeserializationError),
[INFO] [stdout]     |                  ^^^^^^^^^^^^^^^^^^^^^^^^^^^^^^^^^^^^^^
[INFO] [stdout]     |
[INFO] [stdout]     = warning: this was previously accepted by the compiler but is being phased out; it will become a hard error in a future release!
[INFO] [stdout]     = note: for more information, see issue #79813 <https://github.com/rust-lang/rust/issues/79813>
[INFO] [stdout]     = note: this warning originates in the macro `bail` (in Nightly builds, run with -Z macro-backtrace for more info)
[INFO] [stdout] 
[INFO] [stdout] 
[INFO] [stdout] warning: trailing semicolon in macro used in expression position
[INFO] [stdout]    --> src/lib.rs:379:18
[INFO] [stdout]     |
[INFO] [stdout] 379 |             _ => bail!(ErrorKind::DeserializationError),
[INFO] [stdout]     |                  ^^^^^^^^^^^^^^^^^^^^^^^^^^^^^^^^^^^^^^
[INFO] [stdout]     |
[INFO] [stdout]     = warning: this was previously accepted by the compiler but is being phased out; it will become a hard error in a future release!
[INFO] [stdout]     = note: for more information, see issue #79813 <https://github.com/rust-lang/rust/issues/79813>
[INFO] [stdout]     = note: this warning originates in the macro `bail` (in Nightly builds, run with -Z macro-backtrace for more info)
[INFO] [stdout] 
[INFO] [stdout] 
[INFO] [stdout] warning: trailing semicolon in macro used in expression position
[INFO] [stdout]    --> src/lib.rs:391:18
[INFO] [stdout]     |
[INFO] [stdout] 391 |             _ => bail!(ErrorKind::DeserializationError),
[INFO] [stdout]     |                  ^^^^^^^^^^^^^^^^^^^^^^^^^^^^^^^^^^^^^^
[INFO] [stdout]     |
[INFO] [stdout]     = warning: this was previously accepted by the compiler but is being phased out; it will become a hard error in a future release!
[INFO] [stdout]     = note: for more information, see issue #79813 <https://github.com/rust-lang/rust/issues/79813>
[INFO] [stdout]     = note: this warning originates in the macro `bail` (in Nightly builds, run with -Z macro-backtrace for more info)
[INFO] [stdout] 
[INFO] [stdout] 
[INFO] [stdout] warning: trailing semicolon in macro used in expression position
[INFO] [stdout]    --> src/lib.rs:410:18
[INFO] [stdout]     |
[INFO] [stdout] 410 |             _ => bail!(ErrorKind::DeserializationError),
[INFO] [stdout]     |                  ^^^^^^^^^^^^^^^^^^^^^^^^^^^^^^^^^^^^^^
[INFO] [stdout]     |
[INFO] [stdout]     = warning: this was previously accepted by the compiler but is being phased out; it will become a hard error in a future release!
[INFO] [stdout]     = note: for more information, see issue #79813 <https://github.com/rust-lang/rust/issues/79813>
[INFO] [stdout]     = note: this warning originates in the macro `bail` (in Nightly builds, run with -Z macro-backtrace for more info)
[INFO] [stdout] 
[INFO] [stdout] 
[INFO] [stdout] warning: unexpected `cfg` condition name: `has_error_description_deprecated`
[INFO] [stdout]    --> src/lib.rs:417:5
[INFO] [stdout]     |
[INFO] [stdout] 417 |     error_chain! {}
[INFO] [stdout]     |     ^^^^^^^^^^^^^^^
[INFO] [stdout]     |
[INFO] [stdout]     = help: expected names are: `docsrs`, `feature`, and `test` and 34 more
[INFO] [stdout]     = note: using a cfg inside a macro will use the cfgs from the destination crate and not the ones from the defining crate
[INFO] [stdout]     = help: try referring to `impl_error_chain_processed` crate for guidance on how handle this unexpected cfg
[INFO] [stdout]     = note: see <https://doc.rust-lang.org/nightly/rustc/check-cfg/cargo-specifics.html> for more information about checking conditional configuration
[INFO] [stdout]     = note: `#[warn(unexpected_cfgs)]` on by default
[INFO] [stdout]     = note: this warning originates in the macro `impl_error_chain_processed` which comes from the expansion of the macro `error_chain` (in Nightly builds, run with -Z macro-backtrace for more info)
[INFO] [stdout] 
[INFO] [stdout] 
[INFO] [stdout] warning: unused import: `errors::*`
[INFO] [stdout]    --> src/lib.rs:420:9
[INFO] [stdout]     |
[INFO] [stdout] 420 | pub use errors::*;
[INFO] [stdout]     |         ^^^^^^^^^
[INFO] [stdout]     |
[INFO] [stdout]     = note: `#[warn(unused_imports)]` (part of `#[warn(unused)]`) on by default
[INFO] [stdout] 
[INFO] [stdout] 
[INFO] [stdout] warning: unexpected `cfg` condition name: `has_error_description_deprecated`
[INFO] [stdout]    --> src/lib.rs:422:1
[INFO] [stdout]     |
[INFO] [stdout] 422 | / error_chain! {
[INFO] [stdout] 423 | |     foreign_links {
[INFO] [stdout] 424 | |         IO(std::io::Error);
[INFO] [stdout] 425 | |         Transport(reqwest::Error);
[INFO] [stdout] ...   |
[INFO] [stdout] 451 | |     skip_msg_variant
[INFO] [stdout] 452 | | }
[INFO] [stdout]     | |_^
[INFO] [stdout]     |
[INFO] [stdout]     = note: using a cfg inside a macro will use the cfgs from the destination crate and not the ones from the defining crate
[INFO] [stdout]     = help: try referring to `impl_error_chain_processed` crate for guidance on how handle this unexpected cfg
[INFO] [stdout]     = note: see <https://doc.rust-lang.org/nightly/rustc/check-cfg/cargo-specifics.html> for more information about checking conditional configuration
[INFO] [stdout]     = note: this warning originates in the macro `impl_error_chain_processed` which comes from the expansion of the macro `error_chain` (in Nightly builds, run with -Z macro-backtrace for more info)
[INFO] [stdout] 
[INFO] [stdout] 
[INFO] [stdout] warning: unused import: `clap::Subcommand`
[INFO] [stdout]  --> src/bin/deepl/parse_arguments.rs:2:9
[INFO] [stdout]   |
[INFO] [stdout] 2 | pub use clap::Subcommand;
[INFO] [stdout]   |         ^^^^^^^^^^^^^^^^
[INFO] [stdout]   |
[INFO] [stdout]   = note: `#[warn(unused_imports)]` (part of `#[warn(unused)]`) on by default
[INFO] [stdout] 
[INFO] [stdout] 
[INFO] [stderr]     Finished `release` profile [optimized] target(s) in 1m 29s
[INFO] [stderr] warning: the following packages contain code that will be rejected by a future version of Rust: openssl v0.10.46
[INFO] [stderr] note: to see what the problems were, use the option `--future-incompat-report`, or run `cargo report future-incompatibilities --id 1`
[INFO] running `Command { std: "docker" "inspect" "0cfcf16ef50daeb025d97fb1c6fafc6851162a7f091f8f9da54f02ce8faa64b1", kill_on_drop: false }`
[INFO] running `Command { std: "docker" "exec" "-e" "SOURCE_DIR=/opt/rustwide/workdir" "-e" "CARGO_HOME=/opt/rustwide/cargo-home" "-e" "RUSTUP_HOME=/opt/rustwide/rustup-home" "-e" "CARGO_TARGET_DIR=/opt/rustwide/target" "-e" "CARGO_INCREMENTAL=0" "-e" "RUST_BACKTRACE=full" "-e" "RUSTFLAGS=--cap-lints=warn" "-e" "RUSTDOCFLAGS=--cap-lints=warn" "-w" "/opt/rustwide/workdir" "--user" "0:0" "0cfcf16ef50daeb025d97fb1c6fafc6851162a7f091f8f9da54f02ce8faa64b1" "/opt/rustwide/cargo-home/bin/cargo" "+1.99.0-beta.8" "test" "--frozen" "--no-run" "--message-format=json" "--release", kill_on_drop: false }`
[INFO] [stderr]    Compiling rustix v0.36.9
[INFO] [stderr]    Compiling aho-corasick v0.7.20
[INFO] [stderr]    Compiling regex-syntax v0.6.28
[INFO] [stderr]    Compiling regex-automata v0.1.10
[INFO] [stderr]    Compiling predicates-core v1.0.6
[INFO] [stderr]    Compiling either v1.8.1
[INFO] [stderr]    Compiling doc-comment v0.3.3
[INFO] [stderr]    Compiling difflib v0.4.0
[INFO] [stderr]    Compiling same-file v1.0.6
[INFO] [stderr]    Compiling thread_local v1.1.7
[INFO] [stderr]    Compiling termtree v0.4.1
[INFO] [stderr]    Compiling anstyle v0.3.1
[INFO] [stderr]    Compiling fastrand v1.9.0
[INFO] [stderr]    Compiling float-cmp v0.9.0
[INFO] [stderr]    Compiling wait-timeout v0.2.0
[INFO] [stderr]    Compiling normalize-line-endings v0.3.0
[INFO] [stderr]    Compiling walkdir v2.3.2
[INFO] [stderr]    Compiling itertools v0.10.5
[INFO] [stderr]    Compiling predicates-tree v1.0.9
[INFO] [stderr]    Compiling bstr v1.3.0
[INFO] [stderr]    Compiling predicates v3.0.1
[INFO] [stderr]    Compiling regex v1.7.1
[INFO] [stderr]    Compiling assert_cmd v2.0.9
[INFO] [stderr]    Compiling is-terminal v0.4.4
[INFO] [stderr]    Compiling tempfile v3.4.0
[INFO] [stderr]    Compiling clap v4.1.8
[INFO] [stderr]    Compiling globset v0.4.10
[INFO] [stderr]    Compiling predicates v2.1.5
[INFO] [stderr]    Compiling ignore v0.4.20
[INFO] [stderr]    Compiling globwalk v0.8.1
[INFO] [stderr]    Compiling assert_fs v1.0.11
[INFO] [stderr]    Compiling deepl-api v0.4.3 (/opt/rustwide/workdir)
[INFO] [stdout] warning: trailing semicolon in macro used in expression position
[INFO] [stdout]    --> src/lib.rs:230:17
[INFO] [stdout]     |
[INFO] [stdout] 230 |                 bail!(ErrorKind::AuthorizationError)
[INFO] [stdout]     |                 ^^^^^^^^^^^^^^^^^^^^^^^^^^^^^^^^^^^^
[INFO] [stdout]     |
[INFO] [stdout]     = note: macro invocations at the end of a block are treated as expressions
[INFO] [stdout]     = note: to ignore the value produced by the macro, add a semicolon after the invocation of `bail`
[INFO] [stdout]     = warning: this was previously accepted by the compiler but is being phased out; it will become a hard error in a future release!
[INFO] [stdout]     = note: for more information, see issue #79813 <https://github.com/rust-lang/rust/issues/79813>
[INFO] [stdout]     = note: `#[warn(semicolon_in_expressions_from_non_local_macros)]` (part of `#[warn(future_incompatible)]`) on by default
[INFO] [stdout]     = note: this warning originates in the macro `bail` (in Nightly builds, run with -Z macro-backtrace for more info)
[INFO] [stdout] 
[INFO] [stdout] 
[INFO] [stdout] warning: trailing semicolon in macro used in expression position
[INFO] [stdout]    --> src/lib.rs:233:17
[INFO] [stdout]     |
[INFO] [stdout] 233 |                 bail!(ErrorKind::AuthorizationError)
[INFO] [stdout]     |                 ^^^^^^^^^^^^^^^^^^^^^^^^^^^^^^^^^^^^
[INFO] [stdout]     |
[INFO] [stdout]     = note: macro invocations at the end of a block are treated as expressions
[INFO] [stdout]     = note: to ignore the value produced by the macro, add a semicolon after the invocation of `bail`
[INFO] [stdout]     = warning: this was previously accepted by the compiler but is being phased out; it will become a hard error in a future release!
[INFO] [stdout]     = note: for more information, see issue #79813 <https://github.com/rust-lang/rust/issues/79813>
[INFO] [stdout]     = note: this warning originates in the macro `bail` (in Nightly builds, run with -Z macro-backtrace for more info)
[INFO] [stdout] 
[INFO] [stdout] 
[INFO] [stdout] warning: trailing semicolon in macro used in expression position
[INFO] [stdout]    --> src/lib.rs:236:17
[INFO] [stdout]     |
[INFO] [stdout] 236 |                 bail!(ErrorKind::NotFoundError)
[INFO] [stdout]     |                 ^^^^^^^^^^^^^^^^^^^^^^^^^^^^^^^
[INFO] [stdout]     |
[INFO] [stdout]     = note: macro invocations at the end of a block are treated as expressions
[INFO] [stdout]     = note: to ignore the value produced by the macro, add a semicolon after the invocation of `bail`
[INFO] [stdout]     = warning: this was previously accepted by the compiler but is being phased out; it will become a hard error in a future release!
[INFO] [stdout]     = note: for more information, see issue #79813 <https://github.com/rust-lang/rust/issues/79813>
[INFO] [stdout]     = note: this warning originates in the macro `bail` (in Nightly builds, run with -Z macro-backtrace for more info)
[INFO] [stdout] 
[INFO] [stdout] 
[INFO] [stdout] warning: trailing semicolon in macro used in expression position
[INFO] [stdout]    --> src/lib.rs:243:41
[INFO] [stdout]     |
[INFO] [stdout] 243 | ...ror) => bail!(ErrorKind::ServerError(format!("{}: {}", server_error.message, server_error.detail.unwrap_or_default()))),
[INFO] [stdout]     |            ^^^^^^^^^^^^^^^^^^^^^^^^^^^^^^^^^^^^^^^^^^^^^^^^^^^^^^^^^^^^^^^^^^^^^^^^^^^^^^^^^^^^^^^^^^^^^^^^^^^^^^^^^^^^^^^
[INFO] [stdout]     |
[INFO] [stdout]     = warning: this was previously accepted by the compiler but is being phased out; it will become a hard error in a future release!
[INFO] [stdout]     = note: for more information, see issue #79813 <https://github.com/rust-lang/rust/issues/79813>
[INFO] [stdout]     = note: this warning originates in the macro `bail` (in Nightly builds, run with -Z macro-backtrace for more info)
[INFO] [stdout] 
[INFO] [stdout] 
[INFO] [stdout] warning: trailing semicolon in macro used in expression position
[INFO] [stdout]    --> src/lib.rs:244:26
[INFO] [stdout]     |
[INFO] [stdout] 244 |                     _ => bail!(ErrorKind::ServerError(status.to_string())),
[INFO] [stdout]     |                          ^^^^^^^^^^^^^^^^^^^^^^^^^^^^^^^^^^^^^^^^^^^^^^^^^
[INFO] [stdout]     |
[INFO] [stdout]     = warning: this was previously accepted by the compiler but is being phased out; it will become a hard error in a future release!
[INFO] [stdout]     = note: for more information, see issue #79813 <https://github.com/rust-lang/rust/issues/79813>
[INFO] [stdout]     = note: this warning originates in the macro `bail` (in Nightly builds, run with -Z macro-backtrace for more info)
[INFO] [stdout] 
[INFO] [stdout] 
[INFO] [stdout] warning: trailing semicolon in macro used in expression position
[INFO] [stdout]    --> src/lib.rs:248:17
[INFO] [stdout]     |
[INFO] [stdout] 248 |                 bail!(e)
[INFO] [stdout]     |                 ^^^^^^^^
[INFO] [stdout]     |
[INFO] [stdout]     = note: macro invocations at the end of a block are treated as expressions
[INFO] [stdout]     = note: to ignore the value produced by the macro, add a semicolon after the invocation of `bail`
[INFO] [stdout]     = warning: this was previously accepted by the compiler but is being phased out; it will become a hard error in a future release!
[INFO] [stdout]     = note: for more information, see issue #79813 <https://github.com/rust-lang/rust/issues/79813>
[INFO] [stdout]     = note: this warning originates in the macro `bail` (in Nightly builds, run with -Z macro-backtrace for more info)
[INFO] [stdout] 
[INFO] [stdout] 
[INFO] [stdout] warning: trailing semicolon in macro used in expression position
[INFO] [stdout]    --> src/lib.rs:289:18
[INFO] [stdout]     |
[INFO] [stdout] 289 |             _ => bail!(ErrorKind::DeserializationError),
[INFO] [stdout]     |                  ^^^^^^^^^^^^^^^^^^^^^^^^^^^^^^^^^^^^^^
[INFO] [stdout]     |
[INFO] [stdout]     = warning: this was previously accepted by the compiler but is being phased out; it will become a hard error in a future release!
[INFO] [stdout]     = note: for more information, see issue #79813 <https://github.com/rust-lang/rust/issues/79813>
[INFO] [stdout]     = note: this warning originates in the macro `bail` (in Nightly builds, run with -Z macro-backtrace for more info)
[INFO] [stdout] 
[INFO] [stdout] 
[INFO] [stdout] warning: trailing semicolon in macro used in expression position
[INFO] [stdout]    --> src/lib.rs:351:18
[INFO] [stdout]     |
[INFO] [stdout] 351 |             _ => bail!(ErrorKind::DeserializationError),
[INFO] [stdout]     |                  ^^^^^^^^^^^^^^^^^^^^^^^^^^^^^^^^^^^^^^
[INFO] [stdout]     |
[INFO] [stdout]     = warning: this was previously accepted by the compiler but is being phased out; it will become a hard error in a future release!
[INFO] [stdout]     = note: for more information, see issue #79813 <https://github.com/rust-lang/rust/issues/79813>
[INFO] [stdout]     = note: this warning originates in the macro `bail` (in Nightly builds, run with -Z macro-backtrace for more info)
[INFO] [stdout] 
[INFO] [stdout] 
[INFO] [stdout] warning: trailing semicolon in macro used in expression position
[INFO] [stdout]    --> src/lib.rs:379:18
[INFO] [stdout]     |
[INFO] [stdout] 379 |             _ => bail!(ErrorKind::DeserializationError),
[INFO] [stdout]     |                  ^^^^^^^^^^^^^^^^^^^^^^^^^^^^^^^^^^^^^^
[INFO] [stdout]     |
[INFO] [stdout]     = warning: this was previously accepted by the compiler but is being phased out; it will become a hard error in a future release!
[INFO] [stdout]     = note: for more information, see issue #79813 <https://github.com/rust-lang/rust/issues/79813>
[INFO] [stdout]     = note: this warning originates in the macro `bail` (in Nightly builds, run with -Z macro-backtrace for more info)
[INFO] [stdout] 
[INFO] [stdout] 
[INFO] [stdout] warning: trailing semicolon in macro used in expression position
[INFO] [stdout]    --> src/lib.rs:391:18
[INFO] [stdout]     |
[INFO] [stdout] 391 |             _ => bail!(ErrorKind::DeserializationError),
[INFO] [stdout]     |                  ^^^^^^^^^^^^^^^^^^^^^^^^^^^^^^^^^^^^^^
[INFO] [stdout]     |
[INFO] [stdout]     = warning: this was previously accepted by the compiler but is being phased out; it will become a hard error in a future release!
[INFO] [stdout]     = note: for more information, see issue #79813 <https://github.com/rust-lang/rust/issues/79813>
[INFO] [stdout]     = note: this warning originates in the macro `bail` (in Nightly builds, run with -Z macro-backtrace for more info)
[INFO] [stdout] 
[INFO] [stdout] 
[INFO] [stdout] warning: trailing semicolon in macro used in expression position
[INFO] [stdout]    --> src/lib.rs:410:18
[INFO] [stdout]     |
[INFO] [stdout] 410 |             _ => bail!(ErrorKind::DeserializationError),
[INFO] [stdout]     |                  ^^^^^^^^^^^^^^^^^^^^^^^^^^^^^^^^^^^^^^
[INFO] [stdout]     |
[INFO] [stdout]     = warning: this was previously accepted by the compiler but is being phased out; it will become a hard error in a future release!
[INFO] [stdout]     = note: for more information, see issue #79813 <https://github.com/rust-lang/rust/issues/79813>
[INFO] [stdout]     = note: this warning originates in the macro `bail` (in Nightly builds, run with -Z macro-backtrace for more info)
[INFO] [stdout] 
[INFO] [stdout] 
[INFO] [stdout] warning: unexpected `cfg` condition name: `has_error_description_deprecated`
[INFO] [stdout]    --> src/lib.rs:417:5
[INFO] [stdout]     |
[INFO] [stdout] 417 |     error_chain! {}
[INFO] [stdout]     |     ^^^^^^^^^^^^^^^
[INFO] [stdout]     |
[INFO] [stdout]     = help: expected names are: `docsrs`, `feature`, and `test` and 34 more
[INFO] [stdout]     = note: using a cfg inside a macro will use the cfgs from the destination crate and not the ones from the defining crate
[INFO] [stdout]     = help: try referring to `impl_error_chain_processed` crate for guidance on how handle this unexpected cfg
[INFO] [stdout]     = note: see <https://doc.rust-lang.org/nightly/rustc/check-cfg/cargo-specifics.html> for more information about checking conditional configuration
[INFO] [stdout]     = note: `#[warn(unexpected_cfgs)]` on by default
[INFO] [stdout]     = note: this warning originates in the macro `impl_error_chain_processed` which comes from the expansion of the macro `error_chain` (in Nightly builds, run with -Z macro-backtrace for more info)
[INFO] [stdout] 
[INFO] [stdout] 
[INFO] [stdout] warning: unused import: `errors::*`
[INFO] [stdout]    --> src/lib.rs:420:9
[INFO] [stdout]     |
[INFO] [stdout] 420 | pub use errors::*;
[INFO] [stdout]     |         ^^^^^^^^^
[INFO] [stdout]     |
[INFO] [stdout]     = note: `#[warn(unused_imports)]` (part of `#[warn(unused)]`) on by default
[INFO] [stdout] 
[INFO] [stdout] 
[INFO] [stdout] warning: unexpected `cfg` condition name: `has_error_description_deprecated`
[INFO] [stdout]    --> src/lib.rs:422:1
[INFO] [stdout]     |
[INFO] [stdout] 422 | / error_chain! {
[INFO] [stdout] 423 | |     foreign_links {
[INFO] [stdout] 424 | |         IO(std::io::Error);
[INFO] [stdout] 425 | |         Transport(reqwest::Error);
[INFO] [stdout] ...   |
[INFO] [stdout] 451 | |     skip_msg_variant
[INFO] [stdout] 452 | | }
[INFO] [stdout]     | |_^
[INFO] [stdout]     |
[INFO] [stdout]     = note: using a cfg inside a macro will use the cfgs from the destination crate and not the ones from the defining crate
[INFO] [stdout]     = help: try referring to `impl_error_chain_processed` crate for guidance on how handle this unexpected cfg
[INFO] [stdout]     = note: see <https://doc.rust-lang.org/nightly/rustc/check-cfg/cargo-specifics.html> for more information about checking conditional configuration
[INFO] [stdout]     = note: this warning originates in the macro `impl_error_chain_processed` which comes from the expansion of the macro `error_chain` (in Nightly builds, run with -Z macro-backtrace for more info)
[INFO] [stdout] 
[INFO] [stdout] 
[INFO] [stdout] warning: unused import: `clap::Subcommand`
[INFO] [stdout]  --> src/bin/deepl/parse_arguments.rs:2:9
[INFO] [stdout]   |
[INFO] [stdout] 2 | pub use clap::Subcommand;
[INFO] [stdout]   |         ^^^^^^^^^^^^^^^^
[INFO] [stdout]   |
[INFO] [stdout]   = note: `#[warn(unused_imports)]` (part of `#[warn(unused)]`) on by default
[INFO] [stdout] 
[INFO] [stdout] 
[INFO] [stdout] warning: unused import: `clap::Subcommand`
[INFO] [stdout]  --> src/bin/deepl/parse_arguments.rs:2:9
[INFO] [stdout]   |
[INFO] [stdout] 2 | pub use clap::Subcommand;
[INFO] [stdout]   |         ^^^^^^^^^^^^^^^^
[INFO] [stdout]   |
[INFO] [stdout]   = note: `#[warn(unused_imports)]` (part of `#[warn(unused)]`) on by default
[INFO] [stdout] 
[INFO] [stdout] 
[INFO] [stdout] warning: trailing semicolon in macro used in expression position
[INFO] [stdout]    --> src/lib.rs:230:17
[INFO] [stdout]     |
[INFO] [stdout] 230 |                 bail!(ErrorKind::AuthorizationError)
[INFO] [stdout]     |                 ^^^^^^^^^^^^^^^^^^^^^^^^^^^^^^^^^^^^
[INFO] [stdout]     |
[INFO] [stdout]     = note: macro invocations at the end of a block are treated as expressions
[INFO] [stdout]     = note: to ignore the value produced by the macro, add a semicolon after the invocation of `bail`
[INFO] [stdout]     = warning: this was previously accepted by the compiler but is being phased out; it will become a hard error in a future release!
[INFO] [stdout]     = note: for more information, see issue #79813 <https://github.com/rust-lang/rust/issues/79813>
[INFO] [stdout]     = note: `#[warn(semicolon_in_expressions_from_non_local_macros)]` (part of `#[warn(future_incompatible)]`) on by default
[INFO] [stdout]     = note: this warning originates in the macro `bail` (in Nightly builds, run with -Z macro-backtrace for more info)
[INFO] [stdout] 
[INFO] [stdout] 
[INFO] [stdout] warning: trailing semicolon in macro used in expression position
[INFO] [stdout]    --> src/lib.rs:233:17
[INFO] [stdout]     |
[INFO] [stdout] 233 |                 bail!(ErrorKind::AuthorizationError)
[INFO] [stdout]     |                 ^^^^^^^^^^^^^^^^^^^^^^^^^^^^^^^^^^^^
[INFO] [stdout]     |
[INFO] [stdout]     = note: macro invocations at the end of a block are treated as expressions
[INFO] [stdout]     = note: to ignore the value produced by the macro, add a semicolon after the invocation of `bail`
[INFO] [stdout]     = warning: this was previously accepted by the compiler but is being phased out; it will become a hard error in a future release!
[INFO] [stdout]     = note: for more information, see issue #79813 <https://github.com/rust-lang/rust/issues/79813>
[INFO] [stdout]     = note: this warning originates in the macro `bail` (in Nightly builds, run with -Z macro-backtrace for more info)
[INFO] [stdout] 
[INFO] [stdout] 
[INFO] [stdout] warning: trailing semicolon in macro used in expression position
[INFO] [stdout]    --> src/lib.rs:236:17
[INFO] [stdout]     |
[INFO] [stdout] 236 |                 bail!(ErrorKind::NotFoundError)
[INFO] [stdout]     |                 ^^^^^^^^^^^^^^^^^^^^^^^^^^^^^^^
[INFO] [stdout]     |
[INFO] [stdout]     = note: macro invocations at the end of a block are treated as expressions
[INFO] [stdout]     = note: to ignore the value produced by the macro, add a semicolon after the invocation of `bail`
[INFO] [stdout]     = warning: this was previously accepted by the compiler but is being phased out; it will become a hard error in a future release!
[INFO] [stdout]     = note: for more information, see issue #79813 <https://github.com/rust-lang/rust/issues/79813>
[INFO] [stdout]     = note: this warning originates in the macro `bail` (in Nightly builds, run with -Z macro-backtrace for more info)
[INFO] [stdout] 
[INFO] [stdout] 
[INFO] [stdout] warning: trailing semicolon in macro used in expression position
[INFO] [stdout]    --> src/lib.rs:243:41
[INFO] [stdout]     |
[INFO] [stdout] 243 | ...ror) => bail!(ErrorKind::ServerError(format!("{}: {}", server_error.message, server_error.detail.unwrap_or_default()))),
[INFO] [stdout]     |            ^^^^^^^^^^^^^^^^^^^^^^^^^^^^^^^^^^^^^^^^^^^^^^^^^^^^^^^^^^^^^^^^^^^^^^^^^^^^^^^^^^^^^^^^^^^^^^^^^^^^^^^^^^^^^^^
[INFO] [stdout]     |
[INFO] [stdout]     = warning: this was previously accepted by the compiler but is being phased out; it will become a hard error in a future release!
[INFO] [stdout]     = note: for more information, see issue #79813 <https://github.com/rust-lang/rust/issues/79813>
[INFO] [stdout]     = note: this warning originates in the macro `bail` (in Nightly builds, run with -Z macro-backtrace for more info)
[INFO] [stdout] 
[INFO] [stdout] 
[INFO] [stdout] warning: trailing semicolon in macro used in expression position
[INFO] [stdout]    --> src/lib.rs:244:26
[INFO] [stdout]     |
[INFO] [stdout] 244 |                     _ => bail!(ErrorKind::ServerError(status.to_string())),
[INFO] [stdout]     |                          ^^^^^^^^^^^^^^^^^^^^^^^^^^^^^^^^^^^^^^^^^^^^^^^^^
[INFO] [stdout]     |
[INFO] [stdout]     = warning: this was previously accepted by the compiler but is being phased out; it will become a hard error in a future release!
[INFO] [stdout]     = note: for more information, see issue #79813 <https://github.com/rust-lang/rust/issues/79813>
[INFO] [stdout]     = note: this warning originates in the macro `bail` (in Nightly builds, run with -Z macro-backtrace for more info)
[INFO] [stdout] 
[INFO] [stdout] 
[INFO] [stdout] warning: trailing semicolon in macro used in expression position
[INFO] [stdout]    --> src/lib.rs:248:17
[INFO] [stdout]     |
[INFO] [stdout] 248 |                 bail!(e)
[INFO] [stdout]     |                 ^^^^^^^^
[INFO] [stdout]     |
[INFO] [stdout]     = note: macro invocations at the end of a block are treated as expressions
[INFO] [stdout]     = note: to ignore the value produced by the macro, add a semicolon after the invocation of `bail`
[INFO] [stdout]     = warning: this was previously accepted by the compiler but is being phased out; it will become a hard error in a future release!
[INFO] [stdout]     = note: for more information, see issue #79813 <https://github.com/rust-lang/rust/issues/79813>
[INFO] [stdout]     = note: this warning originates in the macro `bail` (in Nightly builds, run with -Z macro-backtrace for more info)
[INFO] [stdout] 
[INFO] [stdout] 
[INFO] [stdout] warning: trailing semicolon in macro used in expression position
[INFO] [stdout]    --> src/lib.rs:289:18
[INFO] [stdout]     |
[INFO] [stdout] 289 |             _ => bail!(ErrorKind::DeserializationError),
[INFO] [stdout]     |                  ^^^^^^^^^^^^^^^^^^^^^^^^^^^^^^^^^^^^^^
[INFO] [stdout]     |
[INFO] [stdout]     = warning: this was previously accepted by the compiler but is being phased out; it will become a hard error in a future release!
[INFO] [stdout]     = note: for more information, see issue #79813 <https://github.com/rust-lang/rust/issues/79813>
[INFO] [stdout]     = note: this warning originates in the macro `bail` (in Nightly builds, run with -Z macro-backtrace for more info)
[INFO] [stdout] 
[INFO] [stdout] 
[INFO] [stdout] warning: trailing semicolon in macro used in expression position
[INFO] [stdout]    --> src/lib.rs:351:18
[INFO] [stdout]     |
[INFO] [stdout] 351 |             _ => bail!(ErrorKind::DeserializationError),
[INFO] [stdout]     |                  ^^^^^^^^^^^^^^^^^^^^^^^^^^^^^^^^^^^^^^
[INFO] [stdout]     |
[INFO] [stdout]     = warning: this was previously accepted by the compiler but is being phased out; it will become a hard error in a future release!
[INFO] [stdout]     = note: for more information, see issue #79813 <https://github.com/rust-lang/rust/issues/79813>
[INFO] [stdout]     = note: this warning originates in the macro `bail` (in Nightly builds, run with -Z macro-backtrace for more info)
[INFO] [stdout] 
[INFO] [stdout] 
[INFO] [stdout] warning: trailing semicolon in macro used in expression position
[INFO] [stdout]    --> src/lib.rs:379:18
[INFO] [stdout]     |
[INFO] [stdout] 379 |             _ => bail!(ErrorKind::DeserializationError),
[INFO] [stdout]     |                  ^^^^^^^^^^^^^^^^^^^^^^^^^^^^^^^^^^^^^^
[INFO] [stdout]     |
[INFO] [stdout]     = warning: this was previously accepted by the compiler but is being phased out; it will become a hard error in a future release!
[INFO] [stdout]     = note: for more information, see issue #79813 <https://github.com/rust-lang/rust/issues/79813>
[INFO] [stdout]     = note: this warning originates in the macro `bail` (in Nightly builds, run with -Z macro-backtrace for more info)
[INFO] [stdout] 
[INFO] [stdout] 
[INFO] [stdout] warning: trailing semicolon in macro used in expression position
[INFO] [stdout]    --> src/lib.rs:391:18
[INFO] [stdout]     |
[INFO] [stdout] 391 |             _ => bail!(ErrorKind::DeserializationError),
[INFO] [stdout]     |                  ^^^^^^^^^^^^^^^^^^^^^^^^^^^^^^^^^^^^^^
[INFO] [stdout]     |
[INFO] [stdout]     = warning: this was previously accepted by the compiler but is being phased out; it will become a hard error in a future release!
[INFO] [stdout]     = note: for more information, see issue #79813 <https://github.com/rust-lang/rust/issues/79813>
[INFO] [stdout]     = note: this warning originates in the macro `bail` (in Nightly builds, run with -Z macro-backtrace for more info)
[INFO] [stdout] 
[INFO] [stdout] 
[INFO] [stdout] warning: trailing semicolon in macro used in expression position
[INFO] [stdout]    --> src/lib.rs:410:18
[INFO] [stdout]     |
[INFO] [stdout] 410 |             _ => bail!(ErrorKind::DeserializationError),
[INFO] [stdout]     |                  ^^^^^^^^^^^^^^^^^^^^^^^^^^^^^^^^^^^^^^
[INFO] [stdout]     |
[INFO] [stdout]     = warning: this was previously accepted by the compiler but is being phased out; it will become a hard error in a future release!
[INFO] [stdout]     = note: for more information, see issue #79813 <https://github.com/rust-lang/rust/issues/79813>
[INFO] [stdout]     = note: this warning originates in the macro `bail` (in Nightly builds, run with -Z macro-backtrace for more info)
[INFO] [stdout] 
[INFO] [stdout] 
[INFO] [stdout] warning: unexpected `cfg` condition name: `has_error_description_deprecated`
[INFO] [stdout]    --> src/lib.rs:417:5
[INFO] [stdout]     |
[INFO] [stdout] 417 |     error_chain! {}
[INFO] [stdout]     |     ^^^^^^^^^^^^^^^
[INFO] [stdout]     |
[INFO] [stdout]     = help: expected names are: `docsrs`, `feature`, and `test` and 34 more
[INFO] [stdout]     = note: using a cfg inside a macro will use the cfgs from the destination crate and not the ones from the defining crate
[INFO] [stdout]     = help: try referring to `impl_error_chain_processed` crate for guidance on how handle this unexpected cfg
[INFO] [stdout]     = note: see <https://doc.rust-lang.org/nightly/rustc/check-cfg/cargo-specifics.html> for more information about checking conditional configuration
[INFO] [stdout]     = note: `#[warn(unexpected_cfgs)]` on by default
[INFO] [stdout]     = note: this warning originates in the macro `impl_error_chain_processed` which comes from the expansion of the macro `error_chain` (in Nightly builds, run with -Z macro-backtrace for more info)
[INFO] [stdout] 
[INFO] [stdout] 
[INFO] [stdout] warning: unused import: `errors::*`
[INFO] [stdout]    --> src/lib.rs:420:9
[INFO] [stdout]     |
[INFO] [stdout] 420 | pub use errors::*;
[INFO] [stdout]     |         ^^^^^^^^^
[INFO] [stdout]     |
[INFO] [stdout]     = note: `#[warn(unused_imports)]` (part of `#[warn(unused)]`) on by default
[INFO] [stdout] 
[INFO] [stdout] 
[INFO] [stdout] warning: unexpected `cfg` condition name: `has_error_description_deprecated`
[INFO] [stdout]    --> src/lib.rs:422:1
[INFO] [stdout]     |
[INFO] [stdout] 422 | / error_chain! {
[INFO] [stdout] 423 | |     foreign_links {
[INFO] [stdout] 424 | |         IO(std::io::Error);
[INFO] [stdout] 425 | |         Transport(reqwest::Error);
[INFO] [stdout] ...   |
[INFO] [stdout] 451 | |     skip_msg_variant
[INFO] [stdout] 452 | | }
[INFO] [stdout]     | |_^
[INFO] [stdout]     |
[INFO] [stdout]     = note: using a cfg inside a macro will use the cfgs from the destination crate and not the ones from the defining crate
[INFO] [stdout]     = help: try referring to `impl_error_chain_processed` crate for guidance on how handle this unexpected cfg
[INFO] [stdout]     = note: see <https://doc.rust-lang.org/nightly/rustc/check-cfg/cargo-specifics.html> for more information about checking conditional configuration
[INFO] [stdout]     = note: this warning originates in the macro `impl_error_chain_processed` which comes from the expansion of the macro `error_chain` (in Nightly builds, run with -Z macro-backtrace for more info)
[INFO] [stdout] 
[INFO] [stdout] 
[INFO] [stderr]     Finished `release` profile [optimized] target(s) in 41.92s
[INFO] [stderr] warning: the following packages contain code that will be rejected by a future version of Rust: openssl v0.10.46
[INFO] [stderr] note: to see what the problems were, use the option `--future-incompat-report`, or run `cargo report future-incompatibilities --id 1`
[INFO] running `Command { std: "docker" "inspect" "0cfcf16ef50daeb025d97fb1c6fafc6851162a7f091f8f9da54f02ce8faa64b1", kill_on_drop: false }`
[INFO] running `Command { std: "docker" "exec" "-e" "SOURCE_DIR=/opt/rustwide/workdir" "-e" "CARGO_HOME=/opt/rustwide/cargo-home" "-e" "RUSTUP_HOME=/opt/rustwide/rustup-home" "-e" "CARGO_TARGET_DIR=/opt/rustwide/target" "-e" "CARGO_INCREMENTAL=0" "-e" "RUST_BACKTRACE=full" "-e" "RUSTFLAGS=--cap-lints=warn" "-e" "RUSTDOCFLAGS=--cap-lints=warn" "-w" "/opt/rustwide/workdir" "--user" "0:0" "0cfcf16ef50daeb025d97fb1c6fafc6851162a7f091f8f9da54f02ce8faa64b1" "/opt/rustwide/cargo-home/bin/cargo" "+1.99.0-beta.8" "test" "--frozen" "--release", kill_on_drop: false }`
[INFO] [stderr] warning: trailing semicolon in macro used in expression position
[INFO] [stderr]    --> src/lib.rs:230:17
[INFO] [stderr]     |
[INFO] [stderr] 230 |                 bail!(ErrorKind::AuthorizationError)
[INFO] [stderr]     |                 ^^^^^^^^^^^^^^^^^^^^^^^^^^^^^^^^^^^^
[INFO] [stderr]     |
[INFO] [stderr]     = note: macro invocations at the end of a block are treated as expressions
[INFO] [stderr]     = note: to ignore the value produced by the macro, add a semicolon after the invocation of `bail`
[INFO] [stderr]     = warning: this was previously accepted by the compiler but is being phased out; it will become a hard error in a future release!
[INFO] [stderr]     = note: for more information, see issue #79813 <https://github.com/rust-lang/rust/issues/79813>
[INFO] [stderr]     = note: `#[warn(semicolon_in_expressions_from_non_local_macros)]` (part of `#[warn(future_incompatible)]`) on by default
[INFO] [stderr]     = note: this warning originates in the macro `bail` (in Nightly builds, run with -Z macro-backtrace for more info)
[INFO] [stderr] 
[INFO] [stderr] warning: trailing semicolon in macro used in expression position
[INFO] [stderr]    --> src/lib.rs:233:17
[INFO] [stderr]     |
[INFO] [stderr] 233 |                 bail!(ErrorKind::AuthorizationError)
[INFO] [stderr]     |                 ^^^^^^^^^^^^^^^^^^^^^^^^^^^^^^^^^^^^
[INFO] [stderr]     |
[INFO] [stderr]     = note: macro invocations at the end of a block are treated as expressions
[INFO] [stderr]     = note: to ignore the value produced by the macro, add a semicolon after the invocation of `bail`
[INFO] [stderr]     = warning: this was previously accepted by the compiler but is being phased out; it will become a hard error in a future release!
[INFO] [stderr]     = note: for more information, see issue #79813 <https://github.com/rust-lang/rust/issues/79813>
[INFO] [stderr]     = note: this warning originates in the macro `bail` (in Nightly builds, run with -Z macro-backtrace for more info)
[INFO] [stderr] 
[INFO] [stderr] warning: trailing semicolon in macro used in expression position
[INFO] [stderr]    --> src/lib.rs:236:17
[INFO] [stderr]     |
[INFO] [stderr] 236 |                 bail!(ErrorKind::NotFoundError)
[INFO] [stderr]     |                 ^^^^^^^^^^^^^^^^^^^^^^^^^^^^^^^
[INFO] [stderr]     |
[INFO] [stderr]     = note: macro invocations at the end of a block are treated as expressions
[INFO] [stderr]     = note: to ignore the value produced by the macro, add a semicolon after the invocation of `bail`
[INFO] [stderr]     = warning: this was previously accepted by the compiler but is being phased out; it will become a hard error in a future release!
[INFO] [stderr]     = note: for more information, see issue #79813 <https://github.com/rust-lang/rust/issues/79813>
[INFO] [stderr]     = note: this warning originates in the macro `bail` (in Nightly builds, run with -Z macro-backtrace for more info)
[INFO] [stderr] 
[INFO] [stderr] warning: trailing semicolon in macro used in expression position
[INFO] [stderr]    --> src/lib.rs:243:41
[INFO] [stderr]     |
[INFO] [stderr] 243 | ...ror) => bail!(ErrorKind::ServerError(format!("{}: {}", server_error.message, server_error.detail.unwrap_or_default()))),
[INFO] [stderr]     |            ^^^^^^^^^^^^^^^^^^^^^^^^^^^^^^^^^^^^^^^^^^^^^^^^^^^^^^^^^^^^^^^^^^^^^^^^^^^^^^^^^^^^^^^^^^^^^^^^^^^^^^^^^^^^^^^
[INFO] [stderr]     |
[INFO] [stderr]     = warning: this was previously accepted by the compiler but is being phased out; it will become a hard error in a future release!
[INFO] [stderr]     = note: for more information, see issue #79813 <https://github.com/rust-lang/rust/issues/79813>
[INFO] [stderr]     = note: this warning originates in the macro `bail` (in Nightly builds, run with -Z macro-backtrace for more info)
[INFO] [stderr] 
[INFO] [stderr] warning: trailing semicolon in macro used in expression position
[INFO] [stderr]    --> src/lib.rs:244:26
[INFO] [stderr]     |
[INFO] [stderr] 244 |                     _ => bail!(ErrorKind::ServerError(status.to_string())),
[INFO] [stderr]     |                          ^^^^^^^^^^^^^^^^^^^^^^^^^^^^^^^^^^^^^^^^^^^^^^^^^
[INFO] [stderr]     |
[INFO] [stderr]     = warning: this was previously accepted by the compiler but is being phased out; it will become a hard error in a future release!
[INFO] [stderr]     = note: for more information, see issue #79813 <https://github.com/rust-lang/rust/issues/79813>
[INFO] [stderr]     = note: this warning originates in the macro `bail` (in Nightly builds, run with -Z macro-backtrace for more info)
[INFO] [stderr] 
[INFO] [stderr] warning: trailing semicolon in macro used in expression position
[INFO] [stderr]    --> src/lib.rs:248:17
[INFO] [stderr]     |
[INFO] [stderr] 248 |                 bail!(e)
[INFO] [stderr]     |                 ^^^^^^^^
[INFO] [stderr]     |
[INFO] [stderr]     = note: macro invocations at the end of a block are treated as expressions
[INFO] [stderr]     = note: to ignore the value produced by the macro, add a semicolon after the invocation of `bail`
[INFO] [stderr]     = warning: this was previously accepted by the compiler but is being phased out; it will become a hard error in a future release!
[INFO] [stderr]     = note: for more information, see issue #79813 <https://github.com/rust-lang/rust/issues/79813>
[INFO] [stderr]     = note: this warning originates in the macro `bail` (in Nightly builds, run with -Z macro-backtrace for more info)
[INFO] [stderr] 
[INFO] [stderr] warning: trailing semicolon in macro used in expression position
[INFO] [stderr]    --> src/lib.rs:289:18
[INFO] [stderr]     |
[INFO] [stderr] 289 |             _ => bail!(ErrorKind::DeserializationError),
[INFO] [stderr]     |                  ^^^^^^^^^^^^^^^^^^^^^^^^^^^^^^^^^^^^^^
[INFO] [stderr]     |
[INFO] [stderr]     = warning: this was previously accepted by the compiler but is being phased out; it will become a hard error in a future release!
[INFO] [stderr]     = note: for more information, see issue #79813 <https://github.com/rust-lang/rust/issues/79813>
[INFO] [stderr]     = note: this warning originates in the macro `bail` (in Nightly builds, run with -Z macro-backtrace for more info)
[INFO] [stderr] 
[INFO] [stderr] warning: trailing semicolon in macro used in expression position
[INFO] [stderr]    --> src/lib.rs:351:18
[INFO] [stderr]     |
[INFO] [stderr] 351 |             _ => bail!(ErrorKind::DeserializationError),
[INFO] [stderr]     |                  ^^^^^^^^^^^^^^^^^^^^^^^^^^^^^^^^^^^^^^
[INFO] [stderr]     |
[INFO] [stderr]     = warning: this was previously accepted by the compiler but is being phased out; it will become a hard error in a future release!
[INFO] [stderr]     = note: for more information, see issue #79813 <https://github.com/rust-lang/rust/issues/79813>
[INFO] [stderr]     = note: this warning originates in the macro `bail` (in Nightly builds, run with -Z macro-backtrace for more info)
[INFO] [stderr] 
[INFO] [stderr] warning: trailing semicolon in macro used in expression position
[INFO] [stderr]    --> src/lib.rs:379:18
[INFO] [stderr]     |
[INFO] [stderr] 379 |             _ => bail!(ErrorKind::DeserializationError),
[INFO] [stderr]     |                  ^^^^^^^^^^^^^^^^^^^^^^^^^^^^^^^^^^^^^^
[INFO] [stderr]     |
[INFO] [stderr]     = warning: this was previously accepted by the compiler but is being phased out; it will become a hard error in a future release!
[INFO] [stderr]     = note: for more information, see issue #79813 <https://github.com/rust-lang/rust/issues/79813>
[INFO] [stderr]     = note: this warning originates in the macro `bail` (in Nightly builds, run with -Z macro-backtrace for more info)
[INFO] [stderr] 
[INFO] [stderr] warning: trailing semicolon in macro used in expression position
[INFO] [stderr]    --> src/lib.rs:391:18
[INFO] [stderr]     |
[INFO] [stderr] 391 |             _ => bail!(ErrorKind::DeserializationError),
[INFO] [stderr]     |                  ^^^^^^^^^^^^^^^^^^^^^^^^^^^^^^^^^^^^^^
[INFO] [stderr]     |
[INFO] [stderr]     = warning: this was previously accepted by the compiler but is being phased out; it will become a hard error in a future release!
[INFO] [stderr]     = note: for more information, see issue #79813 <https://github.com/rust-lang/rust/issues/79813>
[INFO] [stderr]     = note: this warning originates in the macro `bail` (in Nightly builds, run with -Z macro-backtrace for more info)
[INFO] [stderr] 
[INFO] [stderr] warning: trailing semicolon in macro used in expression position
[INFO] [stderr]    --> src/lib.rs:410:18
[INFO] [stderr]     |
[INFO] [stderr] 410 |             _ => bail!(ErrorKind::DeserializationError),
[INFO] [stderr]     |                  ^^^^^^^^^^^^^^^^^^^^^^^^^^^^^^^^^^^^^^
[INFO] [stderr]     |
[INFO] [stderr]     = warning: this was previously accepted by the compiler but is being phased out; it will become a hard error in a future release!
[INFO] [stderr]     = note: for more information, see issue #79813 <https://github.com/rust-lang/rust/issues/79813>
[INFO] [stderr]     = note: this warning originates in the macro `bail` (in Nightly builds, run with -Z macro-backtrace for more info)
[INFO] [stderr] 
[INFO] [stderr] warning: unexpected `cfg` condition name: `has_error_description_deprecated`
[INFO] [stderr]    --> src/lib.rs:417:5
[INFO] [stderr]     |
[INFO] [stderr] 417 |     error_chain! {}
[INFO] [stderr]     |     ^^^^^^^^^^^^^^^
[INFO] [stderr]     |
[INFO] [stderr]     = help: expected names are: `docsrs`, `feature`, and `test` and 34 more
[INFO] [stderr]     = note: using a cfg inside a macro will use the cfgs from the destination crate and not the ones from the defining crate
[INFO] [stderr]     = help: try referring to `impl_error_chain_processed` crate for guidance on how handle this unexpected cfg
[INFO] [stderr]     = note: see <https://doc.rust-lang.org/nightly/rustc/check-cfg/cargo-specifics.html> for more information about checking conditional configuration
[INFO] [stderr]     = note: `#[warn(unexpected_cfgs)]` on by default
[INFO] [stderr]     = note: this warning originates in the macro `impl_error_chain_processed` which comes from the expansion of the macro `error_chain` (in Nightly builds, run with -Z macro-backtrace for more info)
[INFO] [stderr] 
[INFO] [stderr] warning: unused import: `errors::*`
[INFO] [stderr]    --> src/lib.rs:420:9
[INFO] [stderr]     |
[INFO] [stderr] 420 | pub use errors::*;
[INFO] [stderr]     |         ^^^^^^^^^
[INFO] [stderr]     |
[INFO] [stderr]     = note: `#[warn(unused_imports)]` (part of `#[warn(unused)]`) on by default
[INFO] [stderr] 
[INFO] [stderr] warning: unexpected `cfg` condition name: `has_error_description_deprecated`
[INFO] [stderr]    --> src/lib.rs:422:1
[INFO] [stderr]     |
[INFO] [stderr] 422 | / error_chain! {
[INFO] [stderr] 423 | |     foreign_links {
[INFO] [stderr] 424 | |         IO(std::io::Error);
[INFO] [stderr] 425 | |         Transport(reqwest::Error);
[INFO] [stderr] ...   |
[INFO] [stderr] 451 | |     skip_msg_variant
[INFO] [stderr] 452 | | }
[INFO] [stderr]     | |_^
[INFO] [stderr]     |
[INFO] [stderr]     = note: using a cfg inside a macro will use the cfgs from the destination crate and not the ones from the defining crate
[INFO] [stderr]     = help: try referring to `impl_error_chain_processed` crate for guidance on how handle this unexpected cfg
[INFO] [stderr]     = note: see <https://doc.rust-lang.org/nightly/rustc/check-cfg/cargo-specifics.html> for more information about checking conditional configuration
[INFO] [stderr]     = note: this warning originates in the macro `impl_error_chain_processed` which comes from the expansion of the macro `error_chain` (in Nightly builds, run with -Z macro-backtrace for more info)
[INFO] [stderr] 
[INFO] [stderr] warning: `deepl-api` (lib) generated 14 warnings (run `cargo fix --lib -p deepl-api` to apply 1 suggestion)
[INFO] [stderr] warning: unused import: `clap::Subcommand`
[INFO] [stderr]  --> src/bin/deepl/parse_arguments.rs:2:9
[INFO] [stderr]   |
[INFO] [stderr] 2 | pub use clap::Subcommand;
[INFO] [stderr]   |         ^^^^^^^^^^^^^^^^
[INFO] [stderr]   |
[INFO] [stderr]   = note: `#[warn(unused_imports)]` (part of `#[warn(unused)]`) on by default
[INFO] [stderr] 
[INFO] [stderr] warning: `deepl-api` (bin "deepl") generated 1 warning (run `cargo fix --bin "deepl" -p deepl-api` to apply 1 suggestion)
[INFO] [stderr] warning: `deepl-api` (bin "deepl" test) generated 1 warning (1 duplicate)
[INFO] [stderr] warning: `deepl-api` (lib test) generated 14 warnings (14 duplicates)
[INFO] [stderr]     Finished `release` profile [optimized] target(s) in 0.17s
[INFO] [stderr] warning: the following packages contain code that will be rejected by a future version of Rust: openssl v0.10.46
[INFO] [stderr] note: to see what the problems were, use the option `--future-incompat-report`, or run `cargo report future-incompatibilities --id 1`
[INFO] [stderr]      Running unittests src/lib.rs (/opt/rustwide/target/release/deps/deepl_api-0908c27f03ccbf2f)
[INFO] [stdout] 
[INFO] [stdout] running 8 tests
[INFO] [stdout] test tests::glossaries ... FAILED
[INFO] [stdout] test tests::usage_information ... FAILED
[INFO] [stdout] test tests::translate_wrong_language - should panic ... FAILED
[INFO] [stdout] test tests::translate_empty - should panic ... FAILED
[INFO] [stdout] test tests::target_languages ... FAILED
[INFO] [stdout] test tests::translate ... FAILED
[INFO] [stdout] test tests::source_languages ... FAILED
[INFO] [stdout] test tests::translate_unauthorized - should panic ... FAILED
[INFO] [stdout] 
[INFO] [stdout] failures:
[INFO] [stdout] 
[INFO] [stdout] ---- tests::glossaries stdout ----
[INFO] [stdout] 
[INFO] [stdout] thread 'tests::glossaries' (3025) panicked at src/lib.rs:459:50:
[INFO] [stdout] called `Result::unwrap()` on an `Err` value: NotPresent
[INFO] [stdout] stack backtrace:
[INFO] [stdout]    0:     0x5fc14d4997e1 - <<std[70759c8f55707aa4]::sys::backtrace::BacktraceLock>::print::DisplayBacktrace as core[df12db4294e9bfd3]::fmt::Display>::fmt
[INFO] [stdout]    1:     0x5fc14d4af9da - core[df12db4294e9bfd3]::fmt::write
[INFO] [stdout]    2:     0x5fc14d49e2cc - <alloc[2182bb758b4b3781]::vec::Vec<u8> as core[df12db4294e9bfd3]::io::write::Write>::write_fmt
[INFO] [stdout]    3:     0x5fc14d474376 - std[70759c8f55707aa4]::panicking::default_hook::{closure#0}
[INFO] [stdout]    4:     0x5fc14d491509 - std[70759c8f55707aa4]::panicking::default_hook
[INFO] [stdout]    5:     0x5fc14d2ae640 - test[9d35eded1c95d3be]::test_main_inner::<test[9d35eded1c95d3be]::test_main_static::{closure#0}>::{closure#0}
[INFO] [stdout]    6:     0x5fc14d491832 - std[70759c8f55707aa4]::panicking::panic_with_hook
[INFO] [stdout]    7:     0x5fc14d474422 - std[70759c8f55707aa4]::panicking::panic_handler::{closure#0}
[INFO] [stdout]    8:     0x5fc14d46ce89 - std[70759c8f55707aa4]::sys::backtrace::__rust_end_short_backtrace::<std[70759c8f55707aa4]::panicking::panic_handler::{closure#0}, !>
[INFO] [stdout]    9:     0x5fc14d4752ad - __rustc[8fa7c3cbc660c2b3]::rust_begin_unwind
[INFO] [stdout]   10:     0x5fc14d4b013c - core[df12db4294e9bfd3]::panicking::panic_fmt
[INFO] [stdout]   11:     0x5fc14d4aff12 - core[df12db4294e9bfd3]::result::unwrap_failed
[INFO] [stdout]   12:     0x5fc14d29295a - deepl_api[63895924275b92a6]::tests::glossaries
[INFO] [stdout]   13:     0x5fc14d299839 - <deepl_api[63895924275b92a6]::tests::glossaries::{closure#0} as core[df12db4294e9bfd3]::ops::function::FnOnce<()>>::call_once
[INFO] [stdout]   14:     0x5fc14d2a192b - test[9d35eded1c95d3be]::__rust_begin_short_backtrace::<core[df12db4294e9bfd3]::result::Result<(), alloc[2182bb758b4b3781]::string::String>, fn() -> core[df12db4294e9bfd3]::result::Result<(), alloc[2182bb758b4b3781]::string::String>>
[INFO] [stdout]   15:     0x5fc14d2aef95 - test[9d35eded1c95d3be]::run_test::{closure#0}
[INFO] [stdout]   16:     0x5fc14d2a8854 - std[70759c8f55707aa4]::sys::backtrace::__rust_begin_short_backtrace::<test[9d35eded1c95d3be]::run_test::{closure#1}, ()>
[INFO] [stdout]   17:     0x5fc14d2b20f2 - <std[70759c8f55707aa4]::thread::lifecycle::spawn_unchecked<test[9d35eded1c95d3be]::run_test::{closure#1}, ()>::{closure#1} as core[df12db4294e9bfd3]::ops::function::FnOnce<()>>::call_once::{shim:vtable#0}
[INFO] [stdout]   18:     0x5fc14d498d09 - <std[70759c8f55707aa4]::sys::thread::unix::Thread>::new::thread_start
[INFO] [stdout]   19:     0x7ebfa19f6dfa - <unknown>
[INFO] [stdout]   20:     0x7ebfa1a8a3d4 - clone
[INFO] [stdout]   21:                0x0 - <unknown>
[INFO] [stdout] 
[INFO] [stdout] ---- tests::usage_information stdout ----
[INFO] [stdout] 
[INFO] [stdout] thread 'tests::usage_information' (3032) panicked at src/lib.rs:459:50:
[INFO] [stdout] called `Result::unwrap()` on an `Err` value: NotPresent
[INFO] [stdout] stack backtrace:
[INFO] [stdout]    0:     0x5fc14d4997e1 - <<std[70759c8f55707aa4]::sys::backtrace::BacktraceLock>::print::DisplayBacktrace as core[df12db4294e9bfd3]::fmt::Display>::fmt
[INFO] [stdout]    1:     0x5fc14d4af9da - core[df12db4294e9bfd3]::fmt::write
[INFO] [stdout]    2:     0x5fc14d49e2cc - <alloc[2182bb758b4b3781]::vec::Vec<u8> as core[df12db4294e9bfd3]::io::write::Write>::write_fmt
[INFO] [stdout]    3:     0x5fc14d474376 - std[70759c8f55707aa4]::panicking::default_hook::{closure#0}
[INFO] [stdout]    4:     0x5fc14d491509 - std[70759c8f55707aa4]::panicking::default_hook
[INFO] [stdout]    5:     0x5fc14d2ae640 - test[9d35eded1c95d3be]::test_main_inner::<test[9d35eded1c95d3be]::test_main_static::{closure#0}>::{closure#0}
[INFO] [stdout]    6:     0x5fc14d491832 - std[70759c8f55707aa4]::panicking::panic_with_hook
[INFO] [stdout]    7:     0x5fc14d474422 - std[70759c8f55707aa4]::panicking::panic_handler::{closure#0}
[INFO] [stdout]    8:     0x5fc14d46ce89 - std[70759c8f55707aa4]::sys::backtrace::__rust_end_short_backtrace::<std[70759c8f55707aa4]::panicking::panic_handler::{closure#0}, !>
[INFO] [stdout]    9:     0x5fc14d4752ad - __rustc[8fa7c3cbc660c2b3]::rust_begin_unwind
[INFO] [stdout]   10:     0x5fc14d4b013c - core[df12db4294e9bfd3]::panicking::panic_fmt
[INFO] [stdout]   11:     0x5fc14d4aff12 - core[df12db4294e9bfd3]::result::unwrap_failed
[INFO] [stdout]   12:     0x5fc14d293b60 - deepl_api[63895924275b92a6]::tests::usage_information
[INFO] [stdout]   13:     0x5fc14d2998b9 - <deepl_api[63895924275b92a6]::tests::usage_information::{closure#0} as core[df12db4294e9bfd3]::ops::function::FnOnce<()>>::call_once
[INFO] [stdout]   14:     0x5fc14d2a192b - test[9d35eded1c95d3be]::__rust_begin_short_backtrace::<core[df12db4294e9bfd3]::result::Result<(), alloc[2182bb758b4b3781]::string::String>, fn() -> core[df12db4294e9bfd3]::result::Result<(), alloc[2182bb758b4b3781]::string::String>>
[INFO] [stdout]   15:     0x5fc14d2aef95 - test[9d35eded1c95d3be]::run_test::{closure#0}
[INFO] [stdout]   16:     0x5fc14d2a8854 - std[70759c8f55707aa4]::sys::backtrace::__rust_begin_short_backtrace::<test[9d35eded1c95d3be]::run_test::{closure#1}, ()>
[INFO] [stdout]   17:     0x5fc14d2b20f2 - <std[70759c8f55707aa4]::thread::lifecycle::spawn_unchecked<test[9d35eded1c95d3be]::run_test::{closure#1}, ()>::{closure#1} as core[df12db4294e9bfd3]::ops::function::FnOnce<()>>::call_once::{shim:vtable#0}
[INFO] [stdout]   18:     0x5fc14d498d09 - <std[70759c8f55707aa4]::sys::thread::unix::Thread>::new::thread_start
[INFO] [stdout]   19:     0x7ebfa19f6dfa - <unknown>
[INFO] [stdout]   20:     0x7ebfa1a8a3d4 - clone
[INFO] [stdout]   21:                0x0 - <unknown>
[INFO] [stdout] 
[INFO] [stdout] ---- tests::translate_wrong_language stdout ----
[INFO] [stdout] 
[INFO] [stdout] thread 'tests::translate_wrong_language' (3031) panicked at src/lib.rs:459:50:
[INFO] [stdout] called `Result::unwrap()` on an `Err` value: NotPresent
[INFO] [stdout] stack backtrace:
[INFO] [stdout]    0:     0x5fc14d4997e1 - <<std[70759c8f55707aa4]::sys::backtrace::BacktraceLock>::print::DisplayBacktrace as core[df12db4294e9bfd3]::fmt::Display>::fmt
[INFO] [stdout]    1:     0x5fc14d4af9da - core[df12db4294e9bfd3]::fmt::write
[INFO] [stdout]    2:     0x5fc14d49e2cc - <alloc[2182bb758b4b3781]::vec::Vec<u8> as core[df12db4294e9bfd3]::io::write::Write>::write_fmt
[INFO] [stdout]    3:     0x5fc14d474376 - std[70759c8f55707aa4]::panicking::default_hook::{closure#0}
[INFO] [stdout]    4:     0x5fc14d491509 - std[70759c8f55707aa4]::panicking::default_hook
[INFO] [stdout]    5:     0x5fc14d2ae640 - test[9d35eded1c95d3be]::test_main_inner::<test[9d35eded1c95d3be]::test_main_static::{closure#0}>::{closure#0}
[INFO] [stdout]    6:     0x5fc14d491832 - std[70759c8f55707aa4]::panicking::panic_with_hook
[INFO] [stdout]    7:     0x5fc14d474422 - std[70759c8f55707aa4]::panicking::panic_handler::{closure#0}
[INFO] [stdout]    8:     0x5fc14d46ce89 - std[70759c8f55707aa4]::sys::backtrace::__rust_end_short_backtrace::<std[70759c8f55707aa4]::panicking::panic_handler::{closure#0}, !>
[INFO] [stdout]    9:     0x5fc14d4752ad - __rustc[8fa7c3cbc660c2b3]::rust_begin_unwind
[INFO] [stdout]   10:     0x5fc14d4b013c - core[df12db4294e9bfd3]::panicking::panic_fmt
[INFO] [stdout]   11:     0x5fc14d4aff12 - core[df12db4294e9bfd3]::result::unwrap_failed
[INFO] [stdout]   12:     0x5fc14d2941eb - deepl_api[63895924275b92a6]::tests::translate_wrong_language
[INFO] [stdout]   13:     0x5fc14d2998f9 - <deepl_api[63895924275b92a6]::tests::translate_wrong_language::{closure#0} as core[df12db4294e9bfd3]::ops::function::FnOnce<()>>::call_once
[INFO] [stdout]   14:     0x5fc14d2a192b - test[9d35eded1c95d3be]::__rust_begin_short_backtrace::<core[df12db4294e9bfd3]::result::Result<(), alloc[2182bb758b4b3781]::string::String>, fn() -> core[df12db4294e9bfd3]::result::Result<(), alloc[2182bb758b4b3781]::string::String>>
[INFO] [stdout]   15:     0x5fc14d2aef95 - test[9d35eded1c95d3be]::run_test::{closure#0}
[INFO] [stdout]   16:     0x5fc14d2a8854 - std[70759c8f55707aa4]::sys::backtrace::__rust_begin_short_backtrace::<test[9d35eded1c95d3be]::run_test::{closure#1}, ()>
[INFO] [stdout]   17:     0x5fc14d2b20f2 - <std[70759c8f55707aa4]::thread::lifecycle::spawn_unchecked<test[9d35eded1c95d3be]::run_test::{closure#1}, ()>::{closure#1} as core[df12db4294e9bfd3]::ops::function::FnOnce<()>>::call_once::{shim:vtable#0}
[INFO] [stdout]   18:     0x5fc14d498d09 - <std[70759c8f55707aa4]::sys::thread::unix::Thread>::new::thread_start
[INFO] [stdout]   19:     0x7ebfa19f6dfa - <unknown>
[INFO] [stdout]   20:     0x7ebfa1a8a3d4 - clone
[INFO] [stdout]   21:                0x0 - <unknown>
[INFO] [stdout] note: panic did not contain expected string
[INFO] [stdout]       panic message: "called `Result::unwrap()` on an `Err` value: NotPresent"
[INFO] [stdout]  expected substring: "Error(ServerError(\"Value for 'target_lang' not supported."
[INFO] [stdout] ---- tests::translate_empty stdout ----
[INFO] [stdout] 
[INFO] [stdout] thread 'tests::translate_empty' (3029) panicked at src/lib.rs:459:50:
[INFO] [stdout] called `Result::unwrap()` on an `Err` value: NotPresent
[INFO] [stdout] stack backtrace:
[INFO] [stdout]    0:     0x5fc14d4997e1 - <<std[70759c8f55707aa4]::sys::backtrace::BacktraceLock>::print::DisplayBacktrace as core[df12db4294e9bfd3]::fmt::Display>::fmt
[INFO] [stdout]    1:     0x5fc14d4af9da - core[df12db4294e9bfd3]::fmt::write
[INFO] [stdout]    2:     0x5fc14d49e2cc - <alloc[2182bb758b4b3781]::vec::Vec<u8> as core[df12db4294e9bfd3]::io::write::Write>::write_fmt
[INFO] [stdout]    3:     0x5fc14d474376 - std[70759c8f55707aa4]::panicking::default_hook::{closure#0}
[INFO] [stdout]    4:     0x5fc14d491509 - std[70759c8f55707aa4]::panicking::default_hook
[INFO] [stdout]    5:     0x5fc14d2ae640 - test[9d35eded1c95d3be]::test_main_inner::<test[9d35eded1c95d3be]::test_main_static::{closure#0}>::{closure#0}
[INFO] [stdout]    6:     0x5fc14d491832 - std[70759c8f55707aa4]::panicking::panic_with_hook
[INFO] [stdout]    7:     0x5fc14d474422 - std[70759c8f55707aa4]::panicking::panic_handler::{closure#0}
[INFO] [stdout]    8:     0x5fc14d46ce89 - std[70759c8f55707aa4]::sys::backtrace::__rust_end_short_backtrace::<std[70759c8f55707aa4]::panicking::panic_handler::{closure#0}, !>
[INFO] [stdout]    9:     0x5fc14d4752ad - __rustc[8fa7c3cbc660c2b3]::rust_begin_unwind
[INFO] [stdout]   10:     0x5fc14d4b013c - core[df12db4294e9bfd3]::panicking::panic_fmt
[INFO] [stdout]   11:     0x5fc14d4aff12 - core[df12db4294e9bfd3]::result::unwrap_failed
[INFO] [stdout]   12:     0x5fc14d2934b6 - deepl_api[63895924275b92a6]::tests::translate_empty
[INFO] [stdout]   13:     0x5fc14d299859 - <deepl_api[63895924275b92a6]::tests::translate_empty::{closure#0} as core[df12db4294e9bfd3]::ops::function::FnOnce<()>>::call_once
[INFO] [stdout]   14:     0x5fc14d2a192b - test[9d35eded1c95d3be]::__rust_begin_short_backtrace::<core[df12db4294e9bfd3]::result::Result<(), alloc[2182bb758b4b3781]::string::String>, fn() -> core[df12db4294e9bfd3]::result::Result<(), alloc[2182bb758b4b3781]::string::String>>
[INFO] [stdout]   15:     0x5fc14d2aef95 - test[9d35eded1c95d3be]::run_test::{closure#0}
[INFO] [stdout]   16:     0x5fc14d2a8854 - std[70759c8f55707aa4]::sys::backtrace::__rust_begin_short_backtrace::<test[9d35eded1c95d3be]::run_test::{closure#1}, ()>
[INFO] [stdout]   17:     0x5fc14d2b20f2 - <std[70759c8f55707aa4]::thread::lifecycle::spawn_unchecked<test[9d35eded1c95d3be]::run_test::{closure#1}, ()>::{closure#1} as core[df12db4294e9bfd3]::ops::function::FnOnce<()>>::call_once::{shim:vtable#0}
[INFO] [stdout]   18:     0x5fc14d498d09 - <std[70759c8f55707aa4]::sys::thread::unix::Thread>::new::thread_start
[INFO] [stdout]   19:     0x7ebfa19f6dfa - <unknown>
[INFO] [stdout]   20:     0x7ebfa1a8a3d4 - clone
[INFO] [stdout]   21:                0x0 - <unknown>
[INFO] [stdout] note: panic did not contain expected string
[INFO] [stdout]       panic message: "called `Result::unwrap()` on an `Err` value: NotPresent"
[INFO] [stdout]  expected substring: "Error(ServerError(\"Parameter 'text' not specified."
[INFO] [stdout] ---- tests::target_languages stdout ----
[INFO] [stdout] 
[INFO] [stdout] thread 'tests::target_languages' (3027) panicked at src/lib.rs:459:50:
[INFO] [stdout] called `Result::unwrap()` on an `Err` value: NotPresent
[INFO] [stdout] stack backtrace:
[INFO] [stdout]    0:     0x5fc14d4997e1 - <<std[70759c8f55707aa4]::sys::backtrace::BacktraceLock>::print::DisplayBacktrace as core[df12db4294e9bfd3]::fmt::Display>::fmt
[INFO] [stdout]    1:     0x5fc14d4af9da - core[df12db4294e9bfd3]::fmt::write
[INFO] [stdout]    2:     0x5fc14d49e2cc - <alloc[2182bb758b4b3781]::vec::Vec<u8> as core[df12db4294e9bfd3]::io::write::Write>::write_fmt
[INFO] [stdout]    3:     0x5fc14d474376 - std[70759c8f55707aa4]::panicking::default_hook::{closure#0}
[INFO] [stdout]    4:     0x5fc14d491509 - std[70759c8f55707aa4]::panicking::default_hook
[INFO] [stdout]    5:     0x5fc14d2ae640 - test[9d35eded1c95d3be]::test_main_inner::<test[9d35eded1c95d3be]::test_main_static::{closure#0}>::{closure#0}
[INFO] [stdout]    6:     0x5fc14d491832 - std[70759c8f55707aa4]::panicking::panic_with_hook
[INFO] [stdout]    7:     0x5fc14d474422 - std[70759c8f55707aa4]::panicking::panic_handler::{closure#0}
[INFO] [stdout]    8:     0x5fc14d46ce89 - std[70759c8f55707aa4]::sys::backtrace::__rust_end_short_backtrace::<std[70759c8f55707aa4]::panicking::panic_handler::{closure#0}, !>
[INFO] [stdout]    9:     0x5fc14d4752ad - __rustc[8fa7c3cbc660c2b3]::rust_begin_unwind
[INFO] [stdout]   10:     0x5fc14d4b013c - core[df12db4294e9bfd3]::panicking::panic_fmt
[INFO] [stdout]   11:     0x5fc14d4aff12 - core[df12db4294e9bfd3]::result::unwrap_failed
[INFO] [stdout]   12:     0x5fc14d2939e1 - deepl_api[63895924275b92a6]::tests::target_languages
[INFO] [stdout]   13:     0x5fc14d299899 - <deepl_api[63895924275b92a6]::tests::target_languages::{closure#0} as core[df12db4294e9bfd3]::ops::function::FnOnce<()>>::call_once
[INFO] [stdout]   14:     0x5fc14d2a192b - test[9d35eded1c95d3be]::__rust_begin_short_backtrace::<core[df12db4294e9bfd3]::result::Result<(), alloc[2182bb758b4b3781]::string::String>, fn() -> core[df12db4294e9bfd3]::result::Result<(), alloc[2182bb758b4b3781]::string::String>>
[INFO] [stdout]   15:     0x5fc14d2aef95 - test[9d35eded1c95d3be]::run_test::{closure#0}
[INFO] [stdout]   16:     0x5fc14d2a8854 - std[70759c8f55707aa4]::sys::backtrace::__rust_begin_short_backtrace::<test[9d35eded1c95d3be]::run_test::{closure#1}, ()>
[INFO] [stdout]   17:     0x5fc14d2b20f2 - <std[70759c8f55707aa4]::thread::lifecycle::spawn_unchecked<test[9d35eded1c95d3be]::run_test::{closure#1}, ()>::{closure#1} as core[df12db4294e9bfd3]::ops::function::FnOnce<()>>::call_once::{shim:vtable#0}
[INFO] [stdout]   18:     0x5fc14d498d09 - <std[70759c8f55707aa4]::sys::thread::unix::Thread>::new::thread_start
[INFO] [stdout]   19:     0x7ebfa19f6dfa - <unknown>
[INFO] [stdout]   20:     0x7ebfa1a8a3d4 - clone
[INFO] [stdout]   21:                0x0 - <unknown>
[INFO] [stdout] 
[INFO] [stdout] ---- tests::translate stdout ----
[INFO] [stdout] 
[INFO] [stdout] thread 'tests::translate' (3028) panicked at src/lib.rs:459:50:
[INFO] [stdout] called `Result::unwrap()` on an `Err` value: NotPresent
[INFO] [stdout] stack backtrace:
[INFO] [stdout]    0:     0x5fc14d4997e1 - <<std[70759c8f55707aa4]::sys::backtrace::BacktraceLock>::print::DisplayBacktrace as core[df12db4294e9bfd3]::fmt::Display>::fmt
[INFO] [stdout]    1:     0x5fc14d4af9da - core[df12db4294e9bfd3]::fmt::write
[INFO] [stdout]    2:     0x5fc14d49e2cc - <alloc[2182bb758b4b3781]::vec::Vec<u8> as core[df12db4294e9bfd3]::io::write::Write>::write_fmt
[INFO] [stdout]    3:     0x5fc14d474376 - std[70759c8f55707aa4]::panicking::default_hook::{closure#0}
[INFO] [stdout]    4:     0x5fc14d491509 - std[70759c8f55707aa4]::panicking::default_hook
[INFO] [stdout]    5:     0x5fc14d2ae640 - test[9d35eded1c95d3be]::test_main_inner::<test[9d35eded1c95d3be]::test_main_static::{closure#0}>::{closure#0}
[INFO] [stdout]    6:     0x5fc14d491832 - std[70759c8f55707aa4]::panicking::panic_with_hook
[INFO] [stdout]    7:     0x5fc14d474422 - std[70759c8f55707aa4]::panicking::panic_handler::{closure#0}
[INFO] [stdout]    8:     0x5fc14d46ce89 - std[70759c8f55707aa4]::sys::backtrace::__rust_end_short_backtrace::<std[70759c8f55707aa4]::panicking::panic_handler::{closure#0}, !>
[INFO] [stdout]    9:     0x5fc14d4752ad - __rustc[8fa7c3cbc660c2b3]::rust_begin_unwind
[INFO] [stdout]   10:     0x5fc14d4b013c - core[df12db4294e9bfd3]::panicking::panic_fmt
[INFO] [stdout]   11:     0x5fc14d4aff12 - core[df12db4294e9bfd3]::result::unwrap_failed
[INFO] [stdout]   12:     0x5fc14d2953ce - deepl_api[63895924275b92a6]::tests::translate
[INFO] [stdout]   13:     0x5fc14d299919 - <deepl_api[63895924275b92a6]::tests::translate::{closure#0} as core[df12db4294e9bfd3]::ops::function::FnOnce<()>>::call_once
[INFO] [stdout]   14:     0x5fc14d2a192b - test[9d35eded1c95d3be]::__rust_begin_short_backtrace::<core[df12db4294e9bfd3]::result::Result<(), alloc[2182bb758b4b3781]::string::String>, fn() -> core[df12db4294e9bfd3]::result::Result<(), alloc[2182bb758b4b3781]::string::String>>
[INFO] [stdout]   15:     0x5fc14d2aef95 - test[9d35eded1c95d3be]::run_test::{closure#0}
[INFO] [stdout]   16:     0x5fc14d2a8854 - std[70759c8f55707aa4]::sys::backtrace::__rust_begin_short_backtrace::<test[9d35eded1c95d3be]::run_test::{closure#1}, ()>
[INFO] [stdout]   17:     0x5fc14d2b20f2 - <std[70759c8f55707aa4]::thread::lifecycle::spawn_unchecked<test[9d35eded1c95d3be]::run_test::{closure#1}, ()>::{closure#1} as core[df12db4294e9bfd3]::ops::function::FnOnce<()>>::call_once::{shim:vtable#0}
[INFO] [stdout]   18:     0x5fc14d498d09 - <std[70759c8f55707aa4]::sys::thread::unix::Thread>::new::thread_start
[INFO] [stdout]   19:     0x7ebfa19f6dfa - <unknown>
[INFO] [stdout]   20:     0x7ebfa1a8a3d4 - clone
[INFO] [stdout]   21:                0x0 - <unknown>
[INFO] [stdout] 
[INFO] [stdout] ---- tests::source_languages stdout ----
[INFO] [stdout] 
[INFO] [stdout] thread 'tests::source_languages' (3026) panicked at src/lib.rs:459:50:
[INFO] [stdout] called `Result::unwrap()` on an `Err` value: NotPresent
[INFO] [stdout] stack backtrace:
[INFO] [stdout]    0:     0x5fc14d4997e1 - <<std[70759c8f55707aa4]::sys::backtrace::BacktraceLock>::print::DisplayBacktrace as core[df12db4294e9bfd3]::fmt::Display>::fmt
[INFO] [stdout]    1:     0x5fc14d4af9da - core[df12db4294e9bfd3]::fmt::write
[INFO] [stdout]    2:     0x5fc14d49e2cc - <alloc[2182bb758b4b3781]::vec::Vec<u8> as core[df12db4294e9bfd3]::io::write::Write>::write_fmt
[INFO] [stdout]    3:     0x5fc14d474376 - std[70759c8f55707aa4]::panicking::default_hook::{closure#0}
[INFO] [stdout]    4:     0x5fc14d491509 - std[70759c8f55707aa4]::panicking::default_hook
[INFO] [stdout]    5:     0x5fc14d2ae640 - test[9d35eded1c95d3be]::test_main_inner::<test[9d35eded1c95d3be]::test_main_static::{closure#0}>::{closure#0}
[INFO] [stdout]    6:     0x5fc14d491832 - std[70759c8f55707aa4]::panicking::panic_with_hook
[INFO] [stdout]    7:     0x5fc14d474422 - std[70759c8f55707aa4]::panicking::panic_handler::{closure#0}
[INFO] [stdout]    8:     0x5fc14d46ce89 - std[70759c8f55707aa4]::sys::backtrace::__rust_end_short_backtrace::<std[70759c8f55707aa4]::panicking::panic_handler::{closure#0}, !>
[INFO] [stdout]    9:     0x5fc14d4752ad - __rustc[8fa7c3cbc660c2b3]::rust_begin_unwind
[INFO] [stdout]   10:     0x5fc14d4b013c - core[df12db4294e9bfd3]::panicking::panic_fmt
[INFO] [stdout]   11:     0x5fc14d4aff12 - core[df12db4294e9bfd3]::result::unwrap_failed
[INFO] [stdout]   12:     0x5fc14d29375f - deepl_api[63895924275b92a6]::tests::source_languages
[INFO] [stdout]   13:     0x5fc14d299879 - <deepl_api[63895924275b92a6]::tests::source_languages::{closure#0} as core[df12db4294e9bfd3]::ops::function::FnOnce<()>>::call_once
[INFO] [stdout]   14:     0x5fc14d2a192b - test[9d35eded1c95d3be]::__rust_begin_short_backtrace::<core[df12db4294e9bfd3]::result::Result<(), alloc[2182bb758b4b3781]::string::String>, fn() -> core[df12db4294e9bfd3]::result::Result<(), alloc[2182bb758b4b3781]::string::String>>
[INFO] [stdout]   15:     0x5fc14d2aef95 - test[9d35eded1c95d3be]::run_test::{closure#0}
[INFO] [stdout]   16:     0x5fc14d2a8854 - std[70759c8f55707aa4]::sys::backtrace::__rust_begin_short_backtrace::<test[9d35eded1c95d3be]::run_test::{closure#1}, ()>
[INFO] [stdout]   17:     0x5fc14d2b20f2 - <std[70759c8f55707aa4]::thread::lifecycle::spawn_unchecked<test[9d35eded1c95d3be]::run_test::{closure#1}, ()>::{closure#1} as core[df12db4294e9bfd3]::ops::function::FnOnce<()>>::call_once::{shim:vtable#0}
[INFO] [stdout]   18:     0x5fc14d498d09 - <std[70759c8f55707aa4]::sys::thread::unix::Thread>::new::thread_start
[INFO] [stdout]   19:     0x7ebfa19f6dfa - <unknown>
[INFO] [stdout]   20:     0x7ebfa1a8a3d4 - clone
[INFO] [stdout]   21:                0x0 - <unknown>
[INFO] [stdout] 
[INFO] [stdout] ---- tests::translate_unauthorized stdout ----
[INFO] [stdout] 
[INFO] [stdout] thread 'tests::translate_unauthorized' (3030) panicked at src/lib.rs:602:48:
[INFO] [stdout] called `Result::unwrap()` on an `Err` value: Error(Transport(reqwest::Error { kind: Request, url: Url { scheme: "https", cannot_be_a_base: false, username: "", password: None, host: Some(Domain("api.deepl.com")), port: None, path: "/v2/translate", query: None, fragment: None }, source: hyper::Error(Connect, ConnectError("dns error", Custom { kind: Uncategorized, error: "failed to lookup address information: Temporary failure in name resolution" })) }), State { next_error: None, backtrace: InternalBacktrace { backtrace: Some(   0: <error_chain::backtrace::imp::InternalBacktrace>::new
[INFO] [stdout]    1: <error_chain::State as core::default::Default>::default
[INFO] [stdout]    2: <deepl_api::DeepL>::http_request
[INFO] [stdout]    3: <deepl_api::DeepL>::translate
[INFO] [stdout]    4: deepl_api::tests::translate_unauthorized
[INFO] [stdout]    5: <deepl_api::tests::translate_unauthorized::{closure#0} as core::ops::function::FnOnce<()>>::call_once
[INFO] [stdout]    6: test::__rust_begin_short_backtrace::<core::result::Result<(), alloc::string::String>, fn() -> core::result::Result<(), alloc::string::String>>
[INFO] [stdout]    7: test::run_test::{closure#0}
[INFO] [stdout]    8: std::sys::backtrace::__rust_begin_short_backtrace::<test::run_test::{closure#1}, ()>
[INFO] [stdout]    9: <std::thread::lifecycle::spawn_unchecked<test::run_test::{closure#1}, ()>::{closure#1} as core::ops::function::FnOnce<()>>::call_once::{shim:vtable#0}
[INFO] [stdout]   10: <std::sys::thread::unix::Thread>::new::thread_start
[INFO] [stdout]   11: <unknown>
[INFO] [stdout]   12: clone
[INFO] [stdout] ) } })
[INFO] [stdout] stack backtrace:
[INFO] [stdout]    0:     0x5fc14d4997e1 - <<std[70759c8f55707aa4]::sys::backtrace::BacktraceLock>::print::DisplayBacktrace as core[df12db4294e9bfd3]::fmt::Display>::fmt
[INFO] [stdout]    1:     0x5fc14d4af9da - core[df12db4294e9bfd3]::fmt::write
[INFO] [stdout]    2:     0x5fc14d49e2cc - <alloc[2182bb758b4b3781]::vec::Vec<u8> as core[df12db4294e9bfd3]::io::write::Write>::write_fmt
[INFO] [stdout]    3:     0x5fc14d474376 - std[70759c8f55707aa4]::panicking::default_hook::{closure#0}
[INFO] [stdout]    4:     0x5fc14d491509 - std[70759c8f55707aa4]::panicking::default_hook
[INFO] [stdout]    5:     0x5fc14d2ae640 - test[9d35eded1c95d3be]::test_main_inner::<test[9d35eded1c95d3be]::test_main_static::{closure#0}>::{closure#0}
[INFO] [stdout]    6:     0x5fc14d491832 - std[70759c8f55707aa4]::panicking::panic_with_hook
[INFO] [stdout]    7:     0x5fc14d474422 - std[70759c8f55707aa4]::panicking::panic_handler::{closure#0}
[INFO] [stdout]    8:     0x5fc14d46ce89 - std[70759c8f55707aa4]::sys::backtrace::__rust_end_short_backtrace::<std[70759c8f55707aa4]::panicking::panic_handler::{closure#0}, !>
[INFO] [stdout]    9:     0x5fc14d4752ad - __rustc[8fa7c3cbc660c2b3]::rust_begin_unwind
[INFO] [stdout]   10:     0x5fc14d4b013c - core[df12db4294e9bfd3]::panicking::panic_fmt
[INFO] [stdout]   11:     0x5fc14d4aff12 - core[df12db4294e9bfd3]::result::unwrap_failed
[INFO] [stdout]   12:     0x5fc14d293e9b - deepl_api[63895924275b92a6]::tests::translate_unauthorized
[INFO] [stdout]   13:     0x5fc14d2998d9 - <deepl_api[63895924275b92a6]::tests::translate_unauthorized::{closure#0} as core[df12db4294e9bfd3]::ops::function::FnOnce<()>>::call_once
[INFO] [stdout]   14:     0x5fc14d2a192b - test[9d35eded1c95d3be]::__rust_begin_short_backtrace::<core[df12db4294e9bfd3]::result::Result<(), alloc[2182bb758b4b3781]::string::String>, fn() -> core[df12db4294e9bfd3]::result::Result<(), alloc[2182bb758b4b3781]::string::String>>
[INFO] [stdout]   15:     0x5fc14d2aef95 - test[9d35eded1c95d3be]::run_test::{closure#0}
[INFO] [stdout]   16:     0x5fc14d2a8854 - std[70759c8f55707aa4]::sys::backtrace::__rust_begin_short_backtrace::<test[9d35eded1c95d3be]::run_test::{closure#1}, ()>
[INFO] [stdout]   17:     0x5fc14d2b20f2 - <std[70759c8f55707aa4]::thread::lifecycle::spawn_unchecked<test[9d35eded1c95d3be]::run_test::{closure#1}, ()>::{closure#1} as core[df12db4294e9bfd3]::ops::function::FnOnce<()>>::call_once::{shim:vtable#0}
[INFO] [stdout]   18:     0x5fc14d498d09 - <std[70759c8f55707aa4]::sys::thread::unix::Thread>::new::thread_start
[INFO] [stdout]   19:     0x7ebfa19f6dfa - <unknown>
[INFO] [stdout]   20:     0x7ebfa1a8a3d4 - clone
[INFO] [stdout]   21:                0x0 - <unknown>
[INFO] [stdout] note: panic did not contain expected string
[INFO] [stdout]       panic message: "called `Result::unwrap()` on an `Err` value: Error(Transport(reqwest::Error { kind: Request, url: Url { scheme: \"https\", cannot_be_a_base: false, username: \"\", password: None, host: Some(Domain(\"api.deepl.com\")), port: None, path: \"/v2/translate\", query: None, fragment: None }, source: hyper::Error(Connect, ConnectError(\"dns error\", Custom { kind: Uncategorized, error: \"failed to lookup address information: Temporary failure in name resolution\" })) }), State { next_error: None, backtrace: InternalBacktrace { backtrace: Some(   0: <error_chain::backtrace::imp::InternalBacktrace>::new\n   1: <error_chain::State as core::default::Default>::default\n   2: <deepl_api::DeepL>::http_request\n   3: <deepl_api::DeepL>::translate\n   4: deepl_api::tests::translate_unauthorized\n   5: <deepl_api::tests::translate_unauthorized::{closure#0} as core::ops::function::FnOnce<()>>::call_once\n   6: test::__rust_begin_short_backtrace::<core::result::Result<(), alloc::string::String>, fn() -> core::result::Result<(), alloc::string::String>>\n   7: test::run_test::{closure#0}\n   8: std::sys::backtrace::__rust_begin_short_backtrace::<test::run_test::{closure#1}, ()>\n   9: <std::thread::lifecycle::spawn_unchecked<test::run_test::{closure#1}, ()>::{closure#1} as core::ops::function::FnOnce<()>>::call_once::{shim:vtable#0}\n  10: <std::sys::thread::unix::Thread>::new::thread_start\n  11: <unknown>\n  12: clone\n) } })"
[INFO] [stdout]  expected substring: "Error(AuthorizationError"
[INFO] [stdout] 
[INFO] [stdout] failures:
[INFO] [stdout]     tests::glossaries
[INFO] [stdout]     tests::source_languages
[INFO] [stdout]     tests::target_languages
[INFO] [stdout]     tests::translate
[INFO] [stdout]     tests::translate_empty
[INFO] [stdout]     tests::translate_unauthorized
[INFO] [stdout]     tests::translate_wrong_language
[INFO] [stdout]     tests::usage_information
[INFO] [stdout] 
[INFO] [stdout] test result: FAILED. 0 passed; 8 failed; 0 ignored; 0 measured; 0 filtered out; finished in 0.08s
[INFO] [stdout] 
[INFO] [stderr] error: test failed, to rerun pass `--lib`
[INFO] running `Command { std: "docker" "inspect" "0cfcf16ef50daeb025d97fb1c6fafc6851162a7f091f8f9da54f02ce8faa64b1", kill_on_drop: false }`
[INFO] running `Command { std: "docker" "rm" "-f" "0cfcf16ef50daeb025d97fb1c6fafc6851162a7f091f8f9da54f02ce8faa64b1", kill_on_drop: false }`
[INFO] [stdout] 0cfcf16ef50daeb025d97fb1c6fafc6851162a7f091f8f9da54f02ce8faa64b1
