[INFO] fetching crate deep_space 2.33.1...
[INFO] testing deep_space-2.33.1 against 1.99.0-beta.8+cargoflags=--release for beta-release-1.100-2
[INFO] extracting crate deep_space 2.33.1 into /workspace/builds/worker-4-tc1/source
[INFO] removed /workspace/builds/worker-4-tc1/source/rust-toolchain
[INFO] started tweaking crates.io crate deep_space 2.33.1
[INFO] removed 0 missing examples
[INFO] finished tweaking crates.io crate deep_space 2.33.1
[INFO] tweaked toml for crates.io crate deep_space 2.33.1 written to /workspace/builds/worker-4-tc1/source/Cargo.toml
[INFO] validating manifest of crates.io crate deep_space 2.33.1 on toolchain 1.99.0-beta.8
[INFO] running `Command { std: CARGO_HOME="/workspace/cargo-home" RUSTUP_HOME="/workspace/rustup-home" "/workspace/cargo-home/bin/cargo" "+1.99.0-beta.8" "metadata" "--manifest-path" "Cargo.toml" "--no-deps", kill_on_drop: false }`
[INFO] crate crates.io crate deep_space 2.33.1 already has a lockfile, it will not be regenerated
[INFO] running `Command { std: CARGO_HOME="/workspace/cargo-home" RUSTUP_HOME="/workspace/rustup-home" "/workspace/cargo-home/bin/cargo" "+1.99.0-beta.8" "fetch" "--manifest-path" "Cargo.toml", kill_on_drop: false }`
[INFO] [stderr]     Updating crates.io index
[INFO] [stderr]  Downloading crates ...
[INFO] [stderr]   Downloaded bitcoin-io v0.1.3
[INFO] [stderr]   Downloaded cc v1.2.45
[INFO] [stderr]   Downloaded borsh-derive v1.5.7
[INFO] [stderr]   Downloaded toml_datetime v0.7.3
[INFO] [stderr]   Downloaded num256 v0.6.0
[INFO] [stderr]   Downloaded toml_parser v1.0.4
[INFO] [stderr]   Downloaded althea_proto v0.12.0
[INFO] [stderr]   Downloaded clarity v1.5.4
[INFO] [stderr]   Downloaded secp256k1 v0.31.1
[INFO] [stderr]   Downloaded borsh v1.5.7
[INFO] [stderr]   Downloaded toml_edit v0.23.7
[INFO] [stderr]   Downloaded bnum v0.5.0
[INFO] [stderr]   Downloaded jiff-static v0.2.16
[INFO] [stderr]   Downloaded secp256k1 v0.30.0
[INFO] [stderr]   Downloaded hyper v1.8.0
[INFO] [stderr]   Downloaded cosmos-sdk-proto-althea v0.22.0
[INFO] [stderr]   Downloaded jiff v0.2.16
[INFO] [stderr]   Downloaded secp256k1-sys v0.11.0
[INFO] running `Command { std: "docker" "create" "-v" "/var/lib/crater-agent-workspace/builds/worker-4-tc1/source:/opt/rustwide/workdir:ro,Z" "-v" "/var/lib/crater-agent-workspace/builds/worker-4-tc1/target:/opt/rustwide/target:rw,Z" "-v" "/var/lib/crater-agent-workspace/cargo-home:/opt/rustwide/cargo-home:ro,Z" "-v" "/var/lib/crater-agent-workspace/rustup-home:/opt/rustwide/rustup-home:ro,Z" "-m" "1610612736" "--network" "none" "ghcr.io/rust-lang/crates-build-env/linux@sha256:77db811e55d90add9212f6832c23229e3de5f1c1f9905e8cb07319ea15df73ac" "sleep" "infinity", kill_on_drop: false }`
[INFO] [stdout] dcc5dd12d0bf0ace1bc8164a9900fe38d5303ecdfba9246778af8895f247534d
[INFO] running `Command { std: "docker" "start" "dcc5dd12d0bf0ace1bc8164a9900fe38d5303ecdfba9246778af8895f247534d", kill_on_drop: false }`
[INFO] running `Command { std: "docker" "inspect" "dcc5dd12d0bf0ace1bc8164a9900fe38d5303ecdfba9246778af8895f247534d", kill_on_drop: false }`
[INFO] running `Command { std: "docker" "exec" "-e" "SOURCE_DIR=/opt/rustwide/workdir" "-e" "CARGO_HOME=/opt/rustwide/cargo-home" "-e" "RUSTUP_HOME=/opt/rustwide/rustup-home" "-e" "CARGO_TARGET_DIR=/opt/rustwide/target" "-w" "/opt/rustwide/workdir" "--user" "0:0" "dcc5dd12d0bf0ace1bc8164a9900fe38d5303ecdfba9246778af8895f247534d" "/opt/rustwide/cargo-home/bin/cargo" "+1.99.0-beta.8" "metadata" "--no-deps" "--format-version=1", kill_on_drop: false }`
[INFO] running `Command { std: "docker" "inspect" "dcc5dd12d0bf0ace1bc8164a9900fe38d5303ecdfba9246778af8895f247534d", kill_on_drop: false }`
[INFO] running `Command { std: "docker" "exec" "-e" "SOURCE_DIR=/opt/rustwide/workdir" "-e" "CARGO_HOME=/opt/rustwide/cargo-home" "-e" "RUSTUP_HOME=/opt/rustwide/rustup-home" "-e" "CARGO_TARGET_DIR=/opt/rustwide/target" "-e" "CARGO_INCREMENTAL=0" "-e" "RUST_BACKTRACE=full" "-e" "RUSTFLAGS=--cap-lints=warn" "-e" "RUSTDOCFLAGS=--cap-lints=warn" "-w" "/opt/rustwide/workdir" "--user" "0:0" "dcc5dd12d0bf0ace1bc8164a9900fe38d5303ecdfba9246778af8895f247534d" "/opt/rustwide/cargo-home/bin/cargo" "+1.99.0-beta.8" "build" "--frozen" "--message-format=json" "--release", kill_on_drop: false }`
[INFO] [stderr]    Compiling proc-macro2 v1.0.103
[INFO] [stderr]    Compiling libc v0.2.177
[INFO] [stderr]    Compiling find-msvc-tools v0.1.4
[INFO] [stderr]    Compiling zerocopy v0.8.27
[INFO] [stderr]    Compiling http v1.3.1
[INFO] [stderr]    Compiling rustls-pki-types v1.13.0
[INFO] [stderr]    Compiling hashbrown v0.16.0
[INFO] [stderr]    Compiling slab v0.4.11
[INFO] [stderr]    Compiling anyhow v1.0.100
[INFO] [stderr]    Compiling serde v1.0.228
[INFO] [stderr]    Compiling indexmap v1.9.3
[INFO] [stderr]    Compiling rustls v0.23.35
[INFO] [stderr]    Compiling digest v0.10.7
[INFO] [stderr]    Compiling simd-adler32 v0.3.7
[INFO] [stderr]    Compiling memchr v2.7.6
[INFO] [stderr]    Compiling log v0.4.28
[INFO] [stderr]    Compiling hashbrown v0.12.3
[INFO] [stderr]    Compiling miniz_oxide v0.8.9
[INFO] [stderr]    Compiling cc v1.2.45
[INFO] [stderr]    Compiling tower v0.5.2
[INFO] [stderr]    Compiling matchit v0.7.3
[INFO] [stderr]    Compiling rustls-native-certs v0.8.2
[INFO] [stderr]    Compiling rustls-pemfile v2.2.0
[INFO] [stderr]    Compiling quote v1.0.42
[INFO] [stderr]    Compiling indexmap v2.12.0
[INFO] [stderr]    Compiling num-integer v0.1.46
[INFO] [stderr]    Compiling flate2 v1.1.5
[INFO] [stderr]    Compiling serde_json v1.0.145
[INFO] [stderr]    Compiling rust_decimal v1.42.1
[INFO] [stderr]    Compiling tinyvec v1.10.0
[INFO] [stderr]    Compiling syn v2.0.110
[INFO] [stderr]    Compiling hmac v0.12.1
[INFO] [stderr]    Compiling arrayvec v0.7.6
[INFO] [stderr]    Compiling sha2 v0.10.9
[INFO] [stderr]    Compiling pbkdf2 v0.12.2
[INFO] [stderr]    Compiling bnum v0.5.0
[INFO] [stderr]    Compiling ripemd v0.1.3
[INFO] [stderr]    Compiling http-body v1.0.1
[INFO] [stderr]    Compiling ring v0.17.14
[INFO] [stderr]    Compiling secp256k1-sys v0.11.0
[INFO] [stderr]    Compiling http-body-util v0.1.3
[INFO] [stderr]    Compiling unicode-normalization v0.1.25
[INFO] [stderr]    Compiling socket2 v0.6.1
[INFO] [stderr]    Compiling mio v1.1.0
[INFO] [stderr]    Compiling getrandom v0.2.16
[INFO] [stderr]    Compiling rand_core v0.6.4
[INFO] [stderr]    Compiling getrandom v0.3.4
[INFO] [stderr]    Compiling rand_core v0.9.5
[INFO] [stderr]    Compiling socket2 v0.5.10
[INFO] [stderr]    Compiling ppv-lite86 v0.2.21
[INFO] [stderr]    Compiling rand_chacha v0.3.1
[INFO] [stderr]    Compiling rand_chacha v0.9.0
[INFO] [stderr]    Compiling rand v0.9.4
[INFO] [stderr]    Compiling rand v0.8.5
[INFO] [stderr]    Compiling tokio-macros v2.6.0
[INFO] [stderr]    Compiling tracing-attributes v0.1.30
[INFO] [stderr]    Compiling pin-project-internal v1.1.10
[INFO] [stderr]    Compiling async-trait v0.1.89
[INFO] [stderr]    Compiling prost-derive v0.13.5
[INFO] [stderr]    Compiling async-stream-impl v0.3.6
[INFO] [stderr]    Compiling serde_derive v1.0.228
[INFO] [stderr]    Compiling num256 v0.6.0
[INFO] [stderr]    Compiling async-stream v0.3.6
[INFO] [stderr]    Compiling axum-core v0.4.5
[INFO] [stderr]    Compiling tokio v1.48.0
[INFO] [stderr]    Compiling pin-project v1.1.10
[INFO] [stderr]    Compiling prost v0.13.5
[INFO] [stderr]    Compiling tracing v0.1.41
[INFO] [stderr]    Compiling prost-types v0.13.5
[INFO] [stderr]    Compiling secp256k1 v0.31.1
[INFO] [stderr]    Compiling axum v0.7.9
[INFO] [stderr]    Compiling tokio-util v0.7.17
[INFO] [stderr]    Compiling tokio-stream v0.1.17
[INFO] [stderr]    Compiling h2 v0.4.12
[INFO] [stderr]    Compiling tower v0.4.13
[INFO] [stderr]    Compiling rustls-webpki v0.103.8
[INFO] [stderr]    Compiling hyper v1.8.0
[INFO] [stderr]    Compiling tokio-rustls v0.26.4
[INFO] [stderr]    Compiling hyper-util v0.1.17
[INFO] [stderr]    Compiling hyper-timeout v0.5.2
[INFO] [stderr]    Compiling tonic v0.12.3
[INFO] [stderr]    Compiling cosmos-sdk-proto-althea v0.22.0
[INFO] [stderr]    Compiling deep_space v2.33.1 (/opt/rustwide/workdir)
[INFO] [stderr]     Finished `release` profile [optimized] target(s) in 1m 30s
[INFO] running `Command { std: "docker" "inspect" "dcc5dd12d0bf0ace1bc8164a9900fe38d5303ecdfba9246778af8895f247534d", kill_on_drop: false }`
[INFO] running `Command { std: "docker" "exec" "-e" "SOURCE_DIR=/opt/rustwide/workdir" "-e" "CARGO_HOME=/opt/rustwide/cargo-home" "-e" "RUSTUP_HOME=/opt/rustwide/rustup-home" "-e" "CARGO_TARGET_DIR=/opt/rustwide/target" "-e" "CARGO_INCREMENTAL=0" "-e" "RUST_BACKTRACE=full" "-e" "RUSTFLAGS=--cap-lints=warn" "-e" "RUSTDOCFLAGS=--cap-lints=warn" "-w" "/opt/rustwide/workdir" "--user" "0:0" "dcc5dd12d0bf0ace1bc8164a9900fe38d5303ecdfba9246778af8895f247534d" "/opt/rustwide/cargo-home/bin/cargo" "+1.99.0-beta.8" "test" "--frozen" "--no-run" "--message-format=json" "--release", kill_on_drop: false }`
[INFO] [stderr]    Compiling parking_lot_core v0.9.12
[INFO] [stderr]    Compiling signal-hook-registry v1.4.6
[INFO] [stderr]    Compiling log v0.4.28
[INFO] [stderr]    Compiling aho-corasick v1.1.4
[INFO] [stderr]    Compiling regex-syntax v0.8.8
[INFO] [stderr]    Compiling anstyle-parse v0.2.7
[INFO] [stderr]    Compiling anstyle v1.0.13
[INFO] [stderr]    Compiling colorchoice v1.0.4
[INFO] [stderr]    Compiling anstyle-query v1.1.4
[INFO] [stderr]    Compiling actix-macros v0.2.4
[INFO] [stderr]    Compiling jiff v0.2.16
[INFO] [stderr]    Compiling rustls v0.23.35
[INFO] [stderr]    Compiling parking_lot v0.12.5
[INFO] [stderr]    Compiling anstream v0.6.21
[INFO] [stderr]    Compiling tokio v1.48.0
[INFO] [stderr]    Compiling regex-automata v0.4.13
[INFO] [stderr]    Compiling regex v1.12.2
[INFO] [stderr]    Compiling tokio-util v0.7.17
[INFO] [stderr]    Compiling tokio-rustls v0.26.4
[INFO] [stderr]    Compiling tokio-stream v0.1.17
[INFO] [stderr]    Compiling env_filter v0.1.4
[INFO] [stderr]    Compiling actix-rt v2.11.0
[INFO] [stderr]    Compiling env_logger v0.11.8
[INFO] [stderr]    Compiling h2 v0.4.12
[INFO] [stderr]    Compiling tower v0.4.13
[INFO] [stderr]    Compiling hyper v1.8.0
[INFO] [stderr]    Compiling hyper-util v0.1.17
[INFO] [stderr]    Compiling hyper-timeout v0.5.2
[INFO] [stderr]    Compiling tonic v0.12.3
[INFO] [stderr]    Compiling cosmos-sdk-proto-althea v0.22.0
[INFO] [stderr]    Compiling deep_space v2.33.1 (/opt/rustwide/workdir)
[INFO] [stderr]     Finished `release` profile [optimized] target(s) in 1m 37s
[INFO] running `Command { std: "docker" "inspect" "dcc5dd12d0bf0ace1bc8164a9900fe38d5303ecdfba9246778af8895f247534d", kill_on_drop: false }`
[INFO] running `Command { std: "docker" "exec" "-e" "SOURCE_DIR=/opt/rustwide/workdir" "-e" "CARGO_HOME=/opt/rustwide/cargo-home" "-e" "RUSTUP_HOME=/opt/rustwide/rustup-home" "-e" "CARGO_TARGET_DIR=/opt/rustwide/target" "-e" "CARGO_INCREMENTAL=0" "-e" "RUST_BACKTRACE=full" "-e" "RUSTFLAGS=--cap-lints=warn" "-e" "RUSTDOCFLAGS=--cap-lints=warn" "-w" "/opt/rustwide/workdir" "--user" "0:0" "dcc5dd12d0bf0ace1bc8164a9900fe38d5303ecdfba9246778af8895f247534d" "/opt/rustwide/cargo-home/bin/cargo" "+1.99.0-beta.8" "test" "--frozen" "--release", kill_on_drop: false }`
[INFO] [stderr]     Finished `release` profile [optimized] target(s) in 0.22s
[INFO] [stderr]      Running unittests src/lib.rs (/opt/rustwide/target/release/deps/deep_space-6728066bc18db1ea)
[INFO] [stdout] 
[INFO] [stdout] running 32 tests
[INFO] [stdout] test client::send::tests::test_send_to_althea ... ignored
[INFO] [stdout] test client::tests::test_endpoints ... ignored
[INFO] [stdout] test address::test_parse ... ok
[INFO] [stdout] test address::test_re_prefix ... ok
[INFO] [stdout] test mnemonic::tests::test_language_of ... ok
[INFO] [stdout] test mnemonic::tests::test_bit_counts ... ok
[INFO] [stdout] test mnemonic::tests::test_invalid_entropy ... ok
[INFO] [stdout] test coin::tests::test_coin_parse ... ok
[INFO] [stdout] test address::test_bech32 ... ok
[INFO] [stdout] test private_key::test_secret ... ok
[INFO] [stdout] test decimal::tests::string_serialization_test ... ok
[INFO] [stdout] test address::test_default_prefix ... ok
[INFO] [stdout] test private_key::test_vector_hardened ... ok
[INFO] [stdout] test private_key::test_cosmos_key_derivation_manual ... ok
[INFO] [stdout] test private_key::test_cosmos_key_derivation_with_path_parsing ... ok
[INFO] [stdout] test private_key::test_vector_unhardened ... ok
[INFO] [stdout] test mnemonic::language::tests::words_by_prefix ... ok
[INFO] [stdout] test public_key::check_bech32 ... ok
[INFO] [stdout] test public_key::parse_base64_pubkey ... ok
[INFO] [stdout] test public_key::test_default_prefix ... ok
[INFO] [stdout] test utils::tests::test_determine_fees_global_minimum_fee ... ok
[INFO] [stdout] test private_key::test_bad_phrase ... ok
[INFO] [stdout] test utils::tests::test_determine_fees ... ok
[INFO] [stdout] test mnemonic::tests::test_invalid_engish ... ok
[INFO] [stdout] test utils::tests::test_get_txhash ... ok
[INFO] [stdout] test mnemonic::language::tests::validate_word_list_checksums ... ok
[INFO] [stdout] test mnemonic::language::tests::words_overlaps ... ok
[INFO] [stdout] test client::mint::tests::test_get_inflation ... FAILED
[INFO] [stdout] test client::mint::tests::test_get_annual_provisions ... FAILED
[INFO] [stdout] test private_key::test_many_key_generation ... ok
[INFO] [stdout] test mnemonic::tests::test_vectors_english ... ok
[INFO] [stdout] test mnemonic::tests::test_vectors_japanese ... ok
[INFO] [stdout] 
[INFO] [stdout] failures:
[INFO] [stdout] 
[INFO] [stdout] ---- client::mint::tests::test_get_inflation stdout ----
[INFO] [stdout] Err(ConnectionError { error: tonic::transport::Error(Transport, ConnectError(ConnectError("dns error", Custom { kind: Uncategorized, error: "failed to lookup address information: Temporary failure in name resolution" }))) })
[INFO] [stdout] 
[INFO] [stdout] thread 'client::mint::tests::test_get_inflation' (2630) panicked at src/client/mint/mod.rs:96:9:
[INFO] [stdout] assertion failed: result.is_ok()
[INFO] [stdout] stack backtrace:
[INFO] [stdout]    0:     0x64e654858b71 - <<std[70759c8f55707aa4]::sys::backtrace::BacktraceLock>::print::DisplayBacktrace as core[df12db4294e9bfd3]::fmt::Display>::fmt
[INFO] [stdout]    1:     0x64e6548729da - core[df12db4294e9bfd3]::fmt::write
[INFO] [stdout]    2:     0x64e65485f0fc - <alloc[2182bb758b4b3781]::vec::Vec<u8> as core[df12db4294e9bfd3]::io::write::Write>::write_fmt
[INFO] [stdout]    3:     0x64e654833ff6 - std[70759c8f55707aa4]::panicking::default_hook::{closure#0}
[INFO] [stdout]    4:     0x64e6548509a9 - std[70759c8f55707aa4]::panicking::default_hook
[INFO] [stdout]    5:     0x64e65464bb90 - test[9d35eded1c95d3be]::test_main_inner::<test[9d35eded1c95d3be]::test_main_static::{closure#0}>::{closure#0}
[INFO] [stdout]    6:     0x64e654850cd2 - std[70759c8f55707aa4]::panicking::panic_with_hook
[INFO] [stdout]    7:     0x64e6548340d4 - std[70759c8f55707aa4]::panicking::panic_handler::{closure#0}
[INFO] [stdout]    8:     0x64e65482cca9 - std[70759c8f55707aa4]::sys::backtrace::__rust_end_short_backtrace::<std[70759c8f55707aa4]::panicking::panic_handler::{closure#0}, !>
[INFO] [stdout]    9:     0x64e654834e8d - __rustc[8fa7c3cbc660c2b3]::rust_begin_unwind
[INFO] [stdout]   10:     0x64e6548731bc - core[df12db4294e9bfd3]::panicking::panic_fmt
[INFO] [stdout]   11:     0x64e654873182 - core[df12db4294e9bfd3]::panicking::panic
[INFO] [stdout]   12:     0x64e65450377e - deep_space[c71a1b301d9d7eda]::client::mint::tests::test_get_inflation::{closure#0}
[INFO] [stdout]   13:     0x64e654528338 - <tokio[7ddec43e0ac75d9e]::runtime::context::scoped::Scoped<tokio[7ddec43e0ac75d9e]::runtime::scheduler::Context>>::set::<<tokio[7ddec43e0ac75d9e]::runtime::scheduler::current_thread::CoreGuard>::enter<<tokio[7ddec43e0ac75d9e]::runtime::scheduler::current_thread::CoreGuard>::block_on<core[df12db4294e9bfd3]::pin::Pin<&mut core[df12db4294e9bfd3]::pin::Pin<&mut dyn core[df12db4294e9bfd3]::future::future::Future<Output = ()>>>>::{closure#0}, core[df12db4294e9bfd3]::option::Option<()>>::{closure#0}, (alloc[2182bb758b4b3781]::boxed::Box<tokio[7ddec43e0ac75d9e]::runtime::scheduler::current_thread::Core>, core[df12db4294e9bfd3]::option::Option<()>)>
[INFO] [stdout]   14:     0x64e654529493 - <tokio[7ddec43e0ac75d9e]::runtime::scheduler::current_thread::CurrentThread>::block_on::<core[df12db4294e9bfd3]::pin::Pin<&mut dyn core[df12db4294e9bfd3]::future::future::Future<Output = ()>>>
[INFO] [stdout]   15:     0x64e6544f992d - <tokio[7ddec43e0ac75d9e]::runtime::runtime::Runtime>::block_on::<core[df12db4294e9bfd3]::pin::Pin<&mut dyn core[df12db4294e9bfd3]::future::future::Future<Output = ()>>>
[INFO] [stdout]   16:     0x64e65450893b - <deep_space[c71a1b301d9d7eda]::client::mint::tests::test_get_inflation::{closure#0} as core[df12db4294e9bfd3]::ops::function::FnOnce<()>>::call_once
[INFO] [stdout]   17:     0x64e65463ee7b - test[9d35eded1c95d3be]::__rust_begin_short_backtrace::<core[df12db4294e9bfd3]::result::Result<(), alloc[2182bb758b4b3781]::string::String>, fn() -> core[df12db4294e9bfd3]::result::Result<(), alloc[2182bb758b4b3781]::string::String>>
[INFO] [stdout]   18:     0x64e65464c4e5 - test[9d35eded1c95d3be]::run_test::{closure#0}
[INFO] [stdout]   19:     0x64e654645da4 - std[70759c8f55707aa4]::sys::backtrace::__rust_begin_short_backtrace::<test[9d35eded1c95d3be]::run_test::{closure#1}, ()>
[INFO] [stdout]   20:     0x64e65464f642 - <std[70759c8f55707aa4]::thread::lifecycle::spawn_unchecked<test[9d35eded1c95d3be]::run_test::{closure#1}, ()>::{closure#1} as core[df12db4294e9bfd3]::ops::function::FnOnce<()>>::call_once::{shim:vtable#0}
[INFO] [stdout]   21:     0x64e654858099 - <std[70759c8f55707aa4]::sys::thread::unix::Thread>::new::thread_start
[INFO] [stdout]   22:     0x76ad91a75dfa - <unknown>
[INFO] [stdout]   23:     0x76ad91b093d4 - clone
[INFO] [stdout]   24:                0x0 - <unknown>
[INFO] [stdout] 
[INFO] [stdout] ---- client::mint::tests::test_get_annual_provisions stdout ----
[INFO] [stdout] 
[INFO] [stdout] thread 'client::mint::tests::test_get_annual_provisions' (2629) panicked at src/client/mint/mod.rs:103:9:
[INFO] [stdout] assertion failed: result.is_ok()
[INFO] [stdout] stack backtrace:
[INFO] [stdout]    0:     0x64e654858b71 - <<std[70759c8f55707aa4]::sys::backtrace::BacktraceLock>::print::DisplayBacktrace as core[df12db4294e9bfd3]::fmt::Display>::fmt
[INFO] [stdout]    1:     0x64e6548729da - core[df12db4294e9bfd3]::fmt::write
[INFO] [stdout]    2:     0x64e65485f0fc - <alloc[2182bb758b4b3781]::vec::Vec<u8> as core[df12db4294e9bfd3]::io::write::Write>::write_fmt
[INFO] [stdout]    3:     0x64e654833ff6 - std[70759c8f55707aa4]::panicking::default_hook::{closure#0}
[INFO] [stdout]    4:     0x64e6548509a9 - std[70759c8f55707aa4]::panicking::default_hook
[INFO] [stdout]    5:     0x64e65464bb90 - test[9d35eded1c95d3be]::test_main_inner::<test[9d35eded1c95d3be]::test_main_static::{closure#0}>::{closure#0}
[INFO] [stdout]    6:     0x64e654850cd2 - std[70759c8f55707aa4]::panicking::panic_with_hook
[INFO] [stdout]    7:     0x64e6548340d4 - std[70759c8f55707aa4]::panicking::panic_handler::{closure#0}
[INFO] [stdout]    8:     0x64e65482cca9 - std[70759c8f55707aa4]::sys::backtrace::__rust_end_short_backtrace::<std[70759c8f55707aa4]::panicking::panic_handler::{closure#0}, !>
[INFO] [stdout]    9:     0x64e654834e8d - __rustc[8fa7c3cbc660c2b3]::rust_begin_unwind
[INFO] [stdout]   10:     0x64e6548731bc - core[df12db4294e9bfd3]::panicking::panic_fmt
[INFO] [stdout]   11:     0x64e654873182 - core[df12db4294e9bfd3]::panicking::panic
[INFO] [stdout]   12:     0x64e6545042e5 - deep_space[c71a1b301d9d7eda]::client::mint::tests::test_get_annual_provisions::{closure#0}
[INFO] [stdout]   13:     0x64e654528338 - <tokio[7ddec43e0ac75d9e]::runtime::context::scoped::Scoped<tokio[7ddec43e0ac75d9e]::runtime::scheduler::Context>>::set::<<tokio[7ddec43e0ac75d9e]::runtime::scheduler::current_thread::CoreGuard>::enter<<tokio[7ddec43e0ac75d9e]::runtime::scheduler::current_thread::CoreGuard>::block_on<core[df12db4294e9bfd3]::pin::Pin<&mut core[df12db4294e9bfd3]::pin::Pin<&mut dyn core[df12db4294e9bfd3]::future::future::Future<Output = ()>>>>::{closure#0}, core[df12db4294e9bfd3]::option::Option<()>>::{closure#0}, (alloc[2182bb758b4b3781]::boxed::Box<tokio[7ddec43e0ac75d9e]::runtime::scheduler::current_thread::Core>, core[df12db4294e9bfd3]::option::Option<()>)>
[INFO] [stdout]   14:     0x64e654529493 - <tokio[7ddec43e0ac75d9e]::runtime::scheduler::current_thread::CurrentThread>::block_on::<core[df12db4294e9bfd3]::pin::Pin<&mut dyn core[df12db4294e9bfd3]::future::future::Future<Output = ()>>>
[INFO] [stdout]   15:     0x64e6544f992d - <tokio[7ddec43e0ac75d9e]::runtime::runtime::Runtime>::block_on::<core[df12db4294e9bfd3]::pin::Pin<&mut dyn core[df12db4294e9bfd3]::future::future::Future<Output = ()>>>
[INFO] [stdout]   16:     0x64e654508a7b - <deep_space[c71a1b301d9d7eda]::client::mint::tests::test_get_annual_provisions::{closure#0} as core[df12db4294e9bfd3]::ops::function::FnOnce<()>>::call_once
[INFO] [stdout]   17:     0x64e65463ee7b - test[9d35eded1c95d3be]::__rust_begin_short_backtrace::<core[df12db4294e9bfd3]::result::Result<(), alloc[2182bb758b4b3781]::string::String>, fn() -> core[df12db4294e9bfd3]::result::Result<(), alloc[2182bb758b4b3781]::string::String>>
[INFO] [stdout]   18:     0x64e65464c4e5 - test[9d35eded1c95d3be]::run_test::{closure#0}
[INFO] [stdout]   19:     0x64e654645da4 - std[70759c8f55707aa4]::sys::backtrace::__rust_begin_short_backtrace::<test[9d35eded1c95d3be]::run_test::{closure#1}, ()>
[INFO] [stdout]   20:     0x64e65464f642 - <std[70759c8f55707aa4]::thread::lifecycle::spawn_unchecked<test[9d35eded1c95d3be]::run_test::{closure#1}, ()>::{closure#1} as core[df12db4294e9bfd3]::ops::function::FnOnce<()>>::call_once::{shim:vtable#0}
[INFO] [stdout]   21:     0x64e654858099 - <std[70759c8f55707aa4]::sys::thread::unix::Thread>::new::thread_start
[INFO] [stdout]   22:     0x76ad91a75dfa - <unknown>
[INFO] [stdout]   23:     0x76ad91b093d4 - clone
[INFO] [stdout]   24:                0x0 - <unknown>
[INFO] [stdout] 
[INFO] [stdout] 
[INFO] [stdout] failures:
[INFO] [stdout]     client::mint::tests::test_get_annual_provisions
[INFO] [stdout]     client::mint::tests::test_get_inflation
[INFO] [stdout] 
[INFO] [stdout] test result: FAILED. 28 passed; 2 failed; 2 ignored; 0 measured; 0 filtered out; finished in 0.25s
[INFO] [stdout] 
[INFO] [stderr] error: test failed, to rerun pass `--lib`
[INFO] running `Command { std: "docker" "inspect" "dcc5dd12d0bf0ace1bc8164a9900fe38d5303ecdfba9246778af8895f247534d", kill_on_drop: false }`
[INFO] running `Command { std: "docker" "rm" "-f" "dcc5dd12d0bf0ace1bc8164a9900fe38d5303ecdfba9246778af8895f247534d", kill_on_drop: false }`
[INFO] [stdout] dcc5dd12d0bf0ace1bc8164a9900fe38d5303ecdfba9246778af8895f247534d
