[INFO] fetching crate deep-flatten 0.1.0...
[INFO] testing deep-flatten-0.1.0 against 1.100.0-beta.1+cargoflags=--release for beta-release-1.100-2
[INFO] extracting crate deep-flatten 0.1.0 into /workspace/builds/worker-3-tc2/source
[INFO] started tweaking crates.io crate deep-flatten 0.1.0
[INFO] finished tweaking crates.io crate deep-flatten 0.1.0
[INFO] tweaked toml for crates.io crate deep-flatten 0.1.0 written to /workspace/builds/worker-3-tc2/source/Cargo.toml
[INFO] validating manifest of crates.io crate deep-flatten 0.1.0 on toolchain 1.100.0-beta.1
[INFO] running `Command { std: CARGO_HOME="/workspace/cargo-home" RUSTUP_HOME="/workspace/rustup-home" "/workspace/cargo-home/bin/cargo" "+1.100.0-beta.1" "metadata" "--manifest-path" "Cargo.toml" "--no-deps", kill_on_drop: false }`
[INFO] running `Command { std: CARGO_HOME="/workspace/cargo-home" RUSTUP_HOME="/workspace/rustup-home" "/workspace/cargo-home/bin/cargo" "+1.100.0-beta.1" "generate-lockfile" "--manifest-path" "Cargo.toml", kill_on_drop: false }`
[INFO] running `Command { std: CARGO_HOME="/workspace/cargo-home" RUSTUP_HOME="/workspace/rustup-home" "/workspace/cargo-home/bin/cargo" "+1.100.0-beta.1" "fetch" "--manifest-path" "Cargo.toml", kill_on_drop: false }`
[INFO] running `Command { std: "docker" "create" "-v" "/var/lib/crater-agent-workspace/builds/worker-3-tc2/source:/opt/rustwide/workdir:ro,Z" "-v" "/var/lib/crater-agent-workspace/builds/worker-3-tc2/target:/opt/rustwide/target:rw,Z" "-v" "/var/lib/crater-agent-workspace/cargo-home:/opt/rustwide/cargo-home:ro,Z" "-v" "/var/lib/crater-agent-workspace/rustup-home:/opt/rustwide/rustup-home:ro,Z" "-m" "1610612736" "--network" "none" "ghcr.io/rust-lang/crates-build-env/linux@sha256:77db811e55d90add9212f6832c23229e3de5f1c1f9905e8cb07319ea15df73ac" "sleep" "infinity", kill_on_drop: false }`
[INFO] [stdout] ad67c50cac0a39fba3f427dd14eb5f263b3481ad69eee0fdaf82c8b4ef68ede1
[INFO] running `Command { std: "docker" "start" "ad67c50cac0a39fba3f427dd14eb5f263b3481ad69eee0fdaf82c8b4ef68ede1", kill_on_drop: false }`
[INFO] running `Command { std: "docker" "inspect" "ad67c50cac0a39fba3f427dd14eb5f263b3481ad69eee0fdaf82c8b4ef68ede1", kill_on_drop: false }`
[INFO] running `Command { std: "docker" "exec" "-e" "SOURCE_DIR=/opt/rustwide/workdir" "-e" "CARGO_HOME=/opt/rustwide/cargo-home" "-e" "RUSTUP_HOME=/opt/rustwide/rustup-home" "-e" "CARGO_TARGET_DIR=/opt/rustwide/target" "-w" "/opt/rustwide/workdir" "--user" "0:0" "ad67c50cac0a39fba3f427dd14eb5f263b3481ad69eee0fdaf82c8b4ef68ede1" "/opt/rustwide/cargo-home/bin/cargo" "+1.100.0-beta.1" "metadata" "--no-deps" "--format-version=1", kill_on_drop: false }`
[INFO] running `Command { std: "docker" "inspect" "ad67c50cac0a39fba3f427dd14eb5f263b3481ad69eee0fdaf82c8b4ef68ede1", kill_on_drop: false }`
[INFO] running `Command { std: "docker" "exec" "-e" "SOURCE_DIR=/opt/rustwide/workdir" "-e" "CARGO_HOME=/opt/rustwide/cargo-home" "-e" "RUSTUP_HOME=/opt/rustwide/rustup-home" "-e" "CARGO_TARGET_DIR=/opt/rustwide/target" "-e" "CARGO_INCREMENTAL=0" "-e" "RUST_BACKTRACE=full" "-e" "RUSTFLAGS=--cap-lints=warn" "-e" "RUSTDOCFLAGS=--cap-lints=warn" "-w" "/opt/rustwide/workdir" "--user" "0:0" "ad67c50cac0a39fba3f427dd14eb5f263b3481ad69eee0fdaf82c8b4ef68ede1" "/opt/rustwide/cargo-home/bin/cargo" "+1.100.0-beta.1" "build" "--frozen" "--message-format=json" "--release", kill_on_drop: false }`
[INFO] [stderr]    Compiling deep-flatten v0.1.0 (/opt/rustwide/workdir)
[INFO] [stderr]     Finished `release` profile [optimized] target(s) in 0.24s
[INFO] running `Command { std: "docker" "inspect" "ad67c50cac0a39fba3f427dd14eb5f263b3481ad69eee0fdaf82c8b4ef68ede1", kill_on_drop: false }`
[INFO] running `Command { std: "docker" "exec" "-e" "SOURCE_DIR=/opt/rustwide/workdir" "-e" "CARGO_HOME=/opt/rustwide/cargo-home" "-e" "RUSTUP_HOME=/opt/rustwide/rustup-home" "-e" "CARGO_TARGET_DIR=/opt/rustwide/target" "-e" "CARGO_INCREMENTAL=0" "-e" "RUST_BACKTRACE=full" "-e" "RUSTFLAGS=--cap-lints=warn" "-e" "RUSTDOCFLAGS=--cap-lints=warn" "-w" "/opt/rustwide/workdir" "--user" "0:0" "ad67c50cac0a39fba3f427dd14eb5f263b3481ad69eee0fdaf82c8b4ef68ede1" "/opt/rustwide/cargo-home/bin/cargo" "+1.100.0-beta.1" "test" "--frozen" "--no-run" "--message-format=json" "--release", kill_on_drop: false }`
[INFO] [stderr]    Compiling deep-flatten v0.1.0 (/opt/rustwide/workdir)
[INFO] [stderr]     Finished `release` profile [optimized] target(s) in 0.42s
[INFO] running `Command { std: "docker" "inspect" "ad67c50cac0a39fba3f427dd14eb5f263b3481ad69eee0fdaf82c8b4ef68ede1", kill_on_drop: false }`
[INFO] running `Command { std: "docker" "exec" "-e" "SOURCE_DIR=/opt/rustwide/workdir" "-e" "CARGO_HOME=/opt/rustwide/cargo-home" "-e" "RUSTUP_HOME=/opt/rustwide/rustup-home" "-e" "CARGO_TARGET_DIR=/opt/rustwide/target" "-e" "CARGO_INCREMENTAL=0" "-e" "RUST_BACKTRACE=full" "-e" "RUSTFLAGS=--cap-lints=warn" "-e" "RUSTDOCFLAGS=--cap-lints=warn" "-w" "/opt/rustwide/workdir" "--user" "0:0" "ad67c50cac0a39fba3f427dd14eb5f263b3481ad69eee0fdaf82c8b4ef68ede1" "/opt/rustwide/cargo-home/bin/cargo" "+1.100.0-beta.1" "test" "--frozen" "--release", kill_on_drop: false }`
[INFO] [stderr]     Finished `release` profile [optimized] target(s) in 0.01s
[INFO] [stderr]      Running unittests src/lib.rs (/opt/rustwide/target/release/build/deep-flatten/7032370178c5cafe/out/deep_flatten-7032370178c5cafe)
[INFO] [stdout] 
[INFO] [stdout] running 0 tests
[INFO] [stdout] 
[INFO] [stdout] test result: ok. 0 passed; 0 failed; 0 ignored; 0 measured; 0 filtered out; finished in 0.00s
[INFO] [stdout] 
[INFO] [stderr]      Running tests/flatten_option.rs (/opt/rustwide/target/release/build/deep-flatten/960c6d614a0a54d9/out/flatten_option-960c6d614a0a54d9)
[INFO] [stdout] 
[INFO] [stdout] running 2 tests
[INFO] [stdout] test test_flatten ... ok
[INFO] [stderr]    Doc-tests deep_flatten
[INFO] [stdout] test test_very_deep_flatten ... ok
[INFO] [stdout] 
[INFO] [stdout] test result: ok. 2 passed; 0 failed; 0 ignored; 0 measured; 0 filtered out; finished in 0.00s
[INFO] [stdout] 
[INFO] [stdout] 
[INFO] [stdout] running 1 test
[INFO] [stdout] test src/lib.rs - (line 8) ... FAILED
[INFO] [stdout] 
[INFO] [stdout] failures:
[INFO] [stdout] 
[INFO] [stdout] ---- src/lib.rs - (line 8) stdout ----
[INFO] [stdout] error[E0432]: unresolved import `deep_flatten::DeepFlatten`
[INFO] [stdout]   --> src/lib.rs:10:5
[INFO] [stdout]    |
[INFO] [stdout] 10 | use deep_flatten::DeepFlatten;
[INFO] [stdout]    |     ^^^^^^^^^^^^^^-----------
[INFO] [stdout]    |                   |
[INFO] [stdout]    |                   no `DeepFlatten` in the root
[INFO] [stdout] 
[INFO] [stdout] error[E0599]: no method named `deep_flatten` found for enum `Option<T>` in the current scope
[INFO] [stdout]   --> src/lib.rs:13:19
[INFO] [stdout]    |
[INFO] [stdout] 13 | let flattened = x.deep_flatten();
[INFO] [stdout]    |                   ^^^^^^^^^^^^
[INFO] [stdout]    |
[INFO] [stdout]   ::: src/lib.rs:7:8
[INFO] [stdout]    |
[INFO] [stdout]  7 |     fn deep_flatten(self) -> Option<T>;
[INFO] [stdout]    |        ------------ the method is available for `Option<Option<Option<Option<Option<Option<Option<Option<Option<()>>>>>>>>>` here
[INFO] [stdout]    |
[INFO] [stdout]    = help: items from traits can only be used if the trait is in scope
[INFO] [stdout] help: trait `OptionDeepFlatten` which provides `deep_flatten` is implemented but not in scope; perhaps you want to import it
[INFO] [stdout]    |
[INFO] [stdout]  7 + use crate::deep_flatten::OptionDeepFlatten;
[INFO] [stdout]    |
[INFO] [stdout] help: there is a method `flatten` with a similar name
[INFO] [stdout]    |
[INFO] [stdout] 13 - let flattened = x.deep_flatten();
[INFO] [stdout] 13 + let flattened = x.flatten();
[INFO] [stdout]    |
[INFO] [stdout] 
[INFO] [stdout] error: aborting due to 2 previous errors
[INFO] [stdout] 
[INFO] [stdout] Some errors have detailed explanations: E0432, E0599.
[INFO] [stdout] For more information about an error, try `rustc --explain E0432`.
[INFO] [stdout] Couldn't compile the test.
[INFO] [stdout] 
[INFO] [stdout] failures:
[INFO] [stdout]     src/lib.rs - (line 8)
[INFO] [stdout] 
[INFO] [stdout] test result: FAILED. 0 passed; 1 failed; 0 ignored; 0 measured; 0 filtered out; finished in 0.12s
[INFO] [stdout] 
[INFO] [stderr] error: doctest failed, to rerun pass `--doc`
[INFO] running `Command { std: "docker" "inspect" "ad67c50cac0a39fba3f427dd14eb5f263b3481ad69eee0fdaf82c8b4ef68ede1", kill_on_drop: false }`
[INFO] running `Command { std: "docker" "rm" "-f" "ad67c50cac0a39fba3f427dd14eb5f263b3481ad69eee0fdaf82c8b4ef68ede1", kill_on_drop: false }`
[INFO] [stdout] ad67c50cac0a39fba3f427dd14eb5f263b3481ad69eee0fdaf82c8b4ef68ede1
