[INFO] fetching crate deep-diff-forge-syntax 0.2.0...
[INFO] testing deep-diff-forge-syntax-0.2.0 against 1.99.0-beta.8+cargoflags=--release for beta-release-1.100-2
[INFO] extracting crate deep-diff-forge-syntax 0.2.0 into /workspace/builds/worker-3-tc1/source
[INFO] started tweaking crates.io crate deep-diff-forge-syntax 0.2.0
[INFO] removed 0 missing tests
[INFO] finished tweaking crates.io crate deep-diff-forge-syntax 0.2.0
[INFO] tweaked toml for crates.io crate deep-diff-forge-syntax 0.2.0 written to /workspace/builds/worker-3-tc1/source/Cargo.toml
[INFO] validating manifest of crates.io crate deep-diff-forge-syntax 0.2.0 on toolchain 1.99.0-beta.8
[INFO] running `Command { std: CARGO_HOME="/workspace/cargo-home" RUSTUP_HOME="/workspace/rustup-home" "/workspace/cargo-home/bin/cargo" "+1.99.0-beta.8" "metadata" "--manifest-path" "Cargo.toml" "--no-deps", kill_on_drop: false }`
[INFO] crate crates.io crate deep-diff-forge-syntax 0.2.0 already has a lockfile, it will not be regenerated
[INFO] running `Command { std: CARGO_HOME="/workspace/cargo-home" RUSTUP_HOME="/workspace/rustup-home" "/workspace/cargo-home/bin/cargo" "+1.99.0-beta.8" "fetch" "--manifest-path" "Cargo.toml", kill_on_drop: false }`
[INFO] [stderr]     Updating crates.io index
[INFO] [stderr]  Downloading crates ...
[INFO] [stderr]   Downloaded deep-diff-forge-core v0.2.0
[INFO] [stderr]   Downloaded tree-sitter v0.25.10
[INFO] running `Command { std: "docker" "create" "-v" "/var/lib/crater-agent-workspace/builds/worker-3-tc1/source:/opt/rustwide/workdir:ro,Z" "-v" "/var/lib/crater-agent-workspace/builds/worker-3-tc1/target:/opt/rustwide/target:rw,Z" "-v" "/var/lib/crater-agent-workspace/cargo-home:/opt/rustwide/cargo-home:ro,Z" "-v" "/var/lib/crater-agent-workspace/rustup-home:/opt/rustwide/rustup-home:ro,Z" "-m" "1610612736" "--network" "none" "ghcr.io/rust-lang/crates-build-env/linux@sha256:77db811e55d90add9212f6832c23229e3de5f1c1f9905e8cb07319ea15df73ac" "sleep" "infinity", kill_on_drop: false }`
[INFO] [stdout] 000a0b6220f324d42157ee82f31dc4ac380ceb167eeccbf78e17f1dfa439a983
[INFO] running `Command { std: "docker" "start" "000a0b6220f324d42157ee82f31dc4ac380ceb167eeccbf78e17f1dfa439a983", kill_on_drop: false }`
[INFO] running `Command { std: "docker" "inspect" "000a0b6220f324d42157ee82f31dc4ac380ceb167eeccbf78e17f1dfa439a983", kill_on_drop: false }`
[INFO] running `Command { std: "docker" "exec" "-e" "SOURCE_DIR=/opt/rustwide/workdir" "-e" "CARGO_HOME=/opt/rustwide/cargo-home" "-e" "RUSTUP_HOME=/opt/rustwide/rustup-home" "-e" "CARGO_TARGET_DIR=/opt/rustwide/target" "-w" "/opt/rustwide/workdir" "--user" "0:0" "000a0b6220f324d42157ee82f31dc4ac380ceb167eeccbf78e17f1dfa439a983" "/opt/rustwide/cargo-home/bin/cargo" "+1.99.0-beta.8" "metadata" "--no-deps" "--format-version=1", kill_on_drop: false }`
[INFO] running `Command { std: "docker" "inspect" "000a0b6220f324d42157ee82f31dc4ac380ceb167eeccbf78e17f1dfa439a983", kill_on_drop: false }`
[INFO] running `Command { std: "docker" "exec" "-e" "SOURCE_DIR=/opt/rustwide/workdir" "-e" "CARGO_HOME=/opt/rustwide/cargo-home" "-e" "RUSTUP_HOME=/opt/rustwide/rustup-home" "-e" "CARGO_TARGET_DIR=/opt/rustwide/target" "-e" "CARGO_INCREMENTAL=0" "-e" "RUST_BACKTRACE=full" "-e" "RUSTFLAGS=--cap-lints=warn" "-e" "RUSTDOCFLAGS=--cap-lints=warn" "-w" "/opt/rustwide/workdir" "--user" "0:0" "000a0b6220f324d42157ee82f31dc4ac380ceb167eeccbf78e17f1dfa439a983" "/opt/rustwide/cargo-home/bin/cargo" "+1.99.0-beta.8" "build" "--frozen" "--message-format=json" "--release", kill_on_drop: false }`
[INFO] [stderr]    Compiling serde_core v1.0.228
[INFO] [stderr]    Compiling tree-sitter-language v0.1.7
[INFO] [stderr]    Compiling serde_json v1.0.150
[INFO] [stderr]    Compiling memchr v2.8.2
[INFO] [stderr]    Compiling regex-syntax v0.8.11
[INFO] [stderr]    Compiling streaming-iterator v0.1.9
[INFO] [stderr]    Compiling deep-diff-forge-core v0.2.0
[INFO] [stderr]    Compiling tree-sitter-rust v0.24.2
[INFO] [stderr]    Compiling aho-corasick v1.1.4
[INFO] [stderr]    Compiling regex-automata v0.4.14
[INFO] [stderr]    Compiling tree-sitter v0.25.10
[INFO] [stderr]    Compiling regex v1.12.4
[INFO] [stderr]    Compiling deep-diff-forge-syntax v0.2.0 (/opt/rustwide/workdir)
[INFO] [stderr]     Finished `release` profile [optimized] target(s) in 31.91s
[INFO] running `Command { std: "docker" "inspect" "000a0b6220f324d42157ee82f31dc4ac380ceb167eeccbf78e17f1dfa439a983", kill_on_drop: false }`
[INFO] running `Command { std: "docker" "exec" "-e" "SOURCE_DIR=/opt/rustwide/workdir" "-e" "CARGO_HOME=/opt/rustwide/cargo-home" "-e" "RUSTUP_HOME=/opt/rustwide/rustup-home" "-e" "CARGO_TARGET_DIR=/opt/rustwide/target" "-e" "CARGO_INCREMENTAL=0" "-e" "RUST_BACKTRACE=full" "-e" "RUSTFLAGS=--cap-lints=warn" "-e" "RUSTDOCFLAGS=--cap-lints=warn" "-w" "/opt/rustwide/workdir" "--user" "0:0" "000a0b6220f324d42157ee82f31dc4ac380ceb167eeccbf78e17f1dfa439a983" "/opt/rustwide/cargo-home/bin/cargo" "+1.99.0-beta.8" "test" "--frozen" "--no-run" "--message-format=json" "--release", kill_on_drop: false }`
[INFO] [stderr]    Compiling deep-diff-forge-syntax v0.2.0 (/opt/rustwide/workdir)
[INFO] [stderr]     Finished `release` profile [optimized] target(s) in 1.78s
[INFO] running `Command { std: "docker" "inspect" "000a0b6220f324d42157ee82f31dc4ac380ceb167eeccbf78e17f1dfa439a983", kill_on_drop: false }`
[INFO] running `Command { std: "docker" "exec" "-e" "SOURCE_DIR=/opt/rustwide/workdir" "-e" "CARGO_HOME=/opt/rustwide/cargo-home" "-e" "RUSTUP_HOME=/opt/rustwide/rustup-home" "-e" "CARGO_TARGET_DIR=/opt/rustwide/target" "-e" "CARGO_INCREMENTAL=0" "-e" "RUST_BACKTRACE=full" "-e" "RUSTFLAGS=--cap-lints=warn" "-e" "RUSTDOCFLAGS=--cap-lints=warn" "-w" "/opt/rustwide/workdir" "--user" "0:0" "000a0b6220f324d42157ee82f31dc4ac380ceb167eeccbf78e17f1dfa439a983" "/opt/rustwide/cargo-home/bin/cargo" "+1.99.0-beta.8" "test" "--frozen" "--release", kill_on_drop: false }`
[INFO] [stderr]     Finished `release` profile [optimized] target(s) in 0.04s
[INFO] [stderr]      Running unittests src/lib.rs (/opt/rustwide/target/release/deps/deep_diff_forge_syntax-2ddffae21c1a5a36)
[INFO] [stdout] 
[INFO] [stdout] running 63 tests
[INFO] [stdout] test analyze::tests::extracts_a_function_symbol ... ok
[INFO] [stdout] test analyze::tests::broken_syntax_reports_parsed_with_errors ... ok
[INFO] [stdout] test analyze::tests::analyze_language_bypasses_detection ... ok
[INFO] [stdout] test analyze::tests::default_options_are_generous ... ok
[INFO] [stdout] test analyze::tests::enclosing_symbol_none_when_between_items ... ok
[INFO] [stdout] test analyze::tests::errors_counted_are_positive_for_multiple_breaks ... ok
[INFO] [stdout] test analyze::tests::enum_symbol_has_name ... ok
[INFO] [stdout] test analyze::tests::extracts_multiple_top_level_items ... ok
[INFO] [stdout] test analyze::tests::empty_source_is_parsed_with_no_symbols ... ok
[INFO] [stdout] test analyze::tests::enclosing_symbol_picks_innermost_by_line_count ... ok
[INFO] [stdout] test analyze::tests::impl_method_is_not_top_level_symbol ... ok
[INFO] [stdout] test analyze::tests::enclosing_symbol_finds_containing_item ... ok
[INFO] [stdout] test analyze::tests::detects_language_rust ... ok
[INFO] [stdout] test analyze::tests::symbol_line_ranges_are_one_based ... ok
[INFO] [stdout] test analyze::tests::trait_and_const_and_type_are_extracted ... ok
[INFO] [stdout] test highlight::tests::ansi_sgr_is_a_fixed_numeric_code ... ok
[INFO] [stdout] test analyze::tests::unicode_source_parses_and_spans_are_valid ... ok
[INFO] [stdout] test analyze::tests::unsupported_language_falls_back ... ok
[INFO] [stdout] test analyze::tests::byte_budget_forces_fallback ... ok
[INFO] [stdout] test analyze::tests::fallback_yields_no_symbols ... ok
[INFO] [stdout] test analyze::tests::analyze_language_unsupported_falls_back ... ok
[INFO] [stdout] test analyze::tests::node_budget_forces_fallback ... ok
[INFO] [stdout] test analyze::tests::symbol_byte_ranges_are_populated ... ok
[INFO] [stdout] test analyze::tests::parses_clean_rust_as_parsed ... ok
[INFO] [stdout] test analyze::tests::second_item_starts_after_first ... ok
[INFO] [stdout] test highlight::tests::from_capture_maps_leading_segment ... ok
[INFO] [stdout] test analyze::tests::impl_symbol_uses_type_name ... ok
[INFO] [stdout] test analyze::tests::many_functions_all_extracted ... ok
[INFO] [stdout] test analyze::tests::module_and_static_and_macro_are_extracted ... ok
[INFO] [stdout] test highlight::tests::unsupported_language_yields_no_spans ... ok
[INFO] [stdout] test language::tests::dotfile_without_extension_is_unsupported ... ok
[INFO] [stdout] test language::tests::extension_is_case_sensitive ... ok
[INFO] [stdout] test analyze::tests::struct_symbol_has_name ... ok
[INFO] [stdout] test language::tests::language_is_copy_and_eq ... ok
[INFO] [stdout] test language::tests::language_names_are_stable ... ok
[INFO] [stdout] test language::tests::nested_path_with_rs_extension_detected ... ok
[INFO] [stdout] test structural::tests::counts_are_consistent_with_changes ... ok
[INFO] [stdout] test structural::tests::empty_to_nonempty_is_all_added ... ok
[INFO] [stdout] test language::tests::no_extension_is_unsupported ... ok
[INFO] [stdout] test language::tests::rust_extension_detected ... ok
[INFO] [stdout] test structural::tests::identical_sources_are_all_unchanged ... ok
[INFO] [stdout] test structural::tests::reordering_is_at_least_not_reformat_only ... ok
[INFO] [stdout] test language::tests::rust_is_supported_unsupported_is_not ... ok
[INFO] [stdout] test structural::tests::renamed_identifier_is_remove_plus_add_not_reformat ... ok
[INFO] [stdout] test structural::tests::removed_token_is_classified ... ok
[INFO] [stdout] test language::tests::path_with_dots_uses_last_extension ... ok
[INFO] [stdout] test structural::tests::tokenize_unsupported_is_empty ... ok
[INFO] [stdout] test structural::tests::tokenize_drops_whitespace ... ok
[INFO] [stdout] test tests::contains_line_rejects_outside ... ok
[INFO] [stdout] test structural::tests::short_runs_are_not_moves ... ok
[INFO] [stdout] test structural::tests::added_token_is_classified ... ok
[INFO] [stdout] test language::tests::unknown_extension_is_unsupported ... ok
[INFO] [stdout] test structural::tests::change_kind_labels ... ok
[INFO] [stdout] test structural::tests::reformatting_only_is_detected ... ok
[INFO] [stdout] test structural::tests::move_detection_reclassifies_matching_runs ... ok
[INFO] [stdout] test tests::contains_line_inclusive_bounds ... ok
[INFO] [stdout] test highlight::tests::flatten_drops_overlaps_keeping_specific ... ok
[INFO] [stdout] test tests::line_count_is_inclusive ... ok
[INFO] [stdout] test highlight::tests::to_ansi_round_trips_plain_text_content ... ok
[INFO] [stdout] test highlight::tests::highlights_rust_keywords_and_strings ... ok
[INFO] [stdout] test highlight::tests::spans_are_sorted_and_non_overlapping ... ok
[INFO] [stdout] test highlight::tests::to_ansi_neutralizes_source_escape_sequences ... ok
[INFO] [stdout] test highlight::tests::empty_source_is_empty ... ok
[INFO] [stdout] 
[INFO] [stdout] test result: ok. 63 passed; 0 failed; 0 ignored; 0 measured; 0 filtered out; finished in 0.13s
[INFO] [stdout] 
[INFO] [stderr]      Running tests/files.rs (/opt/rustwide/target/release/deps/files-53172be1118b393e)
[INFO] [stdout] 
[INFO] [stdout] running 10 tests
[INFO] [stdout] test analyzes_own_lib_rs ... ok
[INFO] [stdout] test non_rust_path_falls_back_even_with_rust_content ... ok
[INFO] [stdout] test analyzes_a_large_real_parser_file ... FAILED
[INFO] [stdout] test enclosing_symbol_resolves_a_real_line ... ok
[INFO] [stdout] test own_lib_rs_has_symbols ... ok
[INFO] [stdout] test symbols_have_nonempty_names ... ok
[INFO] [stdout] test tight_node_budget_falls_back_on_real_file ... ok
[INFO] [stdout] test real_file_symbols_have_monotonic_lines ... ok
[INFO] [stdout] test generous_budget_parses_real_file ... ok
[INFO] [stdout] test every_crate_src_file_parses_clean ... ok
[INFO] [stdout] 
[INFO] [stdout] failures:
[INFO] [stdout] 
[INFO] [stdout] ---- analyzes_a_large_real_parser_file stdout ----
[INFO] [stdout] 
[INFO] [stdout] thread 'analyzes_a_large_real_parser_file' (680) panicked at tests/files.rs:8:55:
[INFO] [stdout] read /opt/rustwide/workdir/../deep-diff-forge-patch/src/parser.rs: No such file or directory (os error 2)
[INFO] [stdout] stack backtrace:
[INFO] [stdout]    0:     0x5f2882a92051 - <<std[70759c8f55707aa4]::sys::backtrace::BacktraceLock>::print::DisplayBacktrace as core[df12db4294e9bfd3]::fmt::Display>::fmt
[INFO] [stdout]    1:     0x5f2882aa636a - core[df12db4294e9bfd3]::fmt::write
[INFO] [stdout]    2:     0x5f2882a964ec - <alloc[2182bb758b4b3781]::vec::Vec<u8> as core[df12db4294e9bfd3]::io::write::Write>::write_fmt
[INFO] [stdout]    3:     0x5f2882a6e2d6 - std[70759c8f55707aa4]::panicking::default_hook::{closure#0}
[INFO] [stdout]    4:     0x5f2882a8a449 - std[70759c8f55707aa4]::panicking::default_hook
[INFO] [stdout]    5:     0x5f2882a0be00 - test[9d35eded1c95d3be]::test_main_inner::<test[9d35eded1c95d3be]::test_main_static::{closure#0}>::{closure#0}
[INFO] [stdout]    6:     0x5f2882a8a602 - std[70759c8f55707aa4]::panicking::panic_with_hook
[INFO] [stdout]    7:     0x5f2882a6e382 - std[70759c8f55707aa4]::panicking::panic_handler::{closure#0}
[INFO] [stdout]    8:     0x5f2882a66f79 - std[70759c8f55707aa4]::sys::backtrace::__rust_end_short_backtrace::<std[70759c8f55707aa4]::panicking::panic_handler::{closure#0}, !>
[INFO] [stdout]    9:     0x5f2882a6ef7d - __rustc[8fa7c3cbc660c2b3]::rust_begin_unwind
[INFO] [stdout]   10:     0x5f2882aa6a9c - core[df12db4294e9bfd3]::panicking::panic_fmt
[INFO] [stdout]   11:     0x5f28829fdc5a - files[b0126f94a36c499e]::read::{closure#0}
[INFO] [stdout]   12:     0x5f28829fdd72 - files[b0126f94a36c499e]::read
[INFO] [stdout]   13:     0x5f28829fe617 - <files[b0126f94a36c499e]::analyzes_a_large_real_parser_file::{closure#0} as core[df12db4294e9bfd3]::ops::function::FnOnce<()>>::call_once
[INFO] [stdout]   14:     0x5f28829ff0eb - test[9d35eded1c95d3be]::__rust_begin_short_backtrace::<core[df12db4294e9bfd3]::result::Result<(), alloc[2182bb758b4b3781]::string::String>, fn() -> core[df12db4294e9bfd3]::result::Result<(), alloc[2182bb758b4b3781]::string::String>>
[INFO] [stdout]   15:     0x5f2882a0c755 - test[9d35eded1c95d3be]::run_test::{closure#0}
[INFO] [stdout]   16:     0x5f2882a06014 - std[70759c8f55707aa4]::sys::backtrace::__rust_begin_short_backtrace::<test[9d35eded1c95d3be]::run_test::{closure#1}, ()>
[INFO] [stdout]   17:     0x5f2882a0f8b2 - <std[70759c8f55707aa4]::thread::lifecycle::spawn_unchecked<test[9d35eded1c95d3be]::run_test::{closure#1}, ()>::{closure#1} as core[df12db4294e9bfd3]::ops::function::FnOnce<()>>::call_once::{shim:vtable#0}
[INFO] [stdout]   18:     0x5f2882a915b9 - <std[70759c8f55707aa4]::sys::thread::unix::Thread>::new::thread_start
[INFO] [stdout]   19:     0x7c01daf49dfa - <unknown>
[INFO] [stdout]   20:     0x7c01dafdd3d4 - clone
[INFO] [stdout]   21:                0x0 - <unknown>
[INFO] [stdout] 
[INFO] [stdout] 
[INFO] [stdout] failures:
[INFO] [stdout]     analyzes_a_large_real_parser_file
[INFO] [stdout] 
[INFO] [stdout] test result: FAILED. 9 passed; 1 failed; 0 ignored; 0 measured; 0 filtered out; finished in 0.01s
[INFO] [stdout] 
[INFO] [stderr] error: test failed, to rerun pass `--test files`
[INFO] running `Command { std: "docker" "inspect" "000a0b6220f324d42157ee82f31dc4ac380ceb167eeccbf78e17f1dfa439a983", kill_on_drop: false }`
[INFO] running `Command { std: "docker" "rm" "-f" "000a0b6220f324d42157ee82f31dc4ac380ceb167eeccbf78e17f1dfa439a983", kill_on_drop: false }`
[INFO] [stdout] 000a0b6220f324d42157ee82f31dc4ac380ceb167eeccbf78e17f1dfa439a983
