[INFO] fetching crate deep-diff-forge-projection 0.2.0...
[INFO] testing deep-diff-forge-projection-0.2.0 against 1.99.0-beta.8+cargoflags=--release for beta-release-1.100-2
[INFO] extracting crate deep-diff-forge-projection 0.2.0 into /workspace/builds/worker-2-tc1/source
[INFO] started tweaking crates.io crate deep-diff-forge-projection 0.2.0
[INFO] removed 0 missing tests
[INFO] finished tweaking crates.io crate deep-diff-forge-projection 0.2.0
[INFO] tweaked toml for crates.io crate deep-diff-forge-projection 0.2.0 written to /workspace/builds/worker-2-tc1/source/Cargo.toml
[INFO] validating manifest of crates.io crate deep-diff-forge-projection 0.2.0 on toolchain 1.99.0-beta.8
[INFO] running `Command { std: CARGO_HOME="/workspace/cargo-home" RUSTUP_HOME="/workspace/rustup-home" "/workspace/cargo-home/bin/cargo" "+1.99.0-beta.8" "metadata" "--manifest-path" "Cargo.toml" "--no-deps", kill_on_drop: false }`
[INFO] crate crates.io crate deep-diff-forge-projection 0.2.0 already has a lockfile, it will not be regenerated
[INFO] running `Command { std: CARGO_HOME="/workspace/cargo-home" RUSTUP_HOME="/workspace/rustup-home" "/workspace/cargo-home/bin/cargo" "+1.99.0-beta.8" "fetch" "--manifest-path" "Cargo.toml", kill_on_drop: false }`
[INFO] [stderr]     Updating crates.io index
[INFO] [stderr]  Downloading crates ...
[INFO] [stderr]   Downloaded deep-diff-forge-core v0.2.0
[INFO] [stderr]   Downloaded deep-diff-forge-patch v0.2.0
[INFO] running `Command { std: "docker" "create" "-v" "/var/lib/crater-agent-workspace/builds/worker-2-tc1/source:/opt/rustwide/workdir:ro,Z" "-v" "/var/lib/crater-agent-workspace/builds/worker-2-tc1/target:/opt/rustwide/target:rw,Z" "-v" "/var/lib/crater-agent-workspace/cargo-home:/opt/rustwide/cargo-home:ro,Z" "-v" "/var/lib/crater-agent-workspace/rustup-home:/opt/rustwide/rustup-home:ro,Z" "-m" "1610612736" "--network" "none" "ghcr.io/rust-lang/crates-build-env/linux@sha256:77db811e55d90add9212f6832c23229e3de5f1c1f9905e8cb07319ea15df73ac" "sleep" "infinity", kill_on_drop: false }`
[INFO] [stdout] d3b448083c476e7cb311e408a350fc636de0ef22d3bcb836b05f0542cfe8154c
[INFO] running `Command { std: "docker" "start" "d3b448083c476e7cb311e408a350fc636de0ef22d3bcb836b05f0542cfe8154c", kill_on_drop: false }`
[INFO] running `Command { std: "docker" "inspect" "d3b448083c476e7cb311e408a350fc636de0ef22d3bcb836b05f0542cfe8154c", kill_on_drop: false }`
[INFO] running `Command { std: "docker" "exec" "-e" "SOURCE_DIR=/opt/rustwide/workdir" "-e" "CARGO_HOME=/opt/rustwide/cargo-home" "-e" "RUSTUP_HOME=/opt/rustwide/rustup-home" "-e" "CARGO_TARGET_DIR=/opt/rustwide/target" "-w" "/opt/rustwide/workdir" "--user" "0:0" "d3b448083c476e7cb311e408a350fc636de0ef22d3bcb836b05f0542cfe8154c" "/opt/rustwide/cargo-home/bin/cargo" "+1.99.0-beta.8" "metadata" "--no-deps" "--format-version=1", kill_on_drop: false }`
[INFO] running `Command { std: "docker" "inspect" "d3b448083c476e7cb311e408a350fc636de0ef22d3bcb836b05f0542cfe8154c", kill_on_drop: false }`
[INFO] running `Command { std: "docker" "exec" "-e" "SOURCE_DIR=/opt/rustwide/workdir" "-e" "CARGO_HOME=/opt/rustwide/cargo-home" "-e" "RUSTUP_HOME=/opt/rustwide/rustup-home" "-e" "CARGO_TARGET_DIR=/opt/rustwide/target" "-e" "CARGO_INCREMENTAL=0" "-e" "RUST_BACKTRACE=full" "-e" "RUSTFLAGS=--cap-lints=warn" "-e" "RUSTDOCFLAGS=--cap-lints=warn" "-w" "/opt/rustwide/workdir" "--user" "0:0" "d3b448083c476e7cb311e408a350fc636de0ef22d3bcb836b05f0542cfe8154c" "/opt/rustwide/cargo-home/bin/cargo" "+1.99.0-beta.8" "build" "--frozen" "--message-format=json" "--release", kill_on_drop: false }`
[INFO] [stderr]    Compiling deep-diff-forge-core v0.2.0
[INFO] [stderr]    Compiling deep-diff-forge-projection v0.2.0 (/opt/rustwide/workdir)
[INFO] [stderr]     Finished `release` profile [optimized] target(s) in 0.68s
[INFO] running `Command { std: "docker" "inspect" "d3b448083c476e7cb311e408a350fc636de0ef22d3bcb836b05f0542cfe8154c", kill_on_drop: false }`
[INFO] running `Command { std: "docker" "exec" "-e" "SOURCE_DIR=/opt/rustwide/workdir" "-e" "CARGO_HOME=/opt/rustwide/cargo-home" "-e" "RUSTUP_HOME=/opt/rustwide/rustup-home" "-e" "CARGO_TARGET_DIR=/opt/rustwide/target" "-e" "CARGO_INCREMENTAL=0" "-e" "RUST_BACKTRACE=full" "-e" "RUSTFLAGS=--cap-lints=warn" "-e" "RUSTDOCFLAGS=--cap-lints=warn" "-w" "/opt/rustwide/workdir" "--user" "0:0" "d3b448083c476e7cb311e408a350fc636de0ef22d3bcb836b05f0542cfe8154c" "/opt/rustwide/cargo-home/bin/cargo" "+1.99.0-beta.8" "test" "--frozen" "--no-run" "--message-format=json" "--release", kill_on_drop: false }`
[INFO] [stderr]    Compiling deep-diff-forge-patch v0.2.0
[INFO] [stderr]    Compiling deep-diff-forge-projection v0.2.0 (/opt/rustwide/workdir)
[INFO] [stderr]     Finished `release` profile [optimized] target(s) in 2.37s
[INFO] running `Command { std: "docker" "inspect" "d3b448083c476e7cb311e408a350fc636de0ef22d3bcb836b05f0542cfe8154c", kill_on_drop: false }`
[INFO] running `Command { std: "docker" "exec" "-e" "SOURCE_DIR=/opt/rustwide/workdir" "-e" "CARGO_HOME=/opt/rustwide/cargo-home" "-e" "RUSTUP_HOME=/opt/rustwide/rustup-home" "-e" "CARGO_TARGET_DIR=/opt/rustwide/target" "-e" "CARGO_INCREMENTAL=0" "-e" "RUST_BACKTRACE=full" "-e" "RUSTFLAGS=--cap-lints=warn" "-e" "RUSTDOCFLAGS=--cap-lints=warn" "-w" "/opt/rustwide/workdir" "--user" "0:0" "d3b448083c476e7cb311e408a350fc636de0ef22d3bcb836b05f0542cfe8154c" "/opt/rustwide/cargo-home/bin/cargo" "+1.99.0-beta.8" "test" "--frozen" "--release", kill_on_drop: false }`
[INFO] [stderr]     Finished `release` profile [optimized] target(s) in 0.02s
[INFO] [stderr]      Running unittests src/lib.rs (/opt/rustwide/target/release/deps/deep_diff_forge_projection-f1be01c0b243ab4d)
[INFO] [stdout] 
[INFO] [stdout] running 47 tests
[INFO] [stdout] test inline::tests::num_pads_to_width_four ... ok
[INFO] [stdout] test inline::tests::removed_row_has_only_old_number ... ok
[INFO] [stdout] test inline::tests::added_row_has_only_new_number ... ok
[INFO] [stdout] test inline::tests::render_marks_added_and_removed ... ok
[INFO] [stdout] test inline::tests::render_row_columns_are_present ... ok
[INFO] [stdout] test inline::tests::marker_of_maps_kinds ... ok
[INFO] [stdout] test side_by_side::tests::added_only_block_has_empty_left ... ok
[INFO] [stdout] test inline::tests::row_text_preserves_content ... ok
[INFO] [stdout] test side_by_side::tests::context_fills_both_sides ... ok
[INFO] [stdout] test inline::tests::render_empty_is_empty_string ... ok
[INFO] [stdout] test side_by_side::tests::context_left_uses_old_right_uses_new ... ok
[INFO] [stdout] test inline::tests::added_only_rows_have_no_old_number ... ok
[INFO] [stdout] test inline::tests::context_row_has_both_line_numbers ... ok
[INFO] [stdout] test inline::tests::multi_file_render_has_two_headers ... ok
[INFO] [stdout] test inline::tests::num_none_is_blank_width_four ... ok
[INFO] [stdout] test side_by_side::tests::fmt_cell_none_is_blank_columns ... ok
[INFO] [stdout] test side_by_side::tests::binary_file_has_no_rows ... ok
[INFO] [stdout] test side_by_side::tests::removed_only_block_has_empty_right ... ok
[INFO] [stdout] test inline::tests::multi_hunk_rows_concatenate ... ok
[INFO] [stdout] test inline::tests::render_includes_hunk_separator ... ok
[INFO] [stdout] test inline::tests::empty_file_has_no_rows ... ok
[INFO] [stdout] test inline::tests::blank_context_row_has_empty_text ... ok
[INFO] [stdout] test side_by_side::tests::change_block_pairs_removed_with_added ... ok
[INFO] [stdout] test inline::tests::render_includes_status_header ... ok
[INFO] [stdout] test side_by_side::tests::fmt_cell_some_shows_marker_and_text ... ok
[INFO] [stdout] test inline::tests::inline_rows_count_matches_lines ... ok
[INFO] [stdout] test side_by_side::tests::left_cell_uses_old_line_number ... ok
[INFO] [stdout] test side_by_side::tests::multi_hunk_rows_accumulate ... ok
[INFO] [stdout] test side_by_side::tests::paired_change_row_count_is_max_of_sides ... ok
[INFO] [stdout] test tests::layout_from_str_rejects_unknown ... ok
[INFO] [stdout] test tests::render_empty_model_is_empty ... ok
[INFO] [stdout] test side_by_side::tests::render_contains_status_header ... ok
[INFO] [stdout] test side_by_side::tests::render_empty_is_empty ... ok
[INFO] [stdout] test tests::render_does_not_mutate_model ... ok
[INFO] [stdout] test tests::layout_from_str_recognizes_inline ... ok
[INFO] [stdout] test side_by_side::tests::render_contains_gutter ... ok
[INFO] [stdout] test tests::layout_from_str_recognizes_split_aliases ... ok
[INFO] [stdout] test side_by_side::tests::right_cell_uses_new_line_number ... ok
[INFO] [stdout] test side_by_side::tests::render_width_controls_column_size ... ok
[INFO] [stdout] test side_by_side::tests::truncate_pad_pads_short_text ... ok
[INFO] [stdout] test side_by_side::tests::truncate_pad_truncates_long_text ... ok
[INFO] [stdout] test side_by_side::tests::uneven_block_pads_shorter_side ... ok
[INFO] [stdout] test side_by_side::tests::truncate_pad_handles_unicode_width ... ok
[INFO] [stdout] test tests::default_layout_is_inline ... ok
[INFO] [stdout] test tests::default_options_use_inline_and_default_width ... ok
[INFO] [stdout] test tests::render_side_dispatch_matches_direct ... ok
[INFO] [stdout] test tests::render_inline_dispatch_matches_direct ... ok
[INFO] [stdout] 
[INFO] [stdout] test result: ok. 47 passed; 0 failed; 0 ignored; 0 measured; 0 filtered out; finished in 0.02s
[INFO] [stdout] 
[INFO] [stderr]      Running tests/render.rs (/opt/rustwide/target/release/deps/render-0d6ada6f3317332a)
[INFO] [stdout] 
[INFO] [stdout] running 6 tests
[INFO] [stdout] test binary_file_renders_header_only ... FAILED
[INFO] [stdout] test every_fixture_projects_without_panicking ... FAILED
[INFO] [stdout] test render_dispatch_inline_equals_direct ... FAILED
[INFO] [stdout] test basic_side_by_side_render_has_gutter ... FAILED
[INFO] [stderr] error: test failed, to rerun pass `--test render`
[INFO] [stdout] test basic_inline_render_shows_change ... FAILED
[INFO] [stdout] test new_file_inline_is_all_additions ... FAILED
[INFO] [stdout] 
[INFO] [stdout] failures:
[INFO] [stdout] 
[INFO] [stdout] ---- binary_file_renders_header_only stdout ----
[INFO] [stdout] 
[INFO] [stdout] thread 'binary_file_renders_header_only' (253) panicked at tests/render.rs:10:55:
[INFO] [stdout] read /opt/rustwide/workdir/../../fixtures/patch/binary.patch: No such file or directory (os error 2)
[INFO] [stdout] stack backtrace:
[INFO] [stdout]    0:     0x58aa8eeb47b1 - <<std[70759c8f55707aa4]::sys::backtrace::BacktraceLock>::print::DisplayBacktrace as core[df12db4294e9bfd3]::fmt::Display>::fmt
[INFO] [stdout]    1:     0x58aa8eec8baa - core[df12db4294e9bfd3]::fmt::write
[INFO] [stdout]    2:     0x58aa8eeb8c4c - <alloc[2182bb758b4b3781]::vec::Vec<u8> as core[df12db4294e9bfd3]::io::write::Write>::write_fmt
[INFO] [stdout]    3:     0x58aa8ee90a36 - std[70759c8f55707aa4]::panicking::default_hook::{closure#0}
[INFO] [stdout]    4:     0x58aa8eeacba9 - std[70759c8f55707aa4]::panicking::default_hook
[INFO] [stdout]    5:     0x58aa8ee42940 - test[9d35eded1c95d3be]::test_main_inner::<test[9d35eded1c95d3be]::test_main_static::{closure#0}>::{closure#0}
[INFO] [stdout]    6:     0x58aa8eeacd62 - std[70759c8f55707aa4]::panicking::panic_with_hook
[INFO] [stdout]    7:     0x58aa8ee90ae2 - std[70759c8f55707aa4]::panicking::panic_handler::{closure#0}
[INFO] [stdout]    8:     0x58aa8ee896d9 - std[70759c8f55707aa4]::sys::backtrace::__rust_end_short_backtrace::<std[70759c8f55707aa4]::panicking::panic_handler::{closure#0}, !>
[INFO] [stdout]    9:     0x58aa8ee916dd - __rustc[8fa7c3cbc660c2b3]::rust_begin_unwind
[INFO] [stdout]   10:     0x58aa8eec92dc - core[df12db4294e9bfd3]::panicking::panic_fmt
[INFO] [stdout]   11:     0x58aa8ee3412a - render[b2703aff9811fe54]::load::{closure#0}
[INFO] [stdout]   12:     0x58aa8ee34312 - render[b2703aff9811fe54]::load
[INFO] [stdout]   13:     0x58aa8ee34f15 - <render[b2703aff9811fe54]::binary_file_renders_header_only::{closure#0} as core[df12db4294e9bfd3]::ops::function::FnOnce<()>>::call_once
[INFO] [stdout]   14:     0x58aa8ee35c2b - test[9d35eded1c95d3be]::__rust_begin_short_backtrace::<core[df12db4294e9bfd3]::result::Result<(), alloc[2182bb758b4b3781]::string::String>, fn() -> core[df12db4294e9bfd3]::result::Result<(), alloc[2182bb758b4b3781]::string::String>>
[INFO] [stdout]   15:     0x58aa8ee43295 - test[9d35eded1c95d3be]::run_test::{closure#0}
[INFO] [stdout]   16:     0x58aa8ee3cb54 - std[70759c8f55707aa4]::sys::backtrace::__rust_begin_short_backtrace::<test[9d35eded1c95d3be]::run_test::{closure#1}, ()>
[INFO] [stdout]   17:     0x58aa8ee463f2 - <std[70759c8f55707aa4]::thread::lifecycle::spawn_unchecked<test[9d35eded1c95d3be]::run_test::{closure#1}, ()>::{closure#1} as core[df12db4294e9bfd3]::ops::function::FnOnce<()>>::call_once::{shim:vtable#0}
[INFO] [stdout]   18:     0x58aa8eeb3d19 - <std[70759c8f55707aa4]::sys::thread::unix::Thread>::new::thread_start
[INFO] [stdout]   19:     0x760014930dfa - <unknown>
[INFO] [stdout]   20:     0x7600149c43d4 - clone
[INFO] [stdout]   21:                0x0 - <unknown>
[INFO] [stdout] 
[INFO] [stdout] ---- every_fixture_projects_without_panicking stdout ----
[INFO] [stdout] 
[INFO] [stdout] thread 'every_fixture_projects_without_panicking' (254) panicked at tests/render.rs:10:55:
[INFO] [stdout] read /opt/rustwide/workdir/../../fixtures/patch/basic.patch: No such file or directory (os error 2)
[INFO] [stdout] stack backtrace:
[INFO] [stdout]    0:     0x58aa8eeb47b1 - <<std[70759c8f55707aa4]::sys::backtrace::BacktraceLock>::print::DisplayBacktrace as core[df12db4294e9bfd3]::fmt::Display>::fmt
[INFO] [stdout]    1:     0x58aa8eec8baa - core[df12db4294e9bfd3]::fmt::write
[INFO] [stdout]    2:     0x58aa8eeb8c4c - <alloc[2182bb758b4b3781]::vec::Vec<u8> as core[df12db4294e9bfd3]::io::write::Write>::write_fmt
[INFO] [stdout]    3:     0x58aa8ee90a36 - std[70759c8f55707aa4]::panicking::default_hook::{closure#0}
[INFO] [stdout]    4:     0x58aa8eeacba9 - std[70759c8f55707aa4]::panicking::default_hook
[INFO] [stdout]    5:     0x58aa8ee42940 - test[9d35eded1c95d3be]::test_main_inner::<test[9d35eded1c95d3be]::test_main_static::{closure#0}>::{closure#0}
[INFO] [stdout]    6:     0x58aa8eeacd62 - std[70759c8f55707aa4]::panicking::panic_with_hook
[INFO] [stdout]    7:     0x58aa8ee90ae2 - std[70759c8f55707aa4]::panicking::panic_handler::{closure#0}
[INFO] [stdout]    8:     0x58aa8ee896d9 - std[70759c8f55707aa4]::sys::backtrace::__rust_end_short_backtrace::<std[70759c8f55707aa4]::panicking::panic_handler::{closure#0}, !>
[INFO] [stdout]    9:     0x58aa8ee916dd - __rustc[8fa7c3cbc660c2b3]::rust_begin_unwind
[INFO] [stdout]   10:     0x58aa8eec92dc - core[df12db4294e9bfd3]::panicking::panic_fmt
[INFO] [stdout]   11:     0x58aa8ee3412a - render[b2703aff9811fe54]::load::{closure#0}
[INFO] [stdout]   12:     0x58aa8ee34312 - render[b2703aff9811fe54]::load
[INFO] [stdout]   13:     0x58aa8ee35a60 - <render[b2703aff9811fe54]::every_fixture_projects_without_panicking::{closure#0} as core[df12db4294e9bfd3]::ops::function::FnOnce<()>>::call_once
[INFO] [stdout]   14:     0x58aa8ee35c2b - test[9d35eded1c95d3be]::__rust_begin_short_backtrace::<core[df12db4294e9bfd3]::result::Result<(), alloc[2182bb758b4b3781]::string::String>, fn() -> core[df12db4294e9bfd3]::result::Result<(), alloc[2182bb758b4b3781]::string::String>>
[INFO] [stdout]   15:     0x58aa8ee43295 - test[9d35eded1c95d3be]::run_test::{closure#0}
[INFO] [stdout]   16:     0x58aa8ee3cb54 - std[70759c8f55707aa4]::sys::backtrace::__rust_begin_short_backtrace::<test[9d35eded1c95d3be]::run_test::{closure#1}, ()>
[INFO] [stdout]   17:     0x58aa8ee463f2 - <std[70759c8f55707aa4]::thread::lifecycle::spawn_unchecked<test[9d35eded1c95d3be]::run_test::{closure#1}, ()>::{closure#1} as core[df12db4294e9bfd3]::ops::function::FnOnce<()>>::call_once::{shim:vtable#0}
[INFO] [stdout]   18:     0x58aa8eeb3d19 - <std[70759c8f55707aa4]::sys::thread::unix::Thread>::new::thread_start
[INFO] [stdout]   19:     0x760014930dfa - <unknown>
[INFO] [stdout]   20:     0x7600149c43d4 - clone
[INFO] [stdout]   21:                0x0 - <unknown>
[INFO] [stdout] 
[INFO] [stdout] ---- render_dispatch_inline_equals_direct stdout ----
[INFO] [stdout] 
[INFO] [stdout] thread 'render_dispatch_inline_equals_direct' (256) panicked at tests/render.rs:10:55:
[INFO] [stdout] read /opt/rustwide/workdir/../../fixtures/patch/basic.patch: No such file or directory (os error 2)
[INFO] [stdout] stack backtrace:
[INFO] [stdout]    0:     0x58aa8eeb47b1 - <<std[70759c8f55707aa4]::sys::backtrace::BacktraceLock>::print::DisplayBacktrace as core[df12db4294e9bfd3]::fmt::Display>::fmt
[INFO] [stdout]    1:     0x58aa8eec8baa - core[df12db4294e9bfd3]::fmt::write
[INFO] [stdout]    2:     0x58aa8eeb8c4c - <alloc[2182bb758b4b3781]::vec::Vec<u8> as core[df12db4294e9bfd3]::io::write::Write>::write_fmt
[INFO] [stdout]    3:     0x58aa8ee90a36 - std[70759c8f55707aa4]::panicking::default_hook::{closure#0}
[INFO] [stdout]    4:     0x58aa8eeacba9 - std[70759c8f55707aa4]::panicking::default_hook
[INFO] [stdout]    5:     0x58aa8ee42940 - test[9d35eded1c95d3be]::test_main_inner::<test[9d35eded1c95d3be]::test_main_static::{closure#0}>::{closure#0}
[INFO] [stdout]    6:     0x58aa8eeacd62 - std[70759c8f55707aa4]::panicking::panic_with_hook
[INFO] [stdout]    7:     0x58aa8ee90ae2 - std[70759c8f55707aa4]::panicking::panic_handler::{closure#0}
[INFO] [stdout]    8:     0x58aa8ee896d9 - std[70759c8f55707aa4]::sys::backtrace::__rust_end_short_backtrace::<std[70759c8f55707aa4]::panicking::panic_handler::{closure#0}, !>
[INFO] [stdout]    9:     0x58aa8ee916dd - __rustc[8fa7c3cbc660c2b3]::rust_begin_unwind
[INFO] [stdout]   10:     0x58aa8eec92dc - core[df12db4294e9bfd3]::panicking::panic_fmt
[INFO] [stdout]   11:     0x58aa8ee3412a - render[b2703aff9811fe54]::load::{closure#0}
[INFO] [stdout]   12:     0x58aa8ee34312 - render[b2703aff9811fe54]::load
[INFO] [stdout]   13:     0x58aa8ee35775 - <render[b2703aff9811fe54]::render_dispatch_inline_equals_direct::{closure#0} as core[df12db4294e9bfd3]::ops::function::FnOnce<()>>::call_once
[INFO] [stdout]   14:     0x58aa8ee35c2b - test[9d35eded1c95d3be]::__rust_begin_short_backtrace::<core[df12db4294e9bfd3]::result::Result<(), alloc[2182bb758b4b3781]::string::String>, fn() -> core[df12db4294e9bfd3]::result::Result<(), alloc[2182bb758b4b3781]::string::String>>
[INFO] [stdout]   15:     0x58aa8ee43295 - test[9d35eded1c95d3be]::run_test::{closure#0}
[INFO] [stdout]   16:     0x58aa8ee3cb54 - std[70759c8f55707aa4]::sys::backtrace::__rust_begin_short_backtrace::<test[9d35eded1c95d3be]::run_test::{closure#1}, ()>
[INFO] [stdout]   17:     0x58aa8ee463f2 - <std[70759c8f55707aa4]::thread::lifecycle::spawn_unchecked<test[9d35eded1c95d3be]::run_test::{closure#1}, ()>::{closure#1} as core[df12db4294e9bfd3]::ops::function::FnOnce<()>>::call_once::{shim:vtable#0}
[INFO] [stdout]   18:     0x58aa8eeb3d19 - <std[70759c8f55707aa4]::sys::thread::unix::Thread>::new::thread_start
[INFO] [stdout]   19:     0x760014930dfa - <unknown>
[INFO] [stdout]   20:     0x7600149c43d4 - clone
[INFO] [stdout]   21:                0x0 - <unknown>
[INFO] [stdout] 
[INFO] [stdout] ---- basic_side_by_side_render_has_gutter stdout ----
[INFO] [stdout] 
[INFO] [stdout] thread 'basic_side_by_side_render_has_gutter' (252) panicked at tests/render.rs:10:55:
[INFO] [stdout] read /opt/rustwide/workdir/../../fixtures/patch/basic.patch: No such file or directory (os error 2)
[INFO] [stdout] stack backtrace:
[INFO] [stdout]    0:     0x58aa8eeb47b1 - <<std[70759c8f55707aa4]::sys::backtrace::BacktraceLock>::print::DisplayBacktrace as core[df12db4294e9bfd3]::fmt::Display>::fmt
[INFO] [stdout]    1:     0x58aa8eec8baa - core[df12db4294e9bfd3]::fmt::write
[INFO] [stdout]    2:     0x58aa8eeb8c4c - <alloc[2182bb758b4b3781]::vec::Vec<u8> as core[df12db4294e9bfd3]::io::write::Write>::write_fmt
[INFO] [stdout]    3:     0x58aa8ee90a36 - std[70759c8f55707aa4]::panicking::default_hook::{closure#0}
[INFO] [stdout]    4:     0x58aa8eeacba9 - std[70759c8f55707aa4]::panicking::default_hook
[INFO] [stdout]    5:     0x58aa8ee42940 - test[9d35eded1c95d3be]::test_main_inner::<test[9d35eded1c95d3be]::test_main_static::{closure#0}>::{closure#0}
[INFO] [stdout]    6:     0x58aa8eeacd62 - std[70759c8f55707aa4]::panicking::panic_with_hook
[INFO] [stdout]    7:     0x58aa8ee90ae2 - std[70759c8f55707aa4]::panicking::panic_handler::{closure#0}
[INFO] [stdout]    8:     0x58aa8ee896d9 - std[70759c8f55707aa4]::sys::backtrace::__rust_end_short_backtrace::<std[70759c8f55707aa4]::panicking::panic_handler::{closure#0}, !>
[INFO] [stdout]    9:     0x58aa8ee916dd - __rustc[8fa7c3cbc660c2b3]::rust_begin_unwind
[INFO] [stdout]   10:     0x58aa8eec92dc - core[df12db4294e9bfd3]::panicking::panic_fmt
[INFO] [stdout]   11:     0x58aa8ee3412a - render[b2703aff9811fe54]::load::{closure#0}
[INFO] [stdout]   12:     0x58aa8ee34312 - render[b2703aff9811fe54]::load
[INFO] [stdout]   13:     0x58aa8ee35575 - <render[b2703aff9811fe54]::basic_side_by_side_render_has_gutter::{closure#0} as core[df12db4294e9bfd3]::ops::function::FnOnce<()>>::call_once
[INFO] [stdout]   14:     0x58aa8ee35c2b - test[9d35eded1c95d3be]::__rust_begin_short_backtrace::<core[df12db4294e9bfd3]::result::Result<(), alloc[2182bb758b4b3781]::string::String>, fn() -> core[df12db4294e9bfd3]::result::Result<(), alloc[2182bb758b4b3781]::string::String>>
[INFO] [stdout]   15:     0x58aa8ee43295 - test[9d35eded1c95d3be]::run_test::{closure#0}
[INFO] [stdout]   16:     0x58aa8ee3cb54 - std[70759c8f55707aa4]::sys::backtrace::__rust_begin_short_backtrace::<test[9d35eded1c95d3be]::run_test::{closure#1}, ()>
[INFO] [stdout]   17:     0x58aa8ee463f2 - <std[70759c8f55707aa4]::thread::lifecycle::spawn_unchecked<test[9d35eded1c95d3be]::run_test::{closure#1}, ()>::{closure#1} as core[df12db4294e9bfd3]::ops::function::FnOnce<()>>::call_once::{shim:vtable#0}
[INFO] [stdout]   18:     0x58aa8eeb3d19 - <std[70759c8f55707aa4]::sys::thread::unix::Thread>::new::thread_start
[INFO] [stdout]   19:     0x760014930dfa - <unknown>
[INFO] [stdout]   20:     0x7600149c43d4 - clone
[INFO] [stdout]   21:                0x0 - <unknown>
[INFO] [stdout] 
[INFO] [stdout] ---- basic_inline_render_shows_change stdout ----
[INFO] [stdout] 
[INFO] [stdout] thread 'basic_inline_render_shows_change' (251) panicked at tests/render.rs:10:55:
[INFO] [stdout] read /opt/rustwide/workdir/../../fixtures/patch/basic.patch: No such file or directory (os error 2)
[INFO] [stdout] stack backtrace:
[INFO] [stdout]    0:     0x58aa8eeb47b1 - <<std[70759c8f55707aa4]::sys::backtrace::BacktraceLock>::print::DisplayBacktrace as core[df12db4294e9bfd3]::fmt::Display>::fmt
[INFO] [stdout]    1:     0x58aa8eec8baa - core[df12db4294e9bfd3]::fmt::write
[INFO] [stdout]    2:     0x58aa8eeb8c4c - <alloc[2182bb758b4b3781]::vec::Vec<u8> as core[df12db4294e9bfd3]::io::write::Write>::write_fmt
[INFO] [stdout]    3:     0x58aa8ee90a36 - std[70759c8f55707aa4]::panicking::default_hook::{closure#0}
[INFO] [stdout]    4:     0x58aa8eeacba9 - std[70759c8f55707aa4]::panicking::default_hook
[INFO] [stdout]    5:     0x58aa8ee42940 - test[9d35eded1c95d3be]::test_main_inner::<test[9d35eded1c95d3be]::test_main_static::{closure#0}>::{closure#0}
[INFO] [stdout]    6:     0x58aa8eeacd62 - std[70759c8f55707aa4]::panicking::panic_with_hook
[INFO] [stdout]    7:     0x58aa8ee90ae2 - std[70759c8f55707aa4]::panicking::panic_handler::{closure#0}
[INFO] [stdout]    8:     0x58aa8ee896d9 - std[70759c8f55707aa4]::sys::backtrace::__rust_end_short_backtrace::<std[70759c8f55707aa4]::panicking::panic_handler::{closure#0}, !>
[INFO] [stdout]    9:     0x58aa8ee916dd - __rustc[8fa7c3cbc660c2b3]::rust_begin_unwind
[INFO] [stdout]   10:     0x58aa8eec92dc - core[df12db4294e9bfd3]::panicking::panic_fmt
[INFO] [stdout]   11:     0x58aa8ee3412a - render[b2703aff9811fe54]::load::{closure#0}
[INFO] [stdout]   12:     0x58aa8ee34312 - render[b2703aff9811fe54]::load
[INFO] [stdout]   13:     0x58aa8ee35117 - <render[b2703aff9811fe54]::basic_inline_render_shows_change::{closure#0} as core[df12db4294e9bfd3]::ops::function::FnOnce<()>>::call_once
[INFO] [stdout]   14:     0x58aa8ee35c2b - test[9d35eded1c95d3be]::__rust_begin_short_backtrace::<core[df12db4294e9bfd3]::result::Result<(), alloc[2182bb758b4b3781]::string::String>, fn() -> core[df12db4294e9bfd3]::result::Result<(), alloc[2182bb758b4b3781]::string::String>>
[INFO] [stdout]   15:     0x58aa8ee43295 - test[9d35eded1c95d3be]::run_test::{closure#0}
[INFO] [stdout]   16:     0x58aa8ee3cb54 - std[70759c8f55707aa4]::sys::backtrace::__rust_begin_short_backtrace::<test[9d35eded1c95d3be]::run_test::{closure#1}, ()>
[INFO] [stdout]   17:     0x58aa8ee463f2 - <std[70759c8f55707aa4]::thread::lifecycle::spawn_unchecked<test[9d35eded1c95d3be]::run_test::{closure#1}, ()>::{closure#1} as core[df12db4294e9bfd3]::ops::function::FnOnce<()>>::call_once::{shim:vtable#0}
[INFO] [stdout]   18:     0x58aa8eeb3d19 - <std[70759c8f55707aa4]::sys::thread::unix::Thread>::new::thread_start
[INFO] [stdout]   19:     0x760014930dfa - <unknown>
[INFO] [stdout]   20:     0x7600149c43d4 - clone
[INFO] [stdout]   21:                0x0 - <unknown>
[INFO] [stdout] 
[INFO] [stdout] ---- new_file_inline_is_all_additions stdout ----
[INFO] [stdout] 
[INFO] [stdout] thread 'new_file_inline_is_all_additions' (255) panicked at tests/render.rs:10:55:
[INFO] [stdout] read /opt/rustwide/workdir/../../fixtures/patch/new_file.patch: No such file or directory (os error 2)
[INFO] [stdout] stack backtrace:
[INFO] [stdout]    0:     0x58aa8eeb47b1 - <<std[70759c8f55707aa4]::sys::backtrace::BacktraceLock>::print::DisplayBacktrace as core[df12db4294e9bfd3]::fmt::Display>::fmt
[INFO] [stdout]    1:     0x58aa8eec8baa - core[df12db4294e9bfd3]::fmt::write
[INFO] [stdout]    2:     0x58aa8eeb8c4c - <alloc[2182bb758b4b3781]::vec::Vec<u8> as core[df12db4294e9bfd3]::io::write::Write>::write_fmt
[INFO] [stdout]    3:     0x58aa8ee90a36 - std[70759c8f55707aa4]::panicking::default_hook::{closure#0}
[INFO] [stdout]    4:     0x58aa8eeacba9 - std[70759c8f55707aa4]::panicking::default_hook
[INFO] [stdout]    5:     0x58aa8ee42940 - test[9d35eded1c95d3be]::test_main_inner::<test[9d35eded1c95d3be]::test_main_static::{closure#0}>::{closure#0}
[INFO] [stdout]    6:     0x58aa8eeacd62 - std[70759c8f55707aa4]::panicking::panic_with_hook
[INFO] [stdout]    7:     0x58aa8ee90ae2 - std[70759c8f55707aa4]::panicking::panic_handler::{closure#0}
[INFO] [stdout]    8:     0x58aa8ee896d9 - std[70759c8f55707aa4]::sys::backtrace::__rust_end_short_backtrace::<std[70759c8f55707aa4]::panicking::panic_handler::{closure#0}, !>
[INFO] [stdout]    9:     0x58aa8ee916dd - __rustc[8fa7c3cbc660c2b3]::rust_begin_unwind
[INFO] [stdout]   10:     0x58aa8eec92dc - core[df12db4294e9bfd3]::panicking::panic_fmt
[INFO] [stdout]   11:     0x58aa8ee3412a - render[b2703aff9811fe54]::load::{closure#0}
[INFO] [stdout]   12:     0x58aa8ee34312 - render[b2703aff9811fe54]::load
[INFO] [stdout]   13:     0x58aa8ee35347 - <render[b2703aff9811fe54]::new_file_inline_is_all_additions::{closure#0} as core[df12db4294e9bfd3]::ops::function::FnOnce<()>>::call_once
[INFO] [stdout]   14:     0x58aa8ee35c2b - test[9d35eded1c95d3be]::__rust_begin_short_backtrace::<core[df12db4294e9bfd3]::result::Result<(), alloc[2182bb758b4b3781]::string::String>, fn() -> core[df12db4294e9bfd3]::result::Result<(), alloc[2182bb758b4b3781]::string::String>>
[INFO] [stdout]   15:     0x58aa8ee43295 - test[9d35eded1c95d3be]::run_test::{closure#0}
[INFO] [stdout]   16:     0x58aa8ee3cb54 - std[70759c8f55707aa4]::sys::backtrace::__rust_begin_short_backtrace::<test[9d35eded1c95d3be]::run_test::{closure#1}, ()>
[INFO] [stdout]   17:     0x58aa8ee463f2 - <std[70759c8f55707aa4]::thread::lifecycle::spawn_unchecked<test[9d35eded1c95d3be]::run_test::{closure#1}, ()>::{closure#1} as core[df12db4294e9bfd3]::ops::function::FnOnce<()>>::call_once::{shim:vtable#0}
[INFO] [stdout]   18:     0x58aa8eeb3d19 - <std[70759c8f55707aa4]::sys::thread::unix::Thread>::new::thread_start
[INFO] [stdout]   19:     0x760014930dfa - <unknown>
[INFO] [stdout]   20:     0x7600149c43d4 - clone
[INFO] [stdout]   21:                0x0 - <unknown>
[INFO] [stdout] 
[INFO] [stdout] 
[INFO] [stdout] failures:
[INFO] [stdout]     basic_inline_render_shows_change
[INFO] [stdout]     basic_side_by_side_render_has_gutter
[INFO] [stdout]     binary_file_renders_header_only
[INFO] [stdout]     every_fixture_projects_without_panicking
[INFO] [stdout]     new_file_inline_is_all_additions
[INFO] [stdout]     render_dispatch_inline_equals_direct
[INFO] [stdout] 
[INFO] [stdout] test result: FAILED. 0 passed; 6 failed; 0 ignored; 0 measured; 0 filtered out; finished in 0.00s
[INFO] [stdout] 
[INFO] running `Command { std: "docker" "inspect" "d3b448083c476e7cb311e408a350fc636de0ef22d3bcb836b05f0542cfe8154c", kill_on_drop: false }`
[INFO] running `Command { std: "docker" "rm" "-f" "d3b448083c476e7cb311e408a350fc636de0ef22d3bcb836b05f0542cfe8154c", kill_on_drop: false }`
[INFO] [stdout] d3b448083c476e7cb311e408a350fc636de0ef22d3bcb836b05f0542cfe8154c
