[INFO] fetching crate deep-diff-forge-patch 0.2.0...
[INFO] testing deep-diff-forge-patch-0.2.0 against 1.100.0-beta.1+cargoflags=--release for beta-release-1.100-2
[INFO] extracting crate deep-diff-forge-patch 0.2.0 into /workspace/builds/worker-0-tc2/source
[INFO] started tweaking crates.io crate deep-diff-forge-patch 0.2.0
[INFO] removed 0 missing tests
[INFO] finished tweaking crates.io crate deep-diff-forge-patch 0.2.0
[INFO] tweaked toml for crates.io crate deep-diff-forge-patch 0.2.0 written to /workspace/builds/worker-0-tc2/source/Cargo.toml
[INFO] validating manifest of crates.io crate deep-diff-forge-patch 0.2.0 on toolchain 1.100.0-beta.1
[INFO] running `Command { std: CARGO_HOME="/workspace/cargo-home" RUSTUP_HOME="/workspace/rustup-home" "/workspace/cargo-home/bin/cargo" "+1.100.0-beta.1" "metadata" "--manifest-path" "Cargo.toml" "--no-deps", kill_on_drop: false }`
[INFO] crate crates.io crate deep-diff-forge-patch 0.2.0 already has a lockfile, it will not be regenerated
[INFO] running `Command { std: CARGO_HOME="/workspace/cargo-home" RUSTUP_HOME="/workspace/rustup-home" "/workspace/cargo-home/bin/cargo" "+1.100.0-beta.1" "fetch" "--manifest-path" "Cargo.toml", kill_on_drop: false }`
[INFO] [stderr] warning: `package.homepage` is redundant with `package.repository`
[INFO] [stderr]   --> Cargo.toml:25:12
[INFO] [stderr]    |
[INFO] [stderr] 25 | homepage = "https://github.com/Louranicas/deep-diff-forge"
[INFO] [stderr]    |            ^^^^^^^^^^^^^^^^^^^^^^^^^^^^^^^^^^^^^^^^^^^^^^^
[INFO] [stderr] ...
[INFO] [stderr] 30 | repository = "https://github.com/Louranicas/deep-diff-forge"
[INFO] [stderr]    |              -----------------------------------------------
[INFO] [stderr]    |
[INFO] [stderr]    = note: `cargo::redundant_homepage` is set to `warn` by default
[INFO] [stderr] help: consider removing `package.homepage`
[INFO] [stderr] warning: `deep-diff-forge-patch` (manifest) generated 1 warning
[INFO] running `Command { std: "docker" "create" "-v" "/var/lib/crater-agent-workspace/builds/worker-0-tc2/source:/opt/rustwide/workdir:ro,Z" "-v" "/var/lib/crater-agent-workspace/builds/worker-0-tc2/target:/opt/rustwide/target:rw,Z" "-v" "/var/lib/crater-agent-workspace/cargo-home:/opt/rustwide/cargo-home:ro,Z" "-v" "/var/lib/crater-agent-workspace/rustup-home:/opt/rustwide/rustup-home:ro,Z" "-m" "1610612736" "--network" "none" "ghcr.io/rust-lang/crates-build-env/linux@sha256:77db811e55d90add9212f6832c23229e3de5f1c1f9905e8cb07319ea15df73ac" "sleep" "infinity", kill_on_drop: false }`
[INFO] [stdout] 6d25140b874613262464ac25fc8cc37f68e520049d4d5d48a465408018544b4c
[INFO] running `Command { std: "docker" "start" "6d25140b874613262464ac25fc8cc37f68e520049d4d5d48a465408018544b4c", kill_on_drop: false }`
[INFO] running `Command { std: "docker" "inspect" "6d25140b874613262464ac25fc8cc37f68e520049d4d5d48a465408018544b4c", kill_on_drop: false }`
[INFO] running `Command { std: "docker" "exec" "-e" "SOURCE_DIR=/opt/rustwide/workdir" "-e" "CARGO_HOME=/opt/rustwide/cargo-home" "-e" "RUSTUP_HOME=/opt/rustwide/rustup-home" "-e" "CARGO_TARGET_DIR=/opt/rustwide/target" "-w" "/opt/rustwide/workdir" "--user" "0:0" "6d25140b874613262464ac25fc8cc37f68e520049d4d5d48a465408018544b4c" "/opt/rustwide/cargo-home/bin/cargo" "+1.100.0-beta.1" "metadata" "--no-deps" "--format-version=1", kill_on_drop: false }`
[INFO] running `Command { std: "docker" "inspect" "6d25140b874613262464ac25fc8cc37f68e520049d4d5d48a465408018544b4c", kill_on_drop: false }`
[INFO] running `Command { std: "docker" "exec" "-e" "SOURCE_DIR=/opt/rustwide/workdir" "-e" "CARGO_HOME=/opt/rustwide/cargo-home" "-e" "RUSTUP_HOME=/opt/rustwide/rustup-home" "-e" "CARGO_TARGET_DIR=/opt/rustwide/target" "-e" "CARGO_INCREMENTAL=0" "-e" "RUST_BACKTRACE=full" "-e" "RUSTFLAGS=--cap-lints=warn" "-e" "RUSTDOCFLAGS=--cap-lints=warn" "-w" "/opt/rustwide/workdir" "--user" "0:0" "6d25140b874613262464ac25fc8cc37f68e520049d4d5d48a465408018544b4c" "/opt/rustwide/cargo-home/bin/cargo" "+1.100.0-beta.1" "build" "--frozen" "--message-format=json" "--release", kill_on_drop: false }`
[INFO] [stderr] warning: `package.homepage` is redundant with `package.repository`
[INFO] [stderr]   --> Cargo.toml:25:12
[INFO] [stderr]    |
[INFO] [stderr] 25 | homepage = "https://github.com/Louranicas/deep-diff-forge"
[INFO] [stderr]    |            ^^^^^^^^^^^^^^^^^^^^^^^^^^^^^^^^^^^^^^^^^^^^^^^
[INFO] [stderr] ...
[INFO] [stderr] 30 | repository = "https://github.com/Louranicas/deep-diff-forge"
[INFO] [stderr]    |              -----------------------------------------------
[INFO] [stderr]    |
[INFO] [stderr]    = note: `cargo::redundant_homepage` is set to `warn` by default
[INFO] [stderr] help: consider removing `package.homepage`
[INFO] [stderr] warning: `deep-diff-forge-patch` (manifest) generated 1 warning
[INFO] [stderr]    Compiling deep-diff-forge-core v0.2.0
[INFO] [stderr]    Compiling deep-diff-forge-patch v0.2.0 (/opt/rustwide/workdir)
[INFO] [stderr]     Finished `release` profile [optimized] target(s) in 1.27s
[INFO] running `Command { std: "docker" "inspect" "6d25140b874613262464ac25fc8cc37f68e520049d4d5d48a465408018544b4c", kill_on_drop: false }`
[INFO] running `Command { std: "docker" "exec" "-e" "SOURCE_DIR=/opt/rustwide/workdir" "-e" "CARGO_HOME=/opt/rustwide/cargo-home" "-e" "RUSTUP_HOME=/opt/rustwide/rustup-home" "-e" "CARGO_TARGET_DIR=/opt/rustwide/target" "-e" "CARGO_INCREMENTAL=0" "-e" "RUST_BACKTRACE=full" "-e" "RUSTFLAGS=--cap-lints=warn" "-e" "RUSTDOCFLAGS=--cap-lints=warn" "-w" "/opt/rustwide/workdir" "--user" "0:0" "6d25140b874613262464ac25fc8cc37f68e520049d4d5d48a465408018544b4c" "/opt/rustwide/cargo-home/bin/cargo" "+1.100.0-beta.1" "test" "--frozen" "--no-run" "--message-format=json" "--release", kill_on_drop: false }`
[INFO] [stderr] warning: `package.homepage` is redundant with `package.repository`
[INFO] [stderr]   --> Cargo.toml:25:12
[INFO] [stderr]    |
[INFO] [stderr] 25 | homepage = "https://github.com/Louranicas/deep-diff-forge"
[INFO] [stderr]    |            ^^^^^^^^^^^^^^^^^^^^^^^^^^^^^^^^^^^^^^^^^^^^^^^
[INFO] [stderr] ...
[INFO] [stderr] 30 | repository = "https://github.com/Louranicas/deep-diff-forge"
[INFO] [stderr]    |              -----------------------------------------------
[INFO] [stderr]    |
[INFO] [stderr]    = note: `cargo::redundant_homepage` is set to `warn` by default
[INFO] [stderr] help: consider removing `package.homepage`
[INFO] [stderr] warning: `deep-diff-forge-patch` (manifest) generated 1 warning
[INFO] [stderr]    Compiling deep-diff-forge-patch v0.2.0 (/opt/rustwide/workdir)
[INFO] [stderr]     Finished `release` profile [optimized] target(s) in 2.17s
[INFO] running `Command { std: "docker" "inspect" "6d25140b874613262464ac25fc8cc37f68e520049d4d5d48a465408018544b4c", kill_on_drop: false }`
[INFO] running `Command { std: "docker" "exec" "-e" "SOURCE_DIR=/opt/rustwide/workdir" "-e" "CARGO_HOME=/opt/rustwide/cargo-home" "-e" "RUSTUP_HOME=/opt/rustwide/rustup-home" "-e" "CARGO_TARGET_DIR=/opt/rustwide/target" "-e" "CARGO_INCREMENTAL=0" "-e" "RUST_BACKTRACE=full" "-e" "RUSTFLAGS=--cap-lints=warn" "-e" "RUSTDOCFLAGS=--cap-lints=warn" "-w" "/opt/rustwide/workdir" "--user" "0:0" "6d25140b874613262464ac25fc8cc37f68e520049d4d5d48a465408018544b4c" "/opt/rustwide/cargo-home/bin/cargo" "+1.100.0-beta.1" "test" "--frozen" "--release", kill_on_drop: false }`
[INFO] [stderr] warning: `package.homepage` is redundant with `package.repository`
[INFO] [stderr]   --> Cargo.toml:25:12
[INFO] [stderr]    |
[INFO] [stderr] 25 | homepage = "https://github.com/Louranicas/deep-diff-forge"
[INFO] [stderr]    |            ^^^^^^^^^^^^^^^^^^^^^^^^^^^^^^^^^^^^^^^^^^^^^^^
[INFO] [stderr] ...
[INFO] [stderr] 30 | repository = "https://github.com/Louranicas/deep-diff-forge"
[INFO] [stderr]    |              -----------------------------------------------
[INFO] [stderr]    |
[INFO] [stderr]    = note: `cargo::redundant_homepage` is set to `warn` by default
[INFO] [stderr] help: consider removing `package.homepage`
[INFO] [stderr] warning: `deep-diff-forge-patch` (manifest) generated 1 warning
[INFO] [stderr]     Finished `release` profile [optimized] target(s) in 0.02s
[INFO] [stderr]      Running unittests src/lib.rs (/opt/rustwide/target/release/build/deep-diff-forge-patch/2fdd6ba6611a8de4/out/deep_diff_forge_patch-2fdd6ba6611a8de4)
[INFO] [stdout] 
[INFO] [stdout] running 78 tests
[INFO] [stdout] test json::tests::binary_file_has_empty_hunks_array ... ok
[INFO] [stdout] test json::tests::metadata_array_is_present ... ok
[INFO] [stdout] test json::tests::output_contains_status ... ok
[INFO] [stdout] test json::tests::output_declares_schema ... ok
[INFO] [stdout] test json::tests::quote_escapes_backslash ... ok
[INFO] [stdout] test json::tests::quote_escapes_double_quotes ... ok
[INFO] [stdout] test json::tests::summary_counts_additions_and_deletions ... ok
[INFO] [stdout] test parser::tests::added_line_has_only_new_line_number ... ok
[INFO] [stdout] test json::tests::line_text_with_quotes_is_escaped_in_output ... ok
[INFO] [stdout] test parser::tests::binary_file_is_binary_changed ... ok
[INFO] [stdout] test json::tests::empty_model_emits_empty_file_list ... ok
[INFO] [stdout] test json::tests::quote_passes_through_unicode ... ok
[INFO] [stdout] test json::tests::hunk_includes_id_and_starts ... ok
[INFO] [stdout] test parser::tests::budget_error_reports_sizes ... ok
[INFO] [stdout] test parser::tests::added_line_when_new_count_is_zero_is_rejected ... ok
[INFO] [stdout] test parser::tests::byte_budget_is_enforced ... ok
[INFO] [stdout] test parser::tests::empty_input_yields_no_files ... ok
[INFO] [stdout] test parser::tests::consecutive_plain_diffs_split_on_old_header ... ok
[INFO] [stdout] test parser::tests::context_line_advances_both_sides ... ok
[INFO] [stdout] test parser::tests::context_line_when_one_side_exhausted_is_rejected ... ok
[INFO] [stdout] test parser::tests::binary_file_uses_line_strategy_exception ... ok
[INFO] [stdout] test parser::tests::hunk_header_rejects_trailing_garbage_no_closer ... ok
[INFO] [stdout] test parser::tests::captures_index_metadata ... ok
[INFO] [stdout] test parser::tests::hunk_header_accepts_add_from_zero ... ok
[INFO] [stdout] test json::tests::quote_escapes_newline_and_tab ... ok
[INFO] [stdout] test parser::tests::hunk_header_accepts_default_counts ... ok
[INFO] [stdout] test parser::tests::body_line_outside_hunk_is_an_error ... ok
[INFO] [stdout] test parser::tests::exact_hunk_counts_are_accepted ... ok
[INFO] [stdout] test parser::tests::hunk_ids_are_unique_and_sequential ... ok
[INFO] [stdout] test parser::tests::hunk_header_accepts_basic_with_counts ... ok
[INFO] [stdout] test parser::tests::hunk_header_requires_closing_at_at ... ok
[INFO] [stdout] test parser::tests::deleted_file_is_deleted ... ok
[INFO] [stdout] test parser::tests::hunk_line_kinds_are_in_order ... ok
[INFO] [stdout] test parser::tests::hunk_records_start_lines ... ok
[INFO] [stdout] test parser::tests::malformed_header_reports_line_number ... ok
[INFO] [stdout] test parser::tests::hunk_header_rejects_triple_at_closer ... ok
[INFO] [stdout] test parser::tests::malformed_hunk_header_is_an_error ... ok
[INFO] [stdout] test parser::tests::line_text_strips_leading_marker ... ok
[INFO] [stdout] test parser::tests::modified_file_has_one_hunk ... ok
[INFO] [stdout] test parser::tests::new_file_records_added_lines ... ok
[INFO] [stdout] test parser::tests::multiple_hunks_in_one_file ... ok
[INFO] [stdout] test parser::tests::new_file_is_added ... ok
[INFO] [stdout] test parser::tests::context_only_blank_line_is_empty_text ... ok
[INFO] [stdout] test json::tests::quote_escapes_control_chars_as_unicode ... ok
[INFO] [stdout] test parser::tests::header_path_drops_trailing_tab_timestamp ... ok
[INFO] [stdout] test json::tests::output_contains_file_path ... ok
[INFO] [stdout] test parser::tests::hunk_without_explicit_count_defaults_to_one ... ok
[INFO] [stdout] test parser::tests::hunk_header_accepts_section_text ... ok
[INFO] [stdout] test parser::tests::no_newline_marker_is_captured_as_metadata ... ok
[INFO] [stdout] test parser::tests::removed_line_content_dashes_are_not_a_new_file ... ok
[INFO] [stdout] test parser::tests::parse_hunk_header_unit_rejects_missing_closer ... ok
[INFO] [stdout] test parser::tests::parse_hunk_header_unit_accepts_valid_forms ... ok
[INFO] [stdout] test parser::tests::parse_range_defaults_count ... ok
[INFO] [stdout] test parser::tests::rename_is_renamed_and_uses_new_path ... ok
[INFO] [stdout] test parser::tests::parse_with_large_budget_accepts_normal_input ... ok
[INFO] [stdout] test parser::tests::pure_mode_change_is_type_changed ... ok
[INFO] [stdout] test parser::tests::removed_line_when_old_count_is_zero_is_rejected ... ok
[INFO] [stdout] test parser::tests::trailing_body_line_after_a_satisfied_hunk_is_rejected ... ok
[INFO] [stdout] test parser::tests::strip_ab_removes_prefixes ... ok
[INFO] [stdout] test parser::tests::parses_single_modified_file ... ok
[INFO] [stdout] test parser::tests::plain_unified_diff_without_git_header ... ok
[INFO] [stdout] test parser::tests::preamble_lines_before_first_file_are_ignored ... ok
[INFO] [stdout] test parser::tests::removed_line_has_only_old_line_number ... ok
[INFO] [stdout] test parser::tests::truncated_hunk_at_eof_is_rejected ... ok
[INFO] [stdout] test parser::tests::whitespace_only_input_yields_no_files ... ok
[INFO] [stdout] test render::tests::binary_file_renders_metadata_without_hunks ... ok
[INFO] [stdout] test render::tests::multi_hunk_render_has_two_headers ... ok
[INFO] [stdout] test render::tests::renders_hunk_header_with_counts ... ok
[INFO] [stdout] test parser::tests::two_files_parse_independently ... ok
[INFO] [stdout] test parser::tests::truncated_hunk_error_displays_remaining ... ok
[INFO] [stdout] test render::tests::renders_diff_git_header ... ok
[INFO] [stdout] test parser::tests::truncated_hunk_before_next_file_is_rejected ... ok
[INFO] [stdout] test render::tests::rename_uses_from_path_on_old_side ... ok
[INFO] [stdout] test render::tests::added_file_renders_dev_null_old_side ... ok
[INFO] [stdout] test render::tests::deleted_file_renders_dev_null_new_side ... ok
[INFO] [stdout] test render::tests::no_newline_marker_not_emitted_in_header ... ok
[INFO] [stdout] test render::tests::renders_line_markers ... ok
[INFO] [stdout] test render::tests::empty_model_renders_empty_string ... ok
[INFO] [stdout] 
[INFO] [stdout] test result: ok. 78 passed; 0 failed; 0 ignored; 0 measured; 0 filtered out; finished in 0.03s
[INFO] [stdout] 
[INFO] [stderr]      Running tests/fixtures.rs (/opt/rustwide/target/release/build/deep-diff-forge-patch/5bc2878bc65cabc1/out/fixtures-5bc2878bc65cabc1)
[INFO] [stdout] 
[INFO] [stdout] running 9 tests
[INFO] [stdout] test new_file_fixture_is_added ... FAILED
[INFO] [stdout] test basic_fixture_has_one_hunk_with_an_edit ... FAILED
[INFO] [stderr] error: test failed, to rerun pass `--test fixtures`
[INFO] [stdout] test delete_file_fixture_is_deleted ... FAILED
[INFO] [stdout] test every_fixture_parses_without_error ... FAILED
[INFO] [stdout] test basic_fixture_is_one_modified_file ... FAILED
[INFO] [stdout] test binary_fixture_is_binary_changed_with_no_hunks ... FAILED
[INFO] [stdout] test no_newline_fixture_captures_marker_in_metadata ... FAILED
[INFO] [stdout] test rename_fixture_is_renamed_to_new_path ... FAILED
[INFO] [stdout] test rendered_basic_is_apply_able_shaped ... FAILED
[INFO] [stdout] 
[INFO] [stdout] failures:
[INFO] [stdout] 
[INFO] [stdout] ---- new_file_fixture_is_added stdout ----
[INFO] [stdout] 
[INFO] [stdout] thread 'new_file_fixture_is_added' (308) panicked at tests/fixtures.rs:12:55:
[INFO] [stdout] read /opt/rustwide/workdir/../../fixtures/patch/new_file.patch: No such file or directory (os error 2)
[INFO] [stdout] stack backtrace:
[INFO] [stdout]    0:     0x5c1ded5c43d1 - <<std[617be2ca0a6fd877]::sys::backtrace::BacktraceLock>::print::DisplayBacktrace as core[a373ad73a504971]::fmt::Display>::fmt
[INFO] [stdout]    1:     0x5c1ded5d872a - core[a373ad73a504971]::fmt::write
[INFO] [stdout]    2:     0x5c1ded5c85ec - <alloc[2e1b2a31b91974c5]::vec::Vec<u8> as core[a373ad73a504971]::io::write::Write>::write_fmt
[INFO] [stdout]    3:     0x5c1ded5a04d6 - std[617be2ca0a6fd877]::panicking::default_hook::{closure#0}
[INFO] [stdout]    4:     0x5c1ded5bc709 - std[617be2ca0a6fd877]::panicking::default_hook
[INFO] [stdout]    5:     0x5c1ded553de0 - test[aada8e7e76ba119b]::test_main_inner::{closure#0}
[INFO] [stdout]    6:     0x5c1ded5bc8c2 - std[617be2ca0a6fd877]::panicking::panic_with_hook
[INFO] [stdout]    7:     0x5c1ded5a0582 - std[617be2ca0a6fd877]::panicking::panic_handler::{closure#0}
[INFO] [stdout]    8:     0x5c1ded599109 - std[617be2ca0a6fd877]::sys::backtrace::__rust_end_short_backtrace::<std[617be2ca0a6fd877]::panicking::panic_handler::{closure#0}, !>
[INFO] [stdout]    9:     0x5c1ded5a118d - __rustc[ea4f61d10b84890b]::rust_begin_unwind
[INFO] [stdout]   10:     0x5c1ded5d8e5c - core[a373ad73a504971]::panicking::panic_fmt
[INFO] [stdout]   11:     0x5c1ded54513a - fixtures[544c17977d15233a]::load::{closure#0}
[INFO] [stdout]   12:     0x5c1ded545322 - fixtures[544c17977d15233a]::load
[INFO] [stdout]   13:     0x5c1ded545f90 - <fixtures[544c17977d15233a]::new_file_fixture_is_added::{closure#0} as core[a373ad73a504971]::ops::function::FnOnce<()>>::call_once
[INFO] [stdout]   14:     0x5c1ded54722b - test[aada8e7e76ba119b]::__rust_begin_short_backtrace::<core[a373ad73a504971]::result::Result<(), alloc[2e1b2a31b91974c5]::string::String>, fn() -> core[a373ad73a504971]::result::Result<(), alloc[2e1b2a31b91974c5]::string::String>>
[INFO] [stdout]   15:     0x5c1ded554405 - test[aada8e7e76ba119b]::run_test::{closure#0}
[INFO] [stdout]   16:     0x5c1ded54dcf4 - std[617be2ca0a6fd877]::sys::backtrace::__rust_begin_short_backtrace::<test[aada8e7e76ba119b]::run_test::{closure#1}, ()>
[INFO] [stdout]   17:     0x5c1ded557492 - <std[617be2ca0a6fd877]::thread::lifecycle::spawn_unchecked<test[aada8e7e76ba119b]::run_test::{closure#1}, ()>::{closure#1} as core[a373ad73a504971]::ops::function::FnOnce<()>>::call_once::{shim:vtable#0}
[INFO] [stdout]   18:     0x5c1ded5c38cf - <std[617be2ca0a6fd877]::sys::thread::unix::Thread>::new::thread_start
[INFO] [stdout]   19:     0x7f8d89fdfdfa - <unknown>
[INFO] [stdout]   20:     0x7f8d8a0733d4 - clone
[INFO] [stdout]   21:                0x0 - <unknown>
[INFO] [stdout] 
[INFO] [stdout] ---- basic_fixture_has_one_hunk_with_an_edit stdout ----
[INFO] [stdout] 
[INFO] [stdout] thread 'basic_fixture_has_one_hunk_with_an_edit' (303) panicked at tests/fixtures.rs:12:55:
[INFO] [stdout] read /opt/rustwide/workdir/../../fixtures/patch/basic.patch: No such file or directory (os error 2)
[INFO] [stdout] stack backtrace:
[INFO] [stdout]    0:     0x5c1ded5c43d1 - <<std[617be2ca0a6fd877]::sys::backtrace::BacktraceLock>::print::DisplayBacktrace as core[a373ad73a504971]::fmt::Display>::fmt
[INFO] [stdout]    1:     0x5c1ded5d872a - core[a373ad73a504971]::fmt::write
[INFO] [stdout]    2:     0x5c1ded5c85ec - <alloc[2e1b2a31b91974c5]::vec::Vec<u8> as core[a373ad73a504971]::io::write::Write>::write_fmt
[INFO] [stdout]    3:     0x5c1ded5a04d6 - std[617be2ca0a6fd877]::panicking::default_hook::{closure#0}
[INFO] [stdout]    4:     0x5c1ded5bc709 - std[617be2ca0a6fd877]::panicking::default_hook
[INFO] [stdout]    5:     0x5c1ded553de0 - test[aada8e7e76ba119b]::test_main_inner::{closure#0}
[INFO] [stdout]    6:     0x5c1ded5bc8c2 - std[617be2ca0a6fd877]::panicking::panic_with_hook
[INFO] [stdout]    7:     0x5c1ded5a0582 - std[617be2ca0a6fd877]::panicking::panic_handler::{closure#0}
[INFO] [stdout]    8:     0x5c1ded599109 - std[617be2ca0a6fd877]::sys::backtrace::__rust_end_short_backtrace::<std[617be2ca0a6fd877]::panicking::panic_handler::{closure#0}, !>
[INFO] [stdout]    9:     0x5c1ded5a118d - __rustc[ea4f61d10b84890b]::rust_begin_unwind
[INFO] [stdout]   10:     0x5c1ded5d8e5c - core[a373ad73a504971]::panicking::panic_fmt
[INFO] [stdout]   11:     0x5c1ded54513a - fixtures[544c17977d15233a]::load::{closure#0}
[INFO] [stdout]   12:     0x5c1ded545322 - fixtures[544c17977d15233a]::load
[INFO] [stdout]   13:     0x5c1ded546b30 - <fixtures[544c17977d15233a]::basic_fixture_has_one_hunk_with_an_edit::{closure#0} as core[a373ad73a504971]::ops::function::FnOnce<()>>::call_once
[INFO] [stdout]   14:     0x5c1ded54722b - test[aada8e7e76ba119b]::__rust_begin_short_backtrace::<core[a373ad73a504971]::result::Result<(), alloc[2e1b2a31b91974c5]::string::String>, fn() -> core[a373ad73a504971]::result::Result<(), alloc[2e1b2a31b91974c5]::string::String>>
[INFO] [stdout]   15:     0x5c1ded554405 - test[aada8e7e76ba119b]::run_test::{closure#0}
[INFO] [stdout]   16:     0x5c1ded54dcf4 - std[617be2ca0a6fd877]::sys::backtrace::__rust_begin_short_backtrace::<test[aada8e7e76ba119b]::run_test::{closure#1}, ()>
[INFO] [stdout]   17:     0x5c1ded557492 - <std[617be2ca0a6fd877]::thread::lifecycle::spawn_unchecked<test[aada8e7e76ba119b]::run_test::{closure#1}, ()>::{closure#1} as core[a373ad73a504971]::ops::function::FnOnce<()>>::call_once::{shim:vtable#0}
[INFO] [stdout]   18:     0x5c1ded5c38cf - <std[617be2ca0a6fd877]::sys::thread::unix::Thread>::new::thread_start
[INFO] [stdout]   19:     0x7f8d89fdfdfa - <unknown>
[INFO] [stdout]   20:     0x7f8d8a0733d4 - clone
[INFO] [stdout]   21:                0x0 - <unknown>
[INFO] [stdout] 
[INFO] [stdout] ---- delete_file_fixture_is_deleted stdout ----
[INFO] [stdout] 
[INFO] [stdout] thread 'delete_file_fixture_is_deleted' (306) panicked at tests/fixtures.rs:12:55:
[INFO] [stdout] read /opt/rustwide/workdir/../../fixtures/patch/delete_file.patch: No such file or directory (os error 2)
[INFO] [stdout] stack backtrace:
[INFO] [stdout]    0:     0x5c1ded5c43d1 - <<std[617be2ca0a6fd877]::sys::backtrace::BacktraceLock>::print::DisplayBacktrace as core[a373ad73a504971]::fmt::Display>::fmt
[INFO] [stdout]    1:     0x5c1ded5d872a - core[a373ad73a504971]::fmt::write
[INFO] [stdout]    2:     0x5c1ded5c85ec - <alloc[2e1b2a31b91974c5]::vec::Vec<u8> as core[a373ad73a504971]::io::write::Write>::write_fmt
[INFO] [stdout]    3:     0x5c1ded5a04d6 - std[617be2ca0a6fd877]::panicking::default_hook::{closure#0}
[INFO] [stdout]    4:     0x5c1ded5bc709 - std[617be2ca0a6fd877]::panicking::default_hook
[INFO] [stdout]    5:     0x5c1ded553de0 - test[aada8e7e76ba119b]::test_main_inner::{closure#0}
[INFO] [stdout]    6:     0x5c1ded5bc8c2 - std[617be2ca0a6fd877]::panicking::panic_with_hook
[INFO] [stdout]    7:     0x5c1ded5a0582 - std[617be2ca0a6fd877]::panicking::panic_handler::{closure#0}
[INFO] [stdout]    8:     0x5c1ded599109 - std[617be2ca0a6fd877]::sys::backtrace::__rust_end_short_backtrace::<std[617be2ca0a6fd877]::panicking::panic_handler::{closure#0}, !>
[INFO] [stdout]    9:     0x5c1ded5a118d - __rustc[ea4f61d10b84890b]::rust_begin_unwind
[INFO] [stdout]   10:     0x5c1ded5d8e5c - core[a373ad73a504971]::panicking::panic_fmt
[INFO] [stdout]   11:     0x5c1ded54513a - fixtures[544c17977d15233a]::load::{closure#0}
[INFO] [stdout]   12:     0x5c1ded545322 - fixtures[544c17977d15233a]::load
[INFO] [stdout]   13:     0x5c1ded546130 - <fixtures[544c17977d15233a]::delete_file_fixture_is_deleted::{closure#0} as core[a373ad73a504971]::ops::function::FnOnce<()>>::call_once
[INFO] [stdout]   14:     0x5c1ded54722b - test[aada8e7e76ba119b]::__rust_begin_short_backtrace::<core[a373ad73a504971]::result::Result<(), alloc[2e1b2a31b91974c5]::string::String>, fn() -> core[a373ad73a504971]::result::Result<(), alloc[2e1b2a31b91974c5]::string::String>>
[INFO] [stdout]   15:     0x5c1ded554405 - test[aada8e7e76ba119b]::run_test::{closure#0}
[INFO] [stdout]   16:     0x5c1ded54dcf4 - std[617be2ca0a6fd877]::sys::backtrace::__rust_begin_short_backtrace::<test[aada8e7e76ba119b]::run_test::{closure#1}, ()>
[INFO] [stdout]   17:     0x5c1ded557492 - <std[617be2ca0a6fd877]::thread::lifecycle::spawn_unchecked<test[aada8e7e76ba119b]::run_test::{closure#1}, ()>::{closure#1} as core[a373ad73a504971]::ops::function::FnOnce<()>>::call_once::{shim:vtable#0}
[INFO] [stdout]   18:     0x5c1ded5c38cf - <std[617be2ca0a6fd877]::sys::thread::unix::Thread>::new::thread_start
[INFO] [stdout]   19:     0x7f8d89fdfdfa - <unknown>
[INFO] [stdout]   20:     0x7f8d8a0733d4 - clone
[INFO] [stdout]   21:                0x0 - <unknown>
[INFO] [stdout] 
[INFO] [stdout] ---- every_fixture_parses_without_error stdout ----
[INFO] [stdout] 
[INFO] [stdout] thread 'every_fixture_parses_without_error' (307) panicked at tests/fixtures.rs:12:55:
[INFO] [stdout] read /opt/rustwide/workdir/../../fixtures/patch/basic.patch: No such file or directory (os error 2)
[INFO] [stdout] stack backtrace:
[INFO] [stdout]    0:     0x5c1ded5c43d1 - <<std[617be2ca0a6fd877]::sys::backtrace::BacktraceLock>::print::DisplayBacktrace as core[a373ad73a504971]::fmt::Display>::fmt
[INFO] [stdout]    1:     0x5c1ded5d872a - core[a373ad73a504971]::fmt::write
[INFO] [stdout]    2:     0x5c1ded5c85ec - <alloc[2e1b2a31b91974c5]::vec::Vec<u8> as core[a373ad73a504971]::io::write::Write>::write_fmt
[INFO] [stdout]    3:     0x5c1ded5a04d6 - std[617be2ca0a6fd877]::panicking::default_hook::{closure#0}
[INFO] [stdout]    4:     0x5c1ded5bc709 - std[617be2ca0a6fd877]::panicking::default_hook
[INFO] [stdout]    5:     0x5c1ded553de0 - test[aada8e7e76ba119b]::test_main_inner::{closure#0}
[INFO] [stdout]    6:     0x5c1ded5bc8c2 - std[617be2ca0a6fd877]::panicking::panic_with_hook
[INFO] [stdout]    7:     0x5c1ded5a0582 - std[617be2ca0a6fd877]::panicking::panic_handler::{closure#0}
[INFO] [stdout]    8:     0x5c1ded599109 - std[617be2ca0a6fd877]::sys::backtrace::__rust_end_short_backtrace::<std[617be2ca0a6fd877]::panicking::panic_handler::{closure#0}, !>
[INFO] [stdout]    9:     0x5c1ded5a118d - __rustc[ea4f61d10b84890b]::rust_begin_unwind
[INFO] [stdout]   10:     0x5c1ded5d8e5c - core[a373ad73a504971]::panicking::panic_fmt
[INFO] [stdout]   11:     0x5c1ded54513a - fixtures[544c17977d15233a]::load::{closure#0}
[INFO] [stdout]   12:     0x5c1ded545322 - fixtures[544c17977d15233a]::load
[INFO] [stdout]   13:     0x5c1ded54647e - <fixtures[544c17977d15233a]::every_fixture_parses_without_error::{closure#0} as core[a373ad73a504971]::ops::function::FnOnce<()>>::call_once
[INFO] [stdout]   14:     0x5c1ded54722b - test[aada8e7e76ba119b]::__rust_begin_short_backtrace::<core[a373ad73a504971]::result::Result<(), alloc[2e1b2a31b91974c5]::string::String>, fn() -> core[a373ad73a504971]::result::Result<(), alloc[2e1b2a31b91974c5]::string::String>>
[INFO] [stdout]   15:     0x5c1ded554405 - test[aada8e7e76ba119b]::run_test::{closure#0}
[INFO] [stdout]   16:     0x5c1ded54dcf4 - std[617be2ca0a6fd877]::sys::backtrace::__rust_begin_short_backtrace::<test[aada8e7e76ba119b]::run_test::{closure#1}, ()>
[INFO] [stdout]   17:     0x5c1ded557492 - <std[617be2ca0a6fd877]::thread::lifecycle::spawn_unchecked<test[aada8e7e76ba119b]::run_test::{closure#1}, ()>::{closure#1} as core[a373ad73a504971]::ops::function::FnOnce<()>>::call_once::{shim:vtable#0}
[INFO] [stdout]   18:     0x5c1ded5c38cf - <std[617be2ca0a6fd877]::sys::thread::unix::Thread>::new::thread_start
[INFO] [stdout]   19:     0x7f8d89fdfdfa - <unknown>
[INFO] [stdout]   20:     0x7f8d8a0733d4 - clone
[INFO] [stdout]   21:                0x0 - <unknown>
[INFO] [stdout] 
[INFO] [stdout] ---- basic_fixture_is_one_modified_file stdout ----
[INFO] [stdout] 
[INFO] [stdout] thread 'basic_fixture_is_one_modified_file' (304) panicked at tests/fixtures.rs:12:55:
[INFO] [stdout] read /opt/rustwide/workdir/../../fixtures/patch/basic.patch: No such file or directory (os error 2)
[INFO] [stdout] stack backtrace:
[INFO] [stdout]    0:     0x5c1ded5c43d1 - <<std[617be2ca0a6fd877]::sys::backtrace::BacktraceLock>::print::DisplayBacktrace as core[a373ad73a504971]::fmt::Display>::fmt
[INFO] [stdout]    1:     0x5c1ded5d872a - core[a373ad73a504971]::fmt::write
[INFO] [stdout]    2:     0x5c1ded5c85ec - <alloc[2e1b2a31b91974c5]::vec::Vec<u8> as core[a373ad73a504971]::io::write::Write>::write_fmt
[INFO] [stdout]    3:     0x5c1ded5a04d6 - std[617be2ca0a6fd877]::panicking::default_hook::{closure#0}
[INFO] [stdout]    4:     0x5c1ded5bc709 - std[617be2ca0a6fd877]::panicking::default_hook
[INFO] [stdout]    5:     0x5c1ded553de0 - test[aada8e7e76ba119b]::test_main_inner::{closure#0}
[INFO] [stdout]    6:     0x5c1ded5bc8c2 - std[617be2ca0a6fd877]::panicking::panic_with_hook
[INFO] [stdout]    7:     0x5c1ded5a0582 - std[617be2ca0a6fd877]::panicking::panic_handler::{closure#0}
[INFO] [stdout]    8:     0x5c1ded599109 - std[617be2ca0a6fd877]::sys::backtrace::__rust_end_short_backtrace::<std[617be2ca0a6fd877]::panicking::panic_handler::{closure#0}, !>
[INFO] [stdout]    9:     0x5c1ded5a118d - __rustc[ea4f61d10b84890b]::rust_begin_unwind
[INFO] [stdout]   10:     0x5c1ded5d8e5c - core[a373ad73a504971]::panicking::panic_fmt
[INFO] [stdout]   11:     0x5c1ded54513a - fixtures[544c17977d15233a]::load::{closure#0}
[INFO] [stdout]   12:     0x5c1ded545322 - fixtures[544c17977d15233a]::load
[INFO] [stdout]   13:     0x5c1ded5462c0 - <fixtures[544c17977d15233a]::basic_fixture_is_one_modified_file::{closure#0} as core[a373ad73a504971]::ops::function::FnOnce<()>>::call_once
[INFO] [stdout]   14:     0x5c1ded54722b - test[aada8e7e76ba119b]::__rust_begin_short_backtrace::<core[a373ad73a504971]::result::Result<(), alloc[2e1b2a31b91974c5]::string::String>, fn() -> core[a373ad73a504971]::result::Result<(), alloc[2e1b2a31b91974c5]::string::String>>
[INFO] [stdout]   15:     0x5c1ded554405 - test[aada8e7e76ba119b]::run_test::{closure#0}
[INFO] [stdout]   16:     0x5c1ded54dcf4 - std[617be2ca0a6fd877]::sys::backtrace::__rust_begin_short_backtrace::<test[aada8e7e76ba119b]::run_test::{closure#1}, ()>
[INFO] [stdout]   17:     0x5c1ded557492 - <std[617be2ca0a6fd877]::thread::lifecycle::spawn_unchecked<test[aada8e7e76ba119b]::run_test::{closure#1}, ()>::{closure#1} as core[a373ad73a504971]::ops::function::FnOnce<()>>::call_once::{shim:vtable#0}
[INFO] [stdout]   18:     0x5c1ded5c38cf - <std[617be2ca0a6fd877]::sys::thread::unix::Thread>::new::thread_start
[INFO] [stdout]   19:     0x7f8d89fdfdfa - <unknown>
[INFO] [stdout]   20:     0x7f8d8a0733d4 - clone
[INFO] [stdout]   21:                0x0 - <unknown>
[INFO] [stdout] 
[INFO] [stdout] ---- binary_fixture_is_binary_changed_with_no_hunks stdout ----
[INFO] [stdout] 
[INFO] [stdout] thread 'binary_fixture_is_binary_changed_with_no_hunks' (305) panicked at tests/fixtures.rs:12:55:
[INFO] [stdout] read /opt/rustwide/workdir/../../fixtures/patch/binary.patch: No such file or directory (os error 2)
[INFO] [stdout] stack backtrace:
[INFO] [stdout]    0:     0x5c1ded5c43d1 - <<std[617be2ca0a6fd877]::sys::backtrace::BacktraceLock>::print::DisplayBacktrace as core[a373ad73a504971]::fmt::Display>::fmt
[INFO] [stdout]    1:     0x5c1ded5d872a - core[a373ad73a504971]::fmt::write
[INFO] [stdout]    2:     0x5c1ded5c85ec - <alloc[2e1b2a31b91974c5]::vec::Vec<u8> as core[a373ad73a504971]::io::write::Write>::write_fmt
[INFO] [stdout]    3:     0x5c1ded5a04d6 - std[617be2ca0a6fd877]::panicking::default_hook::{closure#0}
[INFO] [stdout]    4:     0x5c1ded5bc709 - std[617be2ca0a6fd877]::panicking::default_hook
[INFO] [stdout]    5:     0x5c1ded553de0 - test[aada8e7e76ba119b]::test_main_inner::{closure#0}
[INFO] [stdout]    6:     0x5c1ded5bc8c2 - std[617be2ca0a6fd877]::panicking::panic_with_hook
[INFO] [stdout]    7:     0x5c1ded5a0582 - std[617be2ca0a6fd877]::panicking::panic_handler::{closure#0}
[INFO] [stdout]    8:     0x5c1ded599109 - std[617be2ca0a6fd877]::sys::backtrace::__rust_end_short_backtrace::<std[617be2ca0a6fd877]::panicking::panic_handler::{closure#0}, !>
[INFO] [stdout]    9:     0x5c1ded5a118d - __rustc[ea4f61d10b84890b]::rust_begin_unwind
[INFO] [stdout]   10:     0x5c1ded5d8e5c - core[a373ad73a504971]::panicking::panic_fmt
[INFO] [stdout]   11:     0x5c1ded54513a - fixtures[544c17977d15233a]::load::{closure#0}
[INFO] [stdout]   12:     0x5c1ded545322 - fixtures[544c17977d15233a]::load
[INFO] [stdout]   13:     0x5c1ded546ec0 - <fixtures[544c17977d15233a]::binary_fixture_is_binary_changed_with_no_hunks::{closure#0} as core[a373ad73a504971]::ops::function::FnOnce<()>>::call_once
[INFO] [stdout]   14:     0x5c1ded54722b - test[aada8e7e76ba119b]::__rust_begin_short_backtrace::<core[a373ad73a504971]::result::Result<(), alloc[2e1b2a31b91974c5]::string::String>, fn() -> core[a373ad73a504971]::result::Result<(), alloc[2e1b2a31b91974c5]::string::String>>
[INFO] [stdout]   15:     0x5c1ded554405 - test[aada8e7e76ba119b]::run_test::{closure#0}
[INFO] [stdout]   16:     0x5c1ded54dcf4 - std[617be2ca0a6fd877]::sys::backtrace::__rust_begin_short_backtrace::<test[aada8e7e76ba119b]::run_test::{closure#1}, ()>
[INFO] [stdout]   17:     0x5c1ded557492 - <std[617be2ca0a6fd877]::thread::lifecycle::spawn_unchecked<test[aada8e7e76ba119b]::run_test::{closure#1}, ()>::{closure#1} as core[a373ad73a504971]::ops::function::FnOnce<()>>::call_once::{shim:vtable#0}
[INFO] [stdout]   18:     0x5c1ded5c38cf - <std[617be2ca0a6fd877]::sys::thread::unix::Thread>::new::thread_start
[INFO] [stdout]   19:     0x7f8d89fdfdfa - <unknown>
[INFO] [stdout]   20:     0x7f8d8a0733d4 - clone
[INFO] [stdout]   21:                0x0 - <unknown>
[INFO] [stdout] 
[INFO] [stdout] ---- no_newline_fixture_captures_marker_in_metadata stdout ----
[INFO] [stdout] 
[INFO] [stdout] thread 'no_newline_fixture_captures_marker_in_metadata' (309) panicked at tests/fixtures.rs:12:55:
[INFO] [stdout] read /opt/rustwide/workdir/../../fixtures/patch/no_newline.patch: No such file or directory (os error 2)
[INFO] [stdout] stack backtrace:
[INFO] [stdout]    0:     0x5c1ded5c43d1 - <<std[617be2ca0a6fd877]::sys::backtrace::BacktraceLock>::print::DisplayBacktrace as core[a373ad73a504971]::fmt::Display>::fmt
[INFO] [stdout]    1:     0x5c1ded5d872a - core[a373ad73a504971]::fmt::write
[INFO] [stdout]    2:     0x5c1ded5c85ec - <alloc[2e1b2a31b91974c5]::vec::Vec<u8> as core[a373ad73a504971]::io::write::Write>::write_fmt
[INFO] [stdout]    3:     0x5c1ded5a04d6 - std[617be2ca0a6fd877]::panicking::default_hook::{closure#0}
[INFO] [stdout]    4:     0x5c1ded5bc709 - std[617be2ca0a6fd877]::panicking::default_hook
[INFO] [stdout]    5:     0x5c1ded553de0 - test[aada8e7e76ba119b]::test_main_inner::{closure#0}
[INFO] [stdout]    6:     0x5c1ded5bc8c2 - std[617be2ca0a6fd877]::panicking::panic_with_hook
[INFO] [stdout]    7:     0x5c1ded5a0582 - std[617be2ca0a6fd877]::panicking::panic_handler::{closure#0}
[INFO] [stdout]    8:     0x5c1ded599109 - std[617be2ca0a6fd877]::sys::backtrace::__rust_end_short_backtrace::<std[617be2ca0a6fd877]::panicking::panic_handler::{closure#0}, !>
[INFO] [stdout]    9:     0x5c1ded5a118d - __rustc[ea4f61d10b84890b]::rust_begin_unwind
[INFO] [stdout]   10:     0x5c1ded5d8e5c - core[a373ad73a504971]::panicking::panic_fmt
[INFO] [stdout]   11:     0x5c1ded54513a - fixtures[544c17977d15233a]::load::{closure#0}
[INFO] [stdout]   12:     0x5c1ded545322 - fixtures[544c17977d15233a]::load
[INFO] [stdout]   13:     0x5c1ded547040 - <fixtures[544c17977d15233a]::no_newline_fixture_captures_marker_in_metadata::{closure#0} as core[a373ad73a504971]::ops::function::FnOnce<()>>::call_once
[INFO] [stdout]   14:     0x5c1ded54722b - test[aada8e7e76ba119b]::__rust_begin_short_backtrace::<core[a373ad73a504971]::result::Result<(), alloc[2e1b2a31b91974c5]::string::String>, fn() -> core[a373ad73a504971]::result::Result<(), alloc[2e1b2a31b91974c5]::string::String>>
[INFO] [stdout]   15:     0x5c1ded554405 - test[aada8e7e76ba119b]::run_test::{closure#0}
[INFO] [stdout]   16:     0x5c1ded54dcf4 - std[617be2ca0a6fd877]::sys::backtrace::__rust_begin_short_backtrace::<test[aada8e7e76ba119b]::run_test::{closure#1}, ()>
[INFO] [stdout]   17:     0x5c1ded557492 - <std[617be2ca0a6fd877]::thread::lifecycle::spawn_unchecked<test[aada8e7e76ba119b]::run_test::{closure#1}, ()>::{closure#1} as core[a373ad73a504971]::ops::function::FnOnce<()>>::call_once::{shim:vtable#0}
[INFO] [stdout]   18:     0x5c1ded5c38cf - <std[617be2ca0a6fd877]::sys::thread::unix::Thread>::new::thread_start
[INFO] [stdout]   19:     0x7f8d89fdfdfa - <unknown>
[INFO] [stdout]   20:     0x7f8d8a0733d4 - clone
[INFO] [stdout]   21:                0x0 - <unknown>
[INFO] [stdout] 
[INFO] [stdout] ---- rename_fixture_is_renamed_to_new_path stdout ----
[INFO] [stdout] 
[INFO] [stdout] thread 'rename_fixture_is_renamed_to_new_path' (310) panicked at tests/fixtures.rs:12:55:
[INFO] [stdout] read /opt/rustwide/workdir/../../fixtures/patch/rename.patch: No such file or directory (os error 2)
[INFO] [stdout] stack backtrace:
[INFO] [stdout]    0:     0x5c1ded5c43d1 - <<std[617be2ca0a6fd877]::sys::backtrace::BacktraceLock>::print::DisplayBacktrace as core[a373ad73a504971]::fmt::Display>::fmt
[INFO] [stdout]    1:     0x5c1ded5d872a - core[a373ad73a504971]::fmt::write
[INFO] [stdout]    2:     0x5c1ded5c85ec - <alloc[2e1b2a31b91974c5]::vec::Vec<u8> as core[a373ad73a504971]::io::write::Write>::write_fmt
[INFO] [stdout]    3:     0x5c1ded5a04d6 - std[617be2ca0a6fd877]::panicking::default_hook::{closure#0}
[INFO] [stdout]    4:     0x5c1ded5bc709 - std[617be2ca0a6fd877]::panicking::default_hook
[INFO] [stdout]    5:     0x5c1ded553de0 - test[aada8e7e76ba119b]::test_main_inner::{closure#0}
[INFO] [stdout]    6:     0x5c1ded5bc8c2 - std[617be2ca0a6fd877]::panicking::panic_with_hook
[INFO] [stdout]    7:     0x5c1ded5a0582 - std[617be2ca0a6fd877]::panicking::panic_handler::{closure#0}
[INFO] [stdout]    8:     0x5c1ded599109 - std[617be2ca0a6fd877]::sys::backtrace::__rust_end_short_backtrace::<std[617be2ca0a6fd877]::panicking::panic_handler::{closure#0}, !>
[INFO] [stdout]    9:     0x5c1ded5a118d - __rustc[ea4f61d10b84890b]::rust_begin_unwind
[INFO] [stdout]   10:     0x5c1ded5d8e5c - core[a373ad73a504971]::panicking::panic_fmt
[INFO] [stdout]   11:     0x5c1ded54513a - fixtures[544c17977d15233a]::load::{closure#0}
[INFO] [stdout]   12:     0x5c1ded545322 - fixtures[544c17977d15233a]::load
[INFO] [stdout]   13:     0x5c1ded546990 - <fixtures[544c17977d15233a]::rename_fixture_is_renamed_to_new_path::{closure#0} as core[a373ad73a504971]::ops::function::FnOnce<()>>::call_once
[INFO] [stdout]   14:     0x5c1ded54722b - test[aada8e7e76ba119b]::__rust_begin_short_backtrace::<core[a373ad73a504971]::result::Result<(), alloc[2e1b2a31b91974c5]::string::String>, fn() -> core[a373ad73a504971]::result::Result<(), alloc[2e1b2a31b91974c5]::string::String>>
[INFO] [stdout]   15:     0x5c1ded554405 - test[aada8e7e76ba119b]::run_test::{closure#0}
[INFO] [stdout]   16:     0x5c1ded54dcf4 - std[617be2ca0a6fd877]::sys::backtrace::__rust_begin_short_backtrace::<test[aada8e7e76ba119b]::run_test::{closure#1}, ()>
[INFO] [stdout]   17:     0x5c1ded557492 - <std[617be2ca0a6fd877]::thread::lifecycle::spawn_unchecked<test[aada8e7e76ba119b]::run_test::{closure#1}, ()>::{closure#1} as core[a373ad73a504971]::ops::function::FnOnce<()>>::call_once::{shim:vtable#0}
[INFO] [stdout]   18:     0x5c1ded5c38cf - <std[617be2ca0a6fd877]::sys::thread::unix::Thread>::new::thread_start
[INFO] [stdout]   19:     0x7f8d89fdfdfa - <unknown>
[INFO] [stdout]   20:     0x7f8d8a0733d4 - clone
[INFO] [stdout]   21:                0x0 - <unknown>
[INFO] [stdout] 
[INFO] [stdout] ---- rendered_basic_is_apply_able_shaped stdout ----
[INFO] [stdout] 
[INFO] [stdout] thread 'rendered_basic_is_apply_able_shaped' (311) panicked at tests/fixtures.rs:12:55:
[INFO] [stdout] read /opt/rustwide/workdir/../../fixtures/patch/basic.patch: No such file or directory (os error 2)
[INFO] [stdout] stack backtrace:
[INFO] [stdout]    0:     0x5c1ded5c43d1 - <<std[617be2ca0a6fd877]::sys::backtrace::BacktraceLock>::print::DisplayBacktrace as core[a373ad73a504971]::fmt::Display>::fmt
[INFO] [stdout]    1:     0x5c1ded5d872a - core[a373ad73a504971]::fmt::write
[INFO] [stdout]    2:     0x5c1ded5c85ec - <alloc[2e1b2a31b91974c5]::vec::Vec<u8> as core[a373ad73a504971]::io::write::Write>::write_fmt
[INFO] [stdout]    3:     0x5c1ded5a04d6 - std[617be2ca0a6fd877]::panicking::default_hook::{closure#0}
[INFO] [stdout]    4:     0x5c1ded5bc709 - std[617be2ca0a6fd877]::panicking::default_hook
[INFO] [stdout]    5:     0x5c1ded553de0 - test[aada8e7e76ba119b]::test_main_inner::{closure#0}
[INFO] [stdout]    6:     0x5c1ded5bc8c2 - std[617be2ca0a6fd877]::panicking::panic_with_hook
[INFO] [stdout]    7:     0x5c1ded5a0582 - std[617be2ca0a6fd877]::panicking::panic_handler::{closure#0}
[INFO] [stdout]    8:     0x5c1ded599109 - std[617be2ca0a6fd877]::sys::backtrace::__rust_end_short_backtrace::<std[617be2ca0a6fd877]::panicking::panic_handler::{closure#0}, !>
[INFO] [stdout]    9:     0x5c1ded5a118d - __rustc[ea4f61d10b84890b]::rust_begin_unwind
[INFO] [stdout]   10:     0x5c1ded5d8e5c - core[a373ad73a504971]::panicking::panic_fmt
[INFO] [stdout]   11:     0x5c1ded54513a - fixtures[544c17977d15233a]::load::{closure#0}
[INFO] [stdout]   12:     0x5c1ded545322 - fixtures[544c17977d15233a]::load
[INFO] [stdout]   13:     0x5c1ded546767 - <fixtures[544c17977d15233a]::rendered_basic_is_apply_able_shaped::{closure#0} as core[a373ad73a504971]::ops::function::FnOnce<()>>::call_once
[INFO] [stdout]   14:     0x5c1ded54722b - test[aada8e7e76ba119b]::__rust_begin_short_backtrace::<core[a373ad73a504971]::result::Result<(), alloc[2e1b2a31b91974c5]::string::String>, fn() -> core[a373ad73a504971]::result::Result<(), alloc[2e1b2a31b91974c5]::string::String>>
[INFO] [stdout]   15:     0x5c1ded554405 - test[aada8e7e76ba119b]::run_test::{closure#0}
[INFO] [stdout]   16:     0x5c1ded54dcf4 - std[617be2ca0a6fd877]::sys::backtrace::__rust_begin_short_backtrace::<test[aada8e7e76ba119b]::run_test::{closure#1}, ()>
[INFO] [stdout]   17:     0x5c1ded557492 - <std[617be2ca0a6fd877]::thread::lifecycle::spawn_unchecked<test[aada8e7e76ba119b]::run_test::{closure#1}, ()>::{closure#1} as core[a373ad73a504971]::ops::function::FnOnce<()>>::call_once::{shim:vtable#0}
[INFO] [stdout]   18:     0x5c1ded5c38cf - <std[617be2ca0a6fd877]::sys::thread::unix::Thread>::new::thread_start
[INFO] [stdout]   19:     0x7f8d89fdfdfa - <unknown>
[INFO] [stdout]   20:     0x7f8d8a0733d4 - clone
[INFO] [stdout]   21:                0x0 - <unknown>
[INFO] [stdout] 
[INFO] [stdout] 
[INFO] [stdout] failures:
[INFO] [stdout]     basic_fixture_has_one_hunk_with_an_edit
[INFO] [stdout]     basic_fixture_is_one_modified_file
[INFO] [stdout]     binary_fixture_is_binary_changed_with_no_hunks
[INFO] [stdout]     delete_file_fixture_is_deleted
[INFO] [stdout]     every_fixture_parses_without_error
[INFO] [stdout]     new_file_fixture_is_added
[INFO] [stdout]     no_newline_fixture_captures_marker_in_metadata
[INFO] [stdout]     rename_fixture_is_renamed_to_new_path
[INFO] [stdout]     rendered_basic_is_apply_able_shaped
[INFO] [stdout] 
[INFO] [stdout] test result: FAILED. 0 passed; 9 failed; 0 ignored; 0 measured; 0 filtered out; finished in 0.00s
[INFO] [stdout] 
[INFO] running `Command { std: "docker" "inspect" "6d25140b874613262464ac25fc8cc37f68e520049d4d5d48a465408018544b4c", kill_on_drop: false }`
[INFO] running `Command { std: "docker" "rm" "-f" "6d25140b874613262464ac25fc8cc37f68e520049d4d5d48a465408018544b4c", kill_on_drop: false }`
[INFO] [stdout] 6d25140b874613262464ac25fc8cc37f68e520049d4d5d48a465408018544b4c
