[INFO] fetching crate deep-diff-forge-graph 0.2.0...
[INFO] testing deep-diff-forge-graph-0.2.0 against 1.100.0-beta.1+cargoflags=--release for beta-release-1.100-2
[INFO] extracting crate deep-diff-forge-graph 0.2.0 into /workspace/builds/worker-3-tc2/source
[INFO] started tweaking crates.io crate deep-diff-forge-graph 0.2.0
[INFO] removed 0 missing tests
[INFO] finished tweaking crates.io crate deep-diff-forge-graph 0.2.0
[INFO] tweaked toml for crates.io crate deep-diff-forge-graph 0.2.0 written to /workspace/builds/worker-3-tc2/source/Cargo.toml
[INFO] validating manifest of crates.io crate deep-diff-forge-graph 0.2.0 on toolchain 1.100.0-beta.1
[INFO] running `Command { std: CARGO_HOME="/workspace/cargo-home" RUSTUP_HOME="/workspace/rustup-home" "/workspace/cargo-home/bin/cargo" "+1.100.0-beta.1" "metadata" "--manifest-path" "Cargo.toml" "--no-deps", kill_on_drop: false }`
[INFO] crate crates.io crate deep-diff-forge-graph 0.2.0 already has a lockfile, it will not be regenerated
[INFO] running `Command { std: CARGO_HOME="/workspace/cargo-home" RUSTUP_HOME="/workspace/rustup-home" "/workspace/cargo-home/bin/cargo" "+1.100.0-beta.1" "fetch" "--manifest-path" "Cargo.toml", kill_on_drop: false }`
[INFO] [stderr] warning: `package.homepage` is redundant with `package.repository`
[INFO] [stderr]   --> Cargo.toml:24:12
[INFO] [stderr]    |
[INFO] [stderr] 24 | homepage = "https://github.com/Louranicas/deep-diff-forge"
[INFO] [stderr]    |            ^^^^^^^^^^^^^^^^^^^^^^^^^^^^^^^^^^^^^^^^^^^^^^^
[INFO] [stderr] ...
[INFO] [stderr] 29 | repository = "https://github.com/Louranicas/deep-diff-forge"
[INFO] [stderr]    |              -----------------------------------------------
[INFO] [stderr]    |
[INFO] [stderr]    = note: `cargo::redundant_homepage` is set to `warn` by default
[INFO] [stderr] help: consider removing `package.homepage`
[INFO] [stderr] warning: `deep-diff-forge-graph` (manifest) generated 1 warning
[INFO] running `Command { std: "docker" "create" "-v" "/var/lib/crater-agent-workspace/builds/worker-3-tc2/source:/opt/rustwide/workdir:ro,Z" "-v" "/var/lib/crater-agent-workspace/builds/worker-3-tc2/target:/opt/rustwide/target:rw,Z" "-v" "/var/lib/crater-agent-workspace/cargo-home:/opt/rustwide/cargo-home:ro,Z" "-v" "/var/lib/crater-agent-workspace/rustup-home:/opt/rustwide/rustup-home:ro,Z" "-m" "1610612736" "--network" "none" "ghcr.io/rust-lang/crates-build-env/linux@sha256:77db811e55d90add9212f6832c23229e3de5f1c1f9905e8cb07319ea15df73ac" "sleep" "infinity", kill_on_drop: false }`
[INFO] [stdout] cfcf1f27f30361982d87d77f3c2fa22cdb64031200e2fe105ef7ddd730e19ac2
[INFO] running `Command { std: "docker" "start" "cfcf1f27f30361982d87d77f3c2fa22cdb64031200e2fe105ef7ddd730e19ac2", kill_on_drop: false }`
[INFO] running `Command { std: "docker" "inspect" "cfcf1f27f30361982d87d77f3c2fa22cdb64031200e2fe105ef7ddd730e19ac2", kill_on_drop: false }`
[INFO] running `Command { std: "docker" "exec" "-e" "SOURCE_DIR=/opt/rustwide/workdir" "-e" "CARGO_HOME=/opt/rustwide/cargo-home" "-e" "RUSTUP_HOME=/opt/rustwide/rustup-home" "-e" "CARGO_TARGET_DIR=/opt/rustwide/target" "-w" "/opt/rustwide/workdir" "--user" "0:0" "cfcf1f27f30361982d87d77f3c2fa22cdb64031200e2fe105ef7ddd730e19ac2" "/opt/rustwide/cargo-home/bin/cargo" "+1.100.0-beta.1" "metadata" "--no-deps" "--format-version=1", kill_on_drop: false }`
[INFO] running `Command { std: "docker" "inspect" "cfcf1f27f30361982d87d77f3c2fa22cdb64031200e2fe105ef7ddd730e19ac2", kill_on_drop: false }`
[INFO] running `Command { std: "docker" "exec" "-e" "SOURCE_DIR=/opt/rustwide/workdir" "-e" "CARGO_HOME=/opt/rustwide/cargo-home" "-e" "RUSTUP_HOME=/opt/rustwide/rustup-home" "-e" "CARGO_TARGET_DIR=/opt/rustwide/target" "-e" "CARGO_INCREMENTAL=0" "-e" "RUST_BACKTRACE=full" "-e" "RUSTFLAGS=--cap-lints=warn" "-e" "RUSTDOCFLAGS=--cap-lints=warn" "-w" "/opt/rustwide/workdir" "--user" "0:0" "cfcf1f27f30361982d87d77f3c2fa22cdb64031200e2fe105ef7ddd730e19ac2" "/opt/rustwide/cargo-home/bin/cargo" "+1.100.0-beta.1" "build" "--frozen" "--message-format=json" "--release", kill_on_drop: false }`
[INFO] [stderr] warning: `package.homepage` is redundant with `package.repository`
[INFO] [stderr]   --> Cargo.toml:24:12
[INFO] [stderr]    |
[INFO] [stderr] 24 | homepage = "https://github.com/Louranicas/deep-diff-forge"
[INFO] [stderr]    |            ^^^^^^^^^^^^^^^^^^^^^^^^^^^^^^^^^^^^^^^^^^^^^^^
[INFO] [stderr] ...
[INFO] [stderr] 29 | repository = "https://github.com/Louranicas/deep-diff-forge"
[INFO] [stderr]    |              -----------------------------------------------
[INFO] [stderr]    |
[INFO] [stderr]    = note: `cargo::redundant_homepage` is set to `warn` by default
[INFO] [stderr] help: consider removing `package.homepage`
[INFO] [stderr] warning: `deep-diff-forge-graph` (manifest) generated 1 warning
[INFO] [stderr]    Compiling deep-diff-forge-core v0.2.0
[INFO] [stderr]    Compiling deep-diff-forge-graph v0.2.0 (/opt/rustwide/workdir)
[INFO] [stderr]     Finished `release` profile [optimized] target(s) in 0.82s
[INFO] running `Command { std: "docker" "inspect" "cfcf1f27f30361982d87d77f3c2fa22cdb64031200e2fe105ef7ddd730e19ac2", kill_on_drop: false }`
[INFO] running `Command { std: "docker" "exec" "-e" "SOURCE_DIR=/opt/rustwide/workdir" "-e" "CARGO_HOME=/opt/rustwide/cargo-home" "-e" "RUSTUP_HOME=/opt/rustwide/rustup-home" "-e" "CARGO_TARGET_DIR=/opt/rustwide/target" "-e" "CARGO_INCREMENTAL=0" "-e" "RUST_BACKTRACE=full" "-e" "RUSTFLAGS=--cap-lints=warn" "-e" "RUSTDOCFLAGS=--cap-lints=warn" "-w" "/opt/rustwide/workdir" "--user" "0:0" "cfcf1f27f30361982d87d77f3c2fa22cdb64031200e2fe105ef7ddd730e19ac2" "/opt/rustwide/cargo-home/bin/cargo" "+1.100.0-beta.1" "test" "--frozen" "--no-run" "--message-format=json" "--release", kill_on_drop: false }`
[INFO] [stderr] warning: `package.homepage` is redundant with `package.repository`
[INFO] [stderr]   --> Cargo.toml:24:12
[INFO] [stderr]    |
[INFO] [stderr] 24 | homepage = "https://github.com/Louranicas/deep-diff-forge"
[INFO] [stderr]    |            ^^^^^^^^^^^^^^^^^^^^^^^^^^^^^^^^^^^^^^^^^^^^^^^
[INFO] [stderr] ...
[INFO] [stderr] 29 | repository = "https://github.com/Louranicas/deep-diff-forge"
[INFO] [stderr]    |              -----------------------------------------------
[INFO] [stderr]    |
[INFO] [stderr]    = note: `cargo::redundant_homepage` is set to `warn` by default
[INFO] [stderr] help: consider removing `package.homepage`
[INFO] [stderr] warning: `deep-diff-forge-graph` (manifest) generated 1 warning
[INFO] [stderr]    Compiling deep-diff-forge-patch v0.2.0
[INFO] [stderr]    Compiling deep-diff-forge-graph v0.2.0 (/opt/rustwide/workdir)
[INFO] [stderr]     Finished `release` profile [optimized] target(s) in 2.64s
[INFO] running `Command { std: "docker" "inspect" "cfcf1f27f30361982d87d77f3c2fa22cdb64031200e2fe105ef7ddd730e19ac2", kill_on_drop: false }`
[INFO] running `Command { std: "docker" "exec" "-e" "SOURCE_DIR=/opt/rustwide/workdir" "-e" "CARGO_HOME=/opt/rustwide/cargo-home" "-e" "RUSTUP_HOME=/opt/rustwide/rustup-home" "-e" "CARGO_TARGET_DIR=/opt/rustwide/target" "-e" "CARGO_INCREMENTAL=0" "-e" "RUST_BACKTRACE=full" "-e" "RUSTFLAGS=--cap-lints=warn" "-e" "RUSTDOCFLAGS=--cap-lints=warn" "-w" "/opt/rustwide/workdir" "--user" "0:0" "cfcf1f27f30361982d87d77f3c2fa22cdb64031200e2fe105ef7ddd730e19ac2" "/opt/rustwide/cargo-home/bin/cargo" "+1.100.0-beta.1" "test" "--frozen" "--release", kill_on_drop: false }`
[INFO] [stderr] warning: `package.homepage` is redundant with `package.repository`
[INFO] [stderr]   --> Cargo.toml:24:12
[INFO] [stderr]    |
[INFO] [stderr] 24 | homepage = "https://github.com/Louranicas/deep-diff-forge"
[INFO] [stderr]    |            ^^^^^^^^^^^^^^^^^^^^^^^^^^^^^^^^^^^^^^^^^^^^^^^
[INFO] [stderr] ...
[INFO] [stderr] 29 | repository = "https://github.com/Louranicas/deep-diff-forge"
[INFO] [stderr]    |              -----------------------------------------------
[INFO] [stderr]    |
[INFO] [stderr]    = note: `cargo::redundant_homepage` is set to `warn` by default
[INFO] [stderr] help: consider removing `package.homepage`
[INFO] [stderr] warning: `deep-diff-forge-graph` (manifest) generated 1 warning
[INFO] [stderr]     Finished `release` profile [optimized] target(s) in 0.05s
[INFO] [stderr]      Running unittests src/lib.rs (/opt/rustwide/target/release/build/deep-diff-forge-graph/63fa4a03b8e78c87/out/deep_diff_forge_graph-63fa4a03b8e78c87)
[INFO] [stdout] 
[INFO] [stdout] running 48 tests
[INFO] [stdout] test rank::tests::all_files_appear_in_ranking ... ok
[INFO] [stdout] test rank::tests::ranks_public_api_first ... ok
[INFO] [stdout] test rank::tests::new_file_outranks_plain_modify_same_path_depth ... ok
[INFO] [stdout] test rank::tests::empty_review_ranks_empty ... ok
[INFO] [stdout] test rank::tests::ranked_file_carries_signals ... ok
[INFO] [stdout] test rank::tests::generated_file_ranks_last ... ok
[INFO] [stdout] test rank::tests::ranked_file_carries_status ... ok
[INFO] [stdout] test rank::tests::ranking_is_deterministic ... ok
[INFO] [stdout] test risk::tests::cargo_toml_is_config ... ok
[INFO] [stdout] test risk::tests::change_counts_are_accurate ... ok
[INFO] [stdout] test risk::tests::config_file_signal_fires ... ok
[INFO] [stdout] test risk::tests::deleted_file_signal_fires ... ok
[INFO] [stdout] test risk::tests::deleted_outweighs_added_for_same_path_shape ... ok
[INFO] [stdout] test rank::tests::tie_break_is_path_ascending ... ok
[INFO] [stdout] test risk::tests::api_path_is_public_api ... ok
[INFO] [stdout] test risk::tests::basename_handles_no_slash ... ok
[INFO] [stdout] test risk::tests::binary_change_signal_fires ... ok
[INFO] [stdout] test risk::tests::cargo_lock_is_config ... ok
[INFO] [stdout] test risk::tests::labels_are_stable ... ok
[INFO] [stdout] test rank::tests::ranking_is_descending_by_score ... ok
[INFO] [stdout] test risk::tests::lib_rs_is_public_api ... ok
[INFO] [stdout] test risk::tests::generated_ranks_below_test ... ok
[INFO] [stdout] test risk::tests::just_below_large_threshold_has_no_large_signal ... ok
[INFO] [stdout] test risk::tests::many_hunks_signal_fires ... ok
[INFO] [stdout] test risk::tests::mod_rs_is_public_api ... ok
[INFO] [stdout] test risk::tests::new_file_signal_fires ... ok
[INFO] [stdout] test risk::tests::dist_path_is_suppressed ... ok
[INFO] [stdout] test risk::tests::large_change_signal_fires ... ok
[INFO] [stdout] test risk::tests::plain_modified_source_scores_base_plus_source_bonus ... ok
[INFO] [stdout] test risk::tests::plain_source_is_not_public_api ... ok
[INFO] [stdout] test risk::tests::generated_file_is_suppressed_to_zero ... ok
[INFO] [stdout] test risk::tests::min_js_is_generated ... ok
[INFO] [stdout] test risk::tests::public_api_large_change_accumulates_signals ... ok
[INFO] [stdout] test risk::tests::public_api_outranks_plain_source ... ok
[INFO] [stdout] test risk::tests::score_is_deterministic_across_runs ... ok
[INFO] [stdout] test risk::tests::small_change_has_no_large_signal ... ok
[INFO] [stdout] test risk::tests::target_dir_is_suppressed ... ok
[INFO] [stdout] test tests::change_counts_reexport_works ... ok
[INFO] [stdout] test risk::tests::test_file_is_flagged_test_only ... ok
[INFO] [stdout] test risk::tests::underscore_test_file_is_test_only ... ok
[INFO] [stdout] test risk::tests::test_path_with_slash_test_is_test_only ... ok
[INFO] [stdout] test tests::public_api_facade_reexports_work ... ok
[INFO] [stdout] test risk::tests::test_file_ranks_below_equivalent_source ... ok
[INFO] [stdout] test risk::tests::vendored_path_is_suppressed ... ok
[INFO] [stdout] test tests::thresholds_are_exposed ... ok
[INFO] [stdout] test tests::score_file_reexport_works ... ok
[INFO] [stdout] test risk::tests::node_modules_is_suppressed ... ok
[INFO] [stdout] test risk::tests::plain_source_outranks_test_file ... ok
[INFO] [stdout] 
[INFO] [stdout] test result: ok. 48 passed; 0 failed; 0 ignored; 0 measured; 0 filtered out; finished in 0.02s
[INFO] [stdout] 
[INFO] [stderr]      Running tests/rank.rs (/opt/rustwide/target/release/build/deep-diff-forge-graph/a5f60ef2f7bef944/out/rank-a5f60ef2f7bef944)
[INFO] [stdout] 
[INFO] [stdout] running 6 tests
[INFO] [stdout] test delete_fixture_flags_deletion ... FAILED
[INFO] [stdout] test ranking_a_real_combined_review_is_deterministic ... FAILED
[INFO] [stdout] test binary_fixture_flags_binary ... FAILED
[INFO] [stdout] test basic_fixture_ranks_its_single_file ... FAILED
[INFO] [stdout] test lib_rs_outranks_all_other_fixtures_combined ... FAILED
[INFO] [stdout] test new_file_fixture_flags_new_file ... FAILED
[INFO] [stdout] 
[INFO] [stdout] failures:
[INFO] [stdout] 
[INFO] [stdout] ---- delete_fixture_flags_deletion stdout ----
[INFO] [stdout] 
[INFO] [stdout] thread 'delete_fixture_flags_deletion' (236) panicked at tests/rank.rs:8:55:
[INFO] [stdout] read /opt/rustwide/workdir/../../fixtures/patch/delete_file.patch: No such file or directory (os error 2)
[INFO] [stdout] stack backtrace:
[INFO] [stdout]    0:     0x595fbda9d681 - <<std[617be2ca0a6fd877]::sys::backtrace::BacktraceLock>::print::DisplayBacktrace as core[a373ad73a504971]::fmt::Display>::fmt
[INFO] [stdout]    1:     0x595fbdab18ba - core[a373ad73a504971]::fmt::write
[INFO] [stdout]    2:     0x595fbdaa189c - <alloc[2e1b2a31b91974c5]::vec::Vec<u8> as core[a373ad73a504971]::io::write::Write>::write_fmt
[INFO] [stdout]    3:     0x595fbda79786 - std[617be2ca0a6fd877]::panicking::default_hook::{closure#0}
[INFO] [stdout]    4:     0x595fbda959b9 - std[617be2ca0a6fd877]::panicking::default_hook
[INFO] [stdout]    5:     0x595fbda2a980 - test[aada8e7e76ba119b]::test_main_inner::{closure#0}
[INFO] [stdout]    6:     0x595fbda95b72 - std[617be2ca0a6fd877]::panicking::panic_with_hook
[INFO] [stdout]    7:     0x595fbda79832 - std[617be2ca0a6fd877]::panicking::panic_handler::{closure#0}
[INFO] [stdout]    8:     0x595fbda723b9 - std[617be2ca0a6fd877]::sys::backtrace::__rust_end_short_backtrace::<std[617be2ca0a6fd877]::panicking::panic_handler::{closure#0}, !>
[INFO] [stdout]    9:     0x595fbda7a43d - __rustc[ea4f61d10b84890b]::rust_begin_unwind
[INFO] [stdout]   10:     0x595fbdab1fec - core[a373ad73a504971]::panicking::panic_fmt
[INFO] [stdout]   11:     0x595fbda1c29a - rank[946f9177bc6bea45]::load::{closure#0}
[INFO] [stdout]   12:     0x595fbda1c392 - rank[946f9177bc6bea45]::load
[INFO] [stdout]   13:     0x595fbda1cc56 - <rank[946f9177bc6bea45]::delete_fixture_flags_deletion::{closure#0} as core[a373ad73a504971]::ops::function::FnOnce<()>>::call_once
[INFO] [stdout]   14:     0x595fbda1ddcb - test[aada8e7e76ba119b]::__rust_begin_short_backtrace::<core[a373ad73a504971]::result::Result<(), alloc[2e1b2a31b91974c5]::string::String>, fn() -> core[a373ad73a504971]::result::Result<(), alloc[2e1b2a31b91974c5]::string::String>>
[INFO] [stdout]   15:     0x595fbda2afa5 - test[aada8e7e76ba119b]::run_test::{closure#0}
[INFO] [stdout]   16:     0x595fbda24894 - std[617be2ca0a6fd877]::sys::backtrace::__rust_begin_short_backtrace::<test[aada8e7e76ba119b]::run_test::{closure#1}, ()>
[INFO] [stdout]   17:     0x595fbda2e032 - <std[617be2ca0a6fd877]::thread::lifecycle::spawn_unchecked<test[aada8e7e76ba119b]::run_test::{closure#1}, ()>::{closure#1} as core[a373ad73a504971]::ops::function::FnOnce<()>>::call_once::{shim:vtable#0}
[INFO] [stdout]   18:     0x595fbda9cb7f - <std[617be2ca0a6fd877]::sys::thread::unix::Thread>::new::thread_start
[INFO] [stdout]   19:     0x75516fccadfa - <unknown>
[INFO] [stdout]   20:     0x75516fd5e3d4 - clone
[INFO] [stdout]   21:                0x0 - <unknown>
[INFO] [stdout] 
[INFO] [stdout] ---- ranking_a_real_combined_review_is_deterministic stdout ----
[INFO] [stdout] 
[INFO] [stdout] thread 'ranking_a_real_combined_review_is_deterministic' (239) panicked at tests/rank.rs:8:55:
[INFO] [stdout] read /opt/rustwide/workdir/../../fixtures/patch/basic.patch: No such file or directory (os error 2)
[INFO] [stdout] stack backtrace:
[INFO] [stdout]    0:     0x595fbda9d681 - <<std[617be2ca0a6fd877]::sys::backtrace::BacktraceLock>::print::DisplayBacktrace as core[a373ad73a504971]::fmt::Display>::fmt
[INFO] [stdout]    1:     0x595fbdab18ba - core[a373ad73a504971]::fmt::write
[INFO] [stdout]    2:     0x595fbdaa189c - <alloc[2e1b2a31b91974c5]::vec::Vec<u8> as core[a373ad73a504971]::io::write::Write>::write_fmt
[INFO] [stdout]    3:     0x595fbda79786 - std[617be2ca0a6fd877]::panicking::default_hook::{closure#0}
[INFO] [stdout]    4:     0x595fbda959b9 - std[617be2ca0a6fd877]::panicking::default_hook
[INFO] [stdout]    5:     0x595fbda2a980 - test[aada8e7e76ba119b]::test_main_inner::{closure#0}
[INFO] [stdout]    6:     0x595fbda95b72 - std[617be2ca0a6fd877]::panicking::panic_with_hook
[INFO] [stdout]    7:     0x595fbda79832 - std[617be2ca0a6fd877]::panicking::panic_handler::{closure#0}
[INFO] [stdout]    8:     0x595fbda723b9 - std[617be2ca0a6fd877]::sys::backtrace::__rust_end_short_backtrace::<std[617be2ca0a6fd877]::panicking::panic_handler::{closure#0}, !>
[INFO] [stdout]    9:     0x595fbda7a43d - __rustc[ea4f61d10b84890b]::rust_begin_unwind
[INFO] [stdout]   10:     0x595fbdab1fec - core[a373ad73a504971]::panicking::panic_fmt
[INFO] [stdout]   11:     0x595fbda1c29a - rank[946f9177bc6bea45]::load::{closure#0}
[INFO] [stdout]   12:     0x595fbda1c392 - rank[946f9177bc6bea45]::load
[INFO] [stdout]   13:     0x595fbda1d6c5 - <rank[946f9177bc6bea45]::ranking_a_real_combined_review_is_deterministic::{closure#0} as core[a373ad73a504971]::ops::function::FnOnce<()>>::call_once
[INFO] [stdout]   14:     0x595fbda1ddcb - test[aada8e7e76ba119b]::__rust_begin_short_backtrace::<core[a373ad73a504971]::result::Result<(), alloc[2e1b2a31b91974c5]::string::String>, fn() -> core[a373ad73a504971]::result::Result<(), alloc[2e1b2a31b91974c5]::string::String>>
[INFO] [stdout]   15:     0x595fbda2afa5 - test[aada8e7e76ba119b]::run_test::{closure#0}
[INFO] [stdout]   16:     0x595fbda24894 - std[617be2ca0a6fd877]::sys::backtrace::__rust_begin_short_backtrace::<test[aada8e7e76ba119b]::run_test::{closure#1}, ()>
[INFO] [stdout]   17:     0x595fbda2e032 - <std[617be2ca0a6fd877]::thread::lifecycle::spawn_unchecked<test[aada8e7e76ba119b]::run_test::{closure#1}, ()>::{closure#1} as core[a373ad73a504971]::ops::function::FnOnce<()>>::call_once::{shim:vtable#0}
[INFO] [stdout]   18:     0x595fbda9cb7f - <std[617be2ca0a6fd877]::sys::thread::unix::Thread>::new::thread_start
[INFO] [stdout]   19:     0x75516fccadfa - <unknown>
[INFO] [stdout]   20:     0x75516fd5e3d4 - clone
[INFO] [stdout]   21:                0x0 - <unknown>
[INFO] [stdout] 
[INFO] [stdout] ---- binary_fixture_flags_binary stdout ----
[INFO] [stdout] 
[INFO] [stdout] thread 'binary_fixture_flags_binary' (235) panicked at tests/rank.rs:8:55:
[INFO] [stdout] read /opt/rustwide/workdir/../../fixtures/patch/binary.patch: No such file or directory (os error 2)
[INFO] [stdout] stack backtrace:
[INFO] [stdout]    0:     0x595fbda9d681 - <<std[617be2ca0a6fd877]::sys::backtrace::BacktraceLock>::print::DisplayBacktrace as core[a373ad73a504971]::fmt::Display>::fmt
[INFO] [stdout]    1:     0x595fbdab18ba - core[a373ad73a504971]::fmt::write
[INFO] [stdout]    2:     0x595fbdaa189c - <alloc[2e1b2a31b91974c5]::vec::Vec<u8> as core[a373ad73a504971]::io::write::Write>::write_fmt
[INFO] [stdout]    3:     0x595fbda79786 - std[617be2ca0a6fd877]::panicking::default_hook::{closure#0}
[INFO] [stdout]    4:     0x595fbda959b9 - std[617be2ca0a6fd877]::panicking::default_hook
[INFO] [stdout]    5:     0x595fbda2a980 - test[aada8e7e76ba119b]::test_main_inner::{closure#0}
[INFO] [stdout]    6:     0x595fbda95b72 - std[617be2ca0a6fd877]::panicking::panic_with_hook
[INFO] [stdout]    7:     0x595fbda79832 - std[617be2ca0a6fd877]::panicking::panic_handler::{closure#0}
[INFO] [stdout]    8:     0x595fbda723b9 - std[617be2ca0a6fd877]::sys::backtrace::__rust_end_short_backtrace::<std[617be2ca0a6fd877]::panicking::panic_handler::{closure#0}, !>
[INFO] [stdout]    9:     0x595fbda7a43d - __rustc[ea4f61d10b84890b]::rust_begin_unwind
[INFO] [stdout]   10:     0x595fbdab1fec - core[a373ad73a504971]::panicking::panic_fmt
[INFO] [stdout]   11:     0x595fbda1c29a - rank[946f9177bc6bea45]::load::{closure#0}
[INFO] [stdout]   12:     0x595fbda1c392 - rank[946f9177bc6bea45]::load
[INFO] [stdout]   13:     0x595fbda1ca26 - <rank[946f9177bc6bea45]::binary_fixture_flags_binary::{closure#0} as core[a373ad73a504971]::ops::function::FnOnce<()>>::call_once
[INFO] [stdout]   14:     0x595fbda1ddcb - test[aada8e7e76ba119b]::__rust_begin_short_backtrace::<core[a373ad73a504971]::result::Result<(), alloc[2e1b2a31b91974c5]::string::String>, fn() -> core[a373ad73a504971]::result::Result<(), alloc[2e1b2a31b91974c5]::string::String>>
[INFO] [stdout]   15:     0x595fbda2afa5 - test[aada8e7e76ba119b]::run_test::{closure#0}
[INFO] [stdout]   16:     0x595fbda24894 - std[617be2ca0a6fd877]::sys::backtrace::__rust_begin_short_backtrace::<test[aada8e7e76ba119b]::run_test::{closure#1}, ()>
[INFO] [stdout]   17:     0x595fbda2e032 - <std[617be2ca0a6fd877]::thread::lifecycle::spawn_unchecked<test[aada8e7e76ba119b]::run_test::{closure#1}, ()>::{closure#1} as core[a373ad73a504971]::ops::function::FnOnce<()>>::call_once::{shim:vtable#0}
[INFO] [stdout]   18:     0x595fbda9cb7f - <std[617be2ca0a6fd877]::sys::thread::unix::Thread>::new::thread_start
[INFO] [stdout]   19:     0x75516fccadfa - <unknown>
[INFO] [stdout]   20:     0x75516fd5e3d4 - clone
[INFO] [stdout]   21:                0x0 - <unknown>
[INFO] [stdout] 
[INFO] [stdout] ---- basic_fixture_ranks_its_single_file stdout ----
[INFO] [stdout] 
[INFO] [stdout] thread 'basic_fixture_ranks_its_single_file' (234) panicked at tests/rank.rs:8:55:
[INFO] [stdout] read /opt/rustwide/workdir/../../fixtures/patch/basic.patch: No such file or directory (os error 2)
[INFO] [stdout] stack backtrace:
[INFO] [stdout]    0:     0x595fbda9d681 - <<std[617be2ca0a6fd877]::sys::backtrace::BacktraceLock>::print::DisplayBacktrace as core[a373ad73a504971]::fmt::Display>::fmt
[INFO] [stdout]    1:     0x595fbdab18ba - core[a373ad73a504971]::fmt::write
[INFO] [stdout]    2:     0x595fbdaa189c - <alloc[2e1b2a31b91974c5]::vec::Vec<u8> as core[a373ad73a504971]::io::write::Write>::write_fmt
[INFO] [stdout]    3:     0x595fbda79786 - std[617be2ca0a6fd877]::panicking::default_hook::{closure#0}
[INFO] [stdout]    4:     0x595fbda959b9 - std[617be2ca0a6fd877]::panicking::default_hook
[INFO] [stdout]    5:     0x595fbda2a980 - test[aada8e7e76ba119b]::test_main_inner::{closure#0}
[INFO] [stdout]    6:     0x595fbda95b72 - std[617be2ca0a6fd877]::panicking::panic_with_hook
[INFO] [stdout]    7:     0x595fbda79832 - std[617be2ca0a6fd877]::panicking::panic_handler::{closure#0}
[INFO] [stdout]    8:     0x595fbda723b9 - std[617be2ca0a6fd877]::sys::backtrace::__rust_end_short_backtrace::<std[617be2ca0a6fd877]::panicking::panic_handler::{closure#0}, !>
[INFO] [stdout]    9:     0x595fbda7a43d - __rustc[ea4f61d10b84890b]::rust_begin_unwind
[INFO] [stdout]   10:     0x595fbdab1fec - core[a373ad73a504971]::panicking::panic_fmt
[INFO] [stdout]   11:     0x595fbda1c29a - rank[946f9177bc6bea45]::load::{closure#0}
[INFO] [stdout]   12:     0x595fbda1c392 - rank[946f9177bc6bea45]::load
[INFO] [stdout]   13:     0x595fbda1d0b2 - <rank[946f9177bc6bea45]::basic_fixture_ranks_its_single_file::{closure#0} as core[a373ad73a504971]::ops::function::FnOnce<()>>::call_once
[INFO] [stdout]   14:     0x595fbda1ddcb - test[aada8e7e76ba119b]::__rust_begin_short_backtrace::<core[a373ad73a504971]::result::Result<(), alloc[2e1b2a31b91974c5]::string::String>, fn() -> core[a373ad73a504971]::result::Result<(), alloc[2e1b2a31b91974c5]::string::String>>
[INFO] [stdout]   15:     0x595fbda2afa5 - test[aada8e7e76ba119b]::run_test::{closure#0}
[INFO] [stdout]   16:     0x595fbda24894 - std[617be2ca0a6fd877]::sys::backtrace::__rust_begin_short_backtrace::<test[aada8e7e76ba119b]::run_test::{closure#1}, ()>
[INFO] [stdout]   17:     0x595fbda2e032 - <std[617be2ca0a6fd877]::thread::lifecycle::spawn_unchecked<test[aada8e7e76ba119b]::run_test::{closure#1}, ()>::{closure#1} as core[a373ad73a504971]::ops::function::FnOnce<()>>::call_once::{shim:vtable#0}
[INFO] [stdout]   18:     0x595fbda9cb7f - <std[617be2ca0a6fd877]::sys::thread::unix::Thread>::new::thread_start
[INFO] [stdout]   19:     0x75516fccadfa - <unknown>
[INFO] [stdout]   20:     0x75516fd5e3d4 - clone
[INFO] [stdout]   21:                0x0 - <unknown>
[INFO] [stdout] 
[INFO] [stdout] ---- lib_rs_outranks_all_other_fixtures_combined stdout ----
[INFO] [stdout] 
[INFO] [stdout] thread 'lib_rs_outranks_all_other_fixtures_combined' (237) panicked at tests/rank.rs:8:55:
[INFO] [stdout] read /opt/rustwide/workdir/../../fixtures/patch/basic.patch: No such file or directory (os error 2)
[INFO] [stdout] stack backtrace:
[INFO] [stdout]    0:     0x595fbda9d681 - <<std[617be2ca0a6fd877]::sys::backtrace::BacktraceLock>::print::DisplayBacktrace as core[a373ad73a504971]::fmt::Display>::fmt
[INFO] [stdout]    1:     0x595fbdab18ba - core[a373ad73a504971]::fmt::write
[INFO] [stdout]    2:     0x595fbdaa189c - <alloc[2e1b2a31b91974c5]::vec::Vec<u8> as core[a373ad73a504971]::io::write::Write>::write_fmt
[INFO] [stdout]    3:     0x595fbda79786 - std[617be2ca0a6fd877]::panicking::default_hook::{closure#0}
[INFO] [stdout]    4:     0x595fbda959b9 - std[617be2ca0a6fd877]::panicking::default_hook
[INFO] [stdout]    5:     0x595fbda2a980 - test[aada8e7e76ba119b]::test_main_inner::{closure#0}
[INFO] [stdout]    6:     0x595fbda95b72 - std[617be2ca0a6fd877]::panicking::panic_with_hook
[INFO] [stdout]    7:     0x595fbda79832 - std[617be2ca0a6fd877]::panicking::panic_handler::{closure#0}
[INFO] [stdout]    8:     0x595fbda723b9 - std[617be2ca0a6fd877]::sys::backtrace::__rust_end_short_backtrace::<std[617be2ca0a6fd877]::panicking::panic_handler::{closure#0}, !>
[INFO] [stdout]    9:     0x595fbda7a43d - __rustc[ea4f61d10b84890b]::rust_begin_unwind
[INFO] [stdout]   10:     0x595fbdab1fec - core[a373ad73a504971]::panicking::panic_fmt
[INFO] [stdout]   11:     0x595fbda1c29a - rank[946f9177bc6bea45]::load::{closure#0}
[INFO] [stdout]   12:     0x595fbda1c392 - rank[946f9177bc6bea45]::load
[INFO] [stdout]   13:     0x595fbda1d302 - <rank[946f9177bc6bea45]::lib_rs_outranks_all_other_fixtures_combined::{closure#0} as core[a373ad73a504971]::ops::function::FnOnce<()>>::call_once
[INFO] [stdout]   14:     0x595fbda1ddcb - test[aada8e7e76ba119b]::__rust_begin_short_backtrace::<core[a373ad73a504971]::result::Result<(), alloc[2e1b2a31b91974c5]::string::String>, fn() -> core[a373ad73a504971]::result::Result<(), alloc[2e1b2a31b91974c5]::string::String>>
[INFO] [stdout]   15:     0x595fbda2afa5 - test[aada8e7e76ba119b]::run_test::{closure#0}
[INFO] [stdout]   16:     0x595fbda24894 - std[617be2ca0a6fd877]::sys::backtrace::__rust_begin_short_backtrace::<test[aada8e7e76ba119b]::run_test::{closure#1}, ()>
[INFO] [stdout]   17:     0x595fbda2e032 - <std[617be2ca0a6fd877]::thread::lifecycle::spawn_unchecked<test[aada8e7e76ba119b]::run_test::{closure#1}, ()>::{closure#1} as core[a373ad73a504971]::ops::function::FnOnce<()>>::call_once::{shim:vtable#0}
[INFO] [stdout]   18:     0x595fbda9cb7f - <std[617be2ca0a6fd877]::sys::thread::unix::Thread>::new::thread_start
[INFO] [stdout]   19:     0x75516fccadfa - <unknown>
[INFO] [stdout]   20:     0x75516fd5e3d4 - clone
[INFO] [stdout]   21:                0x0 - <unknown>
[INFO] [stdout] 
[INFO] [stdout] ---- new_file_fixture_flags_new_file stdout ----
[INFO] [stdout] 
[INFO] [stdout] thread 'new_file_fixture_flags_new_file' (238) panicked at tests/rank.rs:8:55:
[INFO] [stdout] read /opt/rustwide/workdir/../../fixtures/patch/new_file.patch: No such file or directory (os error 2)
[INFO] [stdout] stack backtrace:
[INFO] [stdout]    0:     0x595fbda9d681 - <<std[617be2ca0a6fd877]::sys::backtrace::BacktraceLock>::print::DisplayBacktrace as core[a373ad73a504971]::fmt::Display>::fmt
[INFO] [stdout]    1:     0x595fbdab18ba - core[a373ad73a504971]::fmt::write
[INFO] [stdout]    2:     0x595fbdaa189c - <alloc[2e1b2a31b91974c5]::vec::Vec<u8> as core[a373ad73a504971]::io::write::Write>::write_fmt
[INFO] [stdout]    3:     0x595fbda79786 - std[617be2ca0a6fd877]::panicking::default_hook::{closure#0}
[INFO] [stdout]    4:     0x595fbda959b9 - std[617be2ca0a6fd877]::panicking::default_hook
[INFO] [stdout]    5:     0x595fbda2a980 - test[aada8e7e76ba119b]::test_main_inner::{closure#0}
[INFO] [stdout]    6:     0x595fbda95b72 - std[617be2ca0a6fd877]::panicking::panic_with_hook
[INFO] [stdout]    7:     0x595fbda79832 - std[617be2ca0a6fd877]::panicking::panic_handler::{closure#0}
[INFO] [stdout]    8:     0x595fbda723b9 - std[617be2ca0a6fd877]::sys::backtrace::__rust_end_short_backtrace::<std[617be2ca0a6fd877]::panicking::panic_handler::{closure#0}, !>
[INFO] [stdout]    9:     0x595fbda7a43d - __rustc[ea4f61d10b84890b]::rust_begin_unwind
[INFO] [stdout]   10:     0x595fbdab1fec - core[a373ad73a504971]::panicking::panic_fmt
[INFO] [stdout]   11:     0x595fbda1c29a - rank[946f9177bc6bea45]::load::{closure#0}
[INFO] [stdout]   12:     0x595fbda1c392 - rank[946f9177bc6bea45]::load
[INFO] [stdout]   13:     0x595fbda1ce86 - <rank[946f9177bc6bea45]::new_file_fixture_flags_new_file::{closure#0} as core[a373ad73a504971]::ops::function::FnOnce<()>>::call_once
[INFO] [stdout]   14:     0x595fbda1ddcb - test[aada8e7e76ba119b]::__rust_begin_short_backtrace::<core[a373ad73a504971]::result::Result<(), alloc[2e1b2a31b91974c5]::string::String>, fn() -> core[a373ad73a504971]::result::Result<(), alloc[2e1b2a31b91974c5]::string::String>>
[INFO] [stdout]   15:     0x595fbda2afa5 - test[aada8e7e76ba119b]::run_test::{closure#0}
[INFO] [stdout]   16:     0x595fbda24894 - std[617be2ca0a6fd877]::sys::backtrace::__rust_begin_short_backtrace::<test[aada8e7e76ba119b]::run_test::{closure#1}, ()>
[INFO] [stdout]   17:     0x595fbda2e032 - <std[617be2ca0a6fd877]::thread::lifecycle::spawn_unchecked<test[aada8e7e76ba119b]::run_test::{closure#1}, ()>::{closure#1} as core[a373ad73a504971]::ops::function::FnOnce<()>>::call_once::{shim:vtable#0}
[INFO] [stdout]   18:     0x595fbda9cb7f - <std[617be2ca0a6fd877]::sys::thread::unix::Thread>::new::thread_start
[INFO] [stdout]   19:     0x75516fccadfa - <unknown>
[INFO] [stdout]   20:     0x75516fd5e3d4 - clone
[INFO] [stdout]   21:                0x0 - <unknown>
[INFO] [stdout] 
[INFO] [stdout] 
[INFO] [stdout] failures:
[INFO] [stdout]     basic_fixture_ranks_its_single_file
[INFO] [stdout]     binary_fixture_flags_binary
[INFO] [stdout]     delete_fixture_flags_deletion
[INFO] [stdout]     lib_rs_outranks_all_other_fixtures_combined
[INFO] [stdout]     new_file_fixture_flags_new_file
[INFO] [stdout]     ranking_a_real_combined_review_is_deterministic
[INFO] [stdout] 
[INFO] [stdout] test result: FAILED. 0 passed; 6 failed; 0 ignored; 0 measured; 0 filtered out; finished in 0.00s
[INFO] [stdout] 
[INFO] [stderr] error: test failed, to rerun pass `--test rank`
[INFO] running `Command { std: "docker" "inspect" "cfcf1f27f30361982d87d77f3c2fa22cdb64031200e2fe105ef7ddd730e19ac2", kill_on_drop: false }`
[INFO] running `Command { std: "docker" "rm" "-f" "cfcf1f27f30361982d87d77f3c2fa22cdb64031200e2fe105ef7ddd730e19ac2", kill_on_drop: false }`
[INFO] [stdout] cfcf1f27f30361982d87d77f3c2fa22cdb64031200e2fe105ef7ddd730e19ac2
