[INFO] fetching crate deep-diff-forge-cluster 0.2.0...
[INFO] testing deep-diff-forge-cluster-0.2.0 against 1.100.0-beta.1+cargoflags=--release for beta-release-1.100-2
[INFO] extracting crate deep-diff-forge-cluster 0.2.0 into /workspace/builds/worker-7-tc2/source
[INFO] started tweaking crates.io crate deep-diff-forge-cluster 0.2.0
[INFO] removed 0 missing tests
[INFO] finished tweaking crates.io crate deep-diff-forge-cluster 0.2.0
[INFO] tweaked toml for crates.io crate deep-diff-forge-cluster 0.2.0 written to /workspace/builds/worker-7-tc2/source/Cargo.toml
[INFO] validating manifest of crates.io crate deep-diff-forge-cluster 0.2.0 on toolchain 1.100.0-beta.1
[INFO] running `Command { std: CARGO_HOME="/workspace/cargo-home" RUSTUP_HOME="/workspace/rustup-home" "/workspace/cargo-home/bin/cargo" "+1.100.0-beta.1" "metadata" "--manifest-path" "Cargo.toml" "--no-deps", kill_on_drop: false }`
[INFO] crate crates.io crate deep-diff-forge-cluster 0.2.0 already has a lockfile, it will not be regenerated
[INFO] running `Command { std: CARGO_HOME="/workspace/cargo-home" RUSTUP_HOME="/workspace/rustup-home" "/workspace/cargo-home/bin/cargo" "+1.100.0-beta.1" "fetch" "--manifest-path" "Cargo.toml", kill_on_drop: false }`
[INFO] [stderr] warning: `package.homepage` is redundant with `package.repository`
[INFO] [stderr]   --> Cargo.toml:27:12
[INFO] [stderr]    |
[INFO] [stderr] 27 | homepage = "https://github.com/Louranicas/deep-diff-forge"
[INFO] [stderr]    |            ^^^^^^^^^^^^^^^^^^^^^^^^^^^^^^^^^^^^^^^^^^^^^^^
[INFO] [stderr] ...
[INFO] [stderr] 32 | repository = "https://github.com/Louranicas/deep-diff-forge"
[INFO] [stderr]    |              -----------------------------------------------
[INFO] [stderr]    |
[INFO] [stderr]    = note: `cargo::redundant_homepage` is set to `warn` by default
[INFO] [stderr] help: consider removing `package.homepage`
[INFO] [stderr] warning: `deep-diff-forge-cluster` (manifest) generated 1 warning
[INFO] running `Command { std: "docker" "create" "-v" "/var/lib/crater-agent-workspace/builds/worker-7-tc2/source:/opt/rustwide/workdir:ro,Z" "-v" "/var/lib/crater-agent-workspace/builds/worker-7-tc2/target:/opt/rustwide/target:rw,Z" "-v" "/var/lib/crater-agent-workspace/cargo-home:/opt/rustwide/cargo-home:ro,Z" "-v" "/var/lib/crater-agent-workspace/rustup-home:/opt/rustwide/rustup-home:ro,Z" "-m" "1610612736" "--network" "none" "ghcr.io/rust-lang/crates-build-env/linux@sha256:77db811e55d90add9212f6832c23229e3de5f1c1f9905e8cb07319ea15df73ac" "sleep" "infinity", kill_on_drop: false }`
[INFO] [stdout] 6a6945d48c58f8ec561158814596a11a3bc0a5e01226a645e32f751837eb6e74
[INFO] running `Command { std: "docker" "start" "6a6945d48c58f8ec561158814596a11a3bc0a5e01226a645e32f751837eb6e74", kill_on_drop: false }`
[INFO] running `Command { std: "docker" "inspect" "6a6945d48c58f8ec561158814596a11a3bc0a5e01226a645e32f751837eb6e74", kill_on_drop: false }`
[INFO] running `Command { std: "docker" "exec" "-e" "SOURCE_DIR=/opt/rustwide/workdir" "-e" "CARGO_HOME=/opt/rustwide/cargo-home" "-e" "RUSTUP_HOME=/opt/rustwide/rustup-home" "-e" "CARGO_TARGET_DIR=/opt/rustwide/target" "-w" "/opt/rustwide/workdir" "--user" "0:0" "6a6945d48c58f8ec561158814596a11a3bc0a5e01226a645e32f751837eb6e74" "/opt/rustwide/cargo-home/bin/cargo" "+1.100.0-beta.1" "metadata" "--no-deps" "--format-version=1", kill_on_drop: false }`
[INFO] running `Command { std: "docker" "inspect" "6a6945d48c58f8ec561158814596a11a3bc0a5e01226a645e32f751837eb6e74", kill_on_drop: false }`
[INFO] running `Command { std: "docker" "exec" "-e" "SOURCE_DIR=/opt/rustwide/workdir" "-e" "CARGO_HOME=/opt/rustwide/cargo-home" "-e" "RUSTUP_HOME=/opt/rustwide/rustup-home" "-e" "CARGO_TARGET_DIR=/opt/rustwide/target" "-e" "CARGO_INCREMENTAL=0" "-e" "RUST_BACKTRACE=full" "-e" "RUSTFLAGS=--cap-lints=warn" "-e" "RUSTDOCFLAGS=--cap-lints=warn" "-w" "/opt/rustwide/workdir" "--user" "0:0" "6a6945d48c58f8ec561158814596a11a3bc0a5e01226a645e32f751837eb6e74" "/opt/rustwide/cargo-home/bin/cargo" "+1.100.0-beta.1" "build" "--frozen" "--message-format=json" "--release", kill_on_drop: false }`
[INFO] [stderr] warning: `package.homepage` is redundant with `package.repository`
[INFO] [stderr]   --> Cargo.toml:27:12
[INFO] [stderr]    |
[INFO] [stderr] 27 | homepage = "https://github.com/Louranicas/deep-diff-forge"
[INFO] [stderr]    |            ^^^^^^^^^^^^^^^^^^^^^^^^^^^^^^^^^^^^^^^^^^^^^^^
[INFO] [stderr] ...
[INFO] [stderr] 32 | repository = "https://github.com/Louranicas/deep-diff-forge"
[INFO] [stderr]    |              -----------------------------------------------
[INFO] [stderr]    |
[INFO] [stderr]    = note: `cargo::redundant_homepage` is set to `warn` by default
[INFO] [stderr] help: consider removing `package.homepage`
[INFO] [stderr] warning: `deep-diff-forge-cluster` (manifest) generated 1 warning
[INFO] [stderr]    Compiling deep-diff-forge-core v0.2.0
[INFO] [stderr]    Compiling deep-diff-forge-graph v0.2.0
[INFO] [stderr]    Compiling deep-diff-forge-cluster v0.2.0 (/opt/rustwide/workdir)
[INFO] [stderr]     Finished `release` profile [optimized] target(s) in 1.11s
[INFO] running `Command { std: "docker" "inspect" "6a6945d48c58f8ec561158814596a11a3bc0a5e01226a645e32f751837eb6e74", kill_on_drop: false }`
[INFO] running `Command { std: "docker" "exec" "-e" "SOURCE_DIR=/opt/rustwide/workdir" "-e" "CARGO_HOME=/opt/rustwide/cargo-home" "-e" "RUSTUP_HOME=/opt/rustwide/rustup-home" "-e" "CARGO_TARGET_DIR=/opt/rustwide/target" "-e" "CARGO_INCREMENTAL=0" "-e" "RUST_BACKTRACE=full" "-e" "RUSTFLAGS=--cap-lints=warn" "-e" "RUSTDOCFLAGS=--cap-lints=warn" "-w" "/opt/rustwide/workdir" "--user" "0:0" "6a6945d48c58f8ec561158814596a11a3bc0a5e01226a645e32f751837eb6e74" "/opt/rustwide/cargo-home/bin/cargo" "+1.100.0-beta.1" "test" "--frozen" "--no-run" "--message-format=json" "--release", kill_on_drop: false }`
[INFO] [stderr] warning: `package.homepage` is redundant with `package.repository`
[INFO] [stderr]   --> Cargo.toml:27:12
[INFO] [stderr]    |
[INFO] [stderr] 27 | homepage = "https://github.com/Louranicas/deep-diff-forge"
[INFO] [stderr]    |            ^^^^^^^^^^^^^^^^^^^^^^^^^^^^^^^^^^^^^^^^^^^^^^^
[INFO] [stderr] ...
[INFO] [stderr] 32 | repository = "https://github.com/Louranicas/deep-diff-forge"
[INFO] [stderr]    |              -----------------------------------------------
[INFO] [stderr]    |
[INFO] [stderr]    = note: `cargo::redundant_homepage` is set to `warn` by default
[INFO] [stderr] help: consider removing `package.homepage`
[INFO] [stderr] warning: `deep-diff-forge-cluster` (manifest) generated 1 warning
[INFO] [stderr]    Compiling deep-diff-forge-patch v0.2.0
[INFO] [stderr]    Compiling deep-diff-forge-cluster v0.2.0 (/opt/rustwide/workdir)
[INFO] [stderr]     Finished `release` profile [optimized] target(s) in 4.11s
[INFO] running `Command { std: "docker" "inspect" "6a6945d48c58f8ec561158814596a11a3bc0a5e01226a645e32f751837eb6e74", kill_on_drop: false }`
[INFO] running `Command { std: "docker" "exec" "-e" "SOURCE_DIR=/opt/rustwide/workdir" "-e" "CARGO_HOME=/opt/rustwide/cargo-home" "-e" "RUSTUP_HOME=/opt/rustwide/rustup-home" "-e" "CARGO_TARGET_DIR=/opt/rustwide/target" "-e" "CARGO_INCREMENTAL=0" "-e" "RUST_BACKTRACE=full" "-e" "RUSTFLAGS=--cap-lints=warn" "-e" "RUSTDOCFLAGS=--cap-lints=warn" "-w" "/opt/rustwide/workdir" "--user" "0:0" "6a6945d48c58f8ec561158814596a11a3bc0a5e01226a645e32f751837eb6e74" "/opt/rustwide/cargo-home/bin/cargo" "+1.100.0-beta.1" "test" "--frozen" "--release", kill_on_drop: false }`
[INFO] [stderr] warning: `package.homepage` is redundant with `package.repository`
[INFO] [stderr]   --> Cargo.toml:27:12
[INFO] [stderr]    |
[INFO] [stderr] 27 | homepage = "https://github.com/Louranicas/deep-diff-forge"
[INFO] [stderr]    |            ^^^^^^^^^^^^^^^^^^^^^^^^^^^^^^^^^^^^^^^^^^^^^^^
[INFO] [stderr] ...
[INFO] [stderr] 32 | repository = "https://github.com/Louranicas/deep-diff-forge"
[INFO] [stderr]    |              -----------------------------------------------
[INFO] [stderr]    |
[INFO] [stderr]    = note: `cargo::redundant_homepage` is set to `warn` by default
[INFO] [stderr] help: consider removing `package.homepage`
[INFO] [stderr] warning: `deep-diff-forge-cluster` (manifest) generated 1 warning
[INFO] [stderr]     Finished `release` profile [optimized] target(s) in 0.02s
[INFO] [stderr]      Running unittests src/lib.rs (/opt/rustwide/target/release/build/deep-diff-forge-cluster/b99c20d0d4a8f5bc/out/deep_diff_forge_cluster-b99c20d0d4a8f5bc)
[INFO] [stdout] 
[INFO] [stdout] running 42 tests
[INFO] [stdout] test cluster::tests::apply_join_ranked_sorts_descending ... ok
[INFO] [stdout] test cluster::tests::apply_join_input_order_is_identity ... ok
[INFO] [stdout] test cluster::tests::dimension_labels_cover_remaining_variants ... ok
[INFO] [stdout] test cluster::tests::cluster_scores_match_direct_scoring ... ok
[INFO] [stdout] test cluster::tests::dimension_labels_cover_all ... ok
[INFO] [stdout] test cluster::tests::cluster_run_is_cloneable_and_eq ... ok
[INFO] [stdout] test cluster::tests::fixed_one_matches_serial ... ok
[INFO] [stdout] test cluster::tests::auto_worker_count_is_at_least_one ... ok
[INFO] [stdout] test cluster::tests::empty_review_clusters_empty ... ok
[INFO] [stdout] test cluster::tests::ranked_join_orders_by_score_desc ... ok
[INFO] [stdout] test cluster::tests::receipt_records_dimensions ... ok
[INFO] [stdout] test cluster::tests::receipt_records_file_count ... ok
[INFO] [stdout] test cluster::tests::receipt_records_join_policy ... ok
[INFO] [stdout] test cluster::tests::join_labels ... ok
[INFO] [stdout] test cluster::tests::input_order_join_matches_serial_score_order ... ok
[INFO] [stdout] test scheduler::tests::auto_is_at_least_one ... ok
[INFO] [stdout] test scheduler::tests::chunks_are_balanced ... ok
[INFO] [stdout] test scheduler::tests::run_lane_empty_is_empty ... ok
[INFO] [stdout] test scheduler::tests::fixed_clamped_to_item_count ... ok
[INFO] [stdout] test scheduler::tests::fixed_resolves_to_requested ... ok
[INFO] [stdout] test scheduler::tests::chunks_empty_for_zero_items ... ok
[INFO] [stdout] test scheduler::tests::run_lane_single_file ... ok
[INFO] [stdout] test scheduler::tests::chunks_cover_all_indices_in_order ... ok
[INFO] [stdout] test cluster::tests::parallelism_labels ... ok
[INFO] [stdout] test scheduler::tests::chunks_clamp_workers_to_items ... ok
[INFO] [stdout] test tests::facade_run_lane_works ... ok
[INFO] [stdout] test tests::facade_helpers_exported ... ok
[INFO] [stdout] test tests::facade_run_risk_cluster_works ... ok
[INFO] [stdout] test cluster::tests::cluster_ranks_public_api_first ... ok
[INFO] [stdout] test scheduler::tests::run_lane_serial_returns_input_order ... ok
[INFO] [stdout] test scheduler::tests::serial_resolves_to_one_worker ... ok
[INFO] [stdout] test scheduler::tests::workers_never_zero_even_with_zero_items ... ok
[INFO] [stdout] test cluster::tests::large_cluster_preserves_all_files ... ok
[INFO] [stdout] test cluster::tests::receipt_records_worker_count ... ok
[INFO] [stdout] test scheduler::tests::run_lane_parallel_returns_input_order ... ok
[INFO] [stdout] test scheduler::tests::run_lane_passes_correct_file_to_each_index ... ok
[INFO] [stdout] test cluster::tests::receipt_records_parallelism_setting ... ok
[INFO] [stdout] test cluster::tests::as_ready_collapses_to_input_order_in_batch ... ok
[INFO] [stdout] test scheduler::tests::run_lane_more_workers_than_files ... ok
[INFO] [stdout] test scheduler::tests::run_lane_is_deterministic_across_worker_counts ... ok
[INFO] [stdout] test cluster::tests::large_ranked_cluster_is_deterministic ... ok
[INFO] [stdout] test cluster::tests::cluster_result_is_identical_across_parallelism ... ok
[INFO] [stdout] 
[INFO] [stdout] test result: ok. 42 passed; 0 failed; 0 ignored; 0 measured; 0 filtered out; finished in 0.04s
[INFO] [stdout] 
[INFO] [stderr]      Running tests/run.rs (/opt/rustwide/target/release/build/deep-diff-forge-cluster/e40f5715c8189263/out/run-e40f5715c8189263)
[INFO] [stdout] 
[INFO] [stdout] running 10 tests
[INFO] [stdout] test empty_cluster_has_empty_receipt ... ok
[INFO] [stdout] test fixture_cluster_receipt_counts_files ... FAILED
[INFO] [stdout] test fixture_cluster_ranks_public_api_first ... FAILED
[INFO] [stdout] test ranked_join_is_descending_over_fixtures ... FAILED
[INFO] [stdout] test input_order_join_preserves_fixture_order ... FAILED
[INFO] [stdout] test run_lane_over_fixtures_returns_paths_in_order ... FAILED
[INFO] [stdout] test fixture_cluster_receipt_lists_patch_and_risk ... FAILED
[INFO] [stdout] test auto_and_serial_agree_on_fixtures ... FAILED
[INFO] [stdout] test fixture_cluster_is_deterministic_serial_vs_parallel ... FAILED
[INFO] [stdout] test large_synthetic_cluster_determinism ... ok
[INFO] [stderr] error: test failed, to rerun pass `--test run`
[INFO] [stdout] 
[INFO] [stdout] failures:
[INFO] [stdout] 
[INFO] [stdout] ---- fixture_cluster_receipt_counts_files stdout ----
[INFO] [stdout] 
[INFO] [stdout] thread 'fixture_cluster_receipt_counts_files' (377) panicked at tests/run.rs:9:55:
[INFO] [stdout] read /opt/rustwide/workdir/../../fixtures/patch/basic.patch: No such file or directory (os error 2)
[INFO] [stdout] stack backtrace:
[INFO] [stdout]    0:     0x61ce40fe0061 - <<std[617be2ca0a6fd877]::sys::backtrace::BacktraceLock>::print::DisplayBacktrace as core[a373ad73a504971]::fmt::Display>::fmt
[INFO] [stdout]    1:     0x61ce40ff42ea - core[a373ad73a504971]::fmt::write
[INFO] [stdout]    2:     0x61ce40fe42cc - <alloc[2e1b2a31b91974c5]::vec::Vec<u8> as core[a373ad73a504971]::io::write::Write>::write_fmt
[INFO] [stdout]    3:     0x61ce40fbbf46 - std[617be2ca0a6fd877]::panicking::default_hook::{closure#0}
[INFO] [stdout]    4:     0x61ce40fd8189 - std[617be2ca0a6fd877]::panicking::default_hook
[INFO] [stdout]    5:     0x61ce40f69ba0 - test[aada8e7e76ba119b]::test_main_inner::{closure#0}
[INFO] [stdout]    6:     0x61ce40fd84b2 - std[617be2ca0a6fd877]::panicking::panic_with_hook
[INFO] [stdout]    7:     0x61ce40fbbff2 - std[617be2ca0a6fd877]::panicking::panic_handler::{closure#0}
[INFO] [stdout]    8:     0x61ce40fb4b79 - std[617be2ca0a6fd877]::sys::backtrace::__rust_end_short_backtrace::<std[617be2ca0a6fd877]::panicking::panic_handler::{closure#0}, !>
[INFO] [stdout]    9:     0x61ce40fbcbfd - __rustc[ea4f61d10b84890b]::rust_begin_unwind
[INFO] [stdout]   10:     0x61ce40ff4a1c - core[a373ad73a504971]::panicking::panic_fmt
[INFO] [stdout]   11:     0x61ce40f5978a - run[7d44996fc232b306]::load::{closure#0}
[INFO] [stdout]   12:     0x61ce40f59d46 - run[7d44996fc232b306]::combined
[INFO] [stdout]   13:     0x61ce40f5ab38 - <run[7d44996fc232b306]::fixture_cluster_receipt_counts_files::{closure#0} as core[a373ad73a504971]::ops::function::FnOnce<()>>::call_once
[INFO] [stdout]   14:     0x61ce40f5cfeb - test[aada8e7e76ba119b]::__rust_begin_short_backtrace::<core[a373ad73a504971]::result::Result<(), alloc[2e1b2a31b91974c5]::string::String>, fn() -> core[a373ad73a504971]::result::Result<(), alloc[2e1b2a31b91974c5]::string::String>>
[INFO] [stdout]   15:     0x61ce40f6a1c5 - test[aada8e7e76ba119b]::run_test::{closure#0}
[INFO] [stdout]   16:     0x61ce40f63ab4 - std[617be2ca0a6fd877]::sys::backtrace::__rust_begin_short_backtrace::<test[aada8e7e76ba119b]::run_test::{closure#1}, ()>
[INFO] [stdout]   17:     0x61ce40f6d252 - <std[617be2ca0a6fd877]::thread::lifecycle::spawn_unchecked<test[aada8e7e76ba119b]::run_test::{closure#1}, ()>::{closure#1} as core[a373ad73a504971]::ops::function::FnOnce<()>>::call_once::{shim:vtable#0}
[INFO] [stdout]   18:     0x61ce40fdf54f - <std[617be2ca0a6fd877]::sys::thread::unix::Thread>::new::thread_start
[INFO] [stdout]   19:     0x7849d6e9edfa - <unknown>
[INFO] [stdout]   20:     0x7849d6f323d4 - clone
[INFO] [stdout]   21:                0x0 - <unknown>
[INFO] [stdout] 
[INFO] [stdout] ---- fixture_cluster_ranks_public_api_first stdout ----
[INFO] [stdout] 
[INFO] [stdout] thread 'fixture_cluster_ranks_public_api_first' (376) panicked at tests/run.rs:9:55:
[INFO] [stdout] read /opt/rustwide/workdir/../../fixtures/patch/basic.patch: No such file or directory (os error 2)
[INFO] [stdout] stack backtrace:
[INFO] [stdout]    0:     0x61ce40fe0061 - <<std[617be2ca0a6fd877]::sys::backtrace::BacktraceLock>::print::DisplayBacktrace as core[a373ad73a504971]::fmt::Display>::fmt
[INFO] [stdout]    1:     0x61ce40ff42ea - core[a373ad73a504971]::fmt::write
[INFO] [stdout]    2:     0x61ce40fe42cc - <alloc[2e1b2a31b91974c5]::vec::Vec<u8> as core[a373ad73a504971]::io::write::Write>::write_fmt
[INFO] [stdout]    3:     0x61ce40fbbf46 - std[617be2ca0a6fd877]::panicking::default_hook::{closure#0}
[INFO] [stdout]    4:     0x61ce40fd8189 - std[617be2ca0a6fd877]::panicking::default_hook
[INFO] [stdout]    5:     0x61ce40f69ba0 - test[aada8e7e76ba119b]::test_main_inner::{closure#0}
[INFO] [stdout]    6:     0x61ce40fd84b2 - std[617be2ca0a6fd877]::panicking::panic_with_hook
[INFO] [stdout]    7:     0x61ce40fbbff2 - std[617be2ca0a6fd877]::panicking::panic_handler::{closure#0}
[INFO] [stdout]    8:     0x61ce40fb4b79 - std[617be2ca0a6fd877]::sys::backtrace::__rust_end_short_backtrace::<std[617be2ca0a6fd877]::panicking::panic_handler::{closure#0}, !>
[INFO] [stdout]    9:     0x61ce40fbcbfd - __rustc[ea4f61d10b84890b]::rust_begin_unwind
[INFO] [stdout]   10:     0x61ce40ff4a1c - core[a373ad73a504971]::panicking::panic_fmt
[INFO] [stdout]   11:     0x61ce40f5978a - run[7d44996fc232b306]::load::{closure#0}
[INFO] [stdout]   12:     0x61ce40f59d46 - run[7d44996fc232b306]::combined
[INFO] [stdout]   13:     0x61ce40f5acc8 - <run[7d44996fc232b306]::fixture_cluster_ranks_public_api_first::{closure#0} as core[a373ad73a504971]::ops::function::FnOnce<()>>::call_once
[INFO] [stdout]   14:     0x61ce40f5cfeb - test[aada8e7e76ba119b]::__rust_begin_short_backtrace::<core[a373ad73a504971]::result::Result<(), alloc[2e1b2a31b91974c5]::string::String>, fn() -> core[a373ad73a504971]::result::Result<(), alloc[2e1b2a31b91974c5]::string::String>>
[INFO] [stdout]   15:     0x61ce40f6a1c5 - test[aada8e7e76ba119b]::run_test::{closure#0}
[INFO] [stdout]   16:     0x61ce40f63ab4 - std[617be2ca0a6fd877]::sys::backtrace::__rust_begin_short_backtrace::<test[aada8e7e76ba119b]::run_test::{closure#1}, ()>
[INFO] [stdout]   17:     0x61ce40f6d252 - <std[617be2ca0a6fd877]::thread::lifecycle::spawn_unchecked<test[aada8e7e76ba119b]::run_test::{closure#1}, ()>::{closure#1} as core[a373ad73a504971]::ops::function::FnOnce<()>>::call_once::{shim:vtable#0}
[INFO] [stdout]   18:     0x61ce40fdf54f - <std[617be2ca0a6fd877]::sys::thread::unix::Thread>::new::thread_start
[INFO] [stdout]   19:     0x7849d6e9edfa - <unknown>
[INFO] [stdout]   20:     0x7849d6f323d4 - clone
[INFO] [stdout]   21:                0x0 - <unknown>
[INFO] [stdout] 
[INFO] [stdout] ---- ranked_join_is_descending_over_fixtures stdout ----
[INFO] [stdout] 
[INFO] [stdout] thread 'ranked_join_is_descending_over_fixtures' (381) panicked at tests/run.rs:9:55:
[INFO] [stdout] read /opt/rustwide/workdir/../../fixtures/patch/basic.patch: No such file or directory (os error 2)
[INFO] [stdout] stack backtrace:
[INFO] [stdout]    0:     0x61ce40fe0061 - <<std[617be2ca0a6fd877]::sys::backtrace::BacktraceLock>::print::DisplayBacktrace as core[a373ad73a504971]::fmt::Display>::fmt
[INFO] [stdout]    1:     0x61ce40ff42ea - core[a373ad73a504971]::fmt::write
[INFO] [stdout]    2:     0x61ce40fe42cc - <alloc[2e1b2a31b91974c5]::vec::Vec<u8> as core[a373ad73a504971]::io::write::Write>::write_fmt
[INFO] [stdout]    3:     0x61ce40fbbf46 - std[617be2ca0a6fd877]::panicking::default_hook::{closure#0}
[INFO] [stdout]    4:     0x61ce40fd8189 - std[617be2ca0a6fd877]::panicking::default_hook
[INFO] [stdout]    5:     0x61ce40f69ba0 - test[aada8e7e76ba119b]::test_main_inner::{closure#0}
[INFO] [stdout]    6:     0x61ce40fd84b2 - std[617be2ca0a6fd877]::panicking::panic_with_hook
[INFO] [stdout]    7:     0x61ce40fbbff2 - std[617be2ca0a6fd877]::panicking::panic_handler::{closure#0}
[INFO] [stdout]    8:     0x61ce40fb4b79 - std[617be2ca0a6fd877]::sys::backtrace::__rust_end_short_backtrace::<std[617be2ca0a6fd877]::panicking::panic_handler::{closure#0}, !>
[INFO] [stdout]    9:     0x61ce40fbcbfd - __rustc[ea4f61d10b84890b]::rust_begin_unwind
[INFO] [stdout]   10:     0x61ce40ff4a1c - core[a373ad73a504971]::panicking::panic_fmt
[INFO] [stdout]   11:     0x61ce40f5978a - run[7d44996fc232b306]::load::{closure#0}
[INFO] [stdout]   12:     0x61ce40f59d46 - run[7d44996fc232b306]::combined
[INFO] [stdout]   13:     0x61ce40f5ae88 - <run[7d44996fc232b306]::ranked_join_is_descending_over_fixtures::{closure#0} as core[a373ad73a504971]::ops::function::FnOnce<()>>::call_once
[INFO] [stdout]   14:     0x61ce40f5cfeb - test[aada8e7e76ba119b]::__rust_begin_short_backtrace::<core[a373ad73a504971]::result::Result<(), alloc[2e1b2a31b91974c5]::string::String>, fn() -> core[a373ad73a504971]::result::Result<(), alloc[2e1b2a31b91974c5]::string::String>>
[INFO] [stdout]   15:     0x61ce40f6a1c5 - test[aada8e7e76ba119b]::run_test::{closure#0}
[INFO] [stdout]   16:     0x61ce40f63ab4 - std[617be2ca0a6fd877]::sys::backtrace::__rust_begin_short_backtrace::<test[aada8e7e76ba119b]::run_test::{closure#1}, ()>
[INFO] [stdout]   17:     0x61ce40f6d252 - <std[617be2ca0a6fd877]::thread::lifecycle::spawn_unchecked<test[aada8e7e76ba119b]::run_test::{closure#1}, ()>::{closure#1} as core[a373ad73a504971]::ops::function::FnOnce<()>>::call_once::{shim:vtable#0}
[INFO] [stdout]   18:     0x61ce40fdf54f - <std[617be2ca0a6fd877]::sys::thread::unix::Thread>::new::thread_start
[INFO] [stdout]   19:     0x7849d6e9edfa - <unknown>
[INFO] [stdout]   20:     0x7849d6f323d4 - clone
[INFO] [stdout]   21:                0x0 - <unknown>
[INFO] [stdout] 
[INFO] [stdout] ---- input_order_join_preserves_fixture_order stdout ----
[INFO] [stdout] 
[INFO] [stdout] thread 'input_order_join_preserves_fixture_order' (379) panicked at tests/run.rs:9:55:
[INFO] [stdout] read /opt/rustwide/workdir/../../fixtures/patch/basic.patch: No such file or directory (os error 2)
[INFO] [stdout] stack backtrace:
[INFO] [stdout]    0:     0x61ce40fe0061 - <<std[617be2ca0a6fd877]::sys::backtrace::BacktraceLock>::print::DisplayBacktrace as core[a373ad73a504971]::fmt::Display>::fmt
[INFO] [stdout]    1:     0x61ce40ff42ea - core[a373ad73a504971]::fmt::write
[INFO] [stdout]    2:     0x61ce40fe42cc - <alloc[2e1b2a31b91974c5]::vec::Vec<u8> as core[a373ad73a504971]::io::write::Write>::write_fmt
[INFO] [stdout]    3:     0x61ce40fbbf46 - std[617be2ca0a6fd877]::panicking::default_hook::{closure#0}
[INFO] [stdout]    4:     0x61ce40fd8189 - std[617be2ca0a6fd877]::panicking::default_hook
[INFO] [stdout]    5:     0x61ce40f69ba0 - test[aada8e7e76ba119b]::test_main_inner::{closure#0}
[INFO] [stdout]    6:     0x61ce40fd84b2 - std[617be2ca0a6fd877]::panicking::panic_with_hook
[INFO] [stdout]    7:     0x61ce40fbbff2 - std[617be2ca0a6fd877]::panicking::panic_handler::{closure#0}
[INFO] [stdout]    8:     0x61ce40fb4b79 - std[617be2ca0a6fd877]::sys::backtrace::__rust_end_short_backtrace::<std[617be2ca0a6fd877]::panicking::panic_handler::{closure#0}, !>
[INFO] [stdout]    9:     0x61ce40fbcbfd - __rustc[ea4f61d10b84890b]::rust_begin_unwind
[INFO] [stdout]   10:     0x61ce40ff4a1c - core[a373ad73a504971]::panicking::panic_fmt
[INFO] [stdout]   11:     0x61ce40f5978a - run[7d44996fc232b306]::load::{closure#0}
[INFO] [stdout]   12:     0x61ce40f59d46 - run[7d44996fc232b306]::combined
[INFO] [stdout]   13:     0x61ce40f5b0a9 - <run[7d44996fc232b306]::input_order_join_preserves_fixture_order::{closure#0} as core[a373ad73a504971]::ops::function::FnOnce<()>>::call_once
[INFO] [stdout]   14:     0x61ce40f5cfeb - test[aada8e7e76ba119b]::__rust_begin_short_backtrace::<core[a373ad73a504971]::result::Result<(), alloc[2e1b2a31b91974c5]::string::String>, fn() -> core[a373ad73a504971]::result::Result<(), alloc[2e1b2a31b91974c5]::string::String>>
[INFO] [stdout]   15:     0x61ce40f6a1c5 - test[aada8e7e76ba119b]::run_test::{closure#0}
[INFO] [stdout]   16:     0x61ce40f63ab4 - std[617be2ca0a6fd877]::sys::backtrace::__rust_begin_short_backtrace::<test[aada8e7e76ba119b]::run_test::{closure#1}, ()>
[INFO] [stdout]   17:     0x61ce40f6d252 - <std[617be2ca0a6fd877]::thread::lifecycle::spawn_unchecked<test[aada8e7e76ba119b]::run_test::{closure#1}, ()>::{closure#1} as core[a373ad73a504971]::ops::function::FnOnce<()>>::call_once::{shim:vtable#0}
[INFO] [stdout]   18:     0x61ce40fdf54f - <std[617be2ca0a6fd877]::sys::thread::unix::Thread>::new::thread_start
[INFO] [stdout]   19:     0x7849d6e9edfa - <unknown>
[INFO] [stdout]   20:     0x7849d6f323d4 - clone
[INFO] [stdout]   21:                0x0 - <unknown>
[INFO] [stdout] 
[INFO] [stdout] ---- run_lane_over_fixtures_returns_paths_in_order stdout ----
[INFO] [stdout] 
[INFO] [stdout] thread 'run_lane_over_fixtures_returns_paths_in_order' (382) panicked at tests/run.rs:9:55:
[INFO] [stdout] read /opt/rustwide/workdir/../../fixtures/patch/basic.patch: No such file or directory (os error 2)
[INFO] [stdout] stack backtrace:
[INFO] [stdout]    0:     0x61ce40fe0061 - <<std[617be2ca0a6fd877]::sys::backtrace::BacktraceLock>::print::DisplayBacktrace as core[a373ad73a504971]::fmt::Display>::fmt
[INFO] [stdout]    1:     0x61ce40ff42ea - core[a373ad73a504971]::fmt::write
[INFO] [stdout]    2:     0x61ce40fe42cc - <alloc[2e1b2a31b91974c5]::vec::Vec<u8> as core[a373ad73a504971]::io::write::Write>::write_fmt
[INFO] [stdout]    3:     0x61ce40fbbf46 - std[617be2ca0a6fd877]::panicking::default_hook::{closure#0}
[INFO] [stdout]    4:     0x61ce40fd8189 - std[617be2ca0a6fd877]::panicking::default_hook
[INFO] [stdout]    5:     0x61ce40f69ba0 - test[aada8e7e76ba119b]::test_main_inner::{closure#0}
[INFO] [stdout]    6:     0x61ce40fd84b2 - std[617be2ca0a6fd877]::panicking::panic_with_hook
[INFO] [stdout]    7:     0x61ce40fbbff2 - std[617be2ca0a6fd877]::panicking::panic_handler::{closure#0}
[INFO] [stdout]    8:     0x61ce40fb4b79 - std[617be2ca0a6fd877]::sys::backtrace::__rust_end_short_backtrace::<std[617be2ca0a6fd877]::panicking::panic_handler::{closure#0}, !>
[INFO] [stdout]    9:     0x61ce40fbcbfd - __rustc[ea4f61d10b84890b]::rust_begin_unwind
[INFO] [stdout]   10:     0x61ce40ff4a1c - core[a373ad73a504971]::panicking::panic_fmt
[INFO] [stdout]   11:     0x61ce40f5978a - run[7d44996fc232b306]::load::{closure#0}
[INFO] [stdout]   12:     0x61ce40f59d46 - run[7d44996fc232b306]::combined
[INFO] [stdout]   13:     0x61ce40f5b626 - <run[7d44996fc232b306]::run_lane_over_fixtures_returns_paths_in_order::{closure#0} as core[a373ad73a504971]::ops::function::FnOnce<()>>::call_once
[INFO] [stdout]   14:     0x61ce40f5cfeb - test[aada8e7e76ba119b]::__rust_begin_short_backtrace::<core[a373ad73a504971]::result::Result<(), alloc[2e1b2a31b91974c5]::string::String>, fn() -> core[a373ad73a504971]::result::Result<(), alloc[2e1b2a31b91974c5]::string::String>>
[INFO] [stdout]   15:     0x61ce40f6a1c5 - test[aada8e7e76ba119b]::run_test::{closure#0}
[INFO] [stdout]   16:     0x61ce40f63ab4 - std[617be2ca0a6fd877]::sys::backtrace::__rust_begin_short_backtrace::<test[aada8e7e76ba119b]::run_test::{closure#1}, ()>
[INFO] [stdout]   17:     0x61ce40f6d252 - <std[617be2ca0a6fd877]::thread::lifecycle::spawn_unchecked<test[aada8e7e76ba119b]::run_test::{closure#1}, ()>::{closure#1} as core[a373ad73a504971]::ops::function::FnOnce<()>>::call_once::{shim:vtable#0}
[INFO] [stdout]   18:     0x61ce40fdf54f - <std[617be2ca0a6fd877]::sys::thread::unix::Thread>::new::thread_start
[INFO] [stdout]   19:     0x7849d6e9edfa - <unknown>
[INFO] [stdout]   20:     0x7849d6f323d4 - clone
[INFO] [stdout]   21:                0x0 - <unknown>
[INFO] [stdout] 
[INFO] [stdout] ---- fixture_cluster_receipt_lists_patch_and_risk stdout ----
[INFO] [stdout] 
[INFO] [stdout] thread 'fixture_cluster_receipt_lists_patch_and_risk' (378) panicked at tests/run.rs:9:55:
[INFO] [stdout] read /opt/rustwide/workdir/../../fixtures/patch/basic.patch: No such file or directory (os error 2)
[INFO] [stdout] stack backtrace:
[INFO] [stdout]    0:     0x61ce40fe0061 - <<std[617be2ca0a6fd877]::sys::backtrace::BacktraceLock>::print::DisplayBacktrace as core[a373ad73a504971]::fmt::Display>::fmt
[INFO] [stdout]    1:     0x61ce40ff42ea - core[a373ad73a504971]::fmt::write
[INFO] [stdout]    2:     0x61ce40fe42cc - <alloc[2e1b2a31b91974c5]::vec::Vec<u8> as core[a373ad73a504971]::io::write::Write>::write_fmt
[INFO] [stdout]    3:     0x61ce40fbbf46 - std[617be2ca0a6fd877]::panicking::default_hook::{closure#0}
[INFO] [stdout]    4:     0x61ce40fd8189 - std[617be2ca0a6fd877]::panicking::default_hook
[INFO] [stdout]    5:     0x61ce40f69ba0 - test[aada8e7e76ba119b]::test_main_inner::{closure#0}
[INFO] [stdout]    6:     0x61ce40fd84b2 - std[617be2ca0a6fd877]::panicking::panic_with_hook
[INFO] [stdout]    7:     0x61ce40fbbff2 - std[617be2ca0a6fd877]::panicking::panic_handler::{closure#0}
[INFO] [stdout]    8:     0x61ce40fb4b79 - std[617be2ca0a6fd877]::sys::backtrace::__rust_end_short_backtrace::<std[617be2ca0a6fd877]::panicking::panic_handler::{closure#0}, !>
[INFO] [stdout]    9:     0x61ce40fbcbfd - __rustc[ea4f61d10b84890b]::rust_begin_unwind
[INFO] [stdout]   10:     0x61ce40ff4a1c - core[a373ad73a504971]::panicking::panic_fmt
[INFO] [stdout]   11:     0x61ce40f5978a - run[7d44996fc232b306]::load::{closure#0}
[INFO] [stdout]   12:     0x61ce40f59d46 - run[7d44996fc232b306]::combined
[INFO] [stdout]   13:     0x61ce40f5b45b - <run[7d44996fc232b306]::fixture_cluster_receipt_lists_patch_and_risk::{closure#0} as core[a373ad73a504971]::ops::function::FnOnce<()>>::call_once
[INFO] [stdout]   14:     0x61ce40f5cfeb - test[aada8e7e76ba119b]::__rust_begin_short_backtrace::<core[a373ad73a504971]::result::Result<(), alloc[2e1b2a31b91974c5]::string::String>, fn() -> core[a373ad73a504971]::result::Result<(), alloc[2e1b2a31b91974c5]::string::String>>
[INFO] [stdout]   15:     0x61ce40f6a1c5 - test[aada8e7e76ba119b]::run_test::{closure#0}
[INFO] [stdout]   16:     0x61ce40f63ab4 - std[617be2ca0a6fd877]::sys::backtrace::__rust_begin_short_backtrace::<test[aada8e7e76ba119b]::run_test::{closure#1}, ()>
[INFO] [stdout]   17:     0x61ce40f6d252 - <std[617be2ca0a6fd877]::thread::lifecycle::spawn_unchecked<test[aada8e7e76ba119b]::run_test::{closure#1}, ()>::{closure#1} as core[a373ad73a504971]::ops::function::FnOnce<()>>::call_once::{shim:vtable#0}
[INFO] [stdout]   18:     0x61ce40fdf54f - <std[617be2ca0a6fd877]::sys::thread::unix::Thread>::new::thread_start
[INFO] [stdout]   19:     0x7849d6e9edfa - <unknown>
[INFO] [stdout]   20:     0x7849d6f323d4 - clone
[INFO] [stdout]   21:                0x0 - <unknown>
[INFO] [stdout] 
[INFO] [stdout] ---- auto_and_serial_agree_on_fixtures stdout ----
[INFO] [stdout] 
[INFO] [stdout] thread 'auto_and_serial_agree_on_fixtures' (373) panicked at tests/run.rs:9:55:
[INFO] [stdout] read /opt/rustwide/workdir/../../fixtures/patch/basic.patch: No such file or directory (os error 2)
[INFO] [stdout] stack backtrace:
[INFO] [stdout]    0:     0x61ce40fe0061 - <<std[617be2ca0a6fd877]::sys::backtrace::BacktraceLock>::print::DisplayBacktrace as core[a373ad73a504971]::fmt::Display>::fmt
[INFO] [stdout]    1:     0x61ce40ff42ea - core[a373ad73a504971]::fmt::write
[INFO] [stdout]    2:     0x61ce40fe42cc - <alloc[2e1b2a31b91974c5]::vec::Vec<u8> as core[a373ad73a504971]::io::write::Write>::write_fmt
[INFO] [stdout]    3:     0x61ce40fbbf46 - std[617be2ca0a6fd877]::panicking::default_hook::{closure#0}
[INFO] [stdout]    4:     0x61ce40fd8189 - std[617be2ca0a6fd877]::panicking::default_hook
[INFO] [stdout]    5:     0x61ce40f69ba0 - test[aada8e7e76ba119b]::test_main_inner::{closure#0}
[INFO] [stdout]    6:     0x61ce40fd84b2 - std[617be2ca0a6fd877]::panicking::panic_with_hook
[INFO] [stdout]    7:     0x61ce40fbbff2 - std[617be2ca0a6fd877]::panicking::panic_handler::{closure#0}
[INFO] [stdout]    8:     0x61ce40fb4b79 - std[617be2ca0a6fd877]::sys::backtrace::__rust_end_short_backtrace::<std[617be2ca0a6fd877]::panicking::panic_handler::{closure#0}, !>
[INFO] [stdout]    9:     0x61ce40fbcbfd - __rustc[ea4f61d10b84890b]::rust_begin_unwind
[INFO] [stdout]   10:     0x61ce40ff4a1c - core[a373ad73a504971]::panicking::panic_fmt
[INFO] [stdout]   11:     0x61ce40f5978a - run[7d44996fc232b306]::load::{closure#0}
[INFO] [stdout]   12:     0x61ce40f59d46 - run[7d44996fc232b306]::combined
[INFO] [stdout]   13:     0x61ce40f5a29e - <run[7d44996fc232b306]::auto_and_serial_agree_on_fixtures::{closure#0} as core[a373ad73a504971]::ops::function::FnOnce<()>>::call_once
[INFO] [stdout]   14:     0x61ce40f5cfeb - test[aada8e7e76ba119b]::__rust_begin_short_backtrace::<core[a373ad73a504971]::result::Result<(), alloc[2e1b2a31b91974c5]::string::String>, fn() -> core[a373ad73a504971]::result::Result<(), alloc[2e1b2a31b91974c5]::string::String>>
[INFO] [stdout]   15:     0x61ce40f6a1c5 - test[aada8e7e76ba119b]::run_test::{closure#0}
[INFO] [stdout]   16:     0x61ce40f63ab4 - std[617be2ca0a6fd877]::sys::backtrace::__rust_begin_short_backtrace::<test[aada8e7e76ba119b]::run_test::{closure#1}, ()>
[INFO] [stdout]   17:     0x61ce40f6d252 - <std[617be2ca0a6fd877]::thread::lifecycle::spawn_unchecked<test[aada8e7e76ba119b]::run_test::{closure#1}, ()>::{closure#1} as core[a373ad73a504971]::ops::function::FnOnce<()>>::call_once::{shim:vtable#0}
[INFO] [stdout]   18:     0x61ce40fdf54f - <std[617be2ca0a6fd877]::sys::thread::unix::Thread>::new::thread_start
[INFO] [stdout]   19:     0x7849d6e9edfa - <unknown>
[INFO] [stdout]   20:     0x7849d6f323d4 - clone
[INFO] [stdout]   21:                0x0 - <unknown>
[INFO] [stdout] 
[INFO] [stdout] ---- fixture_cluster_is_deterministic_serial_vs_parallel stdout ----
[INFO] [stdout] 
[INFO] [stdout] thread 'fixture_cluster_is_deterministic_serial_vs_parallel' (375) panicked at tests/run.rs:9:55:
[INFO] [stdout] read /opt/rustwide/workdir/../../fixtures/patch/basic.patch: No such file or directory (os error 2)
[INFO] [stdout] stack backtrace:
[INFO] [stdout]    0:     0x61ce40fe0061 - <<std[617be2ca0a6fd877]::sys::backtrace::BacktraceLock>::print::DisplayBacktrace as core[a373ad73a504971]::fmt::Display>::fmt
[INFO] [stdout]    1:     0x61ce40ff42ea - core[a373ad73a504971]::fmt::write
[INFO] [stdout]    2:     0x61ce40fe42cc - <alloc[2e1b2a31b91974c5]::vec::Vec<u8> as core[a373ad73a504971]::io::write::Write>::write_fmt
[INFO] [stdout]    3:     0x61ce40fbbf46 - std[617be2ca0a6fd877]::panicking::default_hook::{closure#0}
[INFO] [stdout]    4:     0x61ce40fd8189 - std[617be2ca0a6fd877]::panicking::default_hook
[INFO] [stdout]    5:     0x61ce40f69ba0 - test[aada8e7e76ba119b]::test_main_inner::{closure#0}
[INFO] [stdout]    6:     0x61ce40fd84b2 - std[617be2ca0a6fd877]::panicking::panic_with_hook
[INFO] [stdout]    7:     0x61ce40fbbff2 - std[617be2ca0a6fd877]::panicking::panic_handler::{closure#0}
[INFO] [stdout]    8:     0x61ce40fb4b79 - std[617be2ca0a6fd877]::sys::backtrace::__rust_end_short_backtrace::<std[617be2ca0a6fd877]::panicking::panic_handler::{closure#0}, !>
[INFO] [stdout]    9:     0x61ce40fbcbfd - __rustc[ea4f61d10b84890b]::rust_begin_unwind
[INFO] [stdout]   10:     0x61ce40ff4a1c - core[a373ad73a504971]::panicking::panic_fmt
[INFO] [stdout]   11:     0x61ce40f5978a - run[7d44996fc232b306]::load::{closure#0}
[INFO] [stdout]   12:     0x61ce40f59d46 - run[7d44996fc232b306]::combined
[INFO] [stdout]   13:     0x61ce40f5b90e - <run[7d44996fc232b306]::fixture_cluster_is_deterministic_serial_vs_parallel::{closure#0} as core[a373ad73a504971]::ops::function::FnOnce<()>>::call_once
[INFO] [stdout]   14:     0x61ce40f5cfeb - test[aada8e7e76ba119b]::__rust_begin_short_backtrace::<core[a373ad73a504971]::result::Result<(), alloc[2e1b2a31b91974c5]::string::String>, fn() -> core[a373ad73a504971]::result::Result<(), alloc[2e1b2a31b91974c5]::string::String>>
[INFO] [stdout]   15:     0x61ce40f6a1c5 - test[aada8e7e76ba119b]::run_test::{closure#0}
[INFO] [stdout]   16:     0x61ce40f63ab4 - std[617be2ca0a6fd877]::sys::backtrace::__rust_begin_short_backtrace::<test[aada8e7e76ba119b]::run_test::{closure#1}, ()>
[INFO] [stdout]   17:     0x61ce40f6d252 - <std[617be2ca0a6fd877]::thread::lifecycle::spawn_unchecked<test[aada8e7e76ba119b]::run_test::{closure#1}, ()>::{closure#1} as core[a373ad73a504971]::ops::function::FnOnce<()>>::call_once::{shim:vtable#0}
[INFO] [stdout]   18:     0x61ce40fdf54f - <std[617be2ca0a6fd877]::sys::thread::unix::Thread>::new::thread_start
[INFO] [stdout]   19:     0x7849d6e9edfa - <unknown>
[INFO] [stdout]   20:     0x7849d6f323d4 - clone
[INFO] [stdout]   21:                0x0 - <unknown>
[INFO] [stdout] 
[INFO] [stdout] 
[INFO] [stdout] failures:
[INFO] [stdout]     auto_and_serial_agree_on_fixtures
[INFO] [stdout]     fixture_cluster_is_deterministic_serial_vs_parallel
[INFO] [stdout]     fixture_cluster_ranks_public_api_first
[INFO] [stdout]     fixture_cluster_receipt_counts_files
[INFO] [stdout]     fixture_cluster_receipt_lists_patch_and_risk
[INFO] [stdout]     input_order_join_preserves_fixture_order
[INFO] [stdout]     ranked_join_is_descending_over_fixtures
[INFO] [stdout]     run_lane_over_fixtures_returns_paths_in_order
[INFO] [stdout] 
[INFO] [stdout] test result: FAILED. 2 passed; 8 failed; 0 ignored; 0 measured; 0 filtered out; finished in 0.01s
[INFO] [stdout] 
[INFO] running `Command { std: "docker" "inspect" "6a6945d48c58f8ec561158814596a11a3bc0a5e01226a645e32f751837eb6e74", kill_on_drop: false }`
[INFO] running `Command { std: "docker" "rm" "-f" "6a6945d48c58f8ec561158814596a11a3bc0a5e01226a645e32f751837eb6e74", kill_on_drop: false }`
[INFO] [stdout] 6a6945d48c58f8ec561158814596a11a3bc0a5e01226a645e32f751837eb6e74
