[INFO] fetching crate deed-resolve 0.2.13...
[INFO] testing deed-resolve-0.2.13 against 1.99.0-beta.8+cargoflags=--release for beta-release-1.100-2
[INFO] extracting crate deed-resolve 0.2.13 into /workspace/builds/worker-7-tc1/source
[INFO] started tweaking crates.io crate deed-resolve 0.2.13
[INFO] removed 0 missing tests
[INFO] finished tweaking crates.io crate deed-resolve 0.2.13
[INFO] tweaked toml for crates.io crate deed-resolve 0.2.13 written to /workspace/builds/worker-7-tc1/source/Cargo.toml
[INFO] validating manifest of crates.io crate deed-resolve 0.2.13 on toolchain 1.99.0-beta.8
[INFO] running `Command { std: CARGO_HOME="/workspace/cargo-home" RUSTUP_HOME="/workspace/rustup-home" "/workspace/cargo-home/bin/cargo" "+1.99.0-beta.8" "metadata" "--manifest-path" "Cargo.toml" "--no-deps", kill_on_drop: false }`
[INFO] crate crates.io crate deed-resolve 0.2.13 already has a lockfile, it will not be regenerated
[INFO] running `Command { std: CARGO_HOME="/workspace/cargo-home" RUSTUP_HOME="/workspace/rustup-home" "/workspace/cargo-home/bin/cargo" "+1.99.0-beta.8" "fetch" "--manifest-path" "Cargo.toml", kill_on_drop: false }`
[INFO] [stderr]     Updating crates.io index
[INFO] [stderr]  Downloading crates ...
[INFO] [stderr]   Downloaded deed-ast v0.2.13
[INFO] [stderr]   Downloaded deed-lexer v0.2.13
[INFO] [stderr]   Downloaded deed-diagnostics v0.2.13
[INFO] [stderr]   Downloaded deed-parser v0.2.13
[INFO] running `Command { std: "docker" "create" "-v" "/var/lib/crater-agent-workspace/builds/worker-7-tc1/source:/opt/rustwide/workdir:ro,Z" "-v" "/var/lib/crater-agent-workspace/builds/worker-7-tc1/target:/opt/rustwide/target:rw,Z" "-v" "/var/lib/crater-agent-workspace/cargo-home:/opt/rustwide/cargo-home:ro,Z" "-v" "/var/lib/crater-agent-workspace/rustup-home:/opt/rustwide/rustup-home:ro,Z" "-m" "1610612736" "--network" "none" "ghcr.io/rust-lang/crates-build-env/linux@sha256:77db811e55d90add9212f6832c23229e3de5f1c1f9905e8cb07319ea15df73ac" "sleep" "infinity", kill_on_drop: false }`
[INFO] [stdout] 0bfe477da12f78224738ace8765b5a06266fcb9b03915acd2ffa1a68eabb4d4f
[INFO] running `Command { std: "docker" "start" "0bfe477da12f78224738ace8765b5a06266fcb9b03915acd2ffa1a68eabb4d4f", kill_on_drop: false }`
[INFO] running `Command { std: "docker" "inspect" "0bfe477da12f78224738ace8765b5a06266fcb9b03915acd2ffa1a68eabb4d4f", kill_on_drop: false }`
[INFO] running `Command { std: "docker" "exec" "-e" "SOURCE_DIR=/opt/rustwide/workdir" "-e" "CARGO_HOME=/opt/rustwide/cargo-home" "-e" "RUSTUP_HOME=/opt/rustwide/rustup-home" "-e" "CARGO_TARGET_DIR=/opt/rustwide/target" "-w" "/opt/rustwide/workdir" "--user" "0:0" "0bfe477da12f78224738ace8765b5a06266fcb9b03915acd2ffa1a68eabb4d4f" "/opt/rustwide/cargo-home/bin/cargo" "+1.99.0-beta.8" "metadata" "--no-deps" "--format-version=1", kill_on_drop: false }`
[INFO] running `Command { std: "docker" "inspect" "0bfe477da12f78224738ace8765b5a06266fcb9b03915acd2ffa1a68eabb4d4f", kill_on_drop: false }`
[INFO] running `Command { std: "docker" "exec" "-e" "SOURCE_DIR=/opt/rustwide/workdir" "-e" "CARGO_HOME=/opt/rustwide/cargo-home" "-e" "RUSTUP_HOME=/opt/rustwide/rustup-home" "-e" "CARGO_TARGET_DIR=/opt/rustwide/target" "-e" "CARGO_INCREMENTAL=0" "-e" "RUST_BACKTRACE=full" "-e" "RUSTFLAGS=--cap-lints=warn" "-e" "RUSTDOCFLAGS=--cap-lints=warn" "-w" "/opt/rustwide/workdir" "--user" "0:0" "0bfe477da12f78224738ace8765b5a06266fcb9b03915acd2ffa1a68eabb4d4f" "/opt/rustwide/cargo-home/bin/cargo" "+1.99.0-beta.8" "build" "--frozen" "--message-format=json" "--release", kill_on_drop: false }`
[INFO] [stderr]    Compiling deed-diagnostics v0.2.13
[INFO] [stderr]    Compiling deed-ast v0.2.13
[INFO] [stderr]    Compiling deed-resolve v0.2.13 (/opt/rustwide/workdir)
[INFO] [stderr]     Finished `release` profile [optimized] target(s) in 3.79s
[INFO] running `Command { std: "docker" "inspect" "0bfe477da12f78224738ace8765b5a06266fcb9b03915acd2ffa1a68eabb4d4f", kill_on_drop: false }`
[INFO] running `Command { std: "docker" "exec" "-e" "SOURCE_DIR=/opt/rustwide/workdir" "-e" "CARGO_HOME=/opt/rustwide/cargo-home" "-e" "RUSTUP_HOME=/opt/rustwide/rustup-home" "-e" "CARGO_TARGET_DIR=/opt/rustwide/target" "-e" "CARGO_INCREMENTAL=0" "-e" "RUST_BACKTRACE=full" "-e" "RUSTFLAGS=--cap-lints=warn" "-e" "RUSTDOCFLAGS=--cap-lints=warn" "-w" "/opt/rustwide/workdir" "--user" "0:0" "0bfe477da12f78224738ace8765b5a06266fcb9b03915acd2ffa1a68eabb4d4f" "/opt/rustwide/cargo-home/bin/cargo" "+1.99.0-beta.8" "test" "--frozen" "--no-run" "--message-format=json" "--release", kill_on_drop: false }`
[INFO] [stderr]    Compiling deed-lexer v0.2.13
[INFO] [stderr]    Compiling deed-parser v0.2.13
[INFO] [stderr]    Compiling deed-resolve v0.2.13 (/opt/rustwide/workdir)
[INFO] [stderr]     Finished `release` profile [optimized] target(s) in 6.55s
[INFO] running `Command { std: "docker" "inspect" "0bfe477da12f78224738ace8765b5a06266fcb9b03915acd2ffa1a68eabb4d4f", kill_on_drop: false }`
[INFO] running `Command { std: "docker" "exec" "-e" "SOURCE_DIR=/opt/rustwide/workdir" "-e" "CARGO_HOME=/opt/rustwide/cargo-home" "-e" "RUSTUP_HOME=/opt/rustwide/rustup-home" "-e" "CARGO_TARGET_DIR=/opt/rustwide/target" "-e" "CARGO_INCREMENTAL=0" "-e" "RUST_BACKTRACE=full" "-e" "RUSTFLAGS=--cap-lints=warn" "-e" "RUSTDOCFLAGS=--cap-lints=warn" "-w" "/opt/rustwide/workdir" "--user" "0:0" "0bfe477da12f78224738ace8765b5a06266fcb9b03915acd2ffa1a68eabb4d4f" "/opt/rustwide/cargo-home/bin/cargo" "+1.99.0-beta.8" "test" "--frozen" "--release", kill_on_drop: false }`
[INFO] [stderr]     Finished `release` profile [optimized] target(s) in 0.02s
[INFO] [stderr]      Running unittests src/lib.rs (/opt/rustwide/target/release/deps/deed_resolve-81705ffec354b853)
[INFO] [stdout] 
[INFO] [stdout] running 5 tests
[INFO] [stdout] test resolver::tests::it_is_the_restricted_metric_and_not_more ... ok
[INFO] [stdout] test resolver::tests::the_band_agrees_with_the_full_table ... ok
[INFO] [stdout] test resolver::tests::a_distance_past_the_limit_is_not_computed ... ok
[INFO] [stdout] test resolver::tests::two_letters_in_the_wrong_order_cost_one_edit ... ok
[INFO] [stdout] test resolver::tests::edit_distance_is_symmetric_and_zero_on_equal ... ok
[INFO] [stdout] 
[INFO] [stdout] test result: ok. 5 passed; 0 failed; 0 ignored; 0 measured; 0 filtered out; finished in 0.01s
[INFO] [stdout] 
[INFO] [stderr]      Running tests/messages.rs (/opt/rustwide/target/release/deps/messages-3d965e86c97780ec)
[INFO] [stdout] 
[INFO] [stdout] running 14 tests
[INFO] [stdout] test a_binding_that_re_uses_a_name_already_in_scope_says_it_is_already_bound ... ok
[INFO] [stdout] test a_local_name_shadowing_a_declaration_names_what_it_hides ... ok
[INFO] [stdout] test a_module_item_shadowing_a_builtin_names_the_language ... ok
[INFO] [stdout] test a_name_declared_twice_says_so_in_the_headline ... ok
[INFO] [stdout] test an_unknown_export_names_the_module_and_the_missing_name ... ok
[INFO] [stdout] test an_unknown_module_names_the_path_and_where_the_compiler_looks ... ok
[INFO] [stdout] test a_name_already_in_scope_beside_a_real_one_only_takes_itself ... ok
[INFO] [stdout] test an_unknown_name_says_where_it_was_not_found ... ok
[INFO] [stdout] test an_unused_import_names_itself_in_the_headline ... ok
[INFO] [stdout] test a_module_that_really_declares_a_prelude_name_still_only_warns ... ok
[INFO] [stdout] test the_emission_site_for_a_module_item_shadowing_a_builtin_is_held ... ok
[INFO] [stdout] test the_refused_import_leaves_the_builtin_reachable ... ok
[INFO] [stdout] test importing_a_name_the_language_provides_says_it_is_already_here ... ok
[INFO] [stdout] test an_unknown_member_on_an_imported_effect_names_what_it_is ... ok
[INFO] [stdout] 
[INFO] [stdout] test result: ok. 14 passed; 0 failed; 0 ignored; 0 measured; 0 filtered out; finished in 0.01s
[INFO] [stdout] 
[INFO] [stderr]      Running tests/resolving.rs (/opt/rustwide/target/release/deps/resolving-20923d51cef83547)
[INFO] [stdout] 
[INFO] [stdout] running 54 tests
[INFO] [stdout] test a_binding_read_once_is_read ... ok
[INFO] [stdout] test a_name_with_no_close_match_gets_no_suggestion ... ok
[INFO] [stdout] test a_parameter_hiding_a_declaration_warns ... ok
[INFO] [stdout] test a_for_binder_is_left_alone ... ok
[INFO] [stdout] test a_parameter_is_left_alone ... ok
[INFO] [stdout] test a_dot_after_a_local_is_a_field_access ... ok
[INFO] [stdout] test a_leading_underscore_says_it_was_meant ... ok
[INFO] [stdout] test a_dot_after_an_imported_record_is_left_alone ... ok
[INFO] [stdout] test a_name_from_another_language_is_answered_instead_of_guessed_at ... ok
[INFO] [stdout] test a_let_nobody_reads_is_a_warning ... ok
[INFO] [stdout] test a_let_that_destructures_is_a_pattern ... ok
[INFO] [stdout] test a_word_for_an_operator_is_answered_with_the_operator ... ok
[INFO] [stdout] test a_lowercase_pattern_binds_and_an_uppercase_one_must_exist ... ok
[INFO] [stdout] test a_test_block_is_not_exported ... ok
[INFO] [stdout] test an_aggregate_this_language_does_not_have_is_answered_with_the_walk ... ok
[INFO] [stdout] test an_incomplete_deprecation_does_not_create_a_resolver_error ... ok
[INFO] [stdout] test an_unknown_name_suggests_the_closest_one_in_scope ... ok
[INFO] [stdout] test an_initialiser_sees_the_outer_binding ... ok
[INFO] [stdout] test an_alternative_that_would_bind_is_refused ... ok
[INFO] [stdout] test an_unknown_operation_on_a_known_effect_is_reported ... ok
[INFO] [stdout] test an_accumulator_does_not_travel_to_the_declaration_below_it ... ok
[INFO] [stdout] test an_ambiguous_suggestion_is_withheld ... ok
[INFO] [stdout] test an_accumulator_read_after_its_walk_is_told_where_the_value_is ... ok
[INFO] [stdout] test an_empty_module_resolves_to_nothing ... ok
[INFO] [stdout] test an_operation_an_imported_effect_does_not_have_is_an_error ... ok
[INFO] [stdout] test an_unknown_uppercase_pattern_is_an_error_rather_than_a_binding ... ok
[INFO] [stdout] test an_unused_import_is_a_warning_not_an_error ... ok
[INFO] [stdout] test importing_a_name_the_module_does_not_declare_is_an_error ... ok
[INFO] [stdout] test asking_for_a_maximum_is_pointed_at_the_function_that_takes_an_order ... ok
[INFO] [stdout] test importing_from_a_module_that_is_not_there_is_an_error ... ok
[INFO] [stdout] test declaration_order_does_not_matter ... ok
[INFO] [stdout] test one_transposition_is_not_a_licence_for_two ... ok
[INFO] [stdout] test error_nodes_do_not_derail_resolution ... ok
[INFO] [stdout] test the_body_still_resolves_after_that ... ok
[INFO] [stdout] test reaching_for_a_receiver_is_told_there_are_no_methods ... ok
[INFO] [stdout] test shadowing_a_declaration_only_warns ... ok
[INFO] [stdout] test the_underscore_is_offered_as_a_fix_and_never_applied ... ok
[INFO] [stdout] test handler_state_is_visible_to_its_operations ... ok
[INFO] [stdout] test value_is_in_scope_inside_a_refinement_and_nowhere_else ... ok
[INFO] [stdout] test a_pattern_binder_is_left_alone ... ok
[INFO] [stdout] test the_words_a_program_from_elsewhere_reaches_for_are_answered ... ok
[INFO] [stdout] test alternatives_that_bind_nothing_resolve ... ok
[INFO] [stdout] test two_letters_in_the_wrong_order_still_finds_the_name ... ok
[INFO] [stdout] test hiding_a_builtin_points_at_nothing_rather_than_at_the_top_of_the_file ... ok
[INFO] [stdout] test using_a_deprecated_declaration_warns_with_a_replacement_fix ... ok
[INFO] [stdout] test variants_are_usable_unqualified ... ok
[INFO] [stdout] test a_capitalised_pattern_is_not_a_binding ... ok
[INFO] [stdout] test a_capitalised_let_pattern_is_a_variant_match_not_a_binding ... ok
[INFO] [stdout] test a_dot_after_a_local_effect_resolves_to_the_operation ... ok
[INFO] [stdout] test the_worked_example_resolves_cleanly ... FAILED
[INFO] [stdout] test the_worked_example_has_a_small_context_radius ... FAILED
[INFO] [stderr] error: test failed, to rerun pass `--test resolving`
[INFO] [stdout] test importing_a_deprecated_name_still_warns_at_use_site ... ok
[INFO] [stdout] test a_duplicate_declaration_points_at_both ... ok
[INFO] [stdout] test a_declared_name_is_not_taken_for_a_word_from_elsewhere ... ok
[INFO] [stdout] 
[INFO] [stdout] failures:
[INFO] [stdout] 
[INFO] [stdout] ---- the_worked_example_resolves_cleanly stdout ----
[INFO] [stdout] 
[INFO] [stdout] thread 'the_worked_example_resolves_cleanly' (349) panicked at tests/resolving.rs:85:48:
[INFO] [stdout] examples/transfer.deed should exist: Os { code: 2, kind: NotFound, message: "No such file or directory" }
[INFO] [stdout] stack backtrace:
[INFO] [stdout]    0:     0x643668c716f1 - <<std[70759c8f55707aa4]::sys::backtrace::BacktraceLock>::print::DisplayBacktrace as core[df12db4294e9bfd3]::fmt::Display>::fmt
[INFO] [stdout]    1:     0x643668c85d8a - core[df12db4294e9bfd3]::fmt::write
[INFO] [stdout]    2:     0x643668c75b8c - <alloc[2182bb758b4b3781]::vec::Vec<u8> as core[df12db4294e9bfd3]::io::write::Write>::write_fmt
[INFO] [stdout]    3:     0x643668c4d976 - std[70759c8f55707aa4]::panicking::default_hook::{closure#0}
[INFO] [stdout]    4:     0x643668c69ae9 - std[70759c8f55707aa4]::panicking::default_hook
[INFO] [stdout]    5:     0x643668bb0bc0 - test[9d35eded1c95d3be]::test_main_inner::<test[9d35eded1c95d3be]::test_main_static::{closure#0}>::{closure#0}
[INFO] [stdout]    6:     0x643668c69ca2 - std[70759c8f55707aa4]::panicking::panic_with_hook
[INFO] [stdout]    7:     0x643668c4da22 - std[70759c8f55707aa4]::panicking::panic_handler::{closure#0}
[INFO] [stdout]    8:     0x643668c46619 - std[70759c8f55707aa4]::sys::backtrace::__rust_end_short_backtrace::<std[70759c8f55707aa4]::panicking::panic_handler::{closure#0}, !>
[INFO] [stdout]    9:     0x643668c4e61d - __rustc[8fa7c3cbc660c2b3]::rust_begin_unwind
[INFO] [stdout]   10:     0x643668c864fc - core[df12db4294e9bfd3]::panicking::panic_fmt
[INFO] [stdout]   11:     0x643668c862d2 - core[df12db4294e9bfd3]::result::unwrap_failed
[INFO] [stdout]   12:     0x643668b91eab - <resolving[3004e93353d58a59]::the_worked_example_resolves_cleanly::{closure#0} as core[df12db4294e9bfd3]::ops::function::FnOnce<()>>::call_once
[INFO] [stdout]   13:     0x643668ba3eab - test[9d35eded1c95d3be]::__rust_begin_short_backtrace::<core[df12db4294e9bfd3]::result::Result<(), alloc[2182bb758b4b3781]::string::String>, fn() -> core[df12db4294e9bfd3]::result::Result<(), alloc[2182bb758b4b3781]::string::String>>
[INFO] [stdout]   14:     0x643668bb1515 - test[9d35eded1c95d3be]::run_test::{closure#0}
[INFO] [stdout]   15:     0x643668baadd4 - std[70759c8f55707aa4]::sys::backtrace::__rust_begin_short_backtrace::<test[9d35eded1c95d3be]::run_test::{closure#1}, ()>
[INFO] [stdout]   16:     0x643668bb4672 - <std[70759c8f55707aa4]::thread::lifecycle::spawn_unchecked<test[9d35eded1c95d3be]::run_test::{closure#1}, ()>::{closure#1} as core[df12db4294e9bfd3]::ops::function::FnOnce<()>>::call_once::{shim:vtable#0}
[INFO] [stdout]   17:     0x643668c70c59 - <std[70759c8f55707aa4]::sys::thread::unix::Thread>::new::thread_start
[INFO] [stdout]   18:     0x79b193cdfdfa - <unknown>
[INFO] [stdout]   19:     0x79b193d733d4 - clone
[INFO] [stdout]   20:                0x0 - <unknown>
[INFO] [stdout] 
[INFO] [stdout] ---- the_worked_example_has_a_small_context_radius stdout ----
[INFO] [stdout] 
[INFO] [stdout] thread 'the_worked_example_has_a_small_context_radius' (348) panicked at tests/resolving.rs:115:48:
[INFO] [stdout] called `Result::unwrap()` on an `Err` value: Os { code: 2, kind: NotFound, message: "No such file or directory" }
[INFO] [stdout] stack backtrace:
[INFO] [stdout]    0:     0x643668c716f1 - <<std[70759c8f55707aa4]::sys::backtrace::BacktraceLock>::print::DisplayBacktrace as core[df12db4294e9bfd3]::fmt::Display>::fmt
[INFO] [stdout]    1:     0x643668c85d8a - core[df12db4294e9bfd3]::fmt::write
[INFO] [stdout]    2:     0x643668c75b8c - <alloc[2182bb758b4b3781]::vec::Vec<u8> as core[df12db4294e9bfd3]::io::write::Write>::write_fmt
[INFO] [stdout]    3:     0x643668c4d976 - std[70759c8f55707aa4]::panicking::default_hook::{closure#0}
[INFO] [stdout]    4:     0x643668c69ae9 - std[70759c8f55707aa4]::panicking::default_hook
[INFO] [stdout]    5:     0x643668bb0bc0 - test[9d35eded1c95d3be]::test_main_inner::<test[9d35eded1c95d3be]::test_main_static::{closure#0}>::{closure#0}
[INFO] [stdout]    6:     0x643668c69ca2 - std[70759c8f55707aa4]::panicking::panic_with_hook
[INFO] [stdout]    7:     0x643668c4da22 - std[70759c8f55707aa4]::panicking::panic_handler::{closure#0}
[INFO] [stdout]    8:     0x643668c46619 - std[70759c8f55707aa4]::sys::backtrace::__rust_end_short_backtrace::<std[70759c8f55707aa4]::panicking::panic_handler::{closure#0}, !>
[INFO] [stdout]    9:     0x643668c4e61d - __rustc[8fa7c3cbc660c2b3]::rust_begin_unwind
[INFO] [stdout]   10:     0x643668c864fc - core[df12db4294e9bfd3]::panicking::panic_fmt
[INFO] [stdout]   11:     0x643668c862d2 - core[df12db4294e9bfd3]::result::unwrap_failed
[INFO] [stdout]   12:     0x643668b95984 - <resolving[3004e93353d58a59]::the_worked_example_has_a_small_context_radius::{closure#0} as core[df12db4294e9bfd3]::ops::function::FnOnce<()>>::call_once
[INFO] [stdout]   13:     0x643668ba3eab - test[9d35eded1c95d3be]::__rust_begin_short_backtrace::<core[df12db4294e9bfd3]::result::Result<(), alloc[2182bb758b4b3781]::string::String>, fn() -> core[df12db4294e9bfd3]::result::Result<(), alloc[2182bb758b4b3781]::string::String>>
[INFO] [stdout]   14:     0x643668bb1515 - test[9d35eded1c95d3be]::run_test::{closure#0}
[INFO] [stdout]   15:     0x643668baadd4 - std[70759c8f55707aa4]::sys::backtrace::__rust_begin_short_backtrace::<test[9d35eded1c95d3be]::run_test::{closure#1}, ()>
[INFO] [stdout]   16:     0x643668bb4672 - <std[70759c8f55707aa4]::thread::lifecycle::spawn_unchecked<test[9d35eded1c95d3be]::run_test::{closure#1}, ()>::{closure#1} as core[df12db4294e9bfd3]::ops::function::FnOnce<()>>::call_once::{shim:vtable#0}
[INFO] [stdout]   17:     0x643668c70c59 - <std[70759c8f55707aa4]::sys::thread::unix::Thread>::new::thread_start
[INFO] [stdout]   18:     0x79b193cdfdfa - <unknown>
[INFO] [stdout]   19:     0x79b193d733d4 - clone
[INFO] [stdout]   20:                0x0 - <unknown>
[INFO] [stdout] 
[INFO] [stdout] 
[INFO] [stdout] failures:
[INFO] [stdout]     the_worked_example_has_a_small_context_radius
[INFO] [stdout]     the_worked_example_resolves_cleanly
[INFO] [stdout] 
[INFO] [stdout] test result: FAILED. 52 passed; 2 failed; 0 ignored; 0 measured; 0 filtered out; finished in 0.01s
[INFO] [stdout] 
[INFO] running `Command { std: "docker" "inspect" "0bfe477da12f78224738ace8765b5a06266fcb9b03915acd2ffa1a68eabb4d4f", kill_on_drop: false }`
[INFO] running `Command { std: "docker" "rm" "-f" "0bfe477da12f78224738ace8765b5a06266fcb9b03915acd2ffa1a68eabb4d4f", kill_on_drop: false }`
[INFO] [stdout] 0bfe477da12f78224738ace8765b5a06266fcb9b03915acd2ffa1a68eabb4d4f
