[INFO] fetching crate deed-lang 0.2.13...
[INFO] testing deed-lang-0.2.13 against 1.100.0-beta.1+cargoflags=--release for beta-release-1.100-2
[INFO] extracting crate deed-lang 0.2.13 into /workspace/builds/worker-0-tc2/source
[INFO] started tweaking crates.io crate deed-lang 0.2.13
[INFO] removed 0 missing tests
[INFO] finished tweaking crates.io crate deed-lang 0.2.13
[INFO] tweaked toml for crates.io crate deed-lang 0.2.13 written to /workspace/builds/worker-0-tc2/source/Cargo.toml
[INFO] validating manifest of crates.io crate deed-lang 0.2.13 on toolchain 1.100.0-beta.1
[INFO] running `Command { std: CARGO_HOME="/workspace/cargo-home" RUSTUP_HOME="/workspace/rustup-home" "/workspace/cargo-home/bin/cargo" "+1.100.0-beta.1" "metadata" "--manifest-path" "Cargo.toml" "--no-deps", kill_on_drop: false }`
[INFO] crate crates.io crate deed-lang 0.2.13 already has a lockfile, it will not be regenerated
[INFO] running `Command { std: CARGO_HOME="/workspace/cargo-home" RUSTUP_HOME="/workspace/rustup-home" "/workspace/cargo-home/bin/cargo" "+1.100.0-beta.1" "fetch" "--manifest-path" "Cargo.toml", kill_on_drop: false }`
[INFO] running `Command { std: "docker" "create" "-v" "/var/lib/crater-agent-workspace/builds/worker-0-tc2/source:/opt/rustwide/workdir:ro,Z" "-v" "/var/lib/crater-agent-workspace/builds/worker-0-tc2/target:/opt/rustwide/target:rw,Z" "-v" "/var/lib/crater-agent-workspace/cargo-home:/opt/rustwide/cargo-home:ro,Z" "-v" "/var/lib/crater-agent-workspace/rustup-home:/opt/rustwide/rustup-home:ro,Z" "-m" "1610612736" "--network" "none" "ghcr.io/rust-lang/crates-build-env/linux@sha256:77db811e55d90add9212f6832c23229e3de5f1c1f9905e8cb07319ea15df73ac" "sleep" "infinity", kill_on_drop: false }`
[INFO] [stdout] 1d1c8a6e2d38bb1c7f887669ff3bf18079ff75585fa75442a3a41e296f32c101
[INFO] running `Command { std: "docker" "start" "1d1c8a6e2d38bb1c7f887669ff3bf18079ff75585fa75442a3a41e296f32c101", kill_on_drop: false }`
[INFO] running `Command { std: "docker" "inspect" "1d1c8a6e2d38bb1c7f887669ff3bf18079ff75585fa75442a3a41e296f32c101", kill_on_drop: false }`
[INFO] running `Command { std: "docker" "exec" "-e" "SOURCE_DIR=/opt/rustwide/workdir" "-e" "CARGO_HOME=/opt/rustwide/cargo-home" "-e" "RUSTUP_HOME=/opt/rustwide/rustup-home" "-e" "CARGO_TARGET_DIR=/opt/rustwide/target" "-w" "/opt/rustwide/workdir" "--user" "0:0" "1d1c8a6e2d38bb1c7f887669ff3bf18079ff75585fa75442a3a41e296f32c101" "/opt/rustwide/cargo-home/bin/cargo" "+1.100.0-beta.1" "metadata" "--no-deps" "--format-version=1", kill_on_drop: false }`
[INFO] running `Command { std: "docker" "inspect" "1d1c8a6e2d38bb1c7f887669ff3bf18079ff75585fa75442a3a41e296f32c101", kill_on_drop: false }`
[INFO] running `Command { std: "docker" "exec" "-e" "SOURCE_DIR=/opt/rustwide/workdir" "-e" "CARGO_HOME=/opt/rustwide/cargo-home" "-e" "RUSTUP_HOME=/opt/rustwide/rustup-home" "-e" "CARGO_TARGET_DIR=/opt/rustwide/target" "-e" "CARGO_INCREMENTAL=0" "-e" "RUST_BACKTRACE=full" "-e" "RUSTFLAGS=--cap-lints=warn" "-e" "RUSTDOCFLAGS=--cap-lints=warn" "-w" "/opt/rustwide/workdir" "--user" "0:0" "1d1c8a6e2d38bb1c7f887669ff3bf18079ff75585fa75442a3a41e296f32c101" "/opt/rustwide/cargo-home/bin/cargo" "+1.100.0-beta.1" "build" "--frozen" "--message-format=json" "--release", kill_on_drop: false }`
[INFO] [stderr]    Compiling deed-diagnostics v0.2.13
[INFO] [stderr]    Compiling deed-rt v0.2.13
[INFO] [stderr]    Compiling deed-explain v0.2.13
[INFO] [stderr]    Compiling deed-fetch v0.2.13
[INFO] [stderr]    Compiling deed-ast v0.2.13
[INFO] [stderr]    Compiling deed-lexer v0.2.13
[INFO] [stderr]    Compiling deed-resolve v0.2.13
[INFO] [stderr]    Compiling deed-parser v0.2.13
[INFO] [stderr]    Compiling deed-fmt v0.2.13
[INFO] [stderr]    Compiling deed-typeck v0.2.13
[INFO] [stderr]    Compiling deed-effects v0.2.13
[INFO] [stderr]    Compiling deed-interp v0.2.13
[INFO] [stderr]    Compiling deed-driver v0.2.13
[INFO] [stderr]    Compiling deed-mir v0.2.13
[INFO] [stderr]    Compiling deed-lsp v0.2.13
[INFO] [stderr]    Compiling deed-codegen v0.2.13
[INFO] [stderr]    Compiling deed-dap v0.2.13
[INFO] [stderr]    Compiling deed-wasm v0.2.13
[INFO] [stderr]    Compiling deed-mcp v0.2.13
[INFO] [stderr]    Compiling deed-lang v0.2.13 (/opt/rustwide/workdir)
[INFO] [stderr]     Finished `release` profile [optimized] target(s) in 52.88s
[INFO] running `Command { std: "docker" "inspect" "1d1c8a6e2d38bb1c7f887669ff3bf18079ff75585fa75442a3a41e296f32c101", kill_on_drop: false }`
[INFO] running `Command { std: "docker" "exec" "-e" "SOURCE_DIR=/opt/rustwide/workdir" "-e" "CARGO_HOME=/opt/rustwide/cargo-home" "-e" "RUSTUP_HOME=/opt/rustwide/rustup-home" "-e" "CARGO_TARGET_DIR=/opt/rustwide/target" "-e" "CARGO_INCREMENTAL=0" "-e" "RUST_BACKTRACE=full" "-e" "RUSTFLAGS=--cap-lints=warn" "-e" "RUSTDOCFLAGS=--cap-lints=warn" "-w" "/opt/rustwide/workdir" "--user" "0:0" "1d1c8a6e2d38bb1c7f887669ff3bf18079ff75585fa75442a3a41e296f32c101" "/opt/rustwide/cargo-home/bin/cargo" "+1.100.0-beta.1" "test" "--frozen" "--no-run" "--message-format=json" "--release", kill_on_drop: false }`
[INFO] [stderr]    Compiling deed-lang v0.2.13 (/opt/rustwide/workdir)
[INFO] [stderr]     Finished `release` profile [optimized] target(s) in 10.61s
[INFO] running `Command { std: "docker" "inspect" "1d1c8a6e2d38bb1c7f887669ff3bf18079ff75585fa75442a3a41e296f32c101", kill_on_drop: false }`
[INFO] running `Command { std: "docker" "exec" "-e" "SOURCE_DIR=/opt/rustwide/workdir" "-e" "CARGO_HOME=/opt/rustwide/cargo-home" "-e" "RUSTUP_HOME=/opt/rustwide/rustup-home" "-e" "CARGO_TARGET_DIR=/opt/rustwide/target" "-e" "CARGO_INCREMENTAL=0" "-e" "RUST_BACKTRACE=full" "-e" "RUSTFLAGS=--cap-lints=warn" "-e" "RUSTDOCFLAGS=--cap-lints=warn" "-w" "/opt/rustwide/workdir" "--user" "0:0" "1d1c8a6e2d38bb1c7f887669ff3bf18079ff75585fa75442a3a41e296f32c101" "/opt/rustwide/cargo-home/bin/cargo" "+1.100.0-beta.1" "test" "--frozen" "--release", kill_on_drop: false }`
[INFO] [stderr]     Finished `release` profile [optimized] target(s) in 0.04s
[INFO] [stderr]      Running unittests src/main.rs (/opt/rustwide/target/release/build/deed-lang/256569e387c9aa2a/out/deed-256569e387c9aa2a)
[INFO] [stdout] 
[INFO] [stdout] running 69 tests
[INFO] [stdout] test args::tests::a_program_may_be_handed_something_spelled_like_allow ... ok
[INFO] [stdout] test args::tests::an_unknown_command_names_the_one_that_exists ... ok
[INFO] [stdout] test args::lock_tests::lock_accepts_both_spellings ... ok
[INFO] [stdout] test args::tests::allow_is_repeatable_and_takes_either_spelling ... ok
[INFO] [stdout] test args::tests::a_bad_format_says_what_the_choices_are ... ok
[INFO] [stdout] test args::tests::debug_is_a_command_and_says_where_its_program_comes_from ... ok
[INFO] [stdout] test args::tests::explain_is_a_command ... ok
[INFO] [stdout] test args::tests::a_bare_check_needs_a_path ... ok
[INFO] [stdout] test args::tests::env_needs_a_name ... ok
[INFO] [stdout] test args::tests::env_is_repeatable_and_takes_either_spelling ... ok
[INFO] [stdout] test args::tests::format_accepts_both_spellings ... ok
[INFO] [stdout] test args::tests::help_wins_wherever_it_appears ... ok
[INFO] [stdout] test args::tests::env_is_refused_where_nothing_would_read_it ... ok
[INFO] [stdout] test args::tests::paths_and_flags_may_be_interleaved ... ok
[INFO] [stdout] test args::tests::repl_is_refused_with_a_program_shaped_alternative ... ok
[INFO] [stdout] test args::tests::review_distinguishes_an_unknown_option_from_an_unlabelled_path ... ok
[INFO] [stdout] test args::tests::lsp_is_a_command_and_takes_nothing_else ... ok
[INFO] [stdout] test args::lock_tests::locked_accepts_both_spellings ... ok
[INFO] [stdout] test args::tests::review_has_explicit_repeatable_sides_a_format_and_policies ... ok
[INFO] [stdout] test args::tests::a_run_that_names_no_host_grants_none ... ok
[INFO] [stdout] test args::tests::review_needs_both_sides_and_labels_every_path ... ok
[INFO] [stdout] test args::tests::a_run_that_names_no_variable_grants_none ... ok
[INFO] [stdout] test args::tests::allow_needs_a_host ... ok
[INFO] [stdout] test compiled_tests::compiled_arguments_use_the_named_exports_signature ... ok
[INFO] [stdout] test args::tests::run_accepts_runtime_profiling ... ok
[INFO] [stdout] test args::tests::test_is_a_command ... ok
[INFO] [stdout] test compiled_tests::a_compiled_property_reads_the_boxed_answer_from_memory ... ok
[INFO] [stdout] test args::lock_tests::locked_without_a_path_is_an_error ... ok
[INFO] [stdout] test args::tests::allow_is_refused_where_nothing_would_read_it ... ok
[INFO] [stdout] test args::tests::an_unknown_option_is_not_treated_as_a_path ... ok
[INFO] [stdout] test args::tests::build_may_be_asked_what_a_callee_does_with_its_argument ... ok
[INFO] [stdout] test args::lock_tests::lock_without_a_path_is_an_error ... ok
[INFO] [stdout] test component_tests::an_effect_nothing_handles_is_an_import_in_the_world ... ok
[INFO] [stdout] test compiled_tests::a_compiled_property_uses_the_compiled_answer ... ok
[INFO] [stdout] test compiled_tests::compiled_failure_codes_keep_their_diagnostic_labels ... ok
[INFO] [stdout] test args::tests::explain_without_a_code_is_an_error ... ok
[INFO] [stdout] test compiled_tests::a_corrupt_compiled_list_length_is_not_allocated_by_the_runner ... ok
[INFO] [stdout] test compiled_tests::a_list_that_exactly_fills_the_remaining_memory_is_read ... ok
[INFO] [stdout] test lock::tests::sha256_nist_448_bit_vector ... ok
[INFO] [stdout] test component_tests::generated_wit_has_an_exact_nested_wire_interface ... ok
[INFO] [stdout] test crossing_tests::a_list_of_numbers_crosses_and_a_list_of_anything_else_does_not ... ok
[INFO] [stdout] test input_tests::a_row_on_a_function_that_is_not_main_does_not_decide_it ... ok
[INFO] [stdout] test input_tests::a_main_that_writes_and_nothing_else_reads_no_input ... ok
[INFO] [stdout] test input_tests::a_main_that_says_it_reads_a_line_reads_input ... ok
[INFO] [stdout] test component_tests::one_variant_with_a_different_name_is_still_a_choice ... ok
[INFO] [stdout] test lock::tests::sha256_padding_boundary_uses_one_block_then_two ... ok
[INFO] [stdout] test component_tests::what_cannot_cross_the_boundary_is_refused_however_deep_it_is ... ok
[INFO] [stdout] test component_tests::the_interface_an_effect_names_is_the_one_imported ... ok
[INFO] [stdout] test input_tests::a_row_naming_the_whole_effect_includes_reading ... ok
[INFO] [stdout] test lock::tests::uppercase_hex_is_parsed_to_exact_bytes ... ok
[INFO] [stdout] test scaffold::tests::a_keyword_is_not_a_module_name ... ok
[INFO] [stdout] test scaffold::tests::a_name_lowercasing_would_not_fix_is_not_offered_a_lowercase_form ... ok
[INFO] [stdout] test input_tests::another_effect_with_an_operation_of_the_same_name_is_not_it ... ok
[INFO] [stdout] test scaffold::tests::a_path_separator_is_named_where_it_appears ... ok
[INFO] [stdout] test lock::tests::a_byte_order_mark_before_the_header_is_not_a_wrong_header ... ok
[INFO] [stdout] test scaffold::tests::an_ordinary_name_is_accepted ... ok
[INFO] [stdout] test lock::tests::sha256_of_empty_string ... ok
[INFO] [stdout] test lock::tests::digest_difference_requires_at_least_one_changed_byte ... ok
[INFO] [stdout] test lock::tests::sha256_of_abc ... ok
[INFO] [stdout] test lock::tests::lock_round_trips ... ok
[INFO] [stdout] test lock::tests::truncated_hash_is_rejected ... ok
[INFO] [stdout] test scaffold::tests::the_program_imports_the_library_by_the_name_it_was_given ... ok
[INFO] [stdout] test manifest_tests::invalid_manifest_diagnostics_are_retained ... ok
[INFO] [stdout] test scaffold::tests::a_digit_cannot_start_one ... ok
[INFO] [stdout] test lock::tests::wrong_header_is_rejected ... ok
[INFO] [stdout] test manifest_tests::repeated_component_roots_are_added_once ... ok
[INFO] [stdout] test scaffold::tests::a_capital_gets_the_lowercase_form_rather_than_a_rule ... ok
[INFO] [stdout] test manifest_tests::a_module_is_taken_from_where_it_says_and_checked_against_its_hash ... ok
[INFO] [stdout] test lock::tests::verify_accepts_exact_content_and_rejects_a_change ... ok
[INFO] [stdout] 
[INFO] [stdout] test result: ok. 69 passed; 0 failed; 0 ignored; 0 measured; 0 filtered out; finished in 0.02s
[INFO] [stdout] 
[INFO] [stderr]      Running tests/agreement.rs (/opt/rustwide/target/release/build/deed-lang/9e8d68cdb10cd237/out/agreement-9e8d68cdb10cd237)
[INFO] [stdout] 
[INFO] [stdout] running 8 tests
[INFO] [stdout] test a_module_that_is_nowhere_is_the_same_answer_on_both_sides ... ok
[INFO] [stdout] test what_the_shipped_module_exports_is_out_of_reach_on_both_sides ... ok
[INFO] [stdout] test the_examples_this_was_reported_against_agree ... FAILED
[INFO] [stdout] test the_tier_of_every_obligation_is_the_same_in_both_places ... ok
[INFO] [stdout] test a_file_that_imports_a_workspace_module_agrees ... ok
[INFO] [stdout] test a_workspaces_own_module_wins_on_both_sides ... ok
[INFO] [stdout] test a_name_that_module_does_not_export_is_the_same_answer_on_both_sides ... ok
[INFO] [stdout] test a_module_that_ships_inside_the_compiler_is_found_by_both_of_them ... ok
[INFO] [stderr] error: test failed, to rerun pass `--test agreement`
[INFO] [stdout] 
[INFO] [stdout] failures:
[INFO] [stdout] 
[INFO] [stdout] ---- the_examples_this_was_reported_against_agree stdout ----
[INFO] [stdout] 
[INFO] [stdout] thread 'the_examples_this_was_reported_against_agree' (958) panicked at tests/agreement.rs:120:46:
[INFO] [stdout] the file should be readable: Os { code: 2, kind: NotFound, message: "No such file or directory" }
[INFO] [stdout] stack backtrace:
[INFO] [stdout]    0:     0x64d5ed2e9601 - <<std[617be2ca0a6fd877]::sys::backtrace::BacktraceLock>::print::DisplayBacktrace as core[a373ad73a504971]::fmt::Display>::fmt
[INFO] [stdout]    1:     0x64d5ed2ff85a - core[a373ad73a504971]::fmt::write
[INFO] [stdout]    2:     0x64d5ed2edb0c - <alloc[2e1b2a31b91974c5]::vec::Vec<u8> as core[a373ad73a504971]::io::write::Write>::write_fmt
[INFO] [stdout]    3:     0x64d5ed2c3906 - std[617be2ca0a6fd877]::panicking::default_hook::{closure#0}
[INFO] [stdout]    4:     0x64d5ed2e0dc9 - std[617be2ca0a6fd877]::panicking::default_hook
[INFO] [stdout]    5:     0x64d5ed107c00 - test[aada8e7e76ba119b]::test_main_inner::{closure#0}
[INFO] [stdout]    6:     0x64d5ed2e0f82 - std[617be2ca0a6fd877]::panicking::panic_with_hook
[INFO] [stdout]    7:     0x64d5ed2c39b2 - std[617be2ca0a6fd877]::panicking::panic_handler::{closure#0}
[INFO] [stdout]    8:     0x64d5ed2bc379 - std[617be2ca0a6fd877]::sys::backtrace::__rust_end_short_backtrace::<std[617be2ca0a6fd877]::panicking::panic_handler::{closure#0}, !>
[INFO] [stdout]    9:     0x64d5ed2c45bd - __rustc[ea4f61d10b84890b]::rust_begin_unwind
[INFO] [stdout]   10:     0x64d5ed2ffffc - core[a373ad73a504971]::panicking::panic_fmt
[INFO] [stdout]   11:     0x64d5ed2ffdd2 - core[a373ad73a504971]::result::unwrap_failed
[INFO] [stdout]   12:     0x64d5ed0ef990 - agreement[a829e43a60e2b3d1]::both
[INFO] [stdout]   13:     0x64d5ed0f51e0 - <agreement[a829e43a60e2b3d1]::the_examples_this_was_reported_against_agree::{closure#0} as core[a373ad73a504971]::ops::function::FnOnce<()>>::call_once
[INFO] [stdout]   14:     0x64d5ed0fb04b - test[aada8e7e76ba119b]::__rust_begin_short_backtrace::<core[a373ad73a504971]::result::Result<(), alloc[2e1b2a31b91974c5]::string::String>, fn() -> core[a373ad73a504971]::result::Result<(), alloc[2e1b2a31b91974c5]::string::String>>
[INFO] [stdout]   15:     0x64d5ed108225 - test[aada8e7e76ba119b]::run_test::{closure#0}
[INFO] [stdout]   16:     0x64d5ed101b14 - std[617be2ca0a6fd877]::sys::backtrace::__rust_begin_short_backtrace::<test[aada8e7e76ba119b]::run_test::{closure#1}, ()>
[INFO] [stdout]   17:     0x64d5ed10b2b2 - <std[617be2ca0a6fd877]::thread::lifecycle::spawn_unchecked<test[aada8e7e76ba119b]::run_test::{closure#1}, ()>::{closure#1} as core[a373ad73a504971]::ops::function::FnOnce<()>>::call_once::{shim:vtable#0}
[INFO] [stdout]   18:     0x64d5ed2e891f - <std[617be2ca0a6fd877]::sys::thread::unix::Thread>::new::thread_start
[INFO] [stdout]   19:     0x7413d44b5dfa - <unknown>
[INFO] [stdout]   20:     0x7413d45493d4 - clone
[INFO] [stdout]   21:                0x0 - <unknown>
[INFO] [stdout] 
[INFO] [stdout] 
[INFO] [stdout] failures:
[INFO] [stdout]     the_examples_this_was_reported_against_agree
[INFO] [stdout] 
[INFO] [stdout] test result: FAILED. 7 passed; 1 failed; 0 ignored; 0 measured; 0 filtered out; finished in 0.06s
[INFO] [stdout] 
[INFO] running `Command { std: "docker" "inspect" "1d1c8a6e2d38bb1c7f887669ff3bf18079ff75585fa75442a3a41e296f32c101", kill_on_drop: false }`
[INFO] running `Command { std: "docker" "rm" "-f" "1d1c8a6e2d38bb1c7f887669ff3bf18079ff75585fa75442a3a41e296f32c101", kill_on_drop: false }`
[INFO] [stdout] 1d1c8a6e2d38bb1c7f887669ff3bf18079ff75585fa75442a3a41e296f32c101
