[INFO] fetching crate deed-fmt 0.2.13...
[INFO] testing deed-fmt-0.2.13 against 1.99.0-beta.8+cargoflags=--release for beta-release-1.100-2
[INFO] extracting crate deed-fmt 0.2.13 into /workspace/builds/worker-4-tc1/source
[INFO] started tweaking crates.io crate deed-fmt 0.2.13
[INFO] removed 0 missing tests
[INFO] finished tweaking crates.io crate deed-fmt 0.2.13
[INFO] tweaked toml for crates.io crate deed-fmt 0.2.13 written to /workspace/builds/worker-4-tc1/source/Cargo.toml
[INFO] validating manifest of crates.io crate deed-fmt 0.2.13 on toolchain 1.99.0-beta.8
[INFO] running `Command { std: CARGO_HOME="/workspace/cargo-home" RUSTUP_HOME="/workspace/rustup-home" "/workspace/cargo-home/bin/cargo" "+1.99.0-beta.8" "metadata" "--manifest-path" "Cargo.toml" "--no-deps", kill_on_drop: false }`
[INFO] crate crates.io crate deed-fmt 0.2.13 already has a lockfile, it will not be regenerated
[INFO] running `Command { std: CARGO_HOME="/workspace/cargo-home" RUSTUP_HOME="/workspace/rustup-home" "/workspace/cargo-home/bin/cargo" "+1.99.0-beta.8" "fetch" "--manifest-path" "Cargo.toml", kill_on_drop: false }`
[INFO] [stderr]     Updating crates.io index
[INFO] [stderr]  Downloading crates ...
[INFO] [stderr]   Downloaded deed-lexer v0.2.13
[INFO] [stderr]   Downloaded deed-ast v0.2.13
[INFO] [stderr]   Downloaded deed-diagnostics v0.2.13
[INFO] [stderr]   Downloaded deed-parser v0.2.13
[INFO] running `Command { std: "docker" "create" "-v" "/var/lib/crater-agent-workspace/builds/worker-4-tc1/source:/opt/rustwide/workdir:ro,Z" "-v" "/var/lib/crater-agent-workspace/builds/worker-4-tc1/target:/opt/rustwide/target:rw,Z" "-v" "/var/lib/crater-agent-workspace/cargo-home:/opt/rustwide/cargo-home:ro,Z" "-v" "/var/lib/crater-agent-workspace/rustup-home:/opt/rustwide/rustup-home:ro,Z" "-m" "1610612736" "--network" "none" "ghcr.io/rust-lang/crates-build-env/linux@sha256:77db811e55d90add9212f6832c23229e3de5f1c1f9905e8cb07319ea15df73ac" "sleep" "infinity", kill_on_drop: false }`
[INFO] [stdout] f31f6e7f8f8b7484daf3f4c1ece5b0e1c434fc5c3235d193b7f692542c58af1f
[INFO] running `Command { std: "docker" "start" "f31f6e7f8f8b7484daf3f4c1ece5b0e1c434fc5c3235d193b7f692542c58af1f", kill_on_drop: false }`
[INFO] running `Command { std: "docker" "inspect" "f31f6e7f8f8b7484daf3f4c1ece5b0e1c434fc5c3235d193b7f692542c58af1f", kill_on_drop: false }`
[INFO] running `Command { std: "docker" "exec" "-e" "SOURCE_DIR=/opt/rustwide/workdir" "-e" "CARGO_HOME=/opt/rustwide/cargo-home" "-e" "RUSTUP_HOME=/opt/rustwide/rustup-home" "-e" "CARGO_TARGET_DIR=/opt/rustwide/target" "-w" "/opt/rustwide/workdir" "--user" "0:0" "f31f6e7f8f8b7484daf3f4c1ece5b0e1c434fc5c3235d193b7f692542c58af1f" "/opt/rustwide/cargo-home/bin/cargo" "+1.99.0-beta.8" "metadata" "--no-deps" "--format-version=1", kill_on_drop: false }`
[INFO] running `Command { std: "docker" "inspect" "f31f6e7f8f8b7484daf3f4c1ece5b0e1c434fc5c3235d193b7f692542c58af1f", kill_on_drop: false }`
[INFO] running `Command { std: "docker" "exec" "-e" "SOURCE_DIR=/opt/rustwide/workdir" "-e" "CARGO_HOME=/opt/rustwide/cargo-home" "-e" "RUSTUP_HOME=/opt/rustwide/rustup-home" "-e" "CARGO_TARGET_DIR=/opt/rustwide/target" "-e" "CARGO_INCREMENTAL=0" "-e" "RUST_BACKTRACE=full" "-e" "RUSTFLAGS=--cap-lints=warn" "-e" "RUSTDOCFLAGS=--cap-lints=warn" "-w" "/opt/rustwide/workdir" "--user" "0:0" "f31f6e7f8f8b7484daf3f4c1ece5b0e1c434fc5c3235d193b7f692542c58af1f" "/opt/rustwide/cargo-home/bin/cargo" "+1.99.0-beta.8" "build" "--frozen" "--message-format=json" "--release", kill_on_drop: false }`
[INFO] [stderr]    Compiling deed-diagnostics v0.2.13
[INFO] [stderr]    Compiling deed-lexer v0.2.13
[INFO] [stderr]    Compiling deed-ast v0.2.13
[INFO] [stderr]    Compiling deed-parser v0.2.13
[INFO] [stderr]    Compiling deed-fmt v0.2.13 (/opt/rustwide/workdir)
[INFO] [stderr]     Finished `release` profile [optimized] target(s) in 4.75s
[INFO] running `Command { std: "docker" "inspect" "f31f6e7f8f8b7484daf3f4c1ece5b0e1c434fc5c3235d193b7f692542c58af1f", kill_on_drop: false }`
[INFO] running `Command { std: "docker" "exec" "-e" "SOURCE_DIR=/opt/rustwide/workdir" "-e" "CARGO_HOME=/opt/rustwide/cargo-home" "-e" "RUSTUP_HOME=/opt/rustwide/rustup-home" "-e" "CARGO_TARGET_DIR=/opt/rustwide/target" "-e" "CARGO_INCREMENTAL=0" "-e" "RUST_BACKTRACE=full" "-e" "RUSTFLAGS=--cap-lints=warn" "-e" "RUSTDOCFLAGS=--cap-lints=warn" "-w" "/opt/rustwide/workdir" "--user" "0:0" "f31f6e7f8f8b7484daf3f4c1ece5b0e1c434fc5c3235d193b7f692542c58af1f" "/opt/rustwide/cargo-home/bin/cargo" "+1.99.0-beta.8" "test" "--frozen" "--no-run" "--message-format=json" "--release", kill_on_drop: false }`
[INFO] [stderr]    Compiling deed-fmt v0.2.13 (/opt/rustwide/workdir)
[INFO] [stderr]     Finished `release` profile [optimized] target(s) in 2.29s
[INFO] running `Command { std: "docker" "inspect" "f31f6e7f8f8b7484daf3f4c1ece5b0e1c434fc5c3235d193b7f692542c58af1f", kill_on_drop: false }`
[INFO] running `Command { std: "docker" "exec" "-e" "SOURCE_DIR=/opt/rustwide/workdir" "-e" "CARGO_HOME=/opt/rustwide/cargo-home" "-e" "RUSTUP_HOME=/opt/rustwide/rustup-home" "-e" "CARGO_TARGET_DIR=/opt/rustwide/target" "-e" "CARGO_INCREMENTAL=0" "-e" "RUST_BACKTRACE=full" "-e" "RUSTFLAGS=--cap-lints=warn" "-e" "RUSTDOCFLAGS=--cap-lints=warn" "-w" "/opt/rustwide/workdir" "--user" "0:0" "f31f6e7f8f8b7484daf3f4c1ece5b0e1c434fc5c3235d193b7f692542c58af1f" "/opt/rustwide/cargo-home/bin/cargo" "+1.99.0-beta.8" "test" "--frozen" "--release", kill_on_drop: false }`
[INFO] [stderr]     Finished `release` profile [optimized] target(s) in 0.05s
[INFO] [stderr]      Running unittests src/lib.rs (/opt/rustwide/target/release/deps/deed_fmt-5cdb2ae735d43b19)
[INFO] [stdout] 
[INFO] [stdout] running 0 tests
[INFO] [stdout] 
[INFO] [stdout] test result: ok. 0 passed; 0 failed; 0 ignored; 0 measured; 0 filtered out; finished in 0.00s
[INFO] [stdout] 
[INFO] [stderr]      Running tests/format.rs (/opt/rustwide/target/release/deps/format-c0f3f91de911e581)
[INFO] [stdout] 
[INFO] [stdout] running 11 tests
[INFO] [stdout] test every_comment_survives ... ok
[INFO] [stdout] test every_decision_is_a_decision_of_its_own ... ok
[INFO] [stdout] test every_layout_decision_holds ... ok
[INFO] [stdout] test formatting_does_not_change_what_the_program_means ... ok
[INFO] [stdout] test a_file_that_does_not_parse_is_refused ... ok
[INFO] [stdout] test every_spelling_of_a_decision_lands_in_the_same_place ... ok
[INFO] [stdout] test the_properties_are_handed_something_to_do ... ok
[INFO] [stdout] test formatting_is_idempotent ... ok
[INFO] [stdout] test no_line_has_trailing_whitespace ... ok
[INFO] [stdout] test output_ends_with_exactly_one_newline ... ok
[INFO] [stdout] test generated_layouts_feed_the_formatter_properties ... ok
[INFO] [stdout] 
[INFO] [stdout] test result: ok. 11 passed; 0 failed; 0 ignored; 0 measured; 0 filtered out; finished in 0.01s
[INFO] [stdout] 
[INFO] [stderr]      Running tests/repository.rs (/opt/rustwide/target/release/deps/repository-889d6203dedc4cb9)
[INFO] [stdout] 
[INFO] [stdout] running 3 tests
[INFO] [stdout] test every_deed_file_in_the_repository_is_formatted ... FAILED
[INFO] [stdout] test any_layout_of_a_real_program_formats_back_to_the_canonical_one ... FAILED
[INFO] [stdout] test a_closing_brace_sits_under_the_line_that_opened_it ... FAILED
[INFO] [stdout] 
[INFO] [stdout] failures:
[INFO] [stdout] 
[INFO] [stdout] ---- every_deed_file_in_the_repository_is_formatted stdout ----
[INFO] [stdout] 
[INFO] [stdout] thread 'every_deed_file_in_the_repository_is_formatted' (280) panicked at tests/repository.rs:19:5:
[INFO] [stdout] no `.deed` files found under "/opt/rustwide/workdir/../.."
[INFO] [stdout] stack backtrace:
[INFO] [stdout]    0:     0x562f371695e1 - <<std[70759c8f55707aa4]::sys::backtrace::BacktraceLock>::print::DisplayBacktrace as core[df12db4294e9bfd3]::fmt::Display>::fmt
[INFO] [stdout]    1:     0x562f3717dd2a - core[df12db4294e9bfd3]::fmt::write
[INFO] [stdout]    2:     0x562f3716dd6c - <alloc[2182bb758b4b3781]::vec::Vec<u8> as core[df12db4294e9bfd3]::io::write::Write>::write_fmt
[INFO] [stdout]    3:     0x562f37144c06 - std[70759c8f55707aa4]::panicking::default_hook::{closure#0}
[INFO] [stdout]    4:     0x562f371617c9 - std[70759c8f55707aa4]::panicking::default_hook
[INFO] [stdout]    5:     0x562f370c1100 - test[9d35eded1c95d3be]::test_main_inner::<test[9d35eded1c95d3be]::test_main_static::{closure#0}>::{closure#0}
[INFO] [stdout]    6:     0x562f37161982 - std[70759c8f55707aa4]::panicking::panic_with_hook
[INFO] [stdout]    7:     0x562f37144cb2 - std[70759c8f55707aa4]::panicking::panic_handler::{closure#0}
[INFO] [stdout]    8:     0x562f3713d809 - std[70759c8f55707aa4]::sys::backtrace::__rust_end_short_backtrace::<std[70759c8f55707aa4]::panicking::panic_handler::{closure#0}, !>
[INFO] [stdout]    9:     0x562f371458ad - __rustc[8fa7c3cbc660c2b3]::rust_begin_unwind
[INFO] [stdout]   10:     0x562f3717e49c - core[df12db4294e9bfd3]::panicking::panic_fmt
[INFO] [stdout]   11:     0x562f370b14b4 - <repository[979e13ba3489b3b3]::every_deed_file_in_the_repository_is_formatted::{closure#0} as core[df12db4294e9bfd3]::ops::function::FnOnce<()>>::call_once
[INFO] [stdout]   12:     0x562f370b43eb - test[9d35eded1c95d3be]::__rust_begin_short_backtrace::<core[df12db4294e9bfd3]::result::Result<(), alloc[2182bb758b4b3781]::string::String>, fn() -> core[df12db4294e9bfd3]::result::Result<(), alloc[2182bb758b4b3781]::string::String>>
[INFO] [stdout]   13:     0x562f370c1a55 - test[9d35eded1c95d3be]::run_test::{closure#0}
[INFO] [stdout]   14:     0x562f370bb314 - std[70759c8f55707aa4]::sys::backtrace::__rust_begin_short_backtrace::<test[9d35eded1c95d3be]::run_test::{closure#1}, ()>
[INFO] [stdout]   15:     0x562f370c4bb2 - <std[70759c8f55707aa4]::thread::lifecycle::spawn_unchecked<test[9d35eded1c95d3be]::run_test::{closure#1}, ()>::{closure#1} as core[df12db4294e9bfd3]::ops::function::FnOnce<()>>::call_once::{shim:vtable#0}
[INFO] [stdout]   16:     0x562f37168b49 - <std[70759c8f55707aa4]::sys::thread::unix::Thread>::new::thread_start
[INFO] [stdout]   17:     0x7c9f0577bdfa - <unknown>
[INFO] [stdout]   18:     0x7c9f0580f3d4 - clone
[INFO] [stdout]   19:                0x0 - <unknown>
[INFO] [stdout] 
[INFO] [stdout] ---- any_layout_of_a_real_program_formats_back_to_the_canonical_one stdout ----
[INFO] [stdout] 
[INFO] [stdout] thread 'any_layout_of_a_real_program_formats_back_to_the_canonical_one' (279) panicked at tests/repository.rs:64:5:
[INFO] [stdout] no `.deed` files found under "/opt/rustwide/workdir/../.."
[INFO] [stdout] stack backtrace:
[INFO] [stdout]    0:     0x562f371695e1 - <<std[70759c8f55707aa4]::sys::backtrace::BacktraceLock>::print::DisplayBacktrace as core[df12db4294e9bfd3]::fmt::Display>::fmt
[INFO] [stdout]    1:     0x562f3717dd2a - core[df12db4294e9bfd3]::fmt::write
[INFO] [stdout]    2:     0x562f3716dd6c - <alloc[2182bb758b4b3781]::vec::Vec<u8> as core[df12db4294e9bfd3]::io::write::Write>::write_fmt
[INFO] [stdout]    3:     0x562f37144c06 - std[70759c8f55707aa4]::panicking::default_hook::{closure#0}
[INFO] [stdout]    4:     0x562f371617c9 - std[70759c8f55707aa4]::panicking::default_hook
[INFO] [stdout]    5:     0x562f370c1100 - test[9d35eded1c95d3be]::test_main_inner::<test[9d35eded1c95d3be]::test_main_static::{closure#0}>::{closure#0}
[INFO] [stdout]    6:     0x562f37161982 - std[70759c8f55707aa4]::panicking::panic_with_hook
[INFO] [stdout]    7:     0x562f37144cb2 - std[70759c8f55707aa4]::panicking::panic_handler::{closure#0}
[INFO] [stdout]    8:     0x562f3713d809 - std[70759c8f55707aa4]::sys::backtrace::__rust_end_short_backtrace::<std[70759c8f55707aa4]::panicking::panic_handler::{closure#0}, !>
[INFO] [stdout]    9:     0x562f371458ad - __rustc[8fa7c3cbc660c2b3]::rust_begin_unwind
[INFO] [stdout]   10:     0x562f3717e49c - core[df12db4294e9bfd3]::panicking::panic_fmt
[INFO] [stdout]   11:     0x562f370b2f3d - <repository[979e13ba3489b3b3]::any_layout_of_a_real_program_formats_back_to_the_canonical_one::{closure#0} as core[df12db4294e9bfd3]::ops::function::FnOnce<()>>::call_once
[INFO] [stdout]   12:     0x562f370b43eb - test[9d35eded1c95d3be]::__rust_begin_short_backtrace::<core[df12db4294e9bfd3]::result::Result<(), alloc[2182bb758b4b3781]::string::String>, fn() -> core[df12db4294e9bfd3]::result::Result<(), alloc[2182bb758b4b3781]::string::String>>
[INFO] [stdout]   13:     0x562f370c1a55 - test[9d35eded1c95d3be]::run_test::{closure#0}
[INFO] [stdout]   14:     0x562f370bb314 - std[70759c8f55707aa4]::sys::backtrace::__rust_begin_short_backtrace::<test[9d35eded1c95d3be]::run_test::{closure#1}, ()>
[INFO] [stdout]   15:     0x562f370c4bb2 - <std[70759c8f55707aa4]::thread::lifecycle::spawn_unchecked<test[9d35eded1c95d3be]::run_test::{closure#1}, ()>::{closure#1} as core[df12db4294e9bfd3]::ops::function::FnOnce<()>>::call_once::{shim:vtable#0}
[INFO] [stdout]   16:     0x562f37168b49 - <std[70759c8f55707aa4]::sys::thread::unix::Thread>::new::thread_start
[INFO] [stdout]   17:     0x7c9f0577bdfa - <unknown>
[INFO] [stdout]   18:     0x7c9f0580f3d4 - clone
[INFO] [stdout]   19:                0x0 - <unknown>
[INFO] [stdout] 
[INFO] [stdout] ---- a_closing_brace_sits_under_the_line_that_opened_it stdout ----
[INFO] [stdout] 
[INFO] [stdout] thread 'a_closing_brace_sits_under_the_line_that_opened_it' (278) panicked at tests/repository.rs:120:5:
[INFO] [stdout] no `.deed` files found under "/opt/rustwide/workdir/../.."
[INFO] [stdout] stack backtrace:
[INFO] [stdout]    0:     0x562f371695e1 - <<std[70759c8f55707aa4]::sys::backtrace::BacktraceLock>::print::DisplayBacktrace as core[df12db4294e9bfd3]::fmt::Display>::fmt
[INFO] [stdout]    1:     0x562f3717dd2a - core[df12db4294e9bfd3]::fmt::write
[INFO] [stdout]    2:     0x562f3716dd6c - <alloc[2182bb758b4b3781]::vec::Vec<u8> as core[df12db4294e9bfd3]::io::write::Write>::write_fmt
[INFO] [stdout]    3:     0x562f37144c06 - std[70759c8f55707aa4]::panicking::default_hook::{closure#0}
[INFO] [stdout]    4:     0x562f371617c9 - std[70759c8f55707aa4]::panicking::default_hook
[INFO] [stdout]    5:     0x562f370c1100 - test[9d35eded1c95d3be]::test_main_inner::<test[9d35eded1c95d3be]::test_main_static::{closure#0}>::{closure#0}
[INFO] [stdout]    6:     0x562f37161982 - std[70759c8f55707aa4]::panicking::panic_with_hook
[INFO] [stdout]    7:     0x562f37144cb2 - std[70759c8f55707aa4]::panicking::panic_handler::{closure#0}
[INFO] [stdout]    8:     0x562f3713d809 - std[70759c8f55707aa4]::sys::backtrace::__rust_end_short_backtrace::<std[70759c8f55707aa4]::panicking::panic_handler::{closure#0}, !>
[INFO] [stdout]    9:     0x562f371458ad - __rustc[8fa7c3cbc660c2b3]::rust_begin_unwind
[INFO] [stdout]   10:     0x562f3717e49c - core[df12db4294e9bfd3]::panicking::panic_fmt
[INFO] [stdout]   11:     0x562f370b2384 - <repository[979e13ba3489b3b3]::a_closing_brace_sits_under_the_line_that_opened_it::{closure#0} as core[df12db4294e9bfd3]::ops::function::FnOnce<()>>::call_once
[INFO] [stdout]   12:     0x562f370b43eb - test[9d35eded1c95d3be]::__rust_begin_short_backtrace::<core[df12db4294e9bfd3]::result::Result<(), alloc[2182bb758b4b3781]::string::String>, fn() -> core[df12db4294e9bfd3]::result::Result<(), alloc[2182bb758b4b3781]::string::String>>
[INFO] [stdout]   13:     0x562f370c1a55 - test[9d35eded1c95d3be]::run_test::{closure#0}
[INFO] [stdout]   14:     0x562f370bb314 - std[70759c8f55707aa4]::sys::backtrace::__rust_begin_short_backtrace::<test[9d35eded1c95d3be]::run_test::{closure#1}, ()>
[INFO] [stdout]   15:     0x562f370c4bb2 - <std[70759c8f55707aa4]::thread::lifecycle::spawn_unchecked<test[9d35eded1c95d3be]::run_test::{closure#1}, ()>::{closure#1} as core[df12db4294e9bfd3]::ops::function::FnOnce<()>>::call_once::{shim:vtable#0}
[INFO] [stdout]   16:     0x562f37168b49 - <std[70759c8f55707aa4]::sys::thread::unix::Thread>::new::thread_start
[INFO] [stdout]   17:     0x7c9f0577bdfa - <unknown>
[INFO] [stdout]   18:     0x7c9f0580f3d4 - clone
[INFO] [stdout]   19:                0x0 - <unknown>
[INFO] [stdout] 
[INFO] [stdout] 
[INFO] [stdout] failures:
[INFO] [stdout]     a_closing_brace_sits_under_the_line_that_opened_it
[INFO] [stdout]     any_layout_of_a_real_program_formats_back_to_the_canonical_one
[INFO] [stdout]     every_deed_file_in_the_repository_is_formatted
[INFO] [stdout] 
[INFO] [stdout] test result: FAILED. 0 passed; 3 failed; 0 ignored; 0 measured; 0 filtered out; finished in 16.06s
[INFO] [stdout] 
[INFO] [stderr] error: test failed, to rerun pass `--test repository`
[INFO] running `Command { std: "docker" "inspect" "f31f6e7f8f8b7484daf3f4c1ece5b0e1c434fc5c3235d193b7f692542c58af1f", kill_on_drop: false }`
[INFO] running `Command { std: "docker" "rm" "-f" "f31f6e7f8f8b7484daf3f4c1ece5b0e1c434fc5c3235d193b7f692542c58af1f", kill_on_drop: false }`
[INFO] [stdout] f31f6e7f8f8b7484daf3f4c1ece5b0e1c434fc5c3235d193b7f692542c58af1f
