[INFO] fetching crate deed-effects 0.2.13...
[INFO] testing deed-effects-0.2.13 against 1.100.0-beta.1+cargoflags=--release for beta-release-1.100-2
[INFO] extracting crate deed-effects 0.2.13 into /workspace/builds/worker-6-tc2/source
[INFO] started tweaking crates.io crate deed-effects 0.2.13
[INFO] removed 0 missing tests
[INFO] finished tweaking crates.io crate deed-effects 0.2.13
[INFO] tweaked toml for crates.io crate deed-effects 0.2.13 written to /workspace/builds/worker-6-tc2/source/Cargo.toml
[INFO] validating manifest of crates.io crate deed-effects 0.2.13 on toolchain 1.100.0-beta.1
[INFO] running `Command { std: CARGO_HOME="/workspace/cargo-home" RUSTUP_HOME="/workspace/rustup-home" "/workspace/cargo-home/bin/cargo" "+1.100.0-beta.1" "metadata" "--manifest-path" "Cargo.toml" "--no-deps", kill_on_drop: false }`
[INFO] crate crates.io crate deed-effects 0.2.13 already has a lockfile, it will not be regenerated
[INFO] running `Command { std: CARGO_HOME="/workspace/cargo-home" RUSTUP_HOME="/workspace/rustup-home" "/workspace/cargo-home/bin/cargo" "+1.100.0-beta.1" "fetch" "--manifest-path" "Cargo.toml", kill_on_drop: false }`
[INFO] running `Command { std: "docker" "create" "-v" "/var/lib/crater-agent-workspace/builds/worker-6-tc2/source:/opt/rustwide/workdir:ro,Z" "-v" "/var/lib/crater-agent-workspace/builds/worker-6-tc2/target:/opt/rustwide/target:rw,Z" "-v" "/var/lib/crater-agent-workspace/cargo-home:/opt/rustwide/cargo-home:ro,Z" "-v" "/var/lib/crater-agent-workspace/rustup-home:/opt/rustwide/rustup-home:ro,Z" "-m" "1610612736" "--network" "none" "ghcr.io/rust-lang/crates-build-env/linux@sha256:77db811e55d90add9212f6832c23229e3de5f1c1f9905e8cb07319ea15df73ac" "sleep" "infinity", kill_on_drop: false }`
[INFO] [stdout] 77993beb7951244a52a4e04b9c9e220ac3d04833ce4f7223cd992d9f6d6ede1e
[INFO] running `Command { std: "docker" "start" "77993beb7951244a52a4e04b9c9e220ac3d04833ce4f7223cd992d9f6d6ede1e", kill_on_drop: false }`
[INFO] running `Command { std: "docker" "inspect" "77993beb7951244a52a4e04b9c9e220ac3d04833ce4f7223cd992d9f6d6ede1e", kill_on_drop: false }`
[INFO] running `Command { std: "docker" "exec" "-e" "SOURCE_DIR=/opt/rustwide/workdir" "-e" "CARGO_HOME=/opt/rustwide/cargo-home" "-e" "RUSTUP_HOME=/opt/rustwide/rustup-home" "-e" "CARGO_TARGET_DIR=/opt/rustwide/target" "-w" "/opt/rustwide/workdir" "--user" "0:0" "77993beb7951244a52a4e04b9c9e220ac3d04833ce4f7223cd992d9f6d6ede1e" "/opt/rustwide/cargo-home/bin/cargo" "+1.100.0-beta.1" "metadata" "--no-deps" "--format-version=1", kill_on_drop: false }`
[INFO] running `Command { std: "docker" "inspect" "77993beb7951244a52a4e04b9c9e220ac3d04833ce4f7223cd992d9f6d6ede1e", kill_on_drop: false }`
[INFO] running `Command { std: "docker" "exec" "-e" "SOURCE_DIR=/opt/rustwide/workdir" "-e" "CARGO_HOME=/opt/rustwide/cargo-home" "-e" "RUSTUP_HOME=/opt/rustwide/rustup-home" "-e" "CARGO_TARGET_DIR=/opt/rustwide/target" "-e" "CARGO_INCREMENTAL=0" "-e" "RUST_BACKTRACE=full" "-e" "RUSTFLAGS=--cap-lints=warn" "-e" "RUSTDOCFLAGS=--cap-lints=warn" "-w" "/opt/rustwide/workdir" "--user" "0:0" "77993beb7951244a52a4e04b9c9e220ac3d04833ce4f7223cd992d9f6d6ede1e" "/opt/rustwide/cargo-home/bin/cargo" "+1.100.0-beta.1" "build" "--frozen" "--message-format=json" "--release", kill_on_drop: false }`
[INFO] [stderr]    Compiling deed-diagnostics v0.2.13
[INFO] [stderr]    Compiling deed-ast v0.2.13
[INFO] [stderr]    Compiling deed-resolve v0.2.13
[INFO] [stderr]    Compiling deed-effects v0.2.13 (/opt/rustwide/workdir)
[INFO] [stderr]     Finished `release` profile [optimized] target(s) in 5.02s
[INFO] running `Command { std: "docker" "inspect" "77993beb7951244a52a4e04b9c9e220ac3d04833ce4f7223cd992d9f6d6ede1e", kill_on_drop: false }`
[INFO] running `Command { std: "docker" "exec" "-e" "SOURCE_DIR=/opt/rustwide/workdir" "-e" "CARGO_HOME=/opt/rustwide/cargo-home" "-e" "RUSTUP_HOME=/opt/rustwide/rustup-home" "-e" "CARGO_TARGET_DIR=/opt/rustwide/target" "-e" "CARGO_INCREMENTAL=0" "-e" "RUST_BACKTRACE=full" "-e" "RUSTFLAGS=--cap-lints=warn" "-e" "RUSTDOCFLAGS=--cap-lints=warn" "-w" "/opt/rustwide/workdir" "--user" "0:0" "77993beb7951244a52a4e04b9c9e220ac3d04833ce4f7223cd992d9f6d6ede1e" "/opt/rustwide/cargo-home/bin/cargo" "+1.100.0-beta.1" "test" "--frozen" "--no-run" "--message-format=json" "--release", kill_on_drop: false }`
[INFO] [stderr]    Compiling deed-lexer v0.2.13
[INFO] [stderr]    Compiling deed-typeck v0.2.13
[INFO] [stderr]    Compiling deed-parser v0.2.13
[INFO] [stderr]    Compiling deed-effects v0.2.13 (/opt/rustwide/workdir)
[INFO] [stderr]     Finished `release` profile [optimized] target(s) in 13.62s
[INFO] running `Command { std: "docker" "inspect" "77993beb7951244a52a4e04b9c9e220ac3d04833ce4f7223cd992d9f6d6ede1e", kill_on_drop: false }`
[INFO] running `Command { std: "docker" "exec" "-e" "SOURCE_DIR=/opt/rustwide/workdir" "-e" "CARGO_HOME=/opt/rustwide/cargo-home" "-e" "RUSTUP_HOME=/opt/rustwide/rustup-home" "-e" "CARGO_TARGET_DIR=/opt/rustwide/target" "-e" "CARGO_INCREMENTAL=0" "-e" "RUST_BACKTRACE=full" "-e" "RUSTFLAGS=--cap-lints=warn" "-e" "RUSTDOCFLAGS=--cap-lints=warn" "-w" "/opt/rustwide/workdir" "--user" "0:0" "77993beb7951244a52a4e04b9c9e220ac3d04833ce4f7223cd992d9f6d6ede1e" "/opt/rustwide/cargo-home/bin/cargo" "+1.100.0-beta.1" "test" "--frozen" "--release", kill_on_drop: false }`
[INFO] [stderr]     Finished `release` profile [optimized] target(s) in 0.04s
[INFO] [stdout] 
[INFO] [stderr]      Running unittests src/lib.rs (/opt/rustwide/target/release/build/deed-effects/6400dde4bb29e2d4/out/deed_effects-6400dde4bb29e2d4)
[INFO] [stdout] running 11 tests
[INFO] [stdout] test cycles::tests::a_caller_of_a_cycle_is_not_itself_on_one ... ok
[INFO] [stderr]      Running tests/effects.rs (/opt/rustwide/target/release/build/deed-effects/58f506e2f18c0eed/out/effects-58f506e2f18c0eed)
[INFO] [stdout] test cycles::tests::calling_yourself_is_a_cycle ... ok
[INFO] [stdout] test cycles::tests::a_long_chain_with_no_cycle_finds_none ... ok
[INFO] [stdout] test row::tests::a_row_covers_what_any_entry_covers ... ok
[INFO] [stdout] test row::tests::a_whole_effect_covers_its_operations ... ok
[INFO] [stdout] test cycles::tests::two_separate_cycles_are_both_found ... ok
[INFO] [stdout] test cycles::tests::a_long_chain_does_not_overflow ... ok
[INFO] [stdout] test cycles::tests::a_straight_line_has_no_cycle ... ok
[INFO] [stdout] test cycles::tests::mutual_recursion_catches_both ... ok
[INFO] [stdout] test row::tests::different_effects_never_cover_each_other ... ok
[INFO] [stdout] test row::tests::an_operation_does_not_cover_the_whole_effect ... ok
[INFO] [stdout] 
[INFO] [stdout] test result: ok. 11 passed; 0 failed; 0 ignored; 0 measured; 0 filtered out; finished in 0.00s
[INFO] [stdout] 
[INFO] [stdout] 
[INFO] [stdout] running 55 tests
[INFO] [stdout] test a_capability_named_in_a_row_without_the_star_is_reported ... ok
[INFO] [stdout] test a_closure_that_is_never_called_still_charges_its_author ... ok
[INFO] [stdout] test a_contract_may_observe_an_operation_without_declaring_it ... ok
[INFO] [stdout] test a_prelude_effect_needs_no_import_to_travel ... ok
[INFO] [stdout] test a_clause_reaches_an_effect_through_a_call_as_well ... ok
[INFO] [stdout] test a_contract_mentioning_a_recursive_function_is_not_a_call ... ok
[INFO] [stdout] test a_closure_charges_the_function_that_wrote_it ... ok
[INFO] [stdout] test a_closure_that_calls_a_diverging_function_charges_its_author ... ok
[INFO] [stdout] test a_function_that_calls_itself_has_to_say_so ... ok
[INFO] [stdout] test a_function_with_no_uses_clause_is_pure ... ok
[INFO] [stdout] test a_uses_entry_naming_something_that_is_not_an_effect_is_rejected ... ok
[INFO] [stdout] test a_row_naming_an_imported_effect_is_checked_like_any_other ... ok
[INFO] [stdout] test an_effect_that_cannot_be_named_here_says_where_to_import_it ... ok
[INFO] [stdout] test a_where_clause_is_held_to_it_too ... ok
[INFO] [stdout] test a_row_that_only_the_closure_uses_is_not_too_wide ... ok
[INFO] [stdout] test a_pure_imported_call_stays_pure ... ok
[INFO] [stdout] test a_handler_only_discharges_its_own_effect ... ok
[INFO] [stdout] test a_tight_row_over_an_imported_effect_is_accepted ... ok
[INFO] [stdout] test a_row_must_be_tight_not_merely_sufficient ... ok
[INFO] [stdout] test a_contract_cannot_reach_an_effect_the_signature_never_mentions ... ok
[INFO] [stdout] test an_effect_reached_through_a_called_function_counts ... ok
[INFO] [stdout] test an_imported_effect_performed_without_being_declared_is_reported ... ok
[INFO] [stdout] test an_unverifiable_row_suppresses_both_checks ... ok
[INFO] [stdout] test a_test_performing_an_effect_with_no_with_block_is_an_error ... ok
[INFO] [stdout] test an_effect_travels_through_a_module_in_the_middle ... ok
[INFO] [stdout] test an_entry_the_contract_alone_performs_is_not_too_wide ... ok
[INFO] [stdout] test calling_into_another_module_is_not_free ... ok
[INFO] [stdout] test a_test_that_runs_something_diverging_needs_no_handler ... ok
[INFO] [stdout] test an_import_with_nothing_behind_it_is_not_evidence_that_it_is_not_an_effect ... ok
[INFO] [stdout] test a_with_block_discharges_the_effect_its_handler_implements ... ok
[INFO] [stdout] test a_wrong_entry_does_not_switch_off_the_rest_of_the_row ... ok
[INFO] [stdout] test broken_input_does_not_panic ... ok
[INFO] [stdout] test an_imported_name_that_is_not_an_effect_is_rejected_the_same_way ... ok
[INFO] [stdout] test an_uncheckable_row_does_not_make_its_callers_look_pure ... ok
[INFO] [stdout] test declaring_it_without_recursing_is_too_wide ... ok
[INFO] [stdout] test declaring_the_whole_effect_covers_its_operations ... ok
[INFO] [stdout] test declaring_what_the_imported_call_does_is_enough ... ok
[INFO] [stdout] test calling_something_that_may_not_return_may_not_return ... ok
[INFO] [stdout] test rows_are_reported_for_inspection ... ok
[INFO] [stdout] test one_operation_does_not_grant_another ... ok
[INFO] [stdout] test old_is_walked_into_rather_than_stepped_over ... ok
[INFO] [stdout] test declaring_an_effect_that_is_never_performed_is_an_error ... ok
[INFO] [stdout] test performing_an_undeclared_effect_is_an_error ... ok
[INFO] [stdout] test purity_is_transitive_through_calls ... ok
[INFO] [stdout] test saying_so_is_enough ... ok
[INFO] [stdout] test granting_everything_a_capability_carries_is_reported ... ok
[INFO] [stdout] test the_worked_example_passes_effect_checking ... FAILED
[INFO] [stdout] test the_annotation_burden_is_measured ... FAILED
[INFO] [stdout] test declaring_what_the_closure_does_is_enough ... ok
[INFO] [stdout] test the_worked_example_row_is_exactly_what_the_body_does ... FAILED
[INFO] [stdout] test unchanged_costs_nothing ... ok
[INFO] [stdout] test naming_the_effect_is_enough_to_satisfy_it ... ok
[INFO] [stdout] test mutual_recursion_catches_both_halves ... ok
[INFO] [stdout] test the_call_site_hears_about_a_star_rather_than_about_a_capability ... ok
[INFO] [stderr] error: test failed, to rerun pass `--test effects`
[INFO] [stdout] test the_tightness_rule_still_applies_across_the_boundary ... ok
[INFO] [stdout] 
[INFO] [stdout] failures:
[INFO] [stdout] 
[INFO] [stdout] ---- the_worked_example_passes_effect_checking stdout ----
[INFO] [stdout] 
[INFO] [stdout] thread 'the_worked_example_passes_effect_checking' (416) panicked at tests/effects.rs:137:48:
[INFO] [stdout] examples/transfer.deed should exist: Os { code: 2, kind: NotFound, message: "No such file or directory" }
[INFO] [stdout] stack backtrace:
[INFO] [stdout]    0:     0x58e1dd5ed2e1 - <<std[617be2ca0a6fd877]::sys::backtrace::BacktraceLock>::print::DisplayBacktrace as core[a373ad73a504971]::fmt::Display>::fmt
[INFO] [stdout]    1:     0x58e1dd6014ba - core[a373ad73a504971]::fmt::write
[INFO] [stdout]    2:     0x58e1dd5f14fc - <alloc[2e1b2a31b91974c5]::vec::Vec<u8> as core[a373ad73a504971]::io::write::Write>::write_fmt
[INFO] [stdout]    3:     0x58e1dd5c93e6 - std[617be2ca0a6fd877]::panicking::default_hook::{closure#0}
[INFO] [stdout]    4:     0x58e1dd5e5619 - std[617be2ca0a6fd877]::panicking::default_hook
[INFO] [stdout]    5:     0x58e1dd50b2a0 - test[aada8e7e76ba119b]::test_main_inner::{closure#0}
[INFO] [stdout]    6:     0x58e1dd5e57d2 - std[617be2ca0a6fd877]::panicking::panic_with_hook
[INFO] [stdout]    7:     0x58e1dd5c9492 - std[617be2ca0a6fd877]::panicking::panic_handler::{closure#0}
[INFO] [stdout]    8:     0x58e1dd5c2019 - std[617be2ca0a6fd877]::sys::backtrace::__rust_end_short_backtrace::<std[617be2ca0a6fd877]::panicking::panic_handler::{closure#0}, !>
[INFO] [stdout]    9:     0x58e1dd5ca09d - __rustc[ea4f61d10b84890b]::rust_begin_unwind
[INFO] [stdout]   10:     0x58e1dd601c2c - core[a373ad73a504971]::panicking::panic_fmt
[INFO] [stdout]   11:     0x58e1dd601a02 - core[a373ad73a504971]::result::unwrap_failed
[INFO] [stdout]   12:     0x58e1dd4f0a51 - <effects[77bd0af4cae9142]::the_worked_example_passes_effect_checking::{closure#0} as core[a373ad73a504971]::ops::function::FnOnce<()>>::call_once
[INFO] [stdout]   13:     0x58e1dd4fe6eb - test[aada8e7e76ba119b]::__rust_begin_short_backtrace::<core[a373ad73a504971]::result::Result<(), alloc[2e1b2a31b91974c5]::string::String>, fn() -> core[a373ad73a504971]::result::Result<(), alloc[2e1b2a31b91974c5]::string::String>>
[INFO] [stdout]   14:     0x58e1dd50b8c5 - test[aada8e7e76ba119b]::run_test::{closure#0}
[INFO] [stdout]   15:     0x58e1dd5051b4 - std[617be2ca0a6fd877]::sys::backtrace::__rust_begin_short_backtrace::<test[aada8e7e76ba119b]::run_test::{closure#1}, ()>
[INFO] [stdout]   16:     0x58e1dd50e952 - <std[617be2ca0a6fd877]::thread::lifecycle::spawn_unchecked<test[aada8e7e76ba119b]::run_test::{closure#1}, ()>::{closure#1} as core[a373ad73a504971]::ops::function::FnOnce<()>>::call_once::{shim:vtable#0}
[INFO] [stdout]   17:     0x58e1dd5ec7df - <std[617be2ca0a6fd877]::sys::thread::unix::Thread>::new::thread_start
[INFO] [stdout]   18:     0x751d8e53ddfa - <unknown>
[INFO] [stdout]   19:     0x751d8e5d13d4 - clone
[INFO] [stdout]   20:                0x0 - <unknown>
[INFO] [stdout] 
[INFO] [stdout] ---- the_annotation_burden_is_measured stdout ----
[INFO] [stdout] 
[INFO] [stdout] thread 'the_annotation_burden_is_measured' (413) panicked at tests/effects.rs:220:48:
[INFO] [stdout] called `Result::unwrap()` on an `Err` value: Os { code: 2, kind: NotFound, message: "No such file or directory" }
[INFO] [stdout] stack backtrace:
[INFO] [stdout]    0:     0x58e1dd5ed2e1 - <<std[617be2ca0a6fd877]::sys::backtrace::BacktraceLock>::print::DisplayBacktrace as core[a373ad73a504971]::fmt::Display>::fmt
[INFO] [stdout]    1:     0x58e1dd6014ba - core[a373ad73a504971]::fmt::write
[INFO] [stdout]    2:     0x58e1dd5f14fc - <alloc[2e1b2a31b91974c5]::vec::Vec<u8> as core[a373ad73a504971]::io::write::Write>::write_fmt
[INFO] [stdout]    3:     0x58e1dd5c93e6 - std[617be2ca0a6fd877]::panicking::default_hook::{closure#0}
[INFO] [stdout]    4:     0x58e1dd5e5619 - std[617be2ca0a6fd877]::panicking::default_hook
[INFO] [stdout]    5:     0x58e1dd50b2a0 - test[aada8e7e76ba119b]::test_main_inner::{closure#0}
[INFO] [stdout]    6:     0x58e1dd5e57d2 - std[617be2ca0a6fd877]::panicking::panic_with_hook
[INFO] [stdout]    7:     0x58e1dd5c9492 - std[617be2ca0a6fd877]::panicking::panic_handler::{closure#0}
[INFO] [stdout]    8:     0x58e1dd5c2019 - std[617be2ca0a6fd877]::sys::backtrace::__rust_end_short_backtrace::<std[617be2ca0a6fd877]::panicking::panic_handler::{closure#0}, !>
[INFO] [stdout]    9:     0x58e1dd5ca09d - __rustc[ea4f61d10b84890b]::rust_begin_unwind
[INFO] [stdout]   10:     0x58e1dd601c2c - core[a373ad73a504971]::panicking::panic_fmt
[INFO] [stdout]   11:     0x58e1dd601a02 - core[a373ad73a504971]::result::unwrap_failed
[INFO] [stdout]   12:     0x58e1dd4ef001 - <effects[77bd0af4cae9142]::the_annotation_burden_is_measured::{closure#0} as core[a373ad73a504971]::ops::function::FnOnce<()>>::call_once
[INFO] [stdout]   13:     0x58e1dd4fe6eb - test[aada8e7e76ba119b]::__rust_begin_short_backtrace::<core[a373ad73a504971]::result::Result<(), alloc[2e1b2a31b91974c5]::string::String>, fn() -> core[a373ad73a504971]::result::Result<(), alloc[2e1b2a31b91974c5]::string::String>>
[INFO] [stdout]   14:     0x58e1dd50b8c5 - test[aada8e7e76ba119b]::run_test::{closure#0}
[INFO] [stdout]   15:     0x58e1dd5051b4 - std[617be2ca0a6fd877]::sys::backtrace::__rust_begin_short_backtrace::<test[aada8e7e76ba119b]::run_test::{closure#1}, ()>
[INFO] [stdout]   16:     0x58e1dd50e952 - <std[617be2ca0a6fd877]::thread::lifecycle::spawn_unchecked<test[aada8e7e76ba119b]::run_test::{closure#1}, ()>::{closure#1} as core[a373ad73a504971]::ops::function::FnOnce<()>>::call_once::{shim:vtable#0}
[INFO] [stdout]   17:     0x58e1dd5ec7df - <std[617be2ca0a6fd877]::sys::thread::unix::Thread>::new::thread_start
[INFO] [stdout]   18:     0x751d8e53ddfa - <unknown>
[INFO] [stdout]   19:     0x751d8e5d13d4 - clone
[INFO] [stdout]   20:                0x0 - <unknown>
[INFO] [stdout] 
[INFO] [stdout] ---- the_worked_example_row_is_exactly_what_the_body_does stdout ----
[INFO] [stdout] 
[INFO] [stdout] thread 'the_worked_example_row_is_exactly_what_the_body_does' (417) panicked at tests/effects.rs:164:48:
[INFO] [stdout] called `Result::unwrap()` on an `Err` value: Os { code: 2, kind: NotFound, message: "No such file or directory" }
[INFO] [stdout] stack backtrace:
[INFO] [stdout]    0:     0x58e1dd5ed2e1 - <<std[617be2ca0a6fd877]::sys::backtrace::BacktraceLock>::print::DisplayBacktrace as core[a373ad73a504971]::fmt::Display>::fmt
[INFO] [stdout]    1:     0x58e1dd6014ba - core[a373ad73a504971]::fmt::write
[INFO] [stdout]    2:     0x58e1dd5f14fc - <alloc[2e1b2a31b91974c5]::vec::Vec<u8> as core[a373ad73a504971]::io::write::Write>::write_fmt
[INFO] [stdout]    3:     0x58e1dd5c93e6 - std[617be2ca0a6fd877]::panicking::default_hook::{closure#0}
[INFO] [stdout]    4:     0x58e1dd5e5619 - std[617be2ca0a6fd877]::panicking::default_hook
[INFO] [stdout]    5:     0x58e1dd50b2a0 - test[aada8e7e76ba119b]::test_main_inner::{closure#0}
[INFO] [stdout]    6:     0x58e1dd5e57d2 - std[617be2ca0a6fd877]::panicking::panic_with_hook
[INFO] [stdout]    7:     0x58e1dd5c9492 - std[617be2ca0a6fd877]::panicking::panic_handler::{closure#0}
[INFO] [stdout]    8:     0x58e1dd5c2019 - std[617be2ca0a6fd877]::sys::backtrace::__rust_end_short_backtrace::<std[617be2ca0a6fd877]::panicking::panic_handler::{closure#0}, !>
[INFO] [stdout]    9:     0x58e1dd5ca09d - __rustc[ea4f61d10b84890b]::rust_begin_unwind
[INFO] [stdout]   10:     0x58e1dd601c2c - core[a373ad73a504971]::panicking::panic_fmt
[INFO] [stdout]   11:     0x58e1dd601a02 - core[a373ad73a504971]::result::unwrap_failed
[INFO] [stdout]   12:     0x58e1dd4f4140 - <effects[77bd0af4cae9142]::the_worked_example_row_is_exactly_what_the_body_does::{closure#0} as core[a373ad73a504971]::ops::function::FnOnce<()>>::call_once
[INFO] [stdout]   13:     0x58e1dd4fe6eb - test[aada8e7e76ba119b]::__rust_begin_short_backtrace::<core[a373ad73a504971]::result::Result<(), alloc[2e1b2a31b91974c5]::string::String>, fn() -> core[a373ad73a504971]::result::Result<(), alloc[2e1b2a31b91974c5]::string::String>>
[INFO] [stdout]   14:     0x58e1dd50b8c5 - test[aada8e7e76ba119b]::run_test::{closure#0}
[INFO] [stdout]   15:     0x58e1dd5051b4 - std[617be2ca0a6fd877]::sys::backtrace::__rust_begin_short_backtrace::<test[aada8e7e76ba119b]::run_test::{closure#1}, ()>
[INFO] [stdout]   16:     0x58e1dd50e952 - <std[617be2ca0a6fd877]::thread::lifecycle::spawn_unchecked<test[aada8e7e76ba119b]::run_test::{closure#1}, ()>::{closure#1} as core[a373ad73a504971]::ops::function::FnOnce<()>>::call_once::{shim:vtable#0}
[INFO] [stdout]   17:     0x58e1dd5ec7df - <std[617be2ca0a6fd877]::sys::thread::unix::Thread>::new::thread_start
[INFO] [stdout]   18:     0x751d8e53ddfa - <unknown>
[INFO] [stdout]   19:     0x751d8e5d13d4 - clone
[INFO] [stdout]   20:                0x0 - <unknown>
[INFO] [stdout] 
[INFO] [stdout] 
[INFO] [stdout] failures:
[INFO] [stdout]     the_annotation_burden_is_measured
[INFO] [stdout]     the_worked_example_passes_effect_checking
[INFO] [stdout]     the_worked_example_row_is_exactly_what_the_body_does
[INFO] [stdout] 
[INFO] [stdout] test result: FAILED. 52 passed; 3 failed; 0 ignored; 0 measured; 0 filtered out; finished in 0.02s
[INFO] [stdout] 
[INFO] running `Command { std: "docker" "inspect" "77993beb7951244a52a4e04b9c9e220ac3d04833ce4f7223cd992d9f6d6ede1e", kill_on_drop: false }`
[INFO] running `Command { std: "docker" "rm" "-f" "77993beb7951244a52a4e04b9c9e220ac3d04833ce4f7223cd992d9f6d6ede1e", kill_on_drop: false }`
[INFO] [stdout] 77993beb7951244a52a4e04b9c9e220ac3d04833ce4f7223cd992d9f6d6ede1e
