[INFO] fetching crate deed-driver 0.2.13...
[INFO] testing deed-driver-0.2.13 against 1.100.0-beta.1+cargoflags=--release for beta-release-1.100-2
[INFO] extracting crate deed-driver 0.2.13 into /workspace/builds/worker-4-tc2/source
[INFO] started tweaking crates.io crate deed-driver 0.2.13
[INFO] removed 0 missing examples
[INFO] removed 0 missing tests
[INFO] finished tweaking crates.io crate deed-driver 0.2.13
[INFO] tweaked toml for crates.io crate deed-driver 0.2.13 written to /workspace/builds/worker-4-tc2/source/Cargo.toml
[INFO] validating manifest of crates.io crate deed-driver 0.2.13 on toolchain 1.100.0-beta.1
[INFO] running `Command { std: CARGO_HOME="/workspace/cargo-home" RUSTUP_HOME="/workspace/rustup-home" "/workspace/cargo-home/bin/cargo" "+1.100.0-beta.1" "metadata" "--manifest-path" "Cargo.toml" "--no-deps", kill_on_drop: false }`
[INFO] crate crates.io crate deed-driver 0.2.13 already has a lockfile, it will not be regenerated
[INFO] running `Command { std: CARGO_HOME="/workspace/cargo-home" RUSTUP_HOME="/workspace/rustup-home" "/workspace/cargo-home/bin/cargo" "+1.100.0-beta.1" "fetch" "--manifest-path" "Cargo.toml", kill_on_drop: false }`
[INFO] running `Command { std: "docker" "create" "-v" "/var/lib/crater-agent-workspace/builds/worker-4-tc2/source:/opt/rustwide/workdir:ro,Z" "-v" "/var/lib/crater-agent-workspace/builds/worker-4-tc2/target:/opt/rustwide/target:rw,Z" "-v" "/var/lib/crater-agent-workspace/cargo-home:/opt/rustwide/cargo-home:ro,Z" "-v" "/var/lib/crater-agent-workspace/rustup-home:/opt/rustwide/rustup-home:ro,Z" "-m" "1610612736" "--network" "none" "ghcr.io/rust-lang/crates-build-env/linux@sha256:77db811e55d90add9212f6832c23229e3de5f1c1f9905e8cb07319ea15df73ac" "sleep" "infinity", kill_on_drop: false }`
[INFO] [stdout] 024cdd592839b7001a2e247f540b137532e6d8b3df39442910c0e0cc9051d2fb
[INFO] running `Command { std: "docker" "start" "024cdd592839b7001a2e247f540b137532e6d8b3df39442910c0e0cc9051d2fb", kill_on_drop: false }`
[INFO] running `Command { std: "docker" "inspect" "024cdd592839b7001a2e247f540b137532e6d8b3df39442910c0e0cc9051d2fb", kill_on_drop: false }`
[INFO] running `Command { std: "docker" "exec" "-e" "SOURCE_DIR=/opt/rustwide/workdir" "-e" "CARGO_HOME=/opt/rustwide/cargo-home" "-e" "RUSTUP_HOME=/opt/rustwide/rustup-home" "-e" "CARGO_TARGET_DIR=/opt/rustwide/target" "-w" "/opt/rustwide/workdir" "--user" "0:0" "024cdd592839b7001a2e247f540b137532e6d8b3df39442910c0e0cc9051d2fb" "/opt/rustwide/cargo-home/bin/cargo" "+1.100.0-beta.1" "metadata" "--no-deps" "--format-version=1", kill_on_drop: false }`
[INFO] running `Command { std: "docker" "inspect" "024cdd592839b7001a2e247f540b137532e6d8b3df39442910c0e0cc9051d2fb", kill_on_drop: false }`
[INFO] running `Command { std: "docker" "exec" "-e" "SOURCE_DIR=/opt/rustwide/workdir" "-e" "CARGO_HOME=/opt/rustwide/cargo-home" "-e" "RUSTUP_HOME=/opt/rustwide/rustup-home" "-e" "CARGO_TARGET_DIR=/opt/rustwide/target" "-e" "CARGO_INCREMENTAL=0" "-e" "RUST_BACKTRACE=full" "-e" "RUSTFLAGS=--cap-lints=warn" "-e" "RUSTDOCFLAGS=--cap-lints=warn" "-w" "/opt/rustwide/workdir" "--user" "0:0" "024cdd592839b7001a2e247f540b137532e6d8b3df39442910c0e0cc9051d2fb" "/opt/rustwide/cargo-home/bin/cargo" "+1.100.0-beta.1" "build" "--frozen" "--message-format=json" "--release", kill_on_drop: false }`
[INFO] [stderr]    Compiling deed-diagnostics v0.2.13
[INFO] [stderr]    Compiling deed-rt v0.2.13
[INFO] [stderr]    Compiling deed-ast v0.2.13
[INFO] [stderr]    Compiling deed-lexer v0.2.13
[INFO] [stderr]    Compiling deed-resolve v0.2.13
[INFO] [stderr]    Compiling deed-parser v0.2.13
[INFO] [stderr]    Compiling deed-typeck v0.2.13
[INFO] [stderr]    Compiling deed-effects v0.2.13
[INFO] [stderr]    Compiling deed-interp v0.2.13
[INFO] [stderr]    Compiling deed-driver v0.2.13 (/opt/rustwide/workdir)
[INFO] [stderr]     Finished `release` profile [optimized] target(s) in 27.26s
[INFO] running `Command { std: "docker" "inspect" "024cdd592839b7001a2e247f540b137532e6d8b3df39442910c0e0cc9051d2fb", kill_on_drop: false }`
[INFO] running `Command { std: "docker" "exec" "-e" "SOURCE_DIR=/opt/rustwide/workdir" "-e" "CARGO_HOME=/opt/rustwide/cargo-home" "-e" "RUSTUP_HOME=/opt/rustwide/rustup-home" "-e" "CARGO_TARGET_DIR=/opt/rustwide/target" "-e" "CARGO_INCREMENTAL=0" "-e" "RUST_BACKTRACE=full" "-e" "RUSTFLAGS=--cap-lints=warn" "-e" "RUSTDOCFLAGS=--cap-lints=warn" "-w" "/opt/rustwide/workdir" "--user" "0:0" "024cdd592839b7001a2e247f540b137532e6d8b3df39442910c0e0cc9051d2fb" "/opt/rustwide/cargo-home/bin/cargo" "+1.100.0-beta.1" "test" "--frozen" "--no-run" "--message-format=json" "--release", kill_on_drop: false }`
[INFO] [stderr]    Compiling deed-explain v0.2.13
[INFO] [stderr]    Compiling deed-fmt v0.2.13
[INFO] [stderr]    Compiling deed-mir v0.2.13
[INFO] [stderr]    Compiling deed-codegen v0.2.13
[INFO] [stderr]    Compiling deed-driver v0.2.13 (/opt/rustwide/workdir)
[INFO] [stderr]     Finished `release` profile [optimized] target(s) in 1m 13s
[INFO] running `Command { std: "docker" "inspect" "024cdd592839b7001a2e247f540b137532e6d8b3df39442910c0e0cc9051d2fb", kill_on_drop: false }`
[INFO] running `Command { std: "docker" "exec" "-e" "SOURCE_DIR=/opt/rustwide/workdir" "-e" "CARGO_HOME=/opt/rustwide/cargo-home" "-e" "RUSTUP_HOME=/opt/rustwide/rustup-home" "-e" "CARGO_TARGET_DIR=/opt/rustwide/target" "-e" "CARGO_INCREMENTAL=0" "-e" "RUST_BACKTRACE=full" "-e" "RUSTFLAGS=--cap-lints=warn" "-e" "RUSTDOCFLAGS=--cap-lints=warn" "-w" "/opt/rustwide/workdir" "--user" "0:0" "024cdd592839b7001a2e247f540b137532e6d8b3df39442910c0e0cc9051d2fb" "/opt/rustwide/cargo-home/bin/cargo" "+1.100.0-beta.1" "test" "--frozen" "--release", kill_on_drop: false }`
[INFO] [stderr]     Finished `release` profile [optimized] target(s) in 0.07s
[INFO] [stderr]      Running unittests src/lib.rs (/opt/rustwide/target/release/build/deed-driver/c6a6f152b4440bda/out/deed_driver-c6a6f152b4440bda)
[INFO] [stdout] 
[INFO] [stdout] running 39 tests
[INFO] [stdout] test manifest::tests::comments_and_components_mixed ... ok
[INFO] [stdout] test manifest::tests::component_with_only_whitespace_is_deed7002 ... ok
[INFO] [stdout] test manifest::tests::empty_manifest_is_valid ... ok
[INFO] [stdout] test manifest::tests::component_with_absolute_path ... ok
[INFO] [stdout] test inputs::tests::a_missing_source_is_asked_for_once ... ok
[INFO] [stdout] test manifest::tests::errors_on_one_line_do_not_suppress_valid_components ... ok
[INFO] [stdout] test program_gen::tests::a_name_shrinks_to_zero ... ok
[INFO] [stdout] test clock_tests::the_clock_measures_something ... ok
[INFO] [stdout] test manifest::tests::blank_lines_and_comments_are_ignored ... ok
[INFO] [stdout] test program_gen::tests::a_function_is_removed_when_at_least_one_remains ... ok
[INFO] [stdout] test manifest::tests::leading_whitespace_does_not_confuse_the_parser ... ok
[INFO] [stdout] test program_gen::tests::a_statement_is_removed ... ok
[INFO] [stdout] test manifest::tests::span_of_missing_path_covers_the_component_keyword ... ok
[INFO] [stdout] test program_gen::tests::an_if_shrinks_to_its_branches_and_zero ... ok
[INFO] [stdout] test program_gen::tests::expressions_shrink_to_literals ... ok
[INFO] [stdout] test manifest::tests::unknown_directive_is_deed7001 ... ok
[INFO] [stdout] test inputs::tests::follows_a_transitive_source_chain_once ... ok
[INFO] [stdout] test manifest::tests::component_without_path_is_deed7002 ... ok
[INFO] [stdout] test program_gen::tests::a_binary_op_shrinks_to_its_children_and_zero ... ok
[INFO] [stdout] test program_gen::tests::declarations_shrink ... ok
[INFO] [stdout] test program_gen::tests::different_seeds_diverge ... ok
[INFO] [stdout] test program_gen::tests::generated_programs_have_at_least_one_function ... ok
[INFO] [stdout] test manifest::tests::span_of_unknown_directive_covers_the_directive_word ... ok
[INFO] [stdout] test program_gen::tests::name_replacement_walks_every_compound_shape_and_only_the_target ... ok
[INFO] [stdout] test program_gen::tests::a_single_function_program_does_not_shrink_to_nothing ... ok
[INFO] [stdout] test program_gen::tests::a_parameter_is_removed_and_its_uses_replaced_with_zero ... ok
[INFO] [stdout] test program_gen::tests::generated_programs_and_rng_have_an_exact_snapshot ... ok
[INFO] [stdout] test manifest::tests::single_component_is_parsed ... ok
[INFO] [stdout] test manifest::tests::multiple_components_are_parsed ... ok
[INFO] [stdout] test program_gen::tests::negative_integer_shrinks_toward_zero ... ok
[INFO] [stdout] test program_gen::tests::one_step_integers_have_only_zero_as_a_smaller_form ... ok
[INFO] [stdout] test program_gen::tests::positive_integer_shrinks_toward_zero ... ok
[INFO] [stdout] test program_gen::tests::shrink_budget_counts_candidate_evaluations_exactly ... ok
[INFO] [stdout] test program_gen::tests::small_counts_cover_three_bounded_partitions ... ok
[INFO] [stdout] test program_gen::tests::shrinking_preserves_the_failure_predicate ... ok
[INFO] [stdout] test program_gen::tests::the_finding_is_already_shrunk ... ok
[INFO] [stdout] test program_gen::tests::the_generator_is_deterministic ... ok
[INFO] [stdout] test program_gen::tests::zero_has_no_smaller_form ... ok
[INFO] [stdout] test program_gen::tests::statements_shrink ... ok
[INFO] [stdout] 
[INFO] [stdout] test result: ok. 39 passed; 0 failed; 0 ignored; 0 measured; 0 filtered out; finished in 0.02s
[INFO] [stdout] 
[INFO] [stderr]      Running tests/agreement.rs (/opt/rustwide/target/release/build/deed-driver/7adbd5b706076a5f/out/agreement-7adbd5b706076a5f)
[INFO] [stdout] 
[INFO] [stdout] running 14 tests
[INFO] [stdout] test a_program_the_backend_refuses_still_runs_under_the_interpreter ... ok
[INFO] [stdout] test an_assert_refuses_keeps_the_check_it_aims_at_and_no_other ... ok
[INFO] [stdout] test a_proven_precondition_compiles_to_nothing_and_a_guarded_one_does_not ... ok
[INFO] [stdout] test a_result_with_one_half_written_is_the_one_the_function_returns ... ok
[INFO] [stdout] test a_call_into_another_module_answers_the_same_thing ... ok
[INFO] [stdout] test a_function_from_another_module_can_be_named_as_a_value ... ok
[INFO] [stdout] test a_type_from_another_module_is_the_same_type ... ok
[INFO] [stdout] test a_type_a_signature_names_crosses_with_the_function ... ok
[INFO] [stdout] test a_contract_across_a_boundary_is_still_checked ... ok
[INFO] [stdout] test overflow_near_the_boundary_fails_the_same_way_under_both_engines ... ok
[INFO] [stdout] test what_the_backend_cannot_compile_is_refused_by_name ... ok
[INFO] [stdout] test the_agreement_covers_more_than_one_program ... ok
[INFO] [stdout] test generated_programs_keep_the_interpreter_and_backend_in_agreement ... ok
[INFO] [stdout] test the_backend_and_the_interpreter_answer_the_same_thing ... ok
[INFO] [stdout] 
[INFO] [stdout] test result: ok. 14 passed; 0 failed; 0 ignored; 0 measured; 0 filtered out; finished in 0.05s
[INFO] [stdout] 
[INFO] [stderr]      Running tests/allocation.rs (/opt/rustwide/target/release/build/deed-driver/98f114d1d661dabd/out/allocation-98f114d1d661dabd)
[INFO] [stdout] 
[INFO] [stdout] running 6 tests
[INFO] [stdout] test building_the_same_thing_twice_allocates_twice ... ok
[INFO] [stdout] test folding_a_list_allocates_what_the_answer_is_worth ... ok
[INFO] [stdout] test a_walk_that_grows_by_more_than_one_still_copies ... ok
[INFO] [stdout] test a_walk_that_pushes_into_a_record_allocates_along_the_length ... ok
[INFO] [stdout] test the_same_push_behind_a_call_copies_again ... ok
[INFO] [stdout] test a_program_that_outgrows_its_first_pages_keeps_going ... ok
[INFO] [stdout] 
[INFO] [stdout] test result: ok. 6 passed; 0 failed; 0 ignored; 0 measured; 0 filtered out; finished in 0.31s
[INFO] [stdout] 
[INFO] [stderr]      Running tests/assignment.rs (/opt/rustwide/target/release/build/deed-driver/3c5160342aa532b7/out/assignment-3c5160342aa532b7)
[INFO] [stdout] 
[INFO] [stdout] running 11 tests
[INFO] [stdout] test assigning_to_a_parameter_is_rejected ... ok
[INFO] [stdout] test the_value_is_checked_against_the_declared_state_type ... ok
[INFO] [stdout] test a_nested_walk_names_the_binder_that_is_actually_around_it ... ok
[INFO] [stdout] test a_handler_may_change_its_own_state ... ok
[INFO] [stdout] test assigning_outside_a_walk_is_not_shown_an_accumulator ... ok
[INFO] [stdout] test an_assignment_carries_the_effects_of_its_right_hand_side ... ok
[INFO] [stdout] test assigning_inside_a_walk_is_shown_the_accumulator ... ok
[INFO] [stdout] test a_statement_after_an_assignment_still_parses ... ok
[INFO] [stdout] test assigning_to_a_let_binding_is_rejected ... ok
[INFO] [stdout] test an_assignment_to_an_unknown_name_says_so_once ... ok
[INFO] [stdout] test equality_is_still_an_expression ... ok
[INFO] [stdout] 
[INFO] [stdout] test result: ok. 11 passed; 0 failed; 0 ignored; 0 measured; 0 filtered out; finished in 0.11s
[INFO] [stdout] 
[INFO] [stderr]      Running tests/backend_prelude.rs (/opt/rustwide/target/release/build/deed-driver/189d0a49d8eb088c/out/backend_prelude-189d0a49d8eb088c)
[INFO] [stdout] 
[INFO] [stdout] running 2 tests
[INFO] [stdout] test every_callable_prelude_name_is_named_by_whether_the_backend_compiles_it ... ok
[INFO] [stdout] test every_io_operation_is_named_by_whether_the_backend_compiles_it ... ok
[INFO] [stdout] 
[INFO] [stdout] test result: ok. 2 passed; 0 failed; 0 ignored; 0 measured; 0 filtered out; finished in 0.00s
[INFO] [stdout] 
[INFO] [stderr]      Running tests/benchmark.rs (/opt/rustwide/target/release/build/deed-driver/c6be49bf3a90c8a5/out/benchmark-c6be49bf3a90c8a5)
[INFO] [stdout] 
[INFO] [stdout] running 13 tests
[INFO] [stdout] test every_task_has_a_prompt_its_own_tests_and_an_answer ... FAILED
[INFO] [stdout] test every_reference_checks_and_passes_the_tests_it_is_given ... FAILED
[INFO] [stdout] test every_task_tests_the_module_the_prompt_asks_for ... FAILED
[INFO] [stdout] test the_published_result_names_every_task_and_no_others ... FAILED
[INFO] [stdout] test no_prompt_hands_over_the_body_of_its_own_answer ... FAILED
[INFO] [stdout] test the_tasks_between_them_reach_the_features_the_language_is_about ... FAILED
[INFO] [stdout] test the_readme_says_what_asking_for_no_tests_costs ... FAILED
[INFO] [stdout] test the_published_result_quotes_codes_that_still_exist ... FAILED
[INFO] [stdout] test the_readme_points_at_the_published_result ... FAILED
[INFO] [stdout] test a_rejected_answer_measures_nothing_beyond_the_first_column ... FAILED
[INFO] [stdout] test the_published_tool_counts_add_up_to_the_total_it_claims ... FAILED
[INFO] [stdout] test an_answer_that_does_not_check_is_not_a_pass ... FAILED
[INFO] [stdout] test an_answer_that_compiles_and_is_wrong_is_not_a_pass ... FAILED
[INFO] [stdout] 
[INFO] [stdout] failures:
[INFO] [stdout] 
[INFO] [stdout] ---- every_task_has_a_prompt_its_own_tests_and_an_answer stdout ----
[INFO] [stdout] 
[INFO] [stdout] thread 'every_task_has_a_prompt_its_own_tests_and_an_answer' (2918) panicked at tests/../examples/agent_bench.rs:205:10:
[INFO] [stdout] the tasks directory is part of the repository: Os { code: 2, kind: NotFound, message: "No such file or directory" }
[INFO] [stdout] stack backtrace:
[INFO] [stdout]    0:     0x641fc09193a1 - <<std[617be2ca0a6fd877]::sys::backtrace::BacktraceLock>::print::DisplayBacktrace as core[a373ad73a504971]::fmt::Display>::fmt
[INFO] [stdout]    1:     0x641fc092f18a - core[a373ad73a504971]::fmt::write
[INFO] [stdout]    2:     0x641fc091dbcc - <alloc[2e1b2a31b91974c5]::vec::Vec<u8> as core[a373ad73a504971]::io::write::Write>::write_fmt
[INFO] [stdout]    3:     0x641fc08f3376 - std[617be2ca0a6fd877]::panicking::default_hook::{closure#0}
[INFO] [stdout]    4:     0x641fc0910df9 - std[617be2ca0a6fd877]::panicking::default_hook
[INFO] [stdout]    5:     0x641fc0753c20 - test[aada8e7e76ba119b]::test_main_inner::{closure#0}
[INFO] [stdout]    6:     0x641fc0910fb2 - std[617be2ca0a6fd877]::panicking::panic_with_hook
[INFO] [stdout]    7:     0x641fc08f3422 - std[617be2ca0a6fd877]::panicking::panic_handler::{closure#0}
[INFO] [stdout]    8:     0x641fc08ebd39 - std[617be2ca0a6fd877]::sys::backtrace::__rust_end_short_backtrace::<std[617be2ca0a6fd877]::panicking::panic_handler::{closure#0}, !>
[INFO] [stdout]    9:     0x641fc08f421d - __rustc[ea4f61d10b84890b]::rust_begin_unwind
[INFO] [stdout]   10:     0x641fc092f92c - core[a373ad73a504971]::panicking::panic_fmt
[INFO] [stdout]   11:     0x641fc092f702 - core[a373ad73a504971]::result::unwrap_failed
[INFO] [stdout]   12:     0x641fc073f489 - benchmark[14f02609cee7af77]::bench::tasks
[INFO] [stdout]   13:     0x641fc07390d1 - <benchmark[14f02609cee7af77]::every_task_has_a_prompt_its_own_tests_and_an_answer::{closure#0} as core[a373ad73a504971]::ops::function::FnOnce<()>>::call_once
[INFO] [stdout]   14:     0x641fc074706b - test[aada8e7e76ba119b]::__rust_begin_short_backtrace::<core[a373ad73a504971]::result::Result<(), alloc[2e1b2a31b91974c5]::string::String>, fn() -> core[a373ad73a504971]::result::Result<(), alloc[2e1b2a31b91974c5]::string::String>>
[INFO] [stdout]   15:     0x641fc0754245 - test[aada8e7e76ba119b]::run_test::{closure#0}
[INFO] [stdout]   16:     0x641fc074db34 - std[617be2ca0a6fd877]::sys::backtrace::__rust_begin_short_backtrace::<test[aada8e7e76ba119b]::run_test::{closure#1}, ()>
[INFO] [stdout]   17:     0x641fc07572d2 - <std[617be2ca0a6fd877]::thread::lifecycle::spawn_unchecked<test[aada8e7e76ba119b]::run_test::{closure#1}, ()>::{closure#1} as core[a373ad73a504971]::ops::function::FnOnce<()>>::call_once::{shim:vtable#0}
[INFO] [stdout]   18:     0x641fc091834f - <std[617be2ca0a6fd877]::sys::thread::unix::Thread>::new::thread_start
[INFO] [stdout]   19:     0x775ded535dfa - <unknown>
[INFO] [stdout]   20:     0x775ded5c93d4 - clone
[INFO] [stdout]   21:                0x0 - <unknown>
[INFO] [stdout] 
[INFO] [stdout] ---- every_reference_checks_and_passes_the_tests_it_is_given stdout ----
[INFO] [stdout] 
[INFO] [stdout] thread 'every_reference_checks_and_passes_the_tests_it_is_given' (2917) panicked at tests/../examples/agent_bench.rs:205:10:
[INFO] [stdout] the tasks directory is part of the repository: Os { code: 2, kind: NotFound, message: "No such file or directory" }
[INFO] [stdout] stack backtrace:
[INFO] [stdout]    0:     0x641fc09193a1 - <<std[617be2ca0a6fd877]::sys::backtrace::BacktraceLock>::print::DisplayBacktrace as core[a373ad73a504971]::fmt::Display>::fmt
[INFO] [stdout]    1:     0x641fc092f18a - core[a373ad73a504971]::fmt::write
[INFO] [stdout]    2:     0x641fc091dbcc - <alloc[2e1b2a31b91974c5]::vec::Vec<u8> as core[a373ad73a504971]::io::write::Write>::write_fmt
[INFO] [stdout]    3:     0x641fc08f3376 - std[617be2ca0a6fd877]::panicking::default_hook::{closure#0}
[INFO] [stdout]    4:     0x641fc0910df9 - std[617be2ca0a6fd877]::panicking::default_hook
[INFO] [stdout]    5:     0x641fc0753c20 - test[aada8e7e76ba119b]::test_main_inner::{closure#0}
[INFO] [stdout]    6:     0x641fc0910fb2 - std[617be2ca0a6fd877]::panicking::panic_with_hook
[INFO] [stdout]    7:     0x641fc08f3422 - std[617be2ca0a6fd877]::panicking::panic_handler::{closure#0}
[INFO] [stdout]    8:     0x641fc08ebd39 - std[617be2ca0a6fd877]::sys::backtrace::__rust_end_short_backtrace::<std[617be2ca0a6fd877]::panicking::panic_handler::{closure#0}, !>
[INFO] [stdout]    9:     0x641fc08f421d - __rustc[ea4f61d10b84890b]::rust_begin_unwind
[INFO] [stdout]   10:     0x641fc092f92c - core[a373ad73a504971]::panicking::panic_fmt
[INFO] [stdout]   11:     0x641fc092f702 - core[a373ad73a504971]::result::unwrap_failed
[INFO] [stdout]   12:     0x641fc073f489 - benchmark[14f02609cee7af77]::bench::tasks
[INFO] [stdout]   13:     0x641fc0739ca3 - <benchmark[14f02609cee7af77]::every_reference_checks_and_passes_the_tests_it_is_given::{closure#0} as core[a373ad73a504971]::ops::function::FnOnce<()>>::call_once
[INFO] [stdout]   14:     0x641fc074706b - test[aada8e7e76ba119b]::__rust_begin_short_backtrace::<core[a373ad73a504971]::result::Result<(), alloc[2e1b2a31b91974c5]::string::String>, fn() -> core[a373ad73a504971]::result::Result<(), alloc[2e1b2a31b91974c5]::string::String>>
[INFO] [stdout]   15:     0x641fc0754245 - test[aada8e7e76ba119b]::run_test::{closure#0}
[INFO] [stdout]   16:     0x641fc074db34 - std[617be2ca0a6fd877]::sys::backtrace::__rust_begin_short_backtrace::<test[aada8e7e76ba119b]::run_test::{closure#1}, ()>
[INFO] [stdout]   17:     0x641fc07572d2 - <std[617be2ca0a6fd877]::thread::lifecycle::spawn_unchecked<test[aada8e7e76ba119b]::run_test::{closure#1}, ()>::{closure#1} as core[a373ad73a504971]::ops::function::FnOnce<()>>::call_once::{shim:vtable#0}
[INFO] [stdout]   18:     0x641fc091834f - <std[617be2ca0a6fd877]::sys::thread::unix::Thread>::new::thread_start
[INFO] [stdout]   19:     0x775ded535dfa - <unknown>
[INFO] [stdout]   20:     0x775ded5c93d4 - clone
[INFO] [stdout]   21:                0x0 - <unknown>
[INFO] [stdout] 
[INFO] [stdout] ---- every_task_tests_the_module_the_prompt_asks_for stdout ----
[INFO] [stdout] 
[INFO] [stdout] thread 'every_task_tests_the_module_the_prompt_asks_for' (2919) panicked at tests/../examples/agent_bench.rs:205:10:
[INFO] [stdout] the tasks directory is part of the repository: Os { code: 2, kind: NotFound, message: "No such file or directory" }
[INFO] [stdout] stack backtrace:
[INFO] [stdout]    0:     0x641fc09193a1 - <<std[617be2ca0a6fd877]::sys::backtrace::BacktraceLock>::print::DisplayBacktrace as core[a373ad73a504971]::fmt::Display>::fmt
[INFO] [stdout]    1:     0x641fc092f18a - core[a373ad73a504971]::fmt::write
[INFO] [stdout]    2:     0x641fc091dbcc - <alloc[2e1b2a31b91974c5]::vec::Vec<u8> as core[a373ad73a504971]::io::write::Write>::write_fmt
[INFO] [stdout]    3:     0x641fc08f3376 - std[617be2ca0a6fd877]::panicking::default_hook::{closure#0}
[INFO] [stdout]    4:     0x641fc0910df9 - std[617be2ca0a6fd877]::panicking::default_hook
[INFO] [stdout]    5:     0x641fc0753c20 - test[aada8e7e76ba119b]::test_main_inner::{closure#0}
[INFO] [stdout]    6:     0x641fc0910fb2 - std[617be2ca0a6fd877]::panicking::panic_with_hook
[INFO] [stdout]    7:     0x641fc08f3422 - std[617be2ca0a6fd877]::panicking::panic_handler::{closure#0}
[INFO] [stdout]    8:     0x641fc08ebd39 - std[617be2ca0a6fd877]::sys::backtrace::__rust_end_short_backtrace::<std[617be2ca0a6fd877]::panicking::panic_handler::{closure#0}, !>
[INFO] [stdout]    9:     0x641fc08f421d - __rustc[ea4f61d10b84890b]::rust_begin_unwind
[INFO] [stdout]   10:     0x641fc092f92c - core[a373ad73a504971]::panicking::panic_fmt
[INFO] [stdout]   11:     0x641fc092f702 - core[a373ad73a504971]::result::unwrap_failed
[INFO] [stdout]   12:     0x641fc073f489 - benchmark[14f02609cee7af77]::bench::tasks
[INFO] [stdout]   13:     0x641fc07372a3 - <benchmark[14f02609cee7af77]::every_task_tests_the_module_the_prompt_asks_for::{closure#0} as core[a373ad73a504971]::ops::function::FnOnce<()>>::call_once
[INFO] [stdout]   14:     0x641fc074706b - test[aada8e7e76ba119b]::__rust_begin_short_backtrace::<core[a373ad73a504971]::result::Result<(), alloc[2e1b2a31b91974c5]::string::String>, fn() -> core[a373ad73a504971]::result::Result<(), alloc[2e1b2a31b91974c5]::string::String>>
[INFO] [stdout]   15:     0x641fc0754245 - test[aada8e7e76ba119b]::run_test::{closure#0}
[INFO] [stdout]   16:     0x641fc074db34 - std[617be2ca0a6fd877]::sys::backtrace::__rust_begin_short_backtrace::<test[aada8e7e76ba119b]::run_test::{closure#1}, ()>
[INFO] [stdout]   17:     0x641fc07572d2 - <std[617be2ca0a6fd877]::thread::lifecycle::spawn_unchecked<test[aada8e7e76ba119b]::run_test::{closure#1}, ()>::{closure#1} as core[a373ad73a504971]::ops::function::FnOnce<()>>::call_once::{shim:vtable#0}
[INFO] [stdout]   18:     0x641fc091834f - <std[617be2ca0a6fd877]::sys::thread::unix::Thread>::new::thread_start
[INFO] [stdout]   19:     0x775ded535dfa - <unknown>
[INFO] [stdout]   20:     0x775ded5c93d4 - clone
[INFO] [stdout]   21:                0x0 - <unknown>
[INFO] [stdout] 
[INFO] [stdout] ---- the_published_result_names_every_task_and_no_others stdout ----
[INFO] [stdout] 
[INFO] [stdout] thread 'the_published_result_names_every_task_and_no_others' (2921) panicked at tests/benchmark.rs:466:10:
[INFO] [stdout] benchmarks/RESULTS.md is readable: Os { code: 2, kind: NotFound, message: "No such file or directory" }
[INFO] [stdout] stack backtrace:
[INFO] [stdout]    0:     0x641fc09193a1 - <<std[617be2ca0a6fd877]::sys::backtrace::BacktraceLock>::print::DisplayBacktrace as core[a373ad73a504971]::fmt::Display>::fmt
[INFO] [stdout]    1:     0x641fc092f18a - core[a373ad73a504971]::fmt::write
[INFO] [stdout]    2:     0x641fc091dbcc - <alloc[2e1b2a31b91974c5]::vec::Vec<u8> as core[a373ad73a504971]::io::write::Write>::write_fmt
[INFO] [stdout]    3:     0x641fc08f3376 - std[617be2ca0a6fd877]::panicking::default_hook::{closure#0}
[INFO] [stdout]    4:     0x641fc0910df9 - std[617be2ca0a6fd877]::panicking::default_hook
[INFO] [stdout]    5:     0x641fc0753c20 - test[aada8e7e76ba119b]::test_main_inner::{closure#0}
[INFO] [stdout]    6:     0x641fc0910fb2 - std[617be2ca0a6fd877]::panicking::panic_with_hook
[INFO] [stdout]    7:     0x641fc08f3422 - std[617be2ca0a6fd877]::panicking::panic_handler::{closure#0}
[INFO] [stdout]    8:     0x641fc08ebd39 - std[617be2ca0a6fd877]::sys::backtrace::__rust_end_short_backtrace::<std[617be2ca0a6fd877]::panicking::panic_handler::{closure#0}, !>
[INFO] [stdout]    9:     0x641fc08f421d - __rustc[ea4f61d10b84890b]::rust_begin_unwind
[INFO] [stdout]   10:     0x641fc092f92c - core[a373ad73a504971]::panicking::panic_fmt
[INFO] [stdout]   11:     0x641fc092f702 - core[a373ad73a504971]::result::unwrap_failed
[INFO] [stdout]   12:     0x641fc0735175 - benchmark[14f02609cee7af77]::results
[INFO] [stdout]   13:     0x641fc0739756 - <benchmark[14f02609cee7af77]::the_published_result_names_every_task_and_no_others::{closure#0} as core[a373ad73a504971]::ops::function::FnOnce<()>>::call_once
[INFO] [stdout]   14:     0x641fc074706b - test[aada8e7e76ba119b]::__rust_begin_short_backtrace::<core[a373ad73a504971]::result::Result<(), alloc[2e1b2a31b91974c5]::string::String>, fn() -> core[a373ad73a504971]::result::Result<(), alloc[2e1b2a31b91974c5]::string::String>>
[INFO] [stdout]   15:     0x641fc0754245 - test[aada8e7e76ba119b]::run_test::{closure#0}
[INFO] [stdout]   16:     0x641fc074db34 - std[617be2ca0a6fd877]::sys::backtrace::__rust_begin_short_backtrace::<test[aada8e7e76ba119b]::run_test::{closure#1}, ()>
[INFO] [stdout]   17:     0x641fc07572d2 - <std[617be2ca0a6fd877]::thread::lifecycle::spawn_unchecked<test[aada8e7e76ba119b]::run_test::{closure#1}, ()>::{closure#1} as core[a373ad73a504971]::ops::function::FnOnce<()>>::call_once::{shim:vtable#0}
[INFO] [stdout]   18:     0x641fc091834f - <std[617be2ca0a6fd877]::sys::thread::unix::Thread>::new::thread_start
[INFO] [stdout]   19:     0x775ded535dfa - <unknown>
[INFO] [stdout]   20:     0x775ded5c93d4 - clone
[INFO] [stdout]   21:                0x0 - <unknown>
[INFO] [stdout] 
[INFO] [stdout] ---- no_prompt_hands_over_the_body_of_its_own_answer stdout ----
[INFO] [stdout] 
[INFO] [stdout] thread 'no_prompt_hands_over_the_body_of_its_own_answer' (2920) panicked at tests/../examples/agent_bench.rs:205:10:
[INFO] [stdout] the tasks directory is part of the repository: Os { code: 2, kind: NotFound, message: "No such file or directory" }
[INFO] [stdout] stack backtrace:
[INFO] [stdout]    0:     0x641fc09193a1 - <<std[617be2ca0a6fd877]::sys::backtrace::BacktraceLock>::print::DisplayBacktrace as core[a373ad73a504971]::fmt::Display>::fmt
[INFO] [stdout]    1:     0x641fc092f18a - core[a373ad73a504971]::fmt::write
[INFO] [stdout]    2:     0x641fc091dbcc - <alloc[2e1b2a31b91974c5]::vec::Vec<u8> as core[a373ad73a504971]::io::write::Write>::write_fmt
[INFO] [stdout]    3:     0x641fc08f3376 - std[617be2ca0a6fd877]::panicking::default_hook::{closure#0}
[INFO] [stdout]    4:     0x641fc0910df9 - std[617be2ca0a6fd877]::panicking::default_hook
[INFO] [stdout]    5:     0x641fc0753c20 - test[aada8e7e76ba119b]::test_main_inner::{closure#0}
[INFO] [stdout]    6:     0x641fc0910fb2 - std[617be2ca0a6fd877]::panicking::panic_with_hook
[INFO] [stdout]    7:     0x641fc08f3422 - std[617be2ca0a6fd877]::panicking::panic_handler::{closure#0}
[INFO] [stdout]    8:     0x641fc08ebd39 - std[617be2ca0a6fd877]::sys::backtrace::__rust_end_short_backtrace::<std[617be2ca0a6fd877]::panicking::panic_handler::{closure#0}, !>
[INFO] [stdout]    9:     0x641fc08f421d - __rustc[ea4f61d10b84890b]::rust_begin_unwind
[INFO] [stdout]   10:     0x641fc092f92c - core[a373ad73a504971]::panicking::panic_fmt
[INFO] [stdout]   11:     0x641fc092f702 - core[a373ad73a504971]::result::unwrap_failed
[INFO] [stdout]   12:     0x641fc073f489 - benchmark[14f02609cee7af77]::bench::tasks
[INFO] [stdout]   13:     0x641fc0737963 - <benchmark[14f02609cee7af77]::no_prompt_hands_over_the_body_of_its_own_answer::{closure#0} as core[a373ad73a504971]::ops::function::FnOnce<()>>::call_once
[INFO] [stdout]   14:     0x641fc074706b - test[aada8e7e76ba119b]::__rust_begin_short_backtrace::<core[a373ad73a504971]::result::Result<(), alloc[2e1b2a31b91974c5]::string::String>, fn() -> core[a373ad73a504971]::result::Result<(), alloc[2e1b2a31b91974c5]::string::String>>
[INFO] [stdout]   15:     0x641fc0754245 - test[aada8e7e76ba119b]::run_test::{closure#0}
[INFO] [stdout]   16:     0x641fc074db34 - std[617be2ca0a6fd877]::sys::backtrace::__rust_begin_short_backtrace::<test[aada8e7e76ba119b]::run_test::{closure#1}, ()>
[INFO] [stdout]   17:     0x641fc07572d2 - <std[617be2ca0a6fd877]::thread::lifecycle::spawn_unchecked<test[aada8e7e76ba119b]::run_test::{closure#1}, ()>::{closure#1} as core[a373ad73a504971]::ops::function::FnOnce<()>>::call_once::{shim:vtable#0}
[INFO] [stdout]   18:     0x641fc091834f - <std[617be2ca0a6fd877]::sys::thread::unix::Thread>::new::thread_start
[INFO] [stdout]   19:     0x775ded535dfa - <unknown>
[INFO] [stdout]   20:     0x775ded5c93d4 - clone
[INFO] [stdout]   21:                0x0 - <unknown>
[INFO] [stdout] 
[INFO] [stdout] ---- the_tasks_between_them_reach_the_features_the_language_is_about stdout ----
[INFO] [stdout] 
[INFO] [stdout] thread 'the_tasks_between_them_reach_the_features_the_language_is_about' (2926) panicked at tests/../examples/agent_bench.rs:205:10:
[INFO] [stdout] the tasks directory is part of the repository: Os { code: 2, kind: NotFound, message: "No such file or directory" }
[INFO] [stdout] stack backtrace:
[INFO] [stdout]    0:     0x641fc09193a1 - <<std[617be2ca0a6fd877]::sys::backtrace::BacktraceLock>::print::DisplayBacktrace as core[a373ad73a504971]::fmt::Display>::fmt
[INFO] [stdout]    1:     0x641fc092f18a - core[a373ad73a504971]::fmt::write
[INFO] [stdout]    2:     0x641fc091dbcc - <alloc[2e1b2a31b91974c5]::vec::Vec<u8> as core[a373ad73a504971]::io::write::Write>::write_fmt
[INFO] [stdout]    3:     0x641fc08f3376 - std[617be2ca0a6fd877]::panicking::default_hook::{closure#0}
[INFO] [stdout]    4:     0x641fc0910df9 - std[617be2ca0a6fd877]::panicking::default_hook
[INFO] [stdout]    5:     0x641fc0753c20 - test[aada8e7e76ba119b]::test_main_inner::{closure#0}
[INFO] [stdout]    6:     0x641fc0910fb2 - std[617be2ca0a6fd877]::panicking::panic_with_hook
[INFO] [stdout]    7:     0x641fc08f3422 - std[617be2ca0a6fd877]::panicking::panic_handler::{closure#0}
[INFO] [stdout]    8:     0x641fc08ebd39 - std[617be2ca0a6fd877]::sys::backtrace::__rust_end_short_backtrace::<std[617be2ca0a6fd877]::panicking::panic_handler::{closure#0}, !>
[INFO] [stdout]    9:     0x641fc08f421d - __rustc[ea4f61d10b84890b]::rust_begin_unwind
[INFO] [stdout]   10:     0x641fc092f92c - core[a373ad73a504971]::panicking::panic_fmt
[INFO] [stdout]   11:     0x641fc092f702 - core[a373ad73a504971]::result::unwrap_failed
[INFO] [stdout]   12:     0x641fc073f489 - benchmark[14f02609cee7af77]::bench::tasks
[INFO] [stdout]   13:     0x641fc073ad49 - <benchmark[14f02609cee7af77]::the_tasks_between_them_reach_the_features_the_language_is_about::{closure#0} as core[a373ad73a504971]::ops::function::FnOnce<()>>::call_once
[INFO] [stdout]   14:     0x641fc074706b - test[aada8e7e76ba119b]::__rust_begin_short_backtrace::<core[a373ad73a504971]::result::Result<(), alloc[2e1b2a31b91974c5]::string::String>, fn() -> core[a373ad73a504971]::result::Result<(), alloc[2e1b2a31b91974c5]::string::String>>
[INFO] [stdout]   15:     0x641fc0754245 - test[aada8e7e76ba119b]::run_test::{closure#0}
[INFO] [stdout]   16:     0x641fc074db34 - std[617be2ca0a6fd877]::sys::backtrace::__rust_begin_short_backtrace::<test[aada8e7e76ba119b]::run_test::{closure#1}, ()>
[INFO] [stdout]   17:     0x641fc07572d2 - <std[617be2ca0a6fd877]::thread::lifecycle::spawn_unchecked<test[aada8e7e76ba119b]::run_test::{closure#1}, ()>::{closure#1} as core[a373ad73a504971]::ops::function::FnOnce<()>>::call_once::{shim:vtable#0}
[INFO] [stdout]   18:     0x641fc091834f - <std[617be2ca0a6fd877]::sys::thread::unix::Thread>::new::thread_start
[INFO] [stdout]   19:     0x775ded535dfa - <unknown>
[INFO] [stdout]   20:     0x775ded5c93d4 - clone
[INFO] [stdout]   21:                0x0 - <unknown>
[INFO] [stdout] 
[INFO] [stdout] ---- the_readme_says_what_asking_for_no_tests_costs stdout ----
[INFO] [stdout] 
[INFO] [stdout] thread 'the_readme_says_what_asking_for_no_tests_costs' (2925) panicked at tests/../examples/agent_bench.rs:205:10:
[INFO] [stdout] the tasks directory is part of the repository: Os { code: 2, kind: NotFound, message: "No such file or directory" }
[INFO] [stdout] stack backtrace:
[INFO] [stdout]    0:     0x641fc09193a1 - <<std[617be2ca0a6fd877]::sys::backtrace::BacktraceLock>::print::DisplayBacktrace as core[a373ad73a504971]::fmt::Display>::fmt
[INFO] [stdout]    1:     0x641fc092f18a - core[a373ad73a504971]::fmt::write
[INFO] [stdout]    2:     0x641fc091dbcc - <alloc[2e1b2a31b91974c5]::vec::Vec<u8> as core[a373ad73a504971]::io::write::Write>::write_fmt
[INFO] [stdout]    3:     0x641fc08f3376 - std[617be2ca0a6fd877]::panicking::default_hook::{closure#0}
[INFO] [stdout]    4:     0x641fc0910df9 - std[617be2ca0a6fd877]::panicking::default_hook
[INFO] [stdout]    5:     0x641fc0753c20 - test[aada8e7e76ba119b]::test_main_inner::{closure#0}
[INFO] [stdout]    6:     0x641fc0910fb2 - std[617be2ca0a6fd877]::panicking::panic_with_hook
[INFO] [stdout]    7:     0x641fc08f3422 - std[617be2ca0a6fd877]::panicking::panic_handler::{closure#0}
[INFO] [stdout]    8:     0x641fc08ebd39 - std[617be2ca0a6fd877]::sys::backtrace::__rust_end_short_backtrace::<std[617be2ca0a6fd877]::panicking::panic_handler::{closure#0}, !>
[INFO] [stdout]    9:     0x641fc08f421d - __rustc[ea4f61d10b84890b]::rust_begin_unwind
[INFO] [stdout]   10:     0x641fc092f92c - core[a373ad73a504971]::panicking::panic_fmt
[INFO] [stdout]   11:     0x641fc092f702 - core[a373ad73a504971]::result::unwrap_failed
[INFO] [stdout]   12:     0x641fc073f489 - benchmark[14f02609cee7af77]::bench::tasks
[INFO] [stdout]   13:     0x641fc0736903 - <benchmark[14f02609cee7af77]::the_readme_says_what_asking_for_no_tests_costs::{closure#0} as core[a373ad73a504971]::ops::function::FnOnce<()>>::call_once
[INFO] [stdout]   14:     0x641fc074706b - test[aada8e7e76ba119b]::__rust_begin_short_backtrace::<core[a373ad73a504971]::result::Result<(), alloc[2e1b2a31b91974c5]::string::String>, fn() -> core[a373ad73a504971]::result::Result<(), alloc[2e1b2a31b91974c5]::string::String>>
[INFO] [stdout]   15:     0x641fc0754245 - test[aada8e7e76ba119b]::run_test::{closure#0}
[INFO] [stdout]   16:     0x641fc074db34 - std[617be2ca0a6fd877]::sys::backtrace::__rust_begin_short_backtrace::<test[aada8e7e76ba119b]::run_test::{closure#1}, ()>
[INFO] [stdout]   17:     0x641fc07572d2 - <std[617be2ca0a6fd877]::thread::lifecycle::spawn_unchecked<test[aada8e7e76ba119b]::run_test::{closure#1}, ()>::{closure#1} as core[a373ad73a504971]::ops::function::FnOnce<()>>::call_once::{shim:vtable#0}
[INFO] [stdout]   18:     0x641fc091834f - <std[617be2ca0a6fd877]::sys::thread::unix::Thread>::new::thread_start
[INFO] [stdout]   19:     0x775ded535dfa - <unknown>
[INFO] [stdout]   20:     0x775ded5c93d4 - clone
[INFO] [stdout]   21:                0x0 - <unknown>
[INFO] [stdout] 
[INFO] [stdout] ---- the_published_result_quotes_codes_that_still_exist stdout ----
[INFO] [stdout] 
[INFO] [stdout] thread 'the_published_result_quotes_codes_that_still_exist' (2922) panicked at tests/benchmark.rs:466:10:
[INFO] [stdout] benchmarks/RESULTS.md is readable: Os { code: 2, kind: NotFound, message: "No such file or directory" }
[INFO] [stdout] stack backtrace:
[INFO] [stdout]    0:     0x641fc09193a1 - <<std[617be2ca0a6fd877]::sys::backtrace::BacktraceLock>::print::DisplayBacktrace as core[a373ad73a504971]::fmt::Display>::fmt
[INFO] [stdout]    1:     0x641fc092f18a - core[a373ad73a504971]::fmt::write
[INFO] [stdout]    2:     0x641fc091dbcc - <alloc[2e1b2a31b91974c5]::vec::Vec<u8> as core[a373ad73a504971]::io::write::Write>::write_fmt
[INFO] [stdout]    3:     0x641fc08f3376 - std[617be2ca0a6fd877]::panicking::default_hook::{closure#0}
[INFO] [stdout]    4:     0x641fc0910df9 - std[617be2ca0a6fd877]::panicking::default_hook
[INFO] [stdout]    5:     0x641fc0753c20 - test[aada8e7e76ba119b]::test_main_inner::{closure#0}
[INFO] [stdout]    6:     0x641fc0910fb2 - std[617be2ca0a6fd877]::panicking::panic_with_hook
[INFO] [stdout]    7:     0x641fc08f3422 - std[617be2ca0a6fd877]::panicking::panic_handler::{closure#0}
[INFO] [stdout]    8:     0x641fc08ebd39 - std[617be2ca0a6fd877]::sys::backtrace::__rust_end_short_backtrace::<std[617be2ca0a6fd877]::panicking::panic_handler::{closure#0}, !>
[INFO] [stdout]    9:     0x641fc08f421d - __rustc[ea4f61d10b84890b]::rust_begin_unwind
[INFO] [stdout]   10:     0x641fc092f92c - core[a373ad73a504971]::panicking::panic_fmt
[INFO] [stdout]   11:     0x641fc092f702 - core[a373ad73a504971]::result::unwrap_failed
[INFO] [stdout]   12:     0x641fc0735175 - benchmark[14f02609cee7af77]::results
[INFO] [stdout]   13:     0x641fc0738b6e - <benchmark[14f02609cee7af77]::the_published_result_quotes_codes_that_still_exist::{closure#0} as core[a373ad73a504971]::ops::function::FnOnce<()>>::call_once
[INFO] [stdout]   14:     0x641fc074706b - test[aada8e7e76ba119b]::__rust_begin_short_backtrace::<core[a373ad73a504971]::result::Result<(), alloc[2e1b2a31b91974c5]::string::String>, fn() -> core[a373ad73a504971]::result::Result<(), alloc[2e1b2a31b91974c5]::string::String>>
[INFO] [stdout]   15:     0x641fc0754245 - test[aada8e7e76ba119b]::run_test::{closure#0}
[INFO] [stdout]   16:     0x641fc074db34 - std[617be2ca0a6fd877]::sys::backtrace::__rust_begin_short_backtrace::<test[aada8e7e76ba119b]::run_test::{closure#1}, ()>
[INFO] [stdout]   17:     0x641fc07572d2 - <std[617be2ca0a6fd877]::thread::lifecycle::spawn_unchecked<test[aada8e7e76ba119b]::run_test::{closure#1}, ()>::{closure#1} as core[a373ad73a504971]::ops::function::FnOnce<()>>::call_once::{shim:vtable#0}
[INFO] [stdout]   18:     0x641fc091834f - <std[617be2ca0a6fd877]::sys::thread::unix::Thread>::new::thread_start
[INFO] [stdout]   19:     0x775ded535dfa - <unknown>
[INFO] [stdout]   20:     0x775ded5c93d4 - clone
[INFO] [stdout]   21:                0x0 - <unknown>
[INFO] [stdout] 
[INFO] [stdout] ---- the_readme_points_at_the_published_result stdout ----
[INFO] [stdout] 
[INFO] [stdout] thread 'the_readme_points_at_the_published_result' (2924) panicked at tests/benchmark.rs:457:10:
[INFO] [stdout] the README is readable: Os { code: 2, kind: NotFound, message: "No such file or directory" }
[INFO] [stdout] stack backtrace:
[INFO] [stdout]    0:     0x641fc09193a1 - <<std[617be2ca0a6fd877]::sys::backtrace::BacktraceLock>::print::DisplayBacktrace as core[a373ad73a504971]::fmt::Display>::fmt
[INFO] [stdout]    1:     0x641fc092f18a - core[a373ad73a504971]::fmt::write
[INFO] [stdout]    2:     0x641fc091dbcc - <alloc[2e1b2a31b91974c5]::vec::Vec<u8> as core[a373ad73a504971]::io::write::Write>::write_fmt
[INFO] [stdout]    3:     0x641fc08f3376 - std[617be2ca0a6fd877]::panicking::default_hook::{closure#0}
[INFO] [stdout]    4:     0x641fc0910df9 - std[617be2ca0a6fd877]::panicking::default_hook
[INFO] [stdout]    5:     0x641fc0753c20 - test[aada8e7e76ba119b]::test_main_inner::{closure#0}
[INFO] [stdout]    6:     0x641fc0910fb2 - std[617be2ca0a6fd877]::panicking::panic_with_hook
[INFO] [stdout]    7:     0x641fc08f3422 - std[617be2ca0a6fd877]::panicking::panic_handler::{closure#0}
[INFO] [stdout]    8:     0x641fc08ebd39 - std[617be2ca0a6fd877]::sys::backtrace::__rust_end_short_backtrace::<std[617be2ca0a6fd877]::panicking::panic_handler::{closure#0}, !>
[INFO] [stdout]    9:     0x641fc08f421d - __rustc[ea4f61d10b84890b]::rust_begin_unwind
[INFO] [stdout]   10:     0x641fc092f92c - core[a373ad73a504971]::panicking::panic_fmt
[INFO] [stdout]   11:     0x641fc092f702 - core[a373ad73a504971]::result::unwrap_failed
[INFO] [stdout]   12:     0x641fc07361ba - <benchmark[14f02609cee7af77]::the_readme_points_at_the_published_result::{closure#0} as core[a373ad73a504971]::ops::function::FnOnce<()>>::call_once
[INFO] [stdout]   13:     0x641fc074706b - test[aada8e7e76ba119b]::__rust_begin_short_backtrace::<core[a373ad73a504971]::result::Result<(), alloc[2e1b2a31b91974c5]::string::String>, fn() -> core[a373ad73a504971]::result::Result<(), alloc[2e1b2a31b91974c5]::string::String>>
[INFO] [stdout]   14:     0x641fc0754245 - test[aada8e7e76ba119b]::run_test::{closure#0}
[INFO] [stdout]   15:     0x641fc074db34 - std[617be2ca0a6fd877]::sys::backtrace::__rust_begin_short_backtrace::<test[aada8e7e76ba119b]::run_test::{closure#1}, ()>
[INFO] [stdout]   16:     0x641fc07572d2 - <std[617be2ca0a6fd877]::thread::lifecycle::spawn_unchecked<test[aada8e7e76ba119b]::run_test::{closure#1}, ()>::{closure#1} as core[a373ad73a504971]::ops::function::FnOnce<()>>::call_once::{shim:vtable#0}
[INFO] [stdout]   17:     0x641fc091834f - <std[617be2ca0a6fd877]::sys::thread::unix::Thread>::new::thread_start
[INFO] [stdout]   18:     0x775ded535dfa - <unknown>
[INFO] [stdout]   19:     0x775ded5c93d4 - clone
[INFO] [stdout]   20:                0x0 - <unknown>
[INFO] [stdout] 
[INFO] [stdout] ---- a_rejected_answer_measures_nothing_beyond_the_first_column stdout ----
[INFO] [stdout] 
[INFO] [stdout] thread 'a_rejected_answer_measures_nothing_beyond_the_first_column' (2914) panicked at tests/../examples/agent_bench.rs:122:61:
[INFO] [stdout] every task has its checks: Os { code: 2, kind: NotFound, message: "No such file or directory" }
[INFO] [stdout] stack backtrace:
[INFO] [stdout]    0:     0x641fc09193a1 - <<std[617be2ca0a6fd877]::sys::backtrace::BacktraceLock>::print::DisplayBacktrace as core[a373ad73a504971]::fmt::Display>::fmt
[INFO] [stdout]    1:     0x641fc092f18a - core[a373ad73a504971]::fmt::write
[INFO] [stdout]    2:     0x641fc091dbcc - <alloc[2e1b2a31b91974c5]::vec::Vec<u8> as core[a373ad73a504971]::io::write::Write>::write_fmt
[INFO] [stdout]    3:     0x641fc08f3376 - std[617be2ca0a6fd877]::panicking::default_hook::{closure#0}
[INFO] [stdout]    4:     0x641fc0910df9 - std[617be2ca0a6fd877]::panicking::default_hook
[INFO] [stdout]    5:     0x641fc0753c20 - test[aada8e7e76ba119b]::test_main_inner::{closure#0}
[INFO] [stdout]    6:     0x641fc0910fb2 - std[617be2ca0a6fd877]::panicking::panic_with_hook
[INFO] [stdout]    7:     0x641fc08f3422 - std[617be2ca0a6fd877]::panicking::panic_handler::{closure#0}
[INFO] [stdout]    8:     0x641fc08ebd39 - std[617be2ca0a6fd877]::sys::backtrace::__rust_end_short_backtrace::<std[617be2ca0a6fd877]::panicking::panic_handler::{closure#0}, !>
[INFO] [stdout]    9:     0x641fc08f421d - __rustc[ea4f61d10b84890b]::rust_begin_unwind
[INFO] [stdout]   10:     0x641fc092f92c - core[a373ad73a504971]::panicking::panic_fmt
[INFO] [stdout]   11:     0x641fc092f702 - core[a373ad73a504971]::result::unwrap_failed
[INFO] [stdout]   12:     0x641fc073ef01 - benchmark[14f02609cee7af77]::bench::score
[INFO] [stdout]   13:     0x641fc073a9e7 - <benchmark[14f02609cee7af77]::a_rejected_answer_measures_nothing_beyond_the_first_column::{closure#0} as core[a373ad73a504971]::ops::function::FnOnce<()>>::call_once
[INFO] [stdout]   14:     0x641fc074706b - test[aada8e7e76ba119b]::__rust_begin_short_backtrace::<core[a373ad73a504971]::result::Result<(), alloc[2e1b2a31b91974c5]::string::String>, fn() -> core[a373ad73a504971]::result::Result<(), alloc[2e1b2a31b91974c5]::string::String>>
[INFO] [stdout]   15:     0x641fc0754245 - test[aada8e7e76ba119b]::run_test::{closure#0}
[INFO] [stdout]   16:     0x641fc074db34 - std[617be2ca0a6fd877]::sys::backtrace::__rust_begin_short_backtrace::<test[aada8e7e76ba119b]::run_test::{closure#1}, ()>
[INFO] [stdout]   17:     0x641fc07572d2 - <std[617be2ca0a6fd877]::thread::lifecycle::spawn_unchecked<test[aada8e7e76ba119b]::run_test::{closure#1}, ()>::{closure#1} as core[a373ad73a504971]::ops::function::FnOnce<()>>::call_once::{shim:vtable#0}
[INFO] [stdout]   18:     0x641fc091834f - <std[617be2ca0a6fd877]::sys::thread::unix::Thread>::new::thread_start
[INFO] [stdout]   19:     0x775ded535dfa - <unknown>
[INFO] [stdout]   20:     0x775ded5c93d4 - clone
[INFO] [stdout]   21:                0x0 - <unknown>
[INFO] [stdout] 
[INFO] [stdout] ---- the_published_tool_counts_add_up_to_the_total_it_claims stdout ----
[INFO] [stdout] 
[INFO] [stdout] thread 'the_published_tool_counts_add_up_to_the_total_it_claims' (2923) panicked at tests/benchmark.rs:466:10:
[INFO] [stdout] benchmarks/RESULTS.md is readable: Os { code: 2, kind: NotFound, message: "No such file or directory" }
[INFO] [stdout] stack backtrace:
[INFO] [stdout]    0:     0x641fc09193a1 - <<std[617be2ca0a6fd877]::sys::backtrace::BacktraceLock>::print::DisplayBacktrace as core[a373ad73a504971]::fmt::Display>::fmt
[INFO] [stdout]    1:     0x641fc092f18a - core[a373ad73a504971]::fmt::write
[INFO] [stdout]    2:     0x641fc091dbcc - <alloc[2e1b2a31b91974c5]::vec::Vec<u8> as core[a373ad73a504971]::io::write::Write>::write_fmt
[INFO] [stdout]    3:     0x641fc08f3376 - std[617be2ca0a6fd877]::panicking::default_hook::{closure#0}
[INFO] [stdout]    4:     0x641fc0910df9 - std[617be2ca0a6fd877]::panicking::default_hook
[INFO] [stdout]    5:     0x641fc0753c20 - test[aada8e7e76ba119b]::test_main_inner::{closure#0}
[INFO] [stdout]    6:     0x641fc0910fb2 - std[617be2ca0a6fd877]::panicking::panic_with_hook
[INFO] [stdout]    7:     0x641fc08f3422 - std[617be2ca0a6fd877]::panicking::panic_handler::{closure#0}
[INFO] [stdout]    8:     0x641fc08ebd39 - std[617be2ca0a6fd877]::sys::backtrace::__rust_end_short_backtrace::<std[617be2ca0a6fd877]::panicking::panic_handler::{closure#0}, !>
[INFO] [stdout]    9:     0x641fc08f421d - __rustc[ea4f61d10b84890b]::rust_begin_unwind
[INFO] [stdout]   10:     0x641fc092f92c - core[a373ad73a504971]::panicking::panic_fmt
[INFO] [stdout]   11:     0x641fc092f702 - core[a373ad73a504971]::result::unwrap_failed
[INFO] [stdout]   12:     0x641fc0735175 - benchmark[14f02609cee7af77]::results
[INFO] [stdout]   13:     0x641fc073a480 - <benchmark[14f02609cee7af77]::the_published_tool_counts_add_up_to_the_total_it_claims::{closure#0} as core[a373ad73a504971]::ops::function::FnOnce<()>>::call_once
[INFO] [stdout]   14:     0x641fc074706b - test[aada8e7e76ba119b]::__rust_begin_short_backtrace::<core[a373ad73a504971]::result::Result<(), alloc[2e1b2a31b91974c5]::string::String>, fn() -> core[a373ad73a504971]::result::Result<(), alloc[2e1b2a31b91974c5]::string::String>>
[INFO] [stdout]   15:     0x641fc0754245 - test[aada8e7e76ba119b]::run_test::{closure#0}
[INFO] [stdout]   16:     0x641fc074db34 - std[617be2ca0a6fd877]::sys::backtrace::__rust_begin_short_backtrace::<test[aada8e7e76ba119b]::run_test::{closure#1}, ()>
[INFO] [stdout]   17:     0x641fc07572d2 - <std[617be2ca0a6fd877]::thread::lifecycle::spawn_unchecked<test[aada8e7e76ba119b]::run_test::{closure#1}, ()>::{closure#1} as core[a373ad73a504971]::ops::function::FnOnce<()>>::call_once::{shim:vtable#0}
[INFO] [stdout]   18:     0x641fc091834f - <std[617be2ca0a6fd877]::sys::thread::unix::Thread>::new::thread_start
[INFO] [stdout]   19:     0x775ded535dfa - <unknown>
[INFO] [stdout]   20:     0x775ded5c93d4 - clone
[INFO] [stdout]   21:                0x0 - <unknown>
[INFO] [stdout] 
[INFO] [stdout] ---- an_answer_that_does_not_check_is_not_a_pass stdout ----
[INFO] [stdout] 
[INFO] [stdout] thread 'an_answer_that_does_not_check_is_not_a_pass' (2916) panicked at tests/../examples/agent_bench.rs:205:10:
[INFO] [stdout] the tasks directory is part of the repository: Os { code: 2, kind: NotFound, message: "No such file or directory" }
[INFO] [stdout] stack backtrace:
[INFO] [stdout]    0:     0x641fc09193a1 - <<std[617be2ca0a6fd877]::sys::backtrace::BacktraceLock>::print::DisplayBacktrace as core[a373ad73a504971]::fmt::Display>::fmt
[INFO] [stdout]    1:     0x641fc092f18a - core[a373ad73a504971]::fmt::write
[INFO] [stdout]    2:     0x641fc091dbcc - <alloc[2e1b2a31b91974c5]::vec::Vec<u8> as core[a373ad73a504971]::io::write::Write>::write_fmt
[INFO] [stdout]    3:     0x641fc08f3376 - std[617be2ca0a6fd877]::panicking::default_hook::{closure#0}
[INFO] [stdout]    4:     0x641fc0910df9 - std[617be2ca0a6fd877]::panicking::default_hook
[INFO] [stdout]    5:     0x641fc0753c20 - test[aada8e7e76ba119b]::test_main_inner::{closure#0}
[INFO] [stdout]    6:     0x641fc0910fb2 - std[617be2ca0a6fd877]::panicking::panic_with_hook
[INFO] [stdout]    7:     0x641fc08f3422 - std[617be2ca0a6fd877]::panicking::panic_handler::{closure#0}
[INFO] [stdout]    8:     0x641fc08ebd39 - std[617be2ca0a6fd877]::sys::backtrace::__rust_end_short_backtrace::<std[617be2ca0a6fd877]::panicking::panic_handler::{closure#0}, !>
[INFO] [stdout]    9:     0x641fc08f421d - __rustc[ea4f61d10b84890b]::rust_begin_unwind
[INFO] [stdout]   10:     0x641fc092f92c - core[a373ad73a504971]::panicking::panic_fmt
[INFO] [stdout]   11:     0x641fc092f702 - core[a373ad73a504971]::result::unwrap_failed
[INFO] [stdout]   12:     0x641fc073f489 - benchmark[14f02609cee7af77]::bench::tasks
[INFO] [stdout]   13:     0x641fc07362a3 - <benchmark[14f02609cee7af77]::an_answer_that_does_not_check_is_not_a_pass::{closure#0} as core[a373ad73a504971]::ops::function::FnOnce<()>>::call_once
[INFO] [stdout]   14:     0x641fc074706b - test[aada8e7e76ba119b]::__rust_begin_short_backtrace::<core[a373ad73a504971]::result::Result<(), alloc[2e1b2a31b91974c5]::string::String>, fn() -> core[a373ad73a504971]::result::Result<(), alloc[2e1b2a31b91974c5]::string::String>>
[INFO] [stdout]   15:     0x641fc0754245 - test[aada8e7e76ba119b]::run_test::{closure#0}
[INFO] [stdout]   16:     0x641fc074db34 - std[617be2ca0a6fd877]::sys::backtrace::__rust_begin_short_backtrace::<test[aada8e7e76ba119b]::run_test::{closure#1}, ()>
[INFO] [stdout]   17:     0x641fc07572d2 - <std[617be2ca0a6fd877]::thread::lifecycle::spawn_unchecked<test[aada8e7e76ba119b]::run_test::{closure#1}, ()>::{closure#1} as core[a373ad73a504971]::ops::function::FnOnce<()>>::call_once::{shim:vtable#0}
[INFO] [stdout]   18:     0x641fc091834f - <std[617be2ca0a6fd877]::sys::thread::unix::Thread>::new::thread_start
[INFO] [stdout]   19:     0x775ded535dfa - <unknown>
[INFO] [stdout]   20:     0x775ded5c93d4 - clone
[INFO] [stdout]   21:                0x0 - <unknown>
[INFO] [stdout] 
[INFO] [stdout] ---- an_answer_that_compiles_and_is_wrong_is_not_a_pass stdout ----
[INFO] [stdout] 
[INFO] [stdout] thread 'an_answer_that_compiles_and_is_wrong_is_not_a_pass' (2915) panicked at tests/../examples/agent_bench.rs:205:10:
[INFO] [stdout] the tasks directory is part of the repository: Os { code: 2, kind: NotFound, message: "No such file or directory" }
[INFO] [stdout] stack backtrace:
[INFO] [stdout]    0:     0x641fc09193a1 - <<std[617be2ca0a6fd877]::sys::backtrace::BacktraceLock>::print::DisplayBacktrace as core[a373ad73a504971]::fmt::Display>::fmt
[INFO] [stdout]    1:     0x641fc092f18a - core[a373ad73a504971]::fmt::write
[INFO] [stdout]    2:     0x641fc091dbcc - <alloc[2e1b2a31b91974c5]::vec::Vec<u8> as core[a373ad73a504971]::io::write::Write>::write_fmt
[INFO] [stdout]    3:     0x641fc08f3376 - std[617be2ca0a6fd877]::panicking::default_hook::{closure#0}
[INFO] [stdout]    4:     0x641fc0910df9 - std[617be2ca0a6fd877]::panicking::default_hook
[INFO] [stdout]    5:     0x641fc0753c20 - test[aada8e7e76ba119b]::test_main_inner::{closure#0}
[INFO] [stdout]    6:     0x641fc0910fb2 - std[617be2ca0a6fd877]::panicking::panic_with_hook
[INFO] [stdout]    7:     0x641fc08f3422 - std[617be2ca0a6fd877]::panicking::panic_handler::{closure#0}
[INFO] [stdout]    8:     0x641fc08ebd39 - std[617be2ca0a6fd877]::sys::backtrace::__rust_end_short_backtrace::<std[617be2ca0a6fd877]::panicking::panic_handler::{closure#0}, !>
[INFO] [stdout]    9:     0x641fc08f421d - __rustc[ea4f61d10b84890b]::rust_begin_unwind
[INFO] [stdout]   10:     0x641fc092f92c - core[a373ad73a504971]::panicking::panic_fmt
[INFO] [stdout]   11:     0x641fc092f702 - core[a373ad73a504971]::result::unwrap_failed
[INFO] [stdout]   12:     0x641fc073f489 - benchmark[14f02609cee7af77]::bench::tasks
[INFO] [stdout]   13:     0x641fc07381a0 - <benchmark[14f02609cee7af77]::an_answer_that_compiles_and_is_wrong_is_not_a_pass::{closure#0} as core[a373ad73a504971]::ops::function::FnOnce<()>>::call_once
[INFO] [stdout]   14:     0x641fc074706b - test[aada8e7e76ba119b]::__rust_begin_short_backtrace::<core[a373ad73a504971]::result::Result<(), alloc[2e1b2a31b91974c5]::string::String>, fn() -> core[a373ad73a504971]::result::Result<(), alloc[2e1b2a31b91974c5]::string::String>>
[INFO] [stdout]   15:     0x641fc0754245 - test[aada8e7e76ba119b]::run_test::{closure#0}
[INFO] [stdout]   16:     0x641fc074db34 - std[617be2ca0a6fd877]::sys::backtrace::__rust_begin_short_backtrace::<test[aada8e7e76ba119b]::run_test::{closure#1}, ()>
[INFO] [stdout]   17:     0x641fc07572d2 - <std[617be2ca0a6fd877]::thread::lifecycle::spawn_unchecked<test[aada8e7e76ba119b]::run_test::{closure#1}, ()>::{closure#1} as core[a373ad73a504971]::ops::function::FnOnce<()>>::call_once::{shim:vtable#0}
[INFO] [stdout]   18:     0x641fc091834f - <std[617be2ca0a6fd877]::sys::thread::unix::Thread>::new::thread_start
[INFO] [stdout]   19:     0x775ded535dfa - <unknown>
[INFO] [stdout]   20:     0x775ded5c93d4 - clone
[INFO] [stdout]   21:                0x0 - <unknown>
[INFO] [stdout] 
[INFO] [stdout] 
[INFO] [stdout] failures:
[INFO] [stdout]     a_rejected_answer_measures_nothing_beyond_the_first_column
[INFO] [stdout]     an_answer_that_compiles_and_is_wrong_is_not_a_pass
[INFO] [stdout]     an_answer_that_does_not_check_is_not_a_pass
[INFO] [stdout]     every_reference_checks_and_passes_the_tests_it_is_given
[INFO] [stdout]     every_task_has_a_prompt_its_own_tests_and_an_answer
[INFO] [stdout]     every_task_tests_the_module_the_prompt_asks_for
[INFO] [stdout]     no_prompt_hands_over_the_body_of_its_own_answer
[INFO] [stdout]     the_published_result_names_every_task_and_no_others
[INFO] [stdout]     the_published_result_quotes_codes_that_still_exist
[INFO] [stdout]     the_published_tool_counts_add_up_to_the_total_it_claims
[INFO] [stdout]     the_readme_points_at_the_published_result
[INFO] [stdout]     the_readme_says_what_asking_for_no_tests_costs
[INFO] [stdout]     the_tasks_between_them_reach_the_features_the_language_is_about
[INFO] [stdout] 
[INFO] [stdout] test result: FAILED. 0 passed; 13 failed; 0 ignored; 0 measured; 0 filtered out; finished in 0.04s
[INFO] [stdout] 
[INFO] [stderr] error: test failed, to rerun pass `--test benchmark`
[INFO] running `Command { std: "docker" "inspect" "024cdd592839b7001a2e247f540b137532e6d8b3df39442910c0e0cc9051d2fb", kill_on_drop: false }`
[INFO] running `Command { std: "docker" "rm" "-f" "024cdd592839b7001a2e247f540b137532e6d8b3df39442910c0e0cc9051d2fb", kill_on_drop: false }`
[INFO] [stdout] 024cdd592839b7001a2e247f540b137532e6d8b3df39442910c0e0cc9051d2fb
