[INFO] fetching crate dee-config-gen 0.1.4...
[INFO] testing dee-config-gen-0.1.4 against 1.100.0-beta.1+cargoflags=--release for beta-release-1.100-2
[INFO] extracting crate dee-config-gen 0.1.4 into /workspace/builds/worker-7-tc2/source
[INFO] started tweaking crates.io crate dee-config-gen 0.1.4
[INFO] removed 0 missing tests
[INFO] finished tweaking crates.io crate dee-config-gen 0.1.4
[INFO] tweaked toml for crates.io crate dee-config-gen 0.1.4 written to /workspace/builds/worker-7-tc2/source/Cargo.toml
[INFO] validating manifest of crates.io crate dee-config-gen 0.1.4 on toolchain 1.100.0-beta.1
[INFO] running `Command { std: CARGO_HOME="/workspace/cargo-home" RUSTUP_HOME="/workspace/rustup-home" "/workspace/cargo-home/bin/cargo" "+1.100.0-beta.1" "metadata" "--manifest-path" "Cargo.toml" "--no-deps", kill_on_drop: false }`
[INFO] crate crates.io crate dee-config-gen 0.1.4 already has a lockfile, it will not be regenerated
[INFO] running `Command { std: CARGO_HOME="/workspace/cargo-home" RUSTUP_HOME="/workspace/rustup-home" "/workspace/cargo-home/bin/cargo" "+1.100.0-beta.1" "fetch" "--manifest-path" "Cargo.toml", kill_on_drop: false }`
[INFO] running `Command { std: "docker" "create" "-v" "/var/lib/crater-agent-workspace/builds/worker-7-tc2/source:/opt/rustwide/workdir:ro,Z" "-v" "/var/lib/crater-agent-workspace/builds/worker-7-tc2/target:/opt/rustwide/target:rw,Z" "-v" "/var/lib/crater-agent-workspace/cargo-home:/opt/rustwide/cargo-home:ro,Z" "-v" "/var/lib/crater-agent-workspace/rustup-home:/opt/rustwide/rustup-home:ro,Z" "-m" "1610612736" "--network" "none" "ghcr.io/rust-lang/crates-build-env/linux@sha256:77db811e55d90add9212f6832c23229e3de5f1c1f9905e8cb07319ea15df73ac" "sleep" "infinity", kill_on_drop: false }`
[INFO] [stdout] 96872647b44b3f4176faa33589c0efa5af9a46ddc48878b0305b38798a1f738b
[INFO] running `Command { std: "docker" "start" "96872647b44b3f4176faa33589c0efa5af9a46ddc48878b0305b38798a1f738b", kill_on_drop: false }`
[INFO] running `Command { std: "docker" "inspect" "96872647b44b3f4176faa33589c0efa5af9a46ddc48878b0305b38798a1f738b", kill_on_drop: false }`
[INFO] running `Command { std: "docker" "exec" "-e" "SOURCE_DIR=/opt/rustwide/workdir" "-e" "CARGO_HOME=/opt/rustwide/cargo-home" "-e" "RUSTUP_HOME=/opt/rustwide/rustup-home" "-e" "CARGO_TARGET_DIR=/opt/rustwide/target" "-w" "/opt/rustwide/workdir" "--user" "0:0" "96872647b44b3f4176faa33589c0efa5af9a46ddc48878b0305b38798a1f738b" "/opt/rustwide/cargo-home/bin/cargo" "+1.100.0-beta.1" "metadata" "--no-deps" "--format-version=1", kill_on_drop: false }`
[INFO] running `Command { std: "docker" "inspect" "96872647b44b3f4176faa33589c0efa5af9a46ddc48878b0305b38798a1f738b", kill_on_drop: false }`
[INFO] running `Command { std: "docker" "exec" "-e" "SOURCE_DIR=/opt/rustwide/workdir" "-e" "CARGO_HOME=/opt/rustwide/cargo-home" "-e" "RUSTUP_HOME=/opt/rustwide/rustup-home" "-e" "CARGO_TARGET_DIR=/opt/rustwide/target" "-e" "CARGO_INCREMENTAL=0" "-e" "RUST_BACKTRACE=full" "-e" "RUSTFLAGS=--cap-lints=warn" "-e" "RUSTDOCFLAGS=--cap-lints=warn" "-w" "/opt/rustwide/workdir" "--user" "0:0" "96872647b44b3f4176faa33589c0efa5af9a46ddc48878b0305b38798a1f738b" "/opt/rustwide/cargo-home/bin/cargo" "+1.100.0-beta.1" "build" "--frozen" "--message-format=json" "--release", kill_on_drop: false }`
[INFO] [stderr]    Compiling proc-macro2 v1.0.106
[INFO] [stderr]    Compiling unicode-ident v1.0.24
[INFO] [stderr]    Compiling quote v1.0.45
[INFO] [stderr]    Compiling serde_core v1.0.228
[INFO] [stderr]    Compiling utf8parse v0.2.2
[INFO] [stderr]    Compiling serde v1.0.228
[INFO] [stderr]    Compiling anstyle-query v1.1.5
[INFO] [stderr]    Compiling colorchoice v1.0.4
[INFO] [stderr]    Compiling is_terminal_polyfill v1.70.2
[INFO] [stderr]    Compiling anstyle v1.0.13
[INFO] [stderr]    Compiling zmij v1.0.21
[INFO] [stderr]    Compiling equivalent v1.0.2
[INFO] [stderr]    Compiling heck v0.5.0
[INFO] [stderr]    Compiling thiserror v2.0.18
[INFO] [stderr]    Compiling clap_lex v1.0.0
[INFO] [stderr]    Compiling strsim v0.11.1
[INFO] [stderr]    Compiling anstyle-parse v0.2.7
[INFO] [stderr]    Compiling itoa v1.0.17
[INFO] [stderr]    Compiling anyhow v1.0.102
[INFO] [stderr]    Compiling serde_json v1.0.149
[INFO] [stderr]    Compiling hashbrown v0.16.1
[INFO] [stderr]    Compiling ryu v1.0.23
[INFO] [stderr]    Compiling anstream v0.6.21
[INFO] [stderr]    Compiling memchr v2.8.0
[INFO] [stderr]    Compiling unsafe-libyaml v0.2.11
[INFO] [stderr]    Compiling shell-words v1.1.1
[INFO] [stderr]    Compiling clap_builder v4.5.60
[INFO] [stderr]    Compiling indexmap v2.13.0
[INFO] [stderr]    Compiling syn v2.0.117
[INFO] [stderr]    Compiling serde_derive v1.0.228
[INFO] [stderr]    Compiling thiserror-impl v2.0.18
[INFO] [stderr]    Compiling clap_derive v4.5.55
[INFO] [stderr]    Compiling clap v4.5.60
[INFO] [stderr]    Compiling serde_yaml v0.9.34+deprecated
[INFO] [stderr]    Compiling dee-config-gen v0.1.4 (/opt/rustwide/workdir)
[INFO] [stderr] warning: unused dependency `thiserror`
[INFO] [stderr]   --> Cargo.toml:25:15
[INFO] [stderr]    |
[INFO] [stderr] 25 | [dependencies.thiserror]
[INFO] [stderr]    |               ^^^^^^^^^^
[INFO] [stderr]    |
[INFO] [stderr]    = note: `cargo::unused_dependencies` is set to `warn` by default
[INFO] [stderr] help: consider removing the dependency on `thiserror`
[INFO] [stderr] warning: `dee-config-gen` (manifest) generated 1 warning
[INFO] [stderr]     Finished `release` profile [optimized] target(s) in 41.26s
[INFO] running `Command { std: "docker" "inspect" "96872647b44b3f4176faa33589c0efa5af9a46ddc48878b0305b38798a1f738b", kill_on_drop: false }`
[INFO] running `Command { std: "docker" "exec" "-e" "SOURCE_DIR=/opt/rustwide/workdir" "-e" "CARGO_HOME=/opt/rustwide/cargo-home" "-e" "RUSTUP_HOME=/opt/rustwide/rustup-home" "-e" "CARGO_TARGET_DIR=/opt/rustwide/target" "-e" "CARGO_INCREMENTAL=0" "-e" "RUST_BACKTRACE=full" "-e" "RUSTFLAGS=--cap-lints=warn" "-e" "RUSTDOCFLAGS=--cap-lints=warn" "-w" "/opt/rustwide/workdir" "--user" "0:0" "96872647b44b3f4176faa33589c0efa5af9a46ddc48878b0305b38798a1f738b" "/opt/rustwide/cargo-home/bin/cargo" "+1.100.0-beta.1" "test" "--frozen" "--no-run" "--message-format=json" "--release", kill_on_drop: false }`
[INFO] [stderr]    Compiling libc v0.2.183
[INFO] [stderr]    Compiling getrandom v0.4.2
[INFO] [stderr]    Compiling rustix v1.1.4
[INFO] [stderr]    Compiling linux-raw-sys v0.12.1
[INFO] [stderr]    Compiling bitflags v2.11.0
[INFO] [stderr]    Compiling cfg-if v1.0.4
[INFO] [stderr]    Compiling fastrand v2.3.0
[INFO] [stderr]    Compiling once_cell v1.21.3
[INFO] [stderr]    Compiling tempfile v3.26.0
[INFO] [stderr]    Compiling dee-config-gen v0.1.4 (/opt/rustwide/workdir)
[INFO] [stderr] warning: unused dependency `thiserror`
[INFO] [stderr]   --> Cargo.toml:25:15
[INFO] [stderr]    |
[INFO] [stderr] 25 | [dependencies.thiserror]
[INFO] [stderr]    |               ^^^^^^^^^^
[INFO] [stderr]    |
[INFO] [stderr]    = note: `cargo::unused_dependencies` is set to `warn` by default
[INFO] [stderr] help: consider removing the dependency on `thiserror`
[INFO] [stderr] warning: `dee-config-gen` (manifest) generated 1 warning
[INFO] [stderr]     Finished `release` profile [optimized] target(s) in 1m 03s
[INFO] running `Command { std: "docker" "inspect" "96872647b44b3f4176faa33589c0efa5af9a46ddc48878b0305b38798a1f738b", kill_on_drop: false }`
[INFO] running `Command { std: "docker" "exec" "-e" "SOURCE_DIR=/opt/rustwide/workdir" "-e" "CARGO_HOME=/opt/rustwide/cargo-home" "-e" "RUSTUP_HOME=/opt/rustwide/rustup-home" "-e" "CARGO_TARGET_DIR=/opt/rustwide/target" "-e" "CARGO_INCREMENTAL=0" "-e" "RUST_BACKTRACE=full" "-e" "RUSTFLAGS=--cap-lints=warn" "-e" "RUSTDOCFLAGS=--cap-lints=warn" "-w" "/opt/rustwide/workdir" "--user" "0:0" "96872647b44b3f4176faa33589c0efa5af9a46ddc48878b0305b38798a1f738b" "/opt/rustwide/cargo-home/bin/cargo" "+1.100.0-beta.1" "test" "--frozen" "--release", kill_on_drop: false }`
[INFO] [stderr] warning: unused dependency `thiserror`
[INFO] [stderr]   --> Cargo.toml:25:15
[INFO] [stderr]    |
[INFO] [stderr] 25 | [dependencies.thiserror]
[INFO] [stderr]    |               ^^^^^^^^^^
[INFO] [stderr]    |
[INFO] [stderr]    = note: `cargo::unused_dependencies` is set to `warn` by default
[INFO] [stderr] help: consider removing the dependency on `thiserror`
[INFO] [stderr] warning: `dee-config-gen` (manifest) generated 1 warning
[INFO] [stderr]     Finished `release` profile [optimized] target(s) in 0.14s
[INFO] [stdout] 
[INFO] [stdout] running 57 tests
[INFO] [stderr]      Running unittests src/lib.rs (/opt/rustwide/target/release/build/dee-config-gen/0a42408a9337adb9/out/dee_config_gen-0a42408a9337adb9)
[INFO] [stdout] test ffi::tests::free_functions_are_idempotent_on_zero_values ... ok
[INFO] [stdout] test ffi::tests::generate_returns_json_for_supported_template ... ok
[INFO] [stdout] test ffi::tests::parse_errors_are_mapped ... ok
[INFO] [stdout] test ffi::tests::validate_returns_metadata ... ok
[INFO] [stdout] test media::tests::probes_basic_wav_metadata ... ok
[INFO] [stdout] test media::tests::rejects_inconsistent_album_inputs ... ok
[INFO] [stdout] test resolve::tests::injects_bluray_defaults ... ok
[INFO] [stdout] test render::tests::json_render_is_not_supported_for_non_json_templates_by_default ... ok
[INFO] [stdout] test render::tests::renders_when_node_only_if_predicate_true ... ok
[INFO] [stdout] test resolve::tests::rejects_atmos_bluray_ltrt_pl2_preferred_downmix_mode ... ok
[INFO] [stdout] test resolve::tests::accepts_music_override_when_flag_enabled ... ok
[INFO] [stdout] test ffi::tests::invalid_enum_values_are_invalid_argument ... ok
[INFO] [stdout] test ffi::tests::panic_boundary_maps_to_panic_status ... ok
[INFO] [stdout] test resolve::tests::rejects_atmos_ddp71_with_migration_message ... ok
[INFO] [stdout] test ffi::tests::null_output_pointer_is_invalid_argument ... ok
[INFO] [stdout] test resolve::tests::rejects_encoding_backend_in_streaming_mode ... ok
[INFO] [stdout] test resolve::tests::rejects_bluray_data_rate_over_hard_max ... ok
[INFO] [stdout] test resolve::tests::rejects_bluray_bitrates_below_runtime_minimum ... ok
[INFO] [stdout] test render::tests::render_config_xml_matches_render_xml_tree ... ok
[INFO] [stdout] test resolve::tests::locks_music_fixed_values_without_override ... ok
[INFO] [stdout] test ffi::tests::invalid_utf8_is_invalid_argument ... ok
[INFO] [stdout] test resolve::tests::rejects_invalid_values_for_all_enum_filter_params ... ok
[INFO] [stdout] test runner::tests::detects_json_flag_presence ... ok
[INFO] [stdout] test runner::tests::detects_xml_flag_presence ... ok
[INFO] [stdout] test resolve::tests::rejects_invalid_encode_mode_for_pcm_template ... ok
[INFO] [stdout] test ffi::tests::generate_returns_xml ... ok
[INFO] [stdout] test schema::validate::tests::evaluates_required_constraint ... ok
[INFO] [stdout] test ffi::tests::render_errors_are_mapped ... ok
[INFO] [stdout] test runner::tests::prepares_known_runner_directories_for_host_paths ... ok
[INFO] [stdout] test schema::validate::tests::validates_data_rate_hard_max ... ok
[INFO] [stdout] test spec::tests::output_spec_parses_ac4_output_mode_multi3 ... ok
[INFO] [stdout] test spec::tests::parses_yaml_and_json_strings ... ok
[INFO] [stdout] test spec::tests::output_spec_defaults_container_to_ac4 ... ok
[INFO] [stdout] test template::atmos_ec3_v1::tests::accepts_documented_atmos_start_end_formats ... ok
[INFO] [stdout] test spec::tests::read_job_prefers_extension_hint ... ok
[INFO] [stdout] test ffi::tests::resolve_errors_are_mapped ... ok
[INFO] [stdout] test schema::validate::tests::canonicalizes_enum_case_insensitive ... ok
[INFO] [stdout] test template::atmos_ec3_v1::tests::resolves_atmos_bluray_frame_silence_with_embedded_time_base ... ok
[INFO] [stdout] test spec::tests::normalizes_windows_paths ... ok
[INFO] [stdout] test template::thd_v1::tests::resolves_thd_example_with_defaults ... ok
[INFO] [stdout] test resolve::tests::validates_streaming_bitrate_boundaries ... ok
[INFO] [stdout] test template::atmos_ec3_v1::tests::validates_atmos_silence_duration_formats ... ok
[INFO] [stdout] test spec::tests::exposes_template_metadata_without_template_module ... ok
[INFO] [stdout] test runner::tests::executes_runner_and_preserves_generated_file_when_requested ... ok
[INFO] [stdout] test template::thd_v1::tests::validates_truehd_embedded_timecode_start_values ... ok
[INFO] [stdout] test template::thd_v1::tests::validates_truehd_silence_decimal_durations ... ok
[INFO] [stdout] test template::thd_v1::tests::accepts_documented_truehd_start_end_formats ... ok
[INFO] [stdout] test template::atmos_ec3_v1::tests::timecode_helper_accepts_drop_frame_and_decimal_notation ... ok
[INFO] [stdout] test runner::tests::injects_json_flag_for_json_runs ... ok
[INFO] [stdout] test template::thd_v1::tests::rejects_invalid_truehd_embedded_timecode_start_values ... ok
[INFO] [stdout] test spec::tests::normalizes_drive_letter ... ok
[INFO] [stdout] test template::atmos_ec3_v1::tests::rejects_atmos_invalid_silence_duration_formats ... ok
[INFO] [stdout] test template::thd_v1::tests::rejects_truehd_frame_silence_duration ... ok
[INFO] [stdout] test template::thd_v1::tests::rejects_invalid_truehd_start_end_formats ... ok
[INFO] [stdout] test template::atmos_ec3_v1::tests::rejects_atmos_streaming_frame_silence_without_timecode_context ... ok
[INFO] [stdout] test resolve::tests::validates_custom_dialnorm_boundaries ... ok
[INFO] [stdout] test template::atmos_ec3_v1::tests::rejects_undocumented_atmos_start_end_formats ... ok
[INFO] [stdout] 
[INFO] [stdout] test result: ok. 57 passed; 0 failed; 0 ignored; 0 measured; 0 filtered out; finished in 0.02s
[INFO] [stdout] 
[INFO] [stderr]      Running unittests src/main.rs (/opt/rustwide/target/release/build/dee-config-gen/421fa1e38842655a/out/dee_config_gen-421fa1e38842655a)
[INFO] [stdout] 
[INFO] [stdout] running 2 tests
[INFO] [stdout] test cli::tests::init_rejects_template_and_example_together ... ok
[INFO] [stderr]      Running tests/ac4_ims_examples.rs (/opt/rustwide/target/release/build/dee-config-gen/6f61a58a3a9ce37e/out/ac4_ims_examples-6f61a58a3a9ce37e)
[INFO] [stdout] test cli::tests::exposes_top_level_version_flag ... ok
[INFO] [stdout] 
[INFO] [stdout] test result: ok. 2 passed; 0 failed; 0 ignored; 0 measured; 0 filtered out; finished in 0.00s
[INFO] [stdout] 
[INFO] [stdout] 
[INFO] [stdout] running 27 tests
[INFO] [stdout] test defaults_follow_official_values_for_ac4_ims ... ok
[INFO] [stdout] test rejects_iframe_interval_1_for_ac4_ims_atmos ... ok
[INFO] [stdout] test rejects_invalid_ac4_parameter_values ... ok
[INFO] [stdout] test rejects_ac4_multi3_with_non_ac4_container ... ok
[INFO] [stdout] test music_profile_defaults_to_ims_music ... ok
[INFO] [stdout] test rejects_ac4_container_with_non_ac4_extension ... ok
[INFO] [stdout] test rejects_iframe_interval_1_for_ac4_ims_pcm ... ok
[INFO] [stdout] test rejects_legacy_ac4_template_id_with_migration_message ... ok
[INFO] [stdout] test renders_ac4_ims_atmos_xml_structure ... ok
[INFO] [stdout] test rejects_ac4_multi3_for_pcm_template ... ok
[INFO] [stdout] test renders_ac4_ims_atmos_mp4_xml_structure ... ok
[INFO] [stdout] test renders_ac4_ims_pcm_wav_list_xml_structure ... ok
[INFO] [stdout] test rejects_both_pcm_input_shapes ... ok
[INFO] [stdout] test rejects_mp4_container_with_non_mp4_extension ... ok
[INFO] [stdout] test rejects_invalid_input_family_for_atmos_template ... ok
[INFO] [stdout] test rejects_non_51_pcm_wav_input ... ok
[INFO] [stdout] test renders_ac4_ims_atmos_multi3_xml_structure ... ok
[INFO] [stdout] test renders_json_output_for_ac4_ims_pcm_templates ... ok
[INFO] [stdout] test rejects_ac4_multi3_with_wrong_output_count ... ok
[INFO] [stdout] test resolves_ac4_ims_atmos_example ... ok
[INFO] [stdout] test resolves_ac4_ims_atmos_multi3_example ... ok
[INFO] [stdout] test rejects_reserved_language_tags_for_ac4 ... ok
[INFO] [stdout] test resolves_ac4_ims_atmos_mp4_example ... ok
[INFO] [stdout] test resolves_ac4_ims_pcm_mp4_example ... ok
[INFO] [stdout] test resolves_ac4_ims_pcm_example ... ok
[INFO] [stdout] test renders_json_output_for_ac4_mp4_container ... ok
[INFO] [stdout] test still_rejects_album_mode_for_ac4_ims_templates ... ok
[INFO] [stdout] 
[INFO] [stdout] test result: ok. 27 passed; 0 failed; 0 ignored; 0 measured; 0 filtered out; finished in 0.01s
[INFO] [stdout] 
[INFO] [stderr]      Running tests/ac4_ims_xsd_contract_smoke.rs (/opt/rustwide/target/release/build/dee-config-gen/39987806031ba259/out/ac4_ims_xsd_contract_smoke-39987806031ba259)
[INFO] [stdout] 
[INFO] [stdout] running 3 tests
[INFO] [stdout] test ac4_ims_pcm_xsd_contract_json_has_expected_sections ... ok
[INFO] [stdout] test ac4_ims_atmos_xsd_contract_json_has_expected_sections ... ok
[INFO] [stdout] test ac4_ims_parameter_matrices_match_official_scope ... ok
[INFO] [stdout] 
[INFO] [stdout] test result: ok. 3 passed; 0 failed; 0 ignored; 0 measured; 0 filtered out; finished in 0.00s
[INFO] [stdout] 
[INFO] [stderr]      Running tests/cli_ux.rs (/opt/rustwide/target/release/build/dee-config-gen/b2ceac5d908af382/out/cli_ux-b2ceac5d908af382)
[INFO] [stdout] 
[INFO] [stdout] running 6 tests
[INFO] [stdout] test missing_input_error_includes_cause_chain ... ok
[INFO] [stdout] test templates_show_supports_json_output ... ok
[INFO] [stdout] test init_writes_default_job_and_validate_accepts_it ... ok
[INFO] [stdout] test templates_list_supports_json_output ... ok
[INFO] [stdout] test init_rejects_unknown_example ... ok
[INFO] [stdout] test init_refuses_to_overwrite_without_force ... ok
[INFO] [stdout] 
[INFO] [stdout] test result: ok. 6 passed; 0 failed; 0 ignored; 0 measured; 0 filtered out; finished in 0.02s
[INFO] [stdout] 
[INFO] [stderr]      Running tests/coverage_consistency.rs (/opt/rustwide/target/release/build/dee-config-gen/5d04c0879085cd90/out/coverage_consistency-5d04c0879085cd90)
[INFO] [stdout] 
[INFO] [stdout] running 2 tests
[INFO] [stdout] test coverage_truth_sources_are_complete_for_registered_templates ... ok
[INFO] [stdout] test unsupported_or_hidden_entries_have_documented_evidence ... ok
[INFO] [stdout] 
[INFO] [stdout] test result: ok. 2 passed; 0 failed; 0 ignored; 0 measured; 0 filtered out; finished in 0.02s
[INFO] [stdout] 
[INFO] [stderr]      Running tests/dee_runtime_ac4_ims_atmos.rs (/opt/rustwide/target/release/build/dee-config-gen/19c81e06a40c017b/out/dee_runtime_ac4_ims_atmos-19c81e06a40c017b)
[INFO] [stdout] 
[INFO] [stdout] running 11 tests
[INFO] [stdout] test ac4_ims_atmos_boundary_timecodes_match_runtime ... ignored, requires local dee runtime with AC-4 package
[INFO] [stdout] test ac4_ims_atmos_control_param_matrix_matches_runtime ... ignored, requires local dee runtime with AC-4 package
[INFO] [stdout] test ac4_ims_atmos_core_nondefault_regression_matches_runtime ... ignored, requires local dee runtime with AC-4 package
[INFO] [stdout] test ac4_ims_atmos_drc_profiles_matrix_matches_runtime ... ignored, requires local dee runtime with AC-4 package
[INFO] [stdout] test ac4_ims_atmos_manual_mux_mp4_from_ac4_matches_runtime ... ignored, requires local dee runtime with AC-4 package and native mp4muxer
[INFO] [stdout] test ac4_ims_atmos_mp4_runtime_smoke_matches_runtime ... ignored, requires local dee runtime with AC-4 package
[INFO] [stdout] test ac4_ims_atmos_multi3_runtime_smoke_matches_runtime ... ignored, requires local dee runtime with AC-4 package
[INFO] [stdout] test ac4_ims_atmos_rejects_invalid_iframe_interval_value_1 ... ignored, requires local dee runtime with AC-4 package
[INFO] [stdout] test ac4_ims_atmos_runtime_smoke_matches_runtime ... ignored, requires local dee runtime with AC-4 package
[INFO] [stdout] test ac4_ims_atmos_silence_durations_match_runtime ... ignored, requires local dee runtime with AC-4 package
[INFO] [stdout] test ac4_ims_atmos_timecode_frame_rate_matrix_matches_runtime ... ignored, requires local dee runtime with AC-4 package
[INFO] [stdout] 
[INFO] [stdout] test result: ok. 0 passed; 0 failed; 11 ignored; 0 measured; 0 filtered out; finished in 0.00s
[INFO] [stdout] 
[INFO] [stderr]      Running tests/dee_runtime_ac4_ims_pcm.rs (/opt/rustwide/target/release/build/dee-config-gen/da70cac1332c5dc3/out/dee_runtime_ac4_ims_pcm-da70cac1332c5dc3)
[INFO] [stderr]      Running tests/dee_runtime_hidden_params.rs (/opt/rustwide/target/release/build/dee-config-gen/aa3f39ae59deda44/out/dee_runtime_hidden_params-aa3f39ae59deda44)
[INFO] [stdout] 
[INFO] [stdout] running 12 tests
[INFO] [stdout] test ac4_ims_pcm_control_param_matrix_matches_runtime ... ignored, requires local dee runtime with AC-4 package
[INFO] [stdout] test ac4_ims_pcm_core_nondefault_regression_matches_runtime ... ignored, requires local dee runtime with AC-4 package
[INFO] [stdout] test ac4_ims_pcm_drc_profiles_matrix_matches_runtime ... ignored, requires local dee runtime with AC-4 package
[INFO] [stdout] test ac4_ims_pcm_manual_mux_mp4_from_ac4_matches_runtime ... ignored, requires local dee runtime with AC-4 package and native mp4muxer
[INFO] [stdout] test ac4_ims_pcm_mp4_runtime_smoke_matches_runtime ... ignored, requires local dee runtime with AC-4 package
[INFO] [stdout] test ac4_ims_pcm_rejects_invalid_iframe_interval_value_1 ... ignored, requires local dee runtime with AC-4 package
[INFO] [stdout] test ac4_ims_pcm_runtime_smoke_matches_runtime ... ignored, requires local dee runtime with AC-4 package
[INFO] [stdout] test ac4_ims_pcm_timecode_frame_rate_matrix_matches_runtime ... ignored, requires local dee runtime with AC-4 package
[INFO] [stdout] test ac4_ims_pcm_wav_list_parity_regression_matches_runtime ... ignored, requires local dee runtime with AC-4 package
[INFO] [stdout] test ac4_ims_pcm_wav_list_runtime_smoke_matches_runtime ... ignored, requires local dee runtime with AC-4 package
[INFO] [stdout] test ac4_ims_pcm_wav_list_time_matrix_matches_runtime ... ignored, requires local dee runtime with AC-4 package
[INFO] [stdout] test ac4_ims_pcm_wav_time_matrix_matches_runtime ... ignored, requires local dee runtime with AC-4 package
[INFO] [stdout] 
[INFO] [stdout] test result: ok. 0 passed; 0 failed; 12 ignored; 0 measured; 0 filtered out; finished in 0.00s
[INFO] [stdout] 
[INFO] [stdout] 
[INFO] [stdout] running 14 tests
[INFO] [stdout] test atmos_bitrate_matrix_matches_runtime ... ignored, requires local dee runtime
[INFO] [stdout] test atmos_bluray_backend_variants_match_or_fail_as_expected ... ignored, requires local dee + ffmpeg runtime
[INFO] [stdout] test atmos_bluray_start_before_embedded_ffoa_is_rejected ... ignored, requires local dee runtime
[INFO] [stdout] test atmos_bluray_timecode_frame_rate_runtime_matches_runtime ... ignored, requires local dee runtime
[INFO] [stdout] test atmos_bluray_trim_runtime_matches_runtime ... ignored, requires local dee runtime
[INFO] [stdout] test atmos_loudness_runtime_matrix_matches_runtime ... ignored, requires local dee runtime
[INFO] [stdout] test atmos_mode_baselines_and_unknown_trim_matrix ... ignored, requires local dee runtime
[INFO] [stdout] test atmos_preferred_downmix_mode_runtime_matrix_matches_runtime ... ignored, requires local dee runtime
[INFO] [stdout] test atmos_representative_misc_smoke_matches_runtime ... ignored, requires local dee runtime
[INFO] [stdout] test atmos_silence_duration_format_gap_matches_runtime ... ignored, requires local dee runtime
[INFO] [stdout] test atmos_streaming_timecode_frame_rate_runtime_matches_runtime ... ignored, requires local dee runtime
[INFO] [stdout] test atmos_streaming_trim_runtime_matches_runtime ... ignored, requires local dee runtime
[INFO] [stdout] test atmos_time_base_runtime_matrix_matches_runtime ... ignored, requires local dee runtime
[INFO] [stdout] test atmos_unsupported_pcm_metadata_knobs_are_rejected ... ignored, requires local dee runtime
[INFO] [stdout] 
[INFO] [stdout] test result: ok. 0 passed; 0 failed; 14 ignored; 0 measured; 0 filtered out; finished in 0.00s
[INFO] [stdout] 
[INFO] [stderr]      Running tests/dee_runtime_json.rs (/opt/rustwide/target/release/build/dee-config-gen/edc03cfb4269fc08/out/dee_runtime_json-edc03cfb4269fc08)
[INFO] [stdout] 
[INFO] [stdout] running 11 tests
[INFO] [stdout] test ac4_ims_atmos_json_runtime_smoke_matches_xml_behavior ... ignored, requires local dee runtime
[INFO] [stdout] test ac4_ims_atmos_mp4_json_runtime_smoke_matches_xml_behavior ... ignored, requires local dee runtime
[INFO] [stdout] test ac4_ims_pcm_json_runtime_smoke_matches_xml_behavior ... ignored, requires local dee runtime
[INFO] [stdout] test ac4_ims_pcm_mp4_json_runtime_smoke_matches_xml_behavior ... ignored, requires local dee runtime
[INFO] [stdout] test atmos_json_runtime_smoke_matches_xml_behavior ... ignored, requires local dee runtime
[INFO] [stdout] test pcm_ddp_json_runtime_smoke_matches_xml_behavior ... ignored, requires local dee runtime
[INFO] [stdout] test thd_atmos_wav_json_runtime_smoke_matches_xml_behavior ... ignored, requires local dee runtime
[INFO] [stdout] test thd_atmos_wav_list_json_runtime_smoke_matches_xml_behavior ... ignored, requires local dee runtime
[INFO] [stdout] test thd_json_runtime_smoke_matches_xml_behavior ... ignored, requires local dee runtime
[INFO] [stdout] test thd_wav_json_runtime_smoke_matches_xml_behavior ... ignored, requires local dee runtime
[INFO] [stdout] test thd_wav_list_json_runtime_smoke_matches_xml_behavior ... ignored, requires local dee runtime
[INFO] [stdout] 
[INFO] [stdout] test result: ok. 0 passed; 0 failed; 11 ignored; 0 measured; 0 filtered out; finished in 0.00s
[INFO] [stdout] 
[INFO] [stderr]      Running tests/dee_runtime_pcm_ddp.rs (/opt/rustwide/target/release/build/dee-config-gen/0e7b96da79cff0f5/out/dee_runtime_pcm_ddp-0e7b96da79cff0f5)
[INFO] [stdout] 
[INFO] [stdout] running 19 tests
[INFO] [stdout] test pcm_dd_and_ddp_full_runtime_matrix_matches_runtime ... ignored, requires local dee + ffmpeg runtime
[INFO] [stdout] test pcm_ddp_6ch_bitrate_mode_matrix_matches_runtime ... ignored, requires local dee + ffmpeg runtime
[INFO] [stdout] test pcm_ddp_8ch_bitrate_mode_matrix_matches_runtime ... ignored, requires local dee + ffmpeg runtime
[INFO] [stdout] test pcm_ddp_allow_hybrid_downmix_runtime_matrix_matches_runtime ... ignored, requires local dee + ffmpeg runtime
[INFO] [stdout] test pcm_ddp_bitstream_mode_runtime_matrix_matches_runtime ... ignored, requires local dee + ffmpeg runtime
[INFO] [stdout] test pcm_ddp_bluray_hidden_params_are_rejected ... ignored, requires local dee + ffmpeg runtime
[INFO] [stdout] test pcm_ddp_boolean_processing_knobs_runtime_matrix_matches_runtime ... ignored, requires local dee + ffmpeg runtime
[INFO] [stdout] test pcm_ddp_dialogue_intelligence_runtime_matrix_matches_runtime ... ignored, requires local dee + ffmpeg runtime
[INFO] [stdout] test pcm_ddp_downmix_config_runtime_matrix_matches_runtime ... ignored, requires local dee + ffmpeg runtime
[INFO] [stdout] test pcm_ddp_ltrt_pl2_is_rejected_for_dd_and_bluray ... ignored, requires local dee + ffmpeg runtime
[INFO] [stdout] test pcm_ddp_metadata_knobs_runtime_matrix_matches_runtime ... ignored, requires local dee + ffmpeg runtime
[INFO] [stdout] test pcm_ddp_metering_mode_experiment ... ignored, manual experiment: compare pcm_ddp_v1 metering_mode outputs
[INFO] [stdout] test pcm_ddp_preferred_downmix_mode_runtime_matrix_matches_runtime ... ignored, requires local dee + ffmpeg runtime
[INFO] [stdout] test pcm_ddp_representative_misc_smoke_matches_runtime ... ignored, requires local dee + ffmpeg runtime
[INFO] [stdout] test pcm_ddp_silence_duration_format_gap_matches_runtime ... ignored, requires local dee + ffmpeg runtime
[INFO] [stdout] test pcm_ddp_speech_threshold_runtime_matrix_matches_runtime ... ignored, requires local dee + ffmpeg runtime
[INFO] [stdout] test pcm_ddp_starting_timecode_runtime_matrix_matches_runtime ... ignored, requires local dee + ffmpeg runtime
[INFO] [stdout] test pcm_ddp_time_base_runtime_matrix_matches_runtime ... ignored, requires local dee + ffmpeg runtime
[INFO] [stdout] test pcm_ddp_timecode_frame_rate_runtime_matrix_matches_runtime ... ignored, requires local dee + ffmpeg runtime
[INFO] [stdout] 
[INFO] [stdout] test result: ok. 0 passed; 0 failed; 19 ignored; 0 measured; 0 filtered out; finished in 0.00s
[INFO] [stdout] 
[INFO] [stderr]      Running tests/dee_runtime_thd.rs (/opt/rustwide/target/release/build/dee-config-gen/bfd7f3579b46233e/out/dee_runtime_thd-bfd7f3579b46233e)
[INFO] [stdout] 
[INFO] [stdout] running 14 tests
[INFO] [stdout] test thd_drc_profiles_representative_values_match_runtime ... ignored, requires local dee runtime
[INFO] [stdout] test thd_embedded_timecodes_runtime_matrix_matches_runtime ... ignored, requires local dee runtime
[INFO] [stdout] test thd_fixed_fields_runtime_smoke_matches_runtime ... ignored, requires local dee runtime
[INFO] [stdout] test thd_legacy_authoring_compatibility_runtime_matrix_matches_runtime ... ignored, requires local dee runtime
[INFO] [stdout] test thd_loudness_timecode_representative_params_match_runtime ... ignored, requires local dee runtime
[INFO] [stdout] test thd_metering_mode_runtime_matrix_matches_runtime ... ignored, requires local dee runtime
[INFO] [stdout] test thd_mlp_smoke_matches_runtime ... ignored, requires local dee runtime
[INFO] [stdout] test thd_mp4_feasibility_lane_records_runtime_result ... ignored, requires local dee runtime
[INFO] [stdout] test thd_music_profile_runtime_smoke_matches_runtime ... ignored, requires local dee runtime
[INFO] [stdout] test thd_native_mp4muxer_rejects_mlp ... ignored, requires local dee runtime
[INFO] [stdout] test thd_optimize_data_rate_runtime_matrix_matches_runtime ... ignored, requires local dee runtime
[INFO] [stdout] test thd_silence_duration_runtime_matrix_matches_runtime ... ignored, requires local dee runtime
[INFO] [stdout] test thd_spatial_clusters_runtime_matrix_matches_runtime ... ignored, requires local dee runtime
[INFO] [stdout] test thd_timecode_boundary_runtime_matrix_matches_runtime ... ignored, requires local dee runtime
[INFO] [stdout] 
[INFO] [stdout] test result: ok. 0 passed; 0 failed; 14 ignored; 0 measured; 0 filtered out; finished in 0.00s
[INFO] [stdout] 
[INFO] [stderr]      Running tests/dee_runtime_thd_atmos_wav.rs (/opt/rustwide/target/release/build/dee-config-gen/25df75f00bd88621/out/dee_runtime_thd_atmos_wav-25df75f00bd88621)
[INFO] [stdout] 
[INFO] [stdout] running 9 tests
[INFO] [stdout] test thd_atmos_wav_8ch_topology_matches_runtime ... ignored, requires local dee runtime
[INFO] [stdout] test thd_atmos_wav_input_timecode_context_matches_runtime ... ignored, requires local dee runtime
[INFO] [stdout] test thd_atmos_wav_media_consistency_guard_matches_runtime ... ignored, requires local dee runtime
[INFO] [stdout] test thd_atmos_wav_mlp_smoke_matches_runtime ... ignored, requires local dee runtime
[INFO] [stdout] test thd_atmos_wav_mono_topology_matches_runtime ... ignored, requires local dee runtime
[INFO] [stdout] test thd_atmos_wav_music_profile_runtime_matches_runtime ... ignored, requires local dee runtime
[INFO] [stdout] test thd_atmos_wav_offset_with_default_start_is_rejected ... ignored, requires local dee runtime
[INFO] [stdout] test thd_atmos_wav_representative_params_match_runtime ... ignored, requires local dee runtime
[INFO] [stdout] test thd_atmos_wav_stereo_topology_matches_runtime ... ignored, requires local dee runtime
[INFO] [stdout] 
[INFO] [stdout] test result: ok. 0 passed; 0 failed; 9 ignored; 0 measured; 0 filtered out; finished in 0.00s
[INFO] [stdout] 
[INFO] [stderr]      Running tests/dee_runtime_thd_atmos_wav_list.rs (/opt/rustwide/target/release/build/dee-config-gen/0b6a2872a821d822/out/dee_runtime_thd_atmos_wav_list-0b6a2872a821d822)
[INFO] [stderr]      Running tests/dee_runtime_thd_wav.rs (/opt/rustwide/target/release/build/dee-config-gen/ad1cd766ab804d86/out/dee_runtime_thd_wav-ad1cd766ab804d86)
[INFO] [stdout] 
[INFO] [stdout] running 6 tests
[INFO] [stdout] test thd_atmos_wav_list_71_topology_matches_runtime ... ignored, requires local dee runtime
[INFO] [stdout] test thd_atmos_wav_list_mlp_smoke_matches_runtime ... ignored, requires local dee runtime
[INFO] [stdout] test thd_atmos_wav_list_music_profile_runtime_matches_runtime ... ignored, requires local dee runtime
[INFO] [stdout] test thd_atmos_wav_list_offset_with_default_start_matches_runtime ... ignored, requires local dee runtime
[INFO] [stdout] test thd_atmos_wav_list_representative_params_match_runtime ... ignored, requires local dee runtime
[INFO] [stdout] test thd_atmos_wav_list_stereo_topology_matches_runtime ... ignored, requires local dee runtime
[INFO] [stdout] 
[INFO] [stdout] test result: ok. 0 passed; 0 failed; 6 ignored; 0 measured; 0 filtered out; finished in 0.00s
[INFO] [stdout] 
[INFO] [stdout] 
[INFO] [stdout] running 4 tests
[INFO] [stdout] test thd_wav_embedded_timecodes_runtime_matrix_matches_runtime ... ignored, requires local dee runtime
[INFO] [stdout] test thd_wav_input_topology_smoke_matches_runtime ... ignored, requires local dee runtime
[INFO] [stdout] test thd_wav_mlp_smoke_matches_runtime ... ignored, requires local dee runtime
[INFO] [stdout] test thd_wav_representative_params_match_runtime ... ignored, requires local dee runtime
[INFO] [stdout] 
[INFO] [stdout] test result: ok. 0 passed; 0 failed; 4 ignored; 0 measured; 0 filtered out; finished in 0.00s
[INFO] [stdout] 
[INFO] [stderr]      Running tests/dee_runtime_thd_wav_list.rs (/opt/rustwide/target/release/build/dee-config-gen/85d36386b13498f3/out/dee_runtime_thd_wav_list-85d36386b13498f3)
[INFO] [stdout] 
[INFO] [stdout] running 6 tests
[INFO] [stdout] test thd_wav_list_71_topology_matches_runtime ... ignored, requires local dee runtime
[INFO] [stdout] test thd_wav_list_dash_placeholders_are_rejected_by_runtime ... ignored, requires local dee runtime
[INFO] [stdout] test thd_wav_list_mlp_smoke_matches_runtime ... ignored, requires local dee runtime
[INFO] [stdout] test thd_wav_list_mono_is_rejected_by_runtime ... ignored, requires local dee runtime
[INFO] [stdout] test thd_wav_list_representative_params_match_runtime ... ignored, requires local dee runtime
[INFO] [stdout] test thd_wav_list_stereo_topology_matches_runtime ... ignored, requires local dee runtime
[INFO] [stdout] 
[INFO] [stdout] test result: ok. 0 passed; 0 failed; 6 ignored; 0 measured; 0 filtered out; finished in 0.00s
[INFO] [stdout] 
[INFO] [stderr]      Running tests/evidence_tiers.rs (/opt/rustwide/target/release/build/dee-config-gen/a2bd8db206441aa8/out/evidence_tiers-a2bd8db206441aa8)
[INFO] [stdout] 
[INFO] [stdout] running 2 tests
[INFO] [stdout] test folklore_params_are_not_treated_as_official_contract ... ok
[INFO] [stdout] test runtime_verified_hidden_params_are_covered_by_runtime_regressions ... ok
[INFO] [stdout] 
[INFO] [stdout] test result: ok. 2 passed; 0 failed; 0 ignored; 0 measured; 0 filtered out; finished in 0.01s
[INFO] [stdout] 
[INFO] [stderr]      Running tests/ffi_abi_contract.rs (/opt/rustwide/target/release/build/dee-config-gen/310014e596496d46/out/ffi_abi_contract-310014e596496d46)
[INFO] [stdout] 
[INFO] [stdout] running 7 tests
[INFO] [stdout] test ffi_abi_version_is_v1 ... ok
[INFO] [stdout] test ffi_field_offsets_are_frozen ... ok
[INFO] [stdout] test ffi_c_repr_size_align_are_frozen ... ok
[INFO] [stdout] test ffi_header_macros_match_rust_contract_constants ... ok
[INFO] [stdout] test ffi_header_version_constants_are_frozen ... ok
[INFO] [stdout] test ffi_render_format_values_are_frozen ... ok
[INFO] [stderr]      Running tests/ffi_integration.rs (/opt/rustwide/target/release/build/dee-config-gen/30e3d44f81f6c110/out/ffi_integration-30e3d44f81f6c110)
[INFO] [stdout] test ffi_status_code_values_are_frozen ... ok
[INFO] [stdout] 
[INFO] [stdout] test result: ok. 7 passed; 0 failed; 0 ignored; 0 measured; 0 filtered out; finished in 0.00s
[INFO] [stdout] 
[INFO] [stdout] 
[INFO] [stdout] running 4 tests
[INFO] [stdout] test ffi_invalid_utf8_maps_to_invalid_argument ... ok
[INFO] [stdout] test ffi_validate_returns_compact_metadata ... ok
[INFO] [stdout] test ffi_generate_json_works_for_supported_template ... ok
[INFO] [stderr]      Running tests/json_output.rs (/opt/rustwide/target/release/build/dee-config-gen/7f31f77c82c17e02/out/json_output-7f31f77c82c17e02)
[INFO] [stdout] test ffi_abi_version_is_stable ... ok
[INFO] [stdout] 
[INFO] [stdout] test result: ok. 4 passed; 0 failed; 0 ignored; 0 measured; 0 filtered out; finished in 0.00s
[INFO] [stdout] 
[INFO] [stdout] 
[INFO] [stdout] running 20 tests
[INFO] [stdout] test atmos_streaming_json_is_valid_json ... ok
[INFO] [stdout] test atmos_streaming_json_matches_snapshot ... ok
[INFO] [stdout] test thd_json_is_valid_json ... ok
[INFO] [stdout] test ac4_ims_pcm_json_matches_snapshot ... ok
[INFO] [stdout] test pcm_ddp_dd_json_is_valid_json ... ok
[INFO] [stdout] test ac4_ims_atmos_mp4_json_matches_snapshot ... ok
[INFO] [stdout] test thd_json_matches_snapshot ... ok
[INFO] [stdout] test ac4_ims_atmos_json_is_valid_json ... ok
[INFO] [stdout] test thd_wav_json_is_valid_json ... ok
[INFO] [stdout] test ac4_ims_atmos_json_matches_snapshot ... ok
[INFO] [stdout] test thd_atmos_wav_list_json_is_valid_json ... ok
[INFO] [stdout] test thd_atmos_wav_json_is_valid_json ... ok
[INFO] [stdout] test thd_atmos_wav_json_matches_snapshot ... ok
[INFO] [stdout] test ac4_ims_pcm_mp4_json_matches_snapshot ... ok
[INFO] [stdout] test pcm_ddp_dd_json_matches_snapshot ... ok
[INFO] [stdout] test thd_wav_json_matches_snapshot ... ok
[INFO] [stdout] test thd_atmos_wav_list_json_matches_snapshot ... ok
[INFO] [stdout] test thd_wav_list_json_is_valid_json ... ok
[INFO] [stdout] test thd_wav_list_json_matches_snapshot ... ok
[INFO] [stdout] test ac4_ims_pcm_json_is_valid_json ... ok
[INFO] [stdout] 
[INFO] [stdout] test result: ok. 20 passed; 0 failed; 0 ignored; 0 measured; 0 filtered out; finished in 0.01s
[INFO] [stdout] 
[INFO] [stderr]      Running tests/library_api.rs (/opt/rustwide/target/release/build/dee-config-gen/4157a367be3c0252/out/library_api-4157a367be3c0252)
[INFO] [stdout] 
[INFO] [stdout] running 6 tests
[INFO] [stdout] test parse_job_str_reports_yaml_or_json_failure ... ok
[INFO] [stdout] test generate_config_renders_xml_and_json ... ok
[INFO] [stdout] test read_job_reads_from_path ... ok
[INFO] [stderr]      Running tests/matrix_params.rs (/opt/rustwide/target/release/build/dee-config-gen/5a178db9fc1d02af/out/matrix_params-5a178db9fc1d02af)
[INFO] [stdout] test validate_job_returns_resolved_job ... ok
[INFO] [stdout] test parse_job_str_accepts_yaml_and_json ... ok
[INFO] [stdout] test run_job_invokes_fake_runner ... ok
[INFO] [stdout] 
[INFO] [stdout] test result: ok. 6 passed; 0 failed; 0 ignored; 0 measured; 0 filtered out; finished in 0.01s
[INFO] [stdout] 
[INFO] [stdout] 
[INFO] [stdout] running 1 test
[INFO] [stdout] test matrix_params_from_xsd_and_schema ... ignored, matrix test: schema + xsd driven
[INFO] [stdout] 
[INFO] [stdout] test result: ok. 0 passed; 0 failed; 1 ignored; 0 measured; 0 filtered out; finished in 0.00s
[INFO] [stdout] 
[INFO] [stderr]      Running tests/pcm_ddp_examples.rs (/opt/rustwide/target/release/build/dee-config-gen/2285ea0ef063e138/out/pcm_ddp_examples-2285ea0ef063e138)
[INFO] [stdout] 
[INFO] [stdout] running 7 tests
[INFO] [stdout] test renders_pcm_ddp_example ... ok
[INFO] [stdout] test rejects_atmos_only_override_on_pcm_template ... ok
[INFO] [stdout] test renders_pcm_dd_example ... ok
[INFO] [stdout] test renders_pcm_bluray_example ... ok
[INFO] [stderr]      Running tests/pcm_ddp_matrix.rs (/opt/rustwide/target/release/build/dee-config-gen/409bf61cd5dab7ab/out/pcm_ddp_matrix-409bf61cd5dab7ab)
[INFO] [stdout] test renders_explicit_high_value_pcm_overrides ... ok
[INFO] [stdout] test renders_dd_starting_timecode_override ... ok
[INFO] [stdout] test renders_pcm_ddp71_example ... ok
[INFO] [stdout] 
[INFO] [stdout] test result: ok. 7 passed; 0 failed; 0 ignored; 0 measured; 0 filtered out; finished in 0.01s
[INFO] [stdout] 
[INFO] [stdout] 
[INFO] [stdout] running 18 tests
[INFO] [stdout] test locks_music_fixed_values_for_pcm_template ... ok
[INFO] [stdout] test rejects_dd_bitrates_outside_runtime_set ... ok
[INFO] [stdout] test rejects_bluray_bitrates_outside_runtime_set ... ok
[INFO] [stdout] test accepts_dd_starting_timecode_override ... ok
[INFO] [stdout] test rejects_ddp_bitrates_outside_runtime_set ... ok
[INFO] [stdout] test accepts_all_runtime_verified_dd_bitrates ... ok
[INFO] [stdout] test keeps_pcm_default_values_stable_for_existing_modes ... ok
[INFO] [stdout] test rejects_ltrt_pl2_for_dd_and_bluray_modes ... ok
[INFO] [stdout] test accepts_all_runtime_verified_ddp71_bitrates ... ok
[INFO] [stdout] test rejects_all_atmos_only_overrides_on_pcm_template ... ok
[INFO] [stdout] test rejects_pcm_metering_mode_1770_4 ... ok
[INFO] [stdout] test rejects_invalid_pcm_advanced_field_values ... ok
[INFO] [stdout] test accepts_all_runtime_verified_bluray_bitrates ... ok
[INFO] [stdout] test rejects_ddp71_bitrates_outside_runtime_set ... ok
[INFO] [stdout] test requires_matching_encoder_mode_for_pcm_modes ... ok
[INFO] [stdout] test enforces_mode_specific_downmix_config ... ok
[INFO] [stdout] test validates_first_wave_pcm_advanced_fields ... ok
[INFO] [stdout] test accepts_all_runtime_verified_ddp_bitrates ... ok
[INFO] [stdout] 
[INFO] [stdout] test result: ok. 18 passed; 0 failed; 0 ignored; 0 measured; 0 filtered out; finished in 0.05s
[INFO] [stdout] 
[INFO] [stderr]      Running tests/pcm_ddp_xsd_contract_smoke.rs (/opt/rustwide/target/release/build/dee-config-gen/6d5b3c42e83550c0/out/pcm_ddp_xsd_contract_smoke-6d5b3c42e83550c0)
[INFO] [stdout] 
[INFO] [stdout] running 2 tests
[INFO] [stdout] test pcm_ddp_xsd_contract_json_has_expected_sections ... ok
[INFO] [stderr]      Running tests/pcm_ddp_xsd_contract_snapshot.rs (/opt/rustwide/target/release/build/dee-config-gen/7afa00d20f741594/out/pcm_ddp_xsd_contract_snapshot-7afa00d20f741594)
[INFO] [stdout] test pcm_ddp_xsd_contract_covers_dolby_official_filter_params ... ok
[INFO] [stdout] 
[INFO] [stdout] test result: ok. 2 passed; 0 failed; 0 ignored; 0 measured; 0 filtered out; finished in 0.00s
[INFO] [stdout] 
[INFO] [stdout] 
[INFO] [stdout] running 1 test
[INFO] [stdout] test pcm_ddp_xsd_contract_snapshot_is_up_to_date ... ignored, runs python script to regenerate pcm_ddp contract snapshot
[INFO] [stdout] 
[INFO] [stdout] test result: ok. 0 passed; 0 failed; 1 ignored; 0 measured; 0 filtered out; finished in 0.00s
[INFO] [stdout] 
[INFO] [stderr]      Running tests/regression_examples.rs (/opt/rustwide/target/release/build/dee-config-gen/5e160046311b2037/out/regression_examples-5e160046311b2037)
[INFO] [stdout] 
[INFO] [stdout] running 6 tests
[INFO] [stdout] test xml_matches_album_music_example_snapshot ... ok
[INFO] [stdout] test preserves_bluray_encoder_mode_required_message ... ok
[INFO] [stdout] test xml_matches_bluray_example_snapshot ... ok
[INFO] [stdout] test xml_matches_streaming_example_snapshot ... ok
[INFO] [stdout] test preserves_atmos_ddp71_migration_message ... ok
[INFO] [stdout] test preserves_streaming_mode_extension_error_message ... ok
[INFO] [stdout] 
[INFO] [stdout] test result: ok. 6 passed; 0 failed; 0 ignored; 0 measured; 0 filtered out; finished in 0.00s
[INFO] [stdout] 
[INFO] [stderr]      Running tests/thd_atmos_wav_examples.rs (/opt/rustwide/target/release/build/dee-config-gen/af24c20fdd52385d/out/thd_atmos_wav_examples-af24c20fdd52385d)
[INFO] [stdout] 
[INFO] [stdout] running 2 tests
[INFO] [stdout] test renders_thd_atmos_wav_example ... ok
[INFO] [stdout] test renders_thd_atmos_wav_explicit_field_overrides ... ok
[INFO] [stdout] 
[INFO] [stdout] test result: ok. 2 passed; 0 failed; 0 ignored; 0 measured; 0 filtered out; finished in 0.00s
[INFO] [stdout] 
[INFO] [stderr]      Running tests/thd_atmos_wav_list_examples.rs (/opt/rustwide/target/release/build/dee-config-gen/7aabbc60f9fa6252/out/thd_atmos_wav_list_examples-7aabbc60f9fa6252)
[INFO] [stdout] 
[INFO] [stdout] running 2 tests
[INFO] [stdout] test renders_thd_atmos_wav_list_explicit_field_overrides ... ok
[INFO] [stdout] test renders_thd_atmos_wav_list_example ... ok
[INFO] [stdout] 
[INFO] [stdout] test result: ok. 2 passed; 0 failed; 0 ignored; 0 measured; 0 filtered out; finished in 0.00s
[INFO] [stdout] 
[INFO] [stderr]      Running tests/thd_atmos_wav_list_matrix.rs (/opt/rustwide/target/release/build/dee-config-gen/7739c8d90b3fd8c1/out/thd_atmos_wav_list_matrix-7739c8d90b3fd8c1)
[INFO] [stdout] 
[INFO] [stdout] running 7 tests
[INFO] [stdout] test rejects_missing_groups_and_old_input_shape ... ok
[INFO] [stdout] test allows_explicit_wav_list_offsets_with_default_start_boundary ... ok
[INFO] [stdout] test resolves_default_thd_atmos_wav_list_values ... ok
[INFO] [stdout] test rejects_inconsistent_atmos_and_wav_list_media ... ok
[INFO] [stdout] test rejects_invalid_group_lengths_and_channel_configuration_mismatch ... ok
[INFO] [stdout] test resolves_music_profile_without_extra_locks ... ok
[INFO] [stdout] test auto_channel_configuration_resolves_from_wav_list_input_count ... ok
[INFO] [stdout] 
[INFO] [stdout] test result: ok. 7 passed; 0 failed; 0 ignored; 0 measured; 0 filtered out; finished in 0.03s
[INFO] [stdout] 
[INFO] [stderr]      Running tests/thd_atmos_wav_list_xsd_contract_smoke.rs (/opt/rustwide/target/release/build/dee-config-gen/35caf00ec47bccc1/out/thd_atmos_wav_list_xsd_contract_smoke-35caf00ec47bccc1)
[INFO] [stdout] 
[INFO] [stdout] running 2 tests
[INFO] [stdout] test thd_atmos_wav_list_xsd_contract_covers_dolby_official_paths ... ok
[INFO] [stdout] test thd_atmos_wav_list_xsd_contract_json_has_expected_sections ... ok
[INFO] [stdout] 
[INFO] [stdout] test result: ok. 2 passed; 0 failed; 0 ignored; 0 measured; 0 filtered out; finished in 0.00s
[INFO] [stdout] 
[INFO] [stderr]      Running tests/thd_atmos_wav_list_xsd_contract_snapshot.rs (/opt/rustwide/target/release/build/dee-config-gen/5138893c2ce876bf/out/thd_atmos_wav_list_xsd_contract_snapshot-5138893c2ce876bf)
[INFO] [stderr]      Running tests/thd_atmos_wav_matrix.rs (/opt/rustwide/target/release/build/dee-config-gen/4c5e6b67260d8de3/out/thd_atmos_wav_matrix-4c5e6b67260d8de3)
[INFO] [stdout] 
[INFO] [stdout] running 1 test
[INFO] [stdout] test thd_atmos_wav_list_xsd_contract_snapshot_is_up_to_date ... ignored, runs python script to regenerate thd_atmos_wav_list contract snapshot
[INFO] [stdout] 
[INFO] [stdout] test result: ok. 0 passed; 0 failed; 1 ignored; 0 measured; 0 filtered out; finished in 0.00s
[INFO] [stdout] 
[INFO] [stdout] 
[INFO] [stdout] running 6 tests
[INFO] [stdout] test rejects_missing_groups_and_old_input_shape ... ok
[INFO] [stdout] test accepts_documented_thd_atmos_wav_overrides ... ok
[INFO] [stdout] test resolves_default_thd_atmos_wav_values ... ok
[INFO] [stdout] test resolves_music_profile_without_extra_locks ... ok
[INFO] [stdout] test rejects_explicit_wav_offsets_with_default_start_boundary ... ok
[INFO] [stdout] test rejects_invalid_groups_and_inconsistent_media ... ok
[INFO] [stdout] 
[INFO] [stdout] test result: ok. 6 passed; 0 failed; 0 ignored; 0 measured; 0 filtered out; finished in 0.01s
[INFO] [stdout] 
[INFO] [stderr]      Running tests/thd_atmos_wav_xsd_contract_smoke.rs (/opt/rustwide/target/release/build/dee-config-gen/6f6d97e77055bad4/out/thd_atmos_wav_xsd_contract_smoke-6f6d97e77055bad4)
[INFO] [stdout] 
[INFO] [stdout] running 2 tests
[INFO] [stdout] test thd_atmos_wav_xsd_contract_json_has_expected_sections ... ok
[INFO] [stderr]      Running tests/thd_atmos_wav_xsd_contract_snapshot.rs (/opt/rustwide/target/release/build/dee-config-gen/b92060c718b0a29c/out/thd_atmos_wav_xsd_contract_snapshot-b92060c718b0a29c)
[INFO] [stdout] test thd_atmos_wav_xsd_contract_covers_dolby_official_paths ... ok
[INFO] [stdout] 
[INFO] [stdout] test result: ok. 2 passed; 0 failed; 0 ignored; 0 measured; 0 filtered out; finished in 0.00s
[INFO] [stdout] 
[INFO] [stderr]      Running tests/thd_examples.rs (/opt/rustwide/target/release/build/dee-config-gen/f45ffba81343431c/out/thd_examples-f45ffba81343431c)
[INFO] [stdout] 
[INFO] [stdout] running 1 test
[INFO] [stdout] test thd_atmos_wav_xsd_contract_snapshot_is_up_to_date ... ignored, runs python script to regenerate thd_atmos_wav contract snapshot
[INFO] [stdout] 
[INFO] [stdout] test result: ok. 0 passed; 0 failed; 1 ignored; 0 measured; 0 filtered out; finished in 0.00s
[INFO] [stdout] 
[INFO] [stdout] 
[INFO] [stdout] running 5 tests
[INFO] [stdout] test renders_thd_explicit_embedded_timecode_overrides ... ok
[INFO] [stdout] test rejects_pcm_only_override_on_thd_template ... ok
[INFO] [stdout] test renders_thd_example ... ok
[INFO] [stdout] test renders_thd_explicit_drc_and_dialnorm_overrides ... ok
[INFO] [stderr]      Running tests/thd_matrix.rs (/opt/rustwide/target/release/build/dee-config-gen/4eccb52391dff109/out/thd_matrix-4eccb52391dff109)
[INFO] [stdout] test renders_thd_explicit_fixed_field_overrides ... ok
[INFO] [stdout] 
[INFO] [stdout] test result: ok. 5 passed; 0 failed; 0 ignored; 0 measured; 0 filtered out; finished in 0.00s
[INFO] [stdout] 
[INFO] [stdout] 
[INFO] [stdout] running 9 tests
[INFO] [stdout] test accepts_truehd_decimal_silence_durations ... ok
[INFO] [stdout] test accepts_documented_truehd_start_end_formats ... ok
[INFO] [stdout] test validates_truehd_embedded_timecode_overrides ... ok
[INFO] [stdout] test resolves_default_thd_filter_values ... ok
[INFO] [stdout] test rejects_invalid_truehd_start_end_formats ... ok
[INFO] [stdout] test validates_truehd_drc_profile_overrides ... ok
[INFO] [stdout] test rejects_truehd_frame_silence_durations ... ok
[INFO] [stdout] test validates_truehd_fixed_field_overrides ... ok
[INFO] [stdout] test validates_truehd_custom_dialnorm_boundaries ... ok
[INFO] [stderr]      Running tests/thd_wav_examples.rs (/opt/rustwide/target/release/build/dee-config-gen/bdc8f93020229770/out/thd_wav_examples-bdc8f93020229770)
[INFO] [stdout] 
[INFO] [stdout] test result: ok. 9 passed; 0 failed; 0 ignored; 0 measured; 0 filtered out; finished in 0.00s
[INFO] [stdout] 
[INFO] [stdout] 
[INFO] [stdout] running 3 tests
[INFO] [stdout] test renders_thd_wav_explicit_embedded_timecode_overrides ... ok
[INFO] [stdout] test renders_thd_wav_example ... ok
[INFO] [stderr]      Running tests/thd_wav_list_examples.rs (/opt/rustwide/target/release/build/dee-config-gen/6af8a9864bb7f4cb/out/thd_wav_list_examples-6af8a9864bb7f4cb)
[INFO] [stdout] test renders_thd_wav_explicit_field_overrides ... ok
[INFO] [stdout] 
[INFO] [stdout] test result: ok. 3 passed; 0 failed; 0 ignored; 0 measured; 0 filtered out; finished in 0.00s
[INFO] [stdout] 
[INFO] [stdout] 
[INFO] [stdout] running 2 tests
[INFO] [stdout] test renders_thd_wav_list_example ... ok
[INFO] [stderr]      Running tests/thd_wav_list_matrix.rs (/opt/rustwide/target/release/build/dee-config-gen/f4bf1b953748ce97/out/thd_wav_list_matrix-f4bf1b953748ce97)
[INFO] [stdout] test renders_thd_wav_list_explicit_field_overrides ... ok
[INFO] [stdout] 
[INFO] [stdout] test result: ok. 2 passed; 0 failed; 0 ignored; 0 measured; 0 filtered out; finished in 0.00s
[INFO] [stdout] 
[INFO] [stdout] 
[INFO] [stdout] running 6 tests
[INFO] [stdout] test accepts_documented_thd_wav_list_overrides ... ok
[INFO] [stdout] test resolves_default_thd_wav_list_filter_values ... ok
[INFO] [stdout] test rejects_invalid_wav_list_lengths_and_channel_configuration_mismatch ... ok
[INFO] [stdout] test rejects_invalid_thd_wav_list_formats_and_values ... ok
[INFO] [stdout] test auto_channel_configuration_resolves_from_input_count ... ok
[INFO] [stdout] test rejects_dash_placeholders ... ok
[INFO] [stdout] 
[INFO] [stdout] test result: ok. 6 passed; 0 failed; 0 ignored; 0 measured; 0 filtered out; finished in 0.01s
[INFO] [stdout] 
[INFO] [stderr]      Running tests/thd_wav_list_xsd_contract_smoke.rs (/opt/rustwide/target/release/build/dee-config-gen/e301c40875a71bcd/out/thd_wav_list_xsd_contract_smoke-e301c40875a71bcd)
[INFO] [stdout] 
[INFO] [stdout] running 2 tests
[INFO] [stdout] test thd_wav_list_xsd_contract_json_has_expected_sections ... ok
[INFO] [stdout] test thd_wav_list_xsd_contract_covers_dolby_official_filter_params ... ok
[INFO] [stdout] 
[INFO] [stdout] test result: ok. 2 passed; 0 failed; 0 ignored; 0 measured; 0 filtered out; finished in 0.01s
[INFO] [stdout] 
[INFO] [stderr]      Running tests/thd_wav_list_xsd_contract_snapshot.rs (/opt/rustwide/target/release/build/dee-config-gen/30e2708ac7a469e0/out/thd_wav_list_xsd_contract_snapshot-30e2708ac7a469e0)
[INFO] [stdout] 
[INFO] [stdout] running 1 test
[INFO] [stdout] test thd_wav_list_xsd_contract_snapshot_is_up_to_date ... ignored, runs python script to regenerate thd_wav_list contract snapshot
[INFO] [stdout] 
[INFO] [stdout] test result: ok. 0 passed; 0 failed; 1 ignored; 0 measured; 0 filtered out; finished in 0.00s
[INFO] [stdout] 
[INFO] [stderr]      Running tests/thd_wav_matrix.rs (/opt/rustwide/target/release/build/dee-config-gen/c91ffa9abdbfc89d/out/thd_wav_matrix-c91ffa9abdbfc89d)
[INFO] [stdout] 
[INFO] [stdout] running 3 tests
[INFO] [stdout] test resolves_default_thd_wav_filter_values ... ok
[INFO] [stdout] test accepts_documented_thd_wav_overrides ... ok
[INFO] [stdout] test rejects_invalid_thd_wav_formats_and_values ... ok
[INFO] [stdout] 
[INFO] [stdout] test result: ok. 3 passed; 0 failed; 0 ignored; 0 measured; 0 filtered out; finished in 0.00s
[INFO] [stdout] 
[INFO] [stderr]      Running tests/thd_wav_xsd_contract_smoke.rs (/opt/rustwide/target/release/build/dee-config-gen/5d5386c9831c6612/out/thd_wav_xsd_contract_smoke-5d5386c9831c6612)
[INFO] [stdout] 
[INFO] [stdout] running 2 tests
[INFO] [stdout] test thd_wav_xsd_contract_covers_dolby_official_filter_params ... ok
[INFO] [stdout] test thd_wav_xsd_contract_json_has_expected_sections ... ok
[INFO] [stdout] 
[INFO] [stdout] test result: ok. 2 passed; 0 failed; 0 ignored; 0 measured; 0 filtered out; finished in 0.00s
[INFO] [stdout] 
[INFO] [stderr]      Running tests/thd_wav_xsd_contract_snapshot.rs (/opt/rustwide/target/release/build/dee-config-gen/f4ff3a1538649ab8/out/thd_wav_xsd_contract_snapshot-f4ff3a1538649ab8)
[INFO] [stderr]      Running tests/thd_xsd_contract_smoke.rs (/opt/rustwide/target/release/build/dee-config-gen/800a22ffa2106c97/out/thd_xsd_contract_smoke-800a22ffa2106c97)
[INFO] [stdout] 
[INFO] [stdout] running 1 test
[INFO] [stdout] test thd_wav_xsd_contract_snapshot_is_up_to_date ... ignored, runs python script to regenerate thd_wav contract snapshot
[INFO] [stdout] 
[INFO] [stdout] test result: ok. 0 passed; 0 failed; 1 ignored; 0 measured; 0 filtered out; finished in 0.00s
[INFO] [stdout] 
[INFO] [stdout] 
[INFO] [stdout] running 2 tests
[INFO] [stdout] test thd_xsd_contract_covers_dolby_official_filter_params ... ok
[INFO] [stderr]      Running tests/thd_xsd_contract_snapshot.rs (/opt/rustwide/target/release/build/dee-config-gen/9f27544cec7e8ac9/out/thd_xsd_contract_snapshot-9f27544cec7e8ac9)
[INFO] [stdout] test thd_xsd_contract_json_has_expected_sections ... ok
[INFO] [stdout] 
[INFO] [stdout] test result: ok. 2 passed; 0 failed; 0 ignored; 0 measured; 0 filtered out; finished in 0.00s
[INFO] [stdout] 
[INFO] [stderr]      Running tests/uniffi_contract.rs (/opt/rustwide/target/release/build/dee-config-gen/3c55f063b4de8224/out/uniffi_contract-3c55f063b4de8224)
[INFO] [stdout] 
[INFO] [stdout] running 1 test
[INFO] [stdout] test thd_xsd_contract_snapshot_is_up_to_date ... ignored, runs python script to regenerate thd contract snapshot
[INFO] [stdout] 
[INFO] [stdout] test result: ok. 0 passed; 0 failed; 1 ignored; 0 measured; 0 filtered out; finished in 0.00s
[INFO] [stdout] 
[INFO] [stdout] 
[INFO] [stdout] running 4 tests
[INFO] [stdout] test uniffi_exports_are_frozen ... FAILED
[INFO] [stdout] test uniffi_render_format_variants_are_frozen ... FAILED
[INFO] [stdout] test uniffi_error_variants_are_frozen ... FAILED
[INFO] [stdout] test uniffi_record_shapes_are_frozen ... FAILED
[INFO] [stdout] 
[INFO] [stdout] failures:
[INFO] [stdout] 
[INFO] [stdout] ---- uniffi_exports_are_frozen stdout ----
[INFO] [stdout] 
[INFO] [stdout] thread 'uniffi_exports_are_frozen' (3200) panicked at tests/uniffi_contract.rs:5:10:
[INFO] [stdout] read ffi/uniffi_bridge/src/dcg_uniffi.udl: Os { code: 2, kind: NotFound, message: "No such file or directory" }
[INFO] [stdout] stack backtrace:
[INFO] [stdout]    0:     0x5af1be7402e1 - <<std[617be2ca0a6fd877]::sys::backtrace::BacktraceLock>::print::DisplayBacktrace as core[a373ad73a504971]::fmt::Display>::fmt
[INFO] [stdout]    1:     0x5af1be75424a - core[a373ad73a504971]::fmt::write
[INFO] [stdout]    2:     0x5af1be7444fc - <alloc[2e1b2a31b91974c5]::vec::Vec<u8> as core[a373ad73a504971]::io::write::Write>::write_fmt
[INFO] [stdout]    3:     0x5af1be71c3e6 - std[617be2ca0a6fd877]::panicking::default_hook::{closure#0}
[INFO] [stdout]    4:     0x5af1be738619 - std[617be2ca0a6fd877]::panicking::default_hook
[INFO] [stdout]    5:     0x5af1be6d4770 - test[aada8e7e76ba119b]::test_main_inner::{closure#0}
[INFO] [stdout]    6:     0x5af1be7387d2 - std[617be2ca0a6fd877]::panicking::panic_with_hook
[INFO] [stdout]    7:     0x5af1be71c492 - std[617be2ca0a6fd877]::panicking::panic_handler::{closure#0}
[INFO] [stdout]    8:     0x5af1be715019 - std[617be2ca0a6fd877]::sys::backtrace::__rust_end_short_backtrace::<std[617be2ca0a6fd877]::panicking::panic_handler::{closure#0}, !>
[INFO] [stdout]    9:     0x5af1be71d09d - __rustc[ea4f61d10b84890b]::rust_begin_unwind
[INFO] [stdout]   10:     0x5af1be75497c - core[a373ad73a504971]::panicking::panic_fmt
[INFO] [stdout]   11:     0x5af1be754752 - core[a373ad73a504971]::result::unwrap_failed
[INFO] [stdout]   12:     0x5af1be6c49bd - <uniffi_contract[a946e90fc26025ed]::uniffi_exports_are_frozen::{closure#0} as core[a373ad73a504971]::ops::function::FnOnce<()>>::call_once
[INFO] [stdout]   13:     0x5af1be6c7bbb - test[aada8e7e76ba119b]::__rust_begin_short_backtrace::<core[a373ad73a504971]::result::Result<(), alloc[2e1b2a31b91974c5]::string::String>, fn() -> core[a373ad73a504971]::result::Result<(), alloc[2e1b2a31b91974c5]::string::String>>
[INFO] [stdout]   14:     0x5af1be6d4d95 - test[aada8e7e76ba119b]::run_test::{closure#0}
[INFO] [stdout]   15:     0x5af1be6ce684 - std[617be2ca0a6fd877]::sys::backtrace::__rust_begin_short_backtrace::<test[aada8e7e76ba119b]::run_test::{closure#1}, ()>
[INFO] [stdout]   16:     0x5af1be6d7e22 - <std[617be2ca0a6fd877]::thread::lifecycle::spawn_unchecked<test[aada8e7e76ba119b]::run_test::{closure#1}, ()>::{closure#1} as core[a373ad73a504971]::ops::function::FnOnce<()>>::call_once::{shim:vtable#0}
[INFO] [stdout]   17:     0x5af1be73f7df - <std[617be2ca0a6fd877]::sys::thread::unix::Thread>::new::thread_start
[INFO] [stdout]   18:     0x7778e2232dfa - <unknown>
[INFO] [stdout]   19:     0x7778e22c63d4 - clone
[INFO] [stdout]   20:                0x0 - <unknown>
[INFO] [stdout] 
[INFO] [stdout] ---- uniffi_render_format_variants_are_frozen stdout ----
[INFO] [stdout] 
[INFO] [stdout] thread 'uniffi_render_format_variants_are_frozen' (3202) panicked at tests/uniffi_contract.rs:5:10:
[INFO] [stdout] read ffi/uniffi_bridge/src/dcg_uniffi.udl: Os { code: 2, kind: NotFound, message: "No such file or directory" }
[INFO] [stdout] stack backtrace:
[INFO] [stdout]    0:     0x5af1be7402e1 - <<std[617be2ca0a6fd877]::sys::backtrace::BacktraceLock>::print::DisplayBacktrace as core[a373ad73a504971]::fmt::Display>::fmt
[INFO] [stdout]    1:     0x5af1be75424a - core[a373ad73a504971]::fmt::write
[INFO] [stdout]    2:     0x5af1be7444fc - <alloc[2e1b2a31b91974c5]::vec::Vec<u8> as core[a373ad73a504971]::io::write::Write>::write_fmt
[INFO] [stderr] error: test failed, to rerun pass `--test uniffi_contract`
[INFO] [stdout]    3:     0x5af1be71c3e6 - std[617be2ca0a6fd877]::panicking::default_hook::{closure#0}
[INFO] [stdout]    4:     0x5af1be738619 - std[617be2ca0a6fd877]::panicking::default_hook
[INFO] [stdout]    5:     0x5af1be6d4770 - test[aada8e7e76ba119b]::test_main_inner::{closure#0}
[INFO] [stdout]    6:     0x5af1be7387d2 - std[617be2ca0a6fd877]::panicking::panic_with_hook
[INFO] [stdout]    7:     0x5af1be71c492 - std[617be2ca0a6fd877]::panicking::panic_handler::{closure#0}
[INFO] [stdout]    8:     0x5af1be715019 - std[617be2ca0a6fd877]::sys::backtrace::__rust_end_short_backtrace::<std[617be2ca0a6fd877]::panicking::panic_handler::{closure#0}, !>
[INFO] [stdout]    9:     0x5af1be71d09d - __rustc[ea4f61d10b84890b]::rust_begin_unwind
[INFO] [stdout]   10:     0x5af1be75497c - core[a373ad73a504971]::panicking::panic_fmt
[INFO] [stdout]   11:     0x5af1be754752 - core[a373ad73a504971]::result::unwrap_failed
[INFO] [stdout]   12:     0x5af1be6c670f - <uniffi_contract[a946e90fc26025ed]::uniffi_render_format_variants_are_frozen::{closure#0} as core[a373ad73a504971]::ops::function::FnOnce<()>>::call_once
[INFO] [stdout]   13:     0x5af1be6c7bbb - test[aada8e7e76ba119b]::__rust_begin_short_backtrace::<core[a373ad73a504971]::result::Result<(), alloc[2e1b2a31b91974c5]::string::String>, fn() -> core[a373ad73a504971]::result::Result<(), alloc[2e1b2a31b91974c5]::string::String>>
[INFO] [stdout]   14:     0x5af1be6d4d95 - test[aada8e7e76ba119b]::run_test::{closure#0}
[INFO] [stdout]   15:     0x5af1be6ce684 - std[617be2ca0a6fd877]::sys::backtrace::__rust_begin_short_backtrace::<test[aada8e7e76ba119b]::run_test::{closure#1}, ()>
[INFO] [stdout]   16:     0x5af1be6d7e22 - <std[617be2ca0a6fd877]::thread::lifecycle::spawn_unchecked<test[aada8e7e76ba119b]::run_test::{closure#1}, ()>::{closure#1} as core[a373ad73a504971]::ops::function::FnOnce<()>>::call_once::{shim:vtable#0}
[INFO] [stdout]   17:     0x5af1be73f7df - <std[617be2ca0a6fd877]::sys::thread::unix::Thread>::new::thread_start
[INFO] [stdout]   18:     0x7778e2232dfa - <unknown>
[INFO] [stdout]   19:     0x7778e22c63d4 - clone
[INFO] [stdout]   20:                0x0 - <unknown>
[INFO] [stdout] 
[INFO] [stdout] ---- uniffi_error_variants_are_frozen stdout ----
[INFO] [stdout] 
[INFO] [stdout] thread 'uniffi_error_variants_are_frozen' (3199) panicked at tests/uniffi_contract.rs:5:10:
[INFO] [stdout] read ffi/uniffi_bridge/src/dcg_uniffi.udl: Os { code: 2, kind: NotFound, message: "No such file or directory" }
[INFO] [stdout] stack backtrace:
[INFO] [stdout]    0:     0x5af1be7402e1 - <<std[617be2ca0a6fd877]::sys::backtrace::BacktraceLock>::print::DisplayBacktrace as core[a373ad73a504971]::fmt::Display>::fmt
[INFO] [stdout]    1:     0x5af1be75424a - core[a373ad73a504971]::fmt::write
[INFO] [stdout]    2:     0x5af1be7444fc - <alloc[2e1b2a31b91974c5]::vec::Vec<u8> as core[a373ad73a504971]::io::write::Write>::write_fmt
[INFO] [stdout]    3:     0x5af1be71c3e6 - std[617be2ca0a6fd877]::panicking::default_hook::{closure#0}
[INFO] [stdout]    4:     0x5af1be738619 - std[617be2ca0a6fd877]::panicking::default_hook
[INFO] [stdout]    5:     0x5af1be6d4770 - test[aada8e7e76ba119b]::test_main_inner::{closure#0}
[INFO] [stdout]    6:     0x5af1be7387d2 - std[617be2ca0a6fd877]::panicking::panic_with_hook
[INFO] [stdout]    7:     0x5af1be71c492 - std[617be2ca0a6fd877]::panicking::panic_handler::{closure#0}
[INFO] [stdout]    8:     0x5af1be715019 - std[617be2ca0a6fd877]::sys::backtrace::__rust_end_short_backtrace::<std[617be2ca0a6fd877]::panicking::panic_handler::{closure#0}, !>
[INFO] [stdout]    9:     0x5af1be71d09d - __rustc[ea4f61d10b84890b]::rust_begin_unwind
[INFO] [stdout]   10:     0x5af1be75497c - core[a373ad73a504971]::panicking::panic_fmt
[INFO] [stdout]   11:     0x5af1be754752 - core[a373ad73a504971]::result::unwrap_failed
[INFO] [stdout]   12:     0x5af1be6c6276 - <uniffi_contract[a946e90fc26025ed]::uniffi_error_variants_are_frozen::{closure#0} as core[a373ad73a504971]::ops::function::FnOnce<()>>::call_once
[INFO] [stdout]   13:     0x5af1be6c7bbb - test[aada8e7e76ba119b]::__rust_begin_short_backtrace::<core[a373ad73a504971]::result::Result<(), alloc[2e1b2a31b91974c5]::string::String>, fn() -> core[a373ad73a504971]::result::Result<(), alloc[2e1b2a31b91974c5]::string::String>>
[INFO] [stdout]   14:     0x5af1be6d4d95 - test[aada8e7e76ba119b]::run_test::{closure#0}
[INFO] [stdout]   15:     0x5af1be6ce684 - std[617be2ca0a6fd877]::sys::backtrace::__rust_begin_short_backtrace::<test[aada8e7e76ba119b]::run_test::{closure#1}, ()>
[INFO] [stdout]   16:     0x5af1be6d7e22 - <std[617be2ca0a6fd877]::thread::lifecycle::spawn_unchecked<test[aada8e7e76ba119b]::run_test::{closure#1}, ()>::{closure#1} as core[a373ad73a504971]::ops::function::FnOnce<()>>::call_once::{shim:vtable#0}
[INFO] [stdout]   17:     0x5af1be73f7df - <std[617be2ca0a6fd877]::sys::thread::unix::Thread>::new::thread_start
[INFO] [stdout]   18:     0x7778e2232dfa - <unknown>
[INFO] [stdout]   19:     0x7778e22c63d4 - clone
[INFO] [stdout]   20:                0x0 - <unknown>
[INFO] [stdout] 
[INFO] [stdout] ---- uniffi_record_shapes_are_frozen stdout ----
[INFO] [stdout] 
[INFO] [stdout] thread 'uniffi_record_shapes_are_frozen' (3201) panicked at tests/uniffi_contract.rs:5:10:
[INFO] [stdout] read ffi/uniffi_bridge/src/dcg_uniffi.udl: Os { code: 2, kind: NotFound, message: "No such file or directory" }
[INFO] [stdout] stack backtrace:
[INFO] [stdout]    0:     0x5af1be7402e1 - <<std[617be2ca0a6fd877]::sys::backtrace::BacktraceLock>::print::DisplayBacktrace as core[a373ad73a504971]::fmt::Display>::fmt
[INFO] [stdout]    1:     0x5af1be75424a - core[a373ad73a504971]::fmt::write
[INFO] [stdout]    2:     0x5af1be7444fc - <alloc[2e1b2a31b91974c5]::vec::Vec<u8> as core[a373ad73a504971]::io::write::Write>::write_fmt
[INFO] [stdout]    3:     0x5af1be71c3e6 - std[617be2ca0a6fd877]::panicking::default_hook::{closure#0}
[INFO] [stdout]    4:     0x5af1be738619 - std[617be2ca0a6fd877]::panicking::default_hook
[INFO] [stdout]    5:     0x5af1be6d4770 - test[aada8e7e76ba119b]::test_main_inner::{closure#0}
[INFO] [stdout]    6:     0x5af1be7387d2 - std[617be2ca0a6fd877]::panicking::panic_with_hook
[INFO] [stdout]    7:     0x5af1be71c492 - std[617be2ca0a6fd877]::panicking::panic_handler::{closure#0}
[INFO] [stdout]    8:     0x5af1be715019 - std[617be2ca0a6fd877]::sys::backtrace::__rust_end_short_backtrace::<std[617be2ca0a6fd877]::panicking::panic_handler::{closure#0}, !>
[INFO] [stdout]    9:     0x5af1be71d09d - __rustc[ea4f61d10b84890b]::rust_begin_unwind
[INFO] [stdout]   10:     0x5af1be75497c - core[a373ad73a504971]::panicking::panic_fmt
[INFO] [stdout]   11:     0x5af1be754752 - core[a373ad73a504971]::result::unwrap_failed
[INFO] [stdout]   12:     0x5af1be6c597d - <uniffi_contract[a946e90fc26025ed]::uniffi_record_shapes_are_frozen::{closure#0} as core[a373ad73a504971]::ops::function::FnOnce<()>>::call_once
[INFO] [stdout]   13:     0x5af1be6c7bbb - test[aada8e7e76ba119b]::__rust_begin_short_backtrace::<core[a373ad73a504971]::result::Result<(), alloc[2e1b2a31b91974c5]::string::String>, fn() -> core[a373ad73a504971]::result::Result<(), alloc[2e1b2a31b91974c5]::string::String>>
[INFO] [stdout]   14:     0x5af1be6d4d95 - test[aada8e7e76ba119b]::run_test::{closure#0}
[INFO] [stdout]   15:     0x5af1be6ce684 - std[617be2ca0a6fd877]::sys::backtrace::__rust_begin_short_backtrace::<test[aada8e7e76ba119b]::run_test::{closure#1}, ()>
[INFO] [stdout]   16:     0x5af1be6d7e22 - <std[617be2ca0a6fd877]::thread::lifecycle::spawn_unchecked<test[aada8e7e76ba119b]::run_test::{closure#1}, ()>::{closure#1} as core[a373ad73a504971]::ops::function::FnOnce<()>>::call_once::{shim:vtable#0}
[INFO] [stdout]   17:     0x5af1be73f7df - <std[617be2ca0a6fd877]::sys::thread::unix::Thread>::new::thread_start
[INFO] [stdout]   18:     0x7778e2232dfa - <unknown>
[INFO] [stdout]   19:     0x7778e22c63d4 - clone
[INFO] [stdout]   20:                0x0 - <unknown>
[INFO] [stdout] 
[INFO] [stdout] 
[INFO] [stdout] failures:
[INFO] [stdout]     uniffi_error_variants_are_frozen
[INFO] [stdout]     uniffi_exports_are_frozen
[INFO] [stdout]     uniffi_record_shapes_are_frozen
[INFO] [stdout]     uniffi_render_format_variants_are_frozen
[INFO] [stdout] 
[INFO] [stdout] test result: FAILED. 0 passed; 4 failed; 0 ignored; 0 measured; 0 filtered out; finished in 0.00s
[INFO] [stdout] 
[INFO] running `Command { std: "docker" "inspect" "96872647b44b3f4176faa33589c0efa5af9a46ddc48878b0305b38798a1f738b", kill_on_drop: false }`
[INFO] running `Command { std: "docker" "rm" "-f" "96872647b44b3f4176faa33589c0efa5af9a46ddc48878b0305b38798a1f738b", kill_on_drop: false }`
[INFO] [stdout] 96872647b44b3f4176faa33589c0efa5af9a46ddc48878b0305b38798a1f738b
