[INFO] fetching crate decrypt_truck 1.3.6...
[INFO] testing decrypt_truck-1.3.6 against 1.99.0-beta.8+cargoflags=--release for beta-release-1.100-2
[INFO] extracting crate decrypt_truck 1.3.6 into /workspace/builds/worker-1-tc1/source
[INFO] started tweaking crates.io crate decrypt_truck 1.3.6
[INFO] removed 0 missing tests
[INFO] finished tweaking crates.io crate decrypt_truck 1.3.6
[INFO] tweaked toml for crates.io crate decrypt_truck 1.3.6 written to /workspace/builds/worker-1-tc1/source/Cargo.toml
[INFO] validating manifest of crates.io crate decrypt_truck 1.3.6 on toolchain 1.99.0-beta.8
[INFO] running `Command { std: CARGO_HOME="/workspace/cargo-home" RUSTUP_HOME="/workspace/rustup-home" "/workspace/cargo-home/bin/cargo" "+1.99.0-beta.8" "metadata" "--manifest-path" "Cargo.toml" "--no-deps", kill_on_drop: false }`
[INFO] crate crates.io crate decrypt_truck 1.3.6 already has a lockfile, it will not be regenerated
[INFO] running `Command { std: CARGO_HOME="/workspace/cargo-home" RUSTUP_HOME="/workspace/rustup-home" "/workspace/cargo-home/bin/cargo" "+1.99.0-beta.8" "fetch" "--manifest-path" "Cargo.toml", kill_on_drop: false }`
[INFO] [stderr]     Updating crates.io index
[INFO] [stderr]  Downloading crates ...
[INFO] [stderr]   Downloaded quote v1.0.43
[INFO] [stderr]   Downloaded proc-macro2 v1.0.105
[INFO] [stderr]   Downloaded winres v0.1.12
[INFO] [stderr]   Downloaded libc v0.2.180
[INFO] running `Command { std: "docker" "create" "-v" "/var/lib/crater-agent-workspace/builds/worker-1-tc1/source:/opt/rustwide/workdir:ro,Z" "-v" "/var/lib/crater-agent-workspace/builds/worker-1-tc1/target:/opt/rustwide/target:rw,Z" "-v" "/var/lib/crater-agent-workspace/cargo-home:/opt/rustwide/cargo-home:ro,Z" "-v" "/var/lib/crater-agent-workspace/rustup-home:/opt/rustwide/rustup-home:ro,Z" "-m" "1610612736" "--network" "none" "ghcr.io/rust-lang/crates-build-env/linux@sha256:77db811e55d90add9212f6832c23229e3de5f1c1f9905e8cb07319ea15df73ac" "sleep" "infinity", kill_on_drop: false }`
[INFO] [stdout] 4cf78b40fdb00362efc1ae57fb83be93ec6a477661ab7c6fa61383099db7aa54
[INFO] running `Command { std: "docker" "start" "4cf78b40fdb00362efc1ae57fb83be93ec6a477661ab7c6fa61383099db7aa54", kill_on_drop: false }`
[INFO] running `Command { std: "docker" "inspect" "4cf78b40fdb00362efc1ae57fb83be93ec6a477661ab7c6fa61383099db7aa54", kill_on_drop: false }`
[INFO] running `Command { std: "docker" "exec" "-e" "SOURCE_DIR=/opt/rustwide/workdir" "-e" "CARGO_HOME=/opt/rustwide/cargo-home" "-e" "RUSTUP_HOME=/opt/rustwide/rustup-home" "-e" "CARGO_TARGET_DIR=/opt/rustwide/target" "-w" "/opt/rustwide/workdir" "--user" "0:0" "4cf78b40fdb00362efc1ae57fb83be93ec6a477661ab7c6fa61383099db7aa54" "/opt/rustwide/cargo-home/bin/cargo" "+1.99.0-beta.8" "metadata" "--no-deps" "--format-version=1", kill_on_drop: false }`
[INFO] running `Command { std: "docker" "inspect" "4cf78b40fdb00362efc1ae57fb83be93ec6a477661ab7c6fa61383099db7aa54", kill_on_drop: false }`
[INFO] running `Command { std: "docker" "exec" "-e" "SOURCE_DIR=/opt/rustwide/workdir" "-e" "CARGO_HOME=/opt/rustwide/cargo-home" "-e" "RUSTUP_HOME=/opt/rustwide/rustup-home" "-e" "CARGO_TARGET_DIR=/opt/rustwide/target" "-e" "CARGO_INCREMENTAL=0" "-e" "RUST_BACKTRACE=full" "-e" "RUSTFLAGS=--cap-lints=warn" "-e" "RUSTDOCFLAGS=--cap-lints=warn" "-w" "/opt/rustwide/workdir" "--user" "0:0" "4cf78b40fdb00362efc1ae57fb83be93ec6a477661ab7c6fa61383099db7aa54" "/opt/rustwide/cargo-home/bin/cargo" "+1.99.0-beta.8" "build" "--frozen" "--message-format=json" "--release", kill_on_drop: false }`
[INFO] [stderr]    Compiling typenum v1.19.0
[INFO] [stderr]    Compiling version_check v0.9.5
[INFO] [stderr]    Compiling serde_core v1.0.228
[INFO] [stderr]    Compiling serde v1.0.228
[INFO] [stderr]    Compiling crossbeam-utils v0.8.21
[INFO] [stderr]    Compiling rayon-core v1.13.0
[INFO] [stderr]    Compiling crc32fast v1.5.0
[INFO] [stderr]    Compiling cfg-if v1.0.4
[INFO] [stderr]    Compiling adler2 v2.0.1
[INFO] [stderr]    Compiling simd-adler32 v0.3.8
[INFO] [stderr]    Compiling cpufeatures v0.2.17
[INFO] [stderr]    Compiling either v1.15.0
[INFO] [stderr]    Compiling itoa v1.0.17
[INFO] [stderr]    Compiling miniz_oxide v0.8.9
[INFO] [stderr]    Compiling generic-array v0.14.7
[INFO] [stderr]    Compiling crossbeam-epoch v0.9.18
[INFO] [stderr]    Compiling crossbeam-deque v0.8.6
[INFO] [stderr]    Compiling flate2 v1.1.5
[INFO] [stderr]    Compiling rayon v1.11.0
[INFO] [stderr]    Compiling block-padding v0.3.3
[INFO] [stderr]    Compiling crypto-common v0.1.7
[INFO] [stderr]    Compiling inout v0.1.4
[INFO] [stderr]    Compiling cipher v0.4.4
[INFO] [stderr]    Compiling cbc v0.1.2
[INFO] [stderr]    Compiling aes v0.8.4
[INFO] [stderr]    Compiling toml v0.5.11
[INFO] [stderr]    Compiling winres v0.1.12
[INFO] [stderr]    Compiling decrypt_truck v1.3.6 (/opt/rustwide/workdir)
[INFO] [stdout] warning: variable `header` is assigned to, but never used
[INFO] [stdout]   --> src/utils/aes.rs:15:9
[INFO] [stdout]    |
[INFO] [stdout] 15 |     let mut header = SIIHeader::new();
[INFO] [stdout]    |         ^^^^^^^^^^
[INFO] [stdout]    |
[INFO] [stdout]    = note: consider using `_header` instead
[INFO] [stdout]    = note: `#[warn(unused_variables)]` (part of `#[warn(unused)]`) on by default
[INFO] [stdout] 
[INFO] [stdout] 
[INFO] [stdout] warning: value assigned to `header` is never read
[INFO] [stdout]   --> src/utils/aes.rs:29:9
[INFO] [stdout]    |
[INFO] [stdout] 29 |         header.signature = u32::from_le_bytes(bytes);
[INFO] [stdout]    |         ^^^^^^^^^^^^^^^^^^^^^^^^^^^^^^^^^^^^^^^^^^^^
[INFO] [stdout]    |
[INFO] [stdout]    = help: maybe it is overwritten before being read?
[INFO] [stdout]    = note: `#[warn(unused_assignments)]` (part of `#[warn(unused)]`) on by default
[INFO] [stdout] 
[INFO] [stdout] 
[INFO] [stdout] warning: value assigned to `header` is never read
[INFO] [stdout]   --> src/utils/aes.rs:50:9
[INFO] [stdout]    |
[INFO] [stdout] 50 |         header.data_size = u32::from_le_bytes(bytes);
[INFO] [stdout]    |         ^^^^^^^^^^^^^^^^^^^^^^^^^^^^^^^^^^^^^^^^^^^^
[INFO] [stdout]    |
[INFO] [stdout]    = help: maybe it is overwritten before being read?
[INFO] [stdout] 
[INFO] [stdout] 
[INFO] [stderr]     Finished `release` profile [optimized] target(s) in 17.27s
[INFO] running `Command { std: "docker" "inspect" "4cf78b40fdb00362efc1ae57fb83be93ec6a477661ab7c6fa61383099db7aa54", kill_on_drop: false }`
[INFO] running `Command { std: "docker" "exec" "-e" "SOURCE_DIR=/opt/rustwide/workdir" "-e" "CARGO_HOME=/opt/rustwide/cargo-home" "-e" "RUSTUP_HOME=/opt/rustwide/rustup-home" "-e" "CARGO_TARGET_DIR=/opt/rustwide/target" "-e" "CARGO_INCREMENTAL=0" "-e" "RUST_BACKTRACE=full" "-e" "RUSTFLAGS=--cap-lints=warn" "-e" "RUSTDOCFLAGS=--cap-lints=warn" "-w" "/opt/rustwide/workdir" "--user" "0:0" "4cf78b40fdb00362efc1ae57fb83be93ec6a477661ab7c6fa61383099db7aa54" "/opt/rustwide/cargo-home/bin/cargo" "+1.99.0-beta.8" "test" "--frozen" "--no-run" "--message-format=json" "--release", kill_on_drop: false }`
[INFO] [stderr]    Compiling decrypt_truck v1.3.6 (/opt/rustwide/workdir)
[INFO] [stdout] warning: variable `header` is assigned to, but never used
[INFO] [stdout]   --> src/utils/aes.rs:15:9
[INFO] [stdout]    |
[INFO] [stdout] 15 |     let mut header = SIIHeader::new();
[INFO] [stdout]    |         ^^^^^^^^^^
[INFO] [stdout]    |
[INFO] [stdout]    = note: consider using `_header` instead
[INFO] [stdout]    = note: `#[warn(unused_variables)]` (part of `#[warn(unused)]`) on by default
[INFO] [stdout] 
[INFO] [stdout] 
[INFO] [stdout] warning: value assigned to `header` is never read
[INFO] [stdout]   --> src/utils/aes.rs:29:9
[INFO] [stdout]    |
[INFO] [stdout] 29 |         header.signature = u32::from_le_bytes(bytes);
[INFO] [stdout]    |         ^^^^^^^^^^^^^^^^^^^^^^^^^^^^^^^^^^^^^^^^^^^^
[INFO] [stdout]    |
[INFO] [stdout]    = help: maybe it is overwritten before being read?
[INFO] [stdout]    = note: `#[warn(unused_assignments)]` (part of `#[warn(unused)]`) on by default
[INFO] [stdout] 
[INFO] [stdout] 
[INFO] [stdout] warning: value assigned to `header` is never read
[INFO] [stdout]   --> src/utils/aes.rs:50:9
[INFO] [stdout]    |
[INFO] [stdout] 50 |         header.data_size = u32::from_le_bytes(bytes);
[INFO] [stdout]    |         ^^^^^^^^^^^^^^^^^^^^^^^^^^^^^^^^^^^^^^^^^^^^
[INFO] [stdout]    |
[INFO] [stdout]    = help: maybe it is overwritten before being read?
[INFO] [stdout] 
[INFO] [stdout] 
[INFO] [stdout] warning: variable `header` is assigned to, but never used
[INFO] [stdout]   --> src/utils/aes.rs:15:9
[INFO] [stdout]    |
[INFO] [stdout] 15 |     let mut header = SIIHeader::new();
[INFO] [stdout]    |         ^^^^^^^^^^
[INFO] [stdout]    |
[INFO] [stdout]    = note: consider using `_header` instead
[INFO] [stdout]    = note: `#[warn(unused_variables)]` (part of `#[warn(unused)]`) on by default
[INFO] [stdout] 
[INFO] [stdout] 
[INFO] [stdout] warning: value assigned to `header` is never read
[INFO] [stdout]   --> src/utils/aes.rs:29:9
[INFO] [stdout]    |
[INFO] [stdout] 29 |         header.signature = u32::from_le_bytes(bytes);
[INFO] [stdout]    |         ^^^^^^^^^^^^^^^^^^^^^^^^^^^^^^^^^^^^^^^^^^^^
[INFO] [stdout]    |
[INFO] [stdout]    = help: maybe it is overwritten before being read?
[INFO] [stdout]    = note: `#[warn(unused_assignments)]` (part of `#[warn(unused)]`) on by default
[INFO] [stdout] 
[INFO] [stdout] 
[INFO] [stdout] warning: value assigned to `header` is never read
[INFO] [stdout]   --> src/utils/aes.rs:50:9
[INFO] [stdout]    |
[INFO] [stdout] 50 |         header.data_size = u32::from_le_bytes(bytes);
[INFO] [stdout]    |         ^^^^^^^^^^^^^^^^^^^^^^^^^^^^^^^^^^^^^^^^^^^^
[INFO] [stdout]    |
[INFO] [stdout]    = help: maybe it is overwritten before being read?
[INFO] [stdout] 
[INFO] [stdout] 
[INFO] [stderr]     Finished `release` profile [optimized] target(s) in 18.18s
[INFO] running `Command { std: "docker" "inspect" "4cf78b40fdb00362efc1ae57fb83be93ec6a477661ab7c6fa61383099db7aa54", kill_on_drop: false }`
[INFO] running `Command { std: "docker" "exec" "-e" "SOURCE_DIR=/opt/rustwide/workdir" "-e" "CARGO_HOME=/opt/rustwide/cargo-home" "-e" "RUSTUP_HOME=/opt/rustwide/rustup-home" "-e" "CARGO_TARGET_DIR=/opt/rustwide/target" "-e" "CARGO_INCREMENTAL=0" "-e" "RUST_BACKTRACE=full" "-e" "RUSTFLAGS=--cap-lints=warn" "-e" "RUSTDOCFLAGS=--cap-lints=warn" "-w" "/opt/rustwide/workdir" "--user" "0:0" "4cf78b40fdb00362efc1ae57fb83be93ec6a477661ab7c6fa61383099db7aa54" "/opt/rustwide/cargo-home/bin/cargo" "+1.99.0-beta.8" "test" "--frozen" "--release", kill_on_drop: false }`
[INFO] [stderr] warning: variable `header` is assigned to, but never used
[INFO] [stderr]   --> src/utils/aes.rs:15:9
[INFO] [stderr]    |
[INFO] [stderr] 15 |     let mut header = SIIHeader::new();
[INFO] [stderr]    |         ^^^^^^^^^^
[INFO] [stderr]    |
[INFO] [stderr]    = note: consider using `_header` instead
[INFO] [stderr]    = note: `#[warn(unused_variables)]` (part of `#[warn(unused)]`) on by default
[INFO] [stderr] 
[INFO] [stderr] warning: value assigned to `header` is never read
[INFO] [stderr]   --> src/utils/aes.rs:29:9
[INFO] [stderr]    |
[INFO] [stderr] 29 |         header.signature = u32::from_le_bytes(bytes);
[INFO] [stderr]    |         ^^^^^^^^^^^^^^^^^^^^^^^^^^^^^^^^^^^^^^^^^^^^
[INFO] [stderr]    |
[INFO] [stderr]    = help: maybe it is overwritten before being read?
[INFO] [stderr]    = note: `#[warn(unused_assignments)]` (part of `#[warn(unused)]`) on by default
[INFO] [stderr] 
[INFO] [stderr] warning: value assigned to `header` is never read
[INFO] [stderr]   --> src/utils/aes.rs:50:9
[INFO] [stderr]    |
[INFO] [stderr] 50 |         header.data_size = u32::from_le_bytes(bytes);
[INFO] [stderr]    |         ^^^^^^^^^^^^^^^^^^^^^^^^^^^^^^^^^^^^^^^^^^^^
[INFO] [stderr]    |
[INFO] [stderr]    = help: maybe it is overwritten before being read?
[INFO] [stderr] 
[INFO] [stderr] warning: `decrypt_truck` (lib) generated 3 warnings
[INFO] [stderr] warning: `decrypt_truck` (lib test) generated 3 warnings (3 duplicates)
[INFO] [stderr]     Finished `release` profile [optimized] target(s) in 0.04s
[INFO] [stderr]      Running unittests src/lib.rs (/opt/rustwide/target/release/deps/decrypt_truck-5893810ec4dadb4a)
[INFO] [stderr]      Running unittests src/main.rs (/opt/rustwide/target/release/deps/decrypt_truck-eeb65c1d655b3e6d)
[INFO] [stdout] 
[INFO] [stdout] running 0 tests
[INFO] [stdout] 
[INFO] [stdout] test result: ok. 0 passed; 0 failed; 0 ignored; 0 measured; 0 filtered out; finished in 0.00s
[INFO] [stdout] 
[INFO] [stdout] 
[INFO] [stderr]      Running tests/decrypt_bin_file_test.rs (/opt/rustwide/target/release/deps/decrypt_bin_file_test-77b2d3c7dffd6d98)
[INFO] [stdout] running 0 tests
[INFO] [stdout] 
[INFO] [stdout] test result: ok. 0 passed; 0 failed; 0 ignored; 0 measured; 0 filtered out; finished in 0.00s
[INFO] [stdout] 
[INFO] [stdout] 
[INFO] [stdout] running 2 tests
[INFO] [stdout] test test_decrypt_bin_encrypted_file_with_mod ... FAILED
[INFO] [stdout] test test_decrypt_bin_encrypted_file ... FAILED
[INFO] [stdout] 
[INFO] [stdout] failures:
[INFO] [stdout] 
[INFO] [stdout] ---- test_decrypt_bin_encrypted_file_with_mod stdout ----
[INFO] [stdout] 
[INFO] [stdout] thread 'test_decrypt_bin_encrypted_file_with_mod' (671) panicked at tests/decrypt_bin_file_test.rs:37:5:
[INFO] [stdout] Decrypted file with mod is not the same as the original file
[INFO] [stdout] stack backtrace:
[INFO] [stdout]    0:     0x59542a201157 - <<std[70759c8f55707aa4]::sys::backtrace::BacktraceLock>::print::DisplayBacktrace as core[df12db4294e9bfd3]::fmt::Display>::fmt
[INFO] [stdout]    1:     0x59542a1c7b1a - core[df12db4294e9bfd3]::fmt::write
[INFO] [stdout]    2:     0x59542a20070b - <alloc[2182bb758b4b3781]::vec::Vec<u8> as core[df12db4294e9bfd3]::io::write::Write>::write_fmt
[INFO] [stdout]    3:     0x59542a2001ef - std[70759c8f55707aa4]::panicking::default_hook::{closure#0}
[INFO] [stdout]    4:     0x59542a1ffe1a - std[70759c8f55707aa4]::panicking::default_hook
[INFO] [stdout]    5:     0x59542a1ff952 - std[70759c8f55707aa4]::panicking::panic_with_hook
[INFO] [stdout]    6:     0x59542a226cf2 - std[70759c8f55707aa4]::panicking::panic_handler::{closure#0}
[INFO] [stdout]    7:     0x59542a226c79 - std[70759c8f55707aa4]::sys::backtrace::__rust_end_short_backtrace::<std[70759c8f55707aa4]::panicking::panic_handler::{closure#0}, !>
[INFO] [stdout]    8:     0x59542a22718c - __rustc[8fa7c3cbc660c2b3]::rust_begin_unwind
[INFO] [stdout]    9:     0x59542a1c79ab - core[df12db4294e9bfd3]::panicking::panic_fmt
[INFO] [stdout]   10:     0x59542a1c44a5 - <decrypt_bin_file_test[21664b1a1a110479]::test_decrypt_bin_encrypted_file_with_mod::{closure#0} as core[df12db4294e9bfd3]::ops::function::FnOnce<()>>::call_once
[INFO] [stdout]   11:     0x59542a240e7b - test[9d35eded1c95d3be]::__rust_begin_short_backtrace::<core[df12db4294e9bfd3]::result::Result<(), alloc[2182bb758b4b3781]::string::String>, fn() -> core[df12db4294e9bfd3]::result::Result<(), alloc[2182bb758b4b3781]::string::String>>
[INFO] [stdout]   12:     0x59542a23c48f - test[9d35eded1c95d3be]::run_test::{closure#0}
[INFO] [stdout]   13:     0x59542a23bf0c - std[70759c8f55707aa4]::sys::backtrace::__rust_begin_short_backtrace::<test[9d35eded1c95d3be]::run_test::{closure#1}, ()>
[INFO] [stdout]   14:     0x59542a25706c - <std[70759c8f55707aa4]::thread::lifecycle::spawn_unchecked<test[9d35eded1c95d3be]::run_test::{closure#1}, ()>::{closure#1} as core[df12db4294e9bfd3]::ops::function::FnOnce<()>>::call_once::{shim:vtable#0}
[INFO] [stdout]   15:     0x59542a228752 - <std[70759c8f55707aa4]::sys::thread::unix::Thread>::new::thread_start
[INFO] [stdout]   16:     0x7e728ee37dfa - <unknown>
[INFO] [stdout]   17:     0x7e728eecb3d4 - clone
[INFO] [stdout]   18:                0x0 - <unknown>
[INFO] [stdout] 
[INFO] [stdout] ---- test_decrypt_bin_encrypted_file stdout ----
[INFO] [stdout] 
[INFO] [stdout] thread 'test_decrypt_bin_encrypted_file' (670) panicked at tests/decrypt_bin_file_test.rs:24:5:
[INFO] [stdout] Decrypted file is not the same as the original file
[INFO] [stdout] stack backtrace:
[INFO] [stdout]    0:     0x59542a201157 - <<std[70759c8f55707aa4]::sys::backtrace::BacktraceLock>::print::DisplayBacktrace as core[df12db4294e9bfd3]::fmt::Display>::fmt
[INFO] [stdout]    1:     0x59542a1c7b1a - core[df12db4294e9bfd3]::fmt::write
[INFO] [stdout]    2:     0x59542a20070b - <alloc[2182bb758b4b3781]::vec::Vec<u8> as core[df12db4294e9bfd3]::io::write::Write>::write_fmt
[INFO] [stdout]    3:     0x59542a2001ef - std[70759c8f55707aa4]::panicking::default_hook::{closure#0}
[INFO] [stdout]    4:     0x59542a1ffe1a - std[70759c8f55707aa4]::panicking::default_hook
[INFO] [stdout]    5:     0x59542a1ff952 - std[70759c8f55707aa4]::panicking::panic_with_hook
[INFO] [stdout]    6:     0x59542a226cf2 - std[70759c8f55707aa4]::panicking::panic_handler::{closure#0}
[INFO] [stdout]    7:     0x59542a226c79 - std[70759c8f55707aa4]::sys::backtrace::__rust_end_short_backtrace::<std[70759c8f55707aa4]::panicking::panic_handler::{closure#0}, !>
[INFO] [stdout]    8:     0x59542a22718c - __rustc[8fa7c3cbc660c2b3]::rust_begin_unwind
[INFO] [stdout]    9:     0x59542a1c79ab - core[df12db4294e9bfd3]::panicking::panic_fmt
[INFO] [stdout]   10:     0x59542a1c42d5 - <decrypt_bin_file_test[21664b1a1a110479]::test_decrypt_bin_encrypted_file::{closure#0} as core[df12db4294e9bfd3]::ops::function::FnOnce<()>>::call_once
[INFO] [stdout]   11:     0x59542a240e7b - test[9d35eded1c95d3be]::__rust_begin_short_backtrace::<core[df12db4294e9bfd3]::result::Result<(), alloc[2182bb758b4b3781]::string::String>, fn() -> core[df12db4294e9bfd3]::result::Result<(), alloc[2182bb758b4b3781]::string::String>>
[INFO] [stdout]   12:     0x59542a23c48f - test[9d35eded1c95d3be]::run_test::{closure#0}
[INFO] [stdout]   13:     0x59542a23bf0c - std[70759c8f55707aa4]::sys::backtrace::__rust_begin_short_backtrace::<test[9d35eded1c95d3be]::run_test::{closure#1}, ()>
[INFO] [stdout]   14:     0x59542a25706c - <std[70759c8f55707aa4]::thread::lifecycle::spawn_unchecked<test[9d35eded1c95d3be]::run_test::{closure#1}, ()>::{closure#1} as core[df12db4294e9bfd3]::ops::function::FnOnce<()>>::call_once::{shim:vtable#0}
[INFO] [stdout]   15:     0x59542a228752 - <std[70759c8f55707aa4]::sys::thread::unix::Thread>::new::thread_start
[INFO] [stdout]   16:     0x7e728ee37dfa - <unknown>
[INFO] [stdout]   17:     0x7e728eecb3d4 - clone
[INFO] [stdout]   18:                0x0 - <unknown>
[INFO] [stdout] 
[INFO] [stdout] 
[INFO] [stdout] failures:
[INFO] [stdout]     test_decrypt_bin_encrypted_file
[INFO] [stdout]     test_decrypt_bin_encrypted_file_with_mod
[INFO] [stdout] 
[INFO] [stdout] test result: FAILED. 0 passed; 2 failed; 0 ignored; 0 measured; 0 filtered out; finished in 0.65s
[INFO] [stdout] 
[INFO] [stderr] error: test failed, to rerun pass `--test decrypt_bin_file_test`
[INFO] running `Command { std: "docker" "inspect" "4cf78b40fdb00362efc1ae57fb83be93ec6a477661ab7c6fa61383099db7aa54", kill_on_drop: false }`
[INFO] running `Command { std: "docker" "rm" "-f" "4cf78b40fdb00362efc1ae57fb83be93ec6a477661ab7c6fa61383099db7aa54", kill_on_drop: false }`
[INFO] [stdout] 4cf78b40fdb00362efc1ae57fb83be93ec6a477661ab7c6fa61383099db7aa54
