[INFO] fetching crate decrunch-unity 0.1.2...
[INFO] testing decrunch-unity-0.1.2 against 1.100.0-beta.1+cargoflags=--release for beta-release-1.100-2
[INFO] extracting crate decrunch-unity 0.1.2 into /workspace/builds/worker-2-tc2/source
[INFO] started tweaking crates.io crate decrunch-unity 0.1.2
[INFO] finished tweaking crates.io crate decrunch-unity 0.1.2
[INFO] tweaked toml for crates.io crate decrunch-unity 0.1.2 written to /workspace/builds/worker-2-tc2/source/Cargo.toml
[INFO] validating manifest of crates.io crate decrunch-unity 0.1.2 on toolchain 1.100.0-beta.1
[INFO] running `Command { std: CARGO_HOME="/workspace/cargo-home" RUSTUP_HOME="/workspace/rustup-home" "/workspace/cargo-home/bin/cargo" "+1.100.0-beta.1" "metadata" "--manifest-path" "Cargo.toml" "--no-deps", kill_on_drop: false }`
[INFO] crate crates.io crate decrunch-unity 0.1.2 already has a lockfile, it will not be regenerated
[INFO] running `Command { std: CARGO_HOME="/workspace/cargo-home" RUSTUP_HOME="/workspace/rustup-home" "/workspace/cargo-home/bin/cargo" "+1.100.0-beta.1" "fetch" "--manifest-path" "Cargo.toml", kill_on_drop: false }`
[INFO] [stderr] warning: `package.homepage` is redundant with `package.repository`
[INFO] [stderr]   --> Cargo.toml:21:12
[INFO] [stderr]    |
[INFO] [stderr] 21 | homepage = "https://github.com/miwig/decrunch-unity"
[INFO] [stderr]    |            ^^^^^^^^^^^^^^^^^^^^^^^^^^^^^^^^^^^^^^^^^
[INFO] [stderr] ...
[INFO] [stderr] 26 | repository = "https://github.com/miwig/decrunch-unity"
[INFO] [stderr]    |              -----------------------------------------
[INFO] [stderr]    |
[INFO] [stderr]    = note: `cargo::redundant_homepage` is set to `warn` by default
[INFO] [stderr] help: consider removing `package.homepage`
[INFO] [stderr] warning: `decrunch-unity` (manifest) generated 1 warning
[INFO] running `Command { std: "docker" "create" "-v" "/var/lib/crater-agent-workspace/builds/worker-2-tc2/source:/opt/rustwide/workdir:ro,Z" "-v" "/var/lib/crater-agent-workspace/builds/worker-2-tc2/target:/opt/rustwide/target:rw,Z" "-v" "/var/lib/crater-agent-workspace/cargo-home:/opt/rustwide/cargo-home:ro,Z" "-v" "/var/lib/crater-agent-workspace/rustup-home:/opt/rustwide/rustup-home:ro,Z" "-m" "1610612736" "--network" "none" "ghcr.io/rust-lang/crates-build-env/linux@sha256:77db811e55d90add9212f6832c23229e3de5f1c1f9905e8cb07319ea15df73ac" "sleep" "infinity", kill_on_drop: false }`
[INFO] [stdout] f49f4fe540281ab4106c10de16415ea6d0360f0743e080f32adc3aec68c42eaa
[INFO] running `Command { std: "docker" "start" "f49f4fe540281ab4106c10de16415ea6d0360f0743e080f32adc3aec68c42eaa", kill_on_drop: false }`
[INFO] running `Command { std: "docker" "inspect" "f49f4fe540281ab4106c10de16415ea6d0360f0743e080f32adc3aec68c42eaa", kill_on_drop: false }`
[INFO] running `Command { std: "docker" "exec" "-e" "SOURCE_DIR=/opt/rustwide/workdir" "-e" "CARGO_HOME=/opt/rustwide/cargo-home" "-e" "RUSTUP_HOME=/opt/rustwide/rustup-home" "-e" "CARGO_TARGET_DIR=/opt/rustwide/target" "-w" "/opt/rustwide/workdir" "--user" "0:0" "f49f4fe540281ab4106c10de16415ea6d0360f0743e080f32adc3aec68c42eaa" "/opt/rustwide/cargo-home/bin/cargo" "+1.100.0-beta.1" "metadata" "--no-deps" "--format-version=1", kill_on_drop: false }`
[INFO] running `Command { std: "docker" "inspect" "f49f4fe540281ab4106c10de16415ea6d0360f0743e080f32adc3aec68c42eaa", kill_on_drop: false }`
[INFO] running `Command { std: "docker" "exec" "-e" "SOURCE_DIR=/opt/rustwide/workdir" "-e" "CARGO_HOME=/opt/rustwide/cargo-home" "-e" "RUSTUP_HOME=/opt/rustwide/rustup-home" "-e" "CARGO_TARGET_DIR=/opt/rustwide/target" "-e" "CARGO_INCREMENTAL=0" "-e" "RUST_BACKTRACE=full" "-e" "RUSTFLAGS=--cap-lints=warn" "-e" "RUSTDOCFLAGS=--cap-lints=warn" "-w" "/opt/rustwide/workdir" "--user" "0:0" "f49f4fe540281ab4106c10de16415ea6d0360f0743e080f32adc3aec68c42eaa" "/opt/rustwide/cargo-home/bin/cargo" "+1.100.0-beta.1" "build" "--frozen" "--message-format=json" "--release", kill_on_drop: false }`
[INFO] [stderr] warning: `package.homepage` is redundant with `package.repository`
[INFO] [stderr]   --> Cargo.toml:21:12
[INFO] [stderr]    |
[INFO] [stderr] 21 | homepage = "https://github.com/miwig/decrunch-unity"
[INFO] [stderr]    |            ^^^^^^^^^^^^^^^^^^^^^^^^^^^^^^^^^^^^^^^^^
[INFO] [stderr] ...
[INFO] [stderr] 26 | repository = "https://github.com/miwig/decrunch-unity"
[INFO] [stderr]    |              -----------------------------------------
[INFO] [stderr]    |
[INFO] [stderr]    = note: `cargo::redundant_homepage` is set to `warn` by default
[INFO] [stderr] help: consider removing `package.homepage`
[INFO] [stderr] warning: `decrunch-unity` (manifest) generated 1 warning
[INFO] [stderr]    Compiling cc v1.2.22
[INFO] [stderr]    Compiling libc v0.2.153
[INFO] [stderr]    Compiling decrunch-unity v0.1.2 (/opt/rustwide/workdir)
[INFO] [stderr] warning: decrunch-unity@0.1.2: In file included from crunch/crnlib/crn_decomp.cpp:6,
[INFO] [stderr] warning: decrunch-unity@0.1.2:                  from crunch/rust.cpp:2:
[INFO] [stderr] warning: decrunch-unity@0.1.2: crunch/crnlib/../inc/crn_decomp.h: In function 'size_t crnd::crnd_default_msize(void*, void*)':
[INFO] [stderr] warning: decrunch-unity@0.1.2: crunch/crnlib/../inc/crn_decomp.h:1968:3: warning: statement has no effect [-Wunused-value]
[INFO] [stderr] warning: decrunch-unity@0.1.2:  1968 |   pUser_data;
[INFO] [stderr] warning: decrunch-unity@0.1.2:       |   ^~~~~~~~~~
[INFO] [stderr] warning: decrunch-unity@0.1.2: crunch/crnlib/../inc/crn_decomp.h: In member function 'bool crnd::crn_unpacker::unpack_dxt1(crnd::uint8**, crnd::uint32, crnd::uint32, crnd::uint32)':
[INFO] [stderr] warning: decrunch-unity@0.1.2: crunch/crnlib/../inc/crn_decomp.h:3338:39: warning: suggest parentheses around '+' in operand of '&' [-Wparentheses]
[INFO] [stderr] warning: decrunch-unity@0.1.2:  3338 |     const uint32 width = output_width + 1 & ~1;
[INFO] [stderr] warning: decrunch-unity@0.1.2:       |                          ~~~~~~~~~~~~~^~~
[INFO] [stderr] warning: decrunch-unity@0.1.2: crunch/crnlib/../inc/crn_decomp.h:3339:41: warning: suggest parentheses around '+' in operand of '&' [-Wparentheses]
[INFO] [stderr] warning: decrunch-unity@0.1.2:  3339 |     const uint32 height = output_height + 1 & ~1;
[INFO] [stderr] warning: decrunch-unity@0.1.2:       |                           ~~~~~~~~~~~~~~^~~
[INFO] [stderr] warning: decrunch-unity@0.1.2: crunch/crnlib/../inc/crn_decomp.h: In member function 'bool crnd::crn_unpacker::unpack_dxt5(crnd::uint8**, crnd::uint32, crnd::uint32, crnd::uint32)':
[INFO] [stderr] warning: decrunch-unity@0.1.2: crunch/crnlib/../inc/crn_decomp.h:3390:39: warning: suggest parentheses around '+' in operand of '&' [-Wparentheses]
[INFO] [stderr] warning: decrunch-unity@0.1.2:  3390 |     const uint32 width = output_width + 1 & ~1;
[INFO] [stderr] warning: decrunch-unity@0.1.2:       |                          ~~~~~~~~~~~~~^~~
[INFO] [stderr] warning: decrunch-unity@0.1.2: crunch/crnlib/../inc/crn_decomp.h:3391:41: warning: suggest parentheses around '+' in operand of '&' [-Wparentheses]
[INFO] [stderr] warning: decrunch-unity@0.1.2:  3391 |     const uint32 height = output_height + 1 & ~1;
[INFO] [stderr] warning: decrunch-unity@0.1.2:       |                           ~~~~~~~~~~~~~~^~~
[INFO] [stderr] warning: decrunch-unity@0.1.2: crunch/crnlib/../inc/crn_decomp.h: In member function 'bool crnd::crn_unpacker::unpack_dxn(crnd::uint8**, crnd::uint32, crnd::uint32, crnd::uint32)':
[INFO] [stderr] warning: decrunch-unity@0.1.2: crunch/crnlib/../inc/crn_decomp.h:3452:39: warning: suggest parentheses around '+' in operand of '&' [-Wparentheses]
[INFO] [stderr] warning: decrunch-unity@0.1.2:  3452 |     const uint32 width = output_width + 1 & ~1;
[INFO] [stderr] warning: decrunch-unity@0.1.2:       |                          ~~~~~~~~~~~~~^~~
[INFO] [stderr] warning: decrunch-unity@0.1.2: crunch/crnlib/../inc/crn_decomp.h:3453:41: warning: suggest parentheses around '+' in operand of '&' [-Wparentheses]
[INFO] [stderr] warning: decrunch-unity@0.1.2:  3453 |     const uint32 height = output_height + 1 & ~1;
[INFO] [stderr] warning: decrunch-unity@0.1.2:       |                           ~~~~~~~~~~~~~~^~~
[INFO] [stderr] warning: decrunch-unity@0.1.2: crunch/crnlib/../inc/crn_decomp.h: In member function 'bool crnd::crn_unpacker::unpack_dxt5a(crnd::uint8**, crnd::uint32, crnd::uint32, crnd::uint32)':
[INFO] [stderr] warning: decrunch-unity@0.1.2: crunch/crnlib/../inc/crn_decomp.h:3515:39: warning: suggest parentheses around '+' in operand of '&' [-Wparentheses]
[INFO] [stderr] warning: decrunch-unity@0.1.2:  3515 |     const uint32 width = output_width + 1 & ~1;
[INFO] [stderr] warning: decrunch-unity@0.1.2:       |                          ~~~~~~~~~~~~~^~~
[INFO] [stderr] warning: decrunch-unity@0.1.2: crunch/crnlib/../inc/crn_decomp.h:3516:41: warning: suggest parentheses around '+' in operand of '&' [-Wparentheses]
[INFO] [stderr] warning: decrunch-unity@0.1.2:  3516 |     const uint32 height = output_height + 1 & ~1;
[INFO] [stderr] warning: decrunch-unity@0.1.2:       |                           ~~~~~~~~~~~~~~^~~
[INFO] [stderr] warning: decrunch-unity@0.1.2: crunch/crnlib/../inc/crn_decomp.h: In member function 'bool crnd::crn_unpacker::unpack_etc1(crnd::uint8**, crnd::uint32, crnd::uint32, crnd::uint32)':
[INFO] [stderr] warning: decrunch-unity@0.1.2: crunch/crnlib/../inc/crn_decomp.h:3567:39: warning: suggest parentheses around '+' in operand of '&' [-Wparentheses]
[INFO] [stderr] warning: decrunch-unity@0.1.2:  3567 |     const uint32 width = output_width + 1 & ~1;
[INFO] [stderr] warning: decrunch-unity@0.1.2:       |                          ~~~~~~~~~~~~~^~~
[INFO] [stderr] warning: decrunch-unity@0.1.2: crunch/crnlib/../inc/crn_decomp.h:3568:41: warning: suggest parentheses around '+' in operand of '&' [-Wparentheses]
[INFO] [stderr] warning: decrunch-unity@0.1.2:  3568 |     const uint32 height = output_height + 1 & ~1;
[INFO] [stderr] warning: decrunch-unity@0.1.2:       |                           ~~~~~~~~~~~~~~^~~
[INFO] [stderr] warning: decrunch-unity@0.1.2: crunch/crnlib/../inc/crn_decomp.h: In member function 'bool crnd::crn_unpacker::unpack_etc2a(crnd::uint8**, crnd::uint32, crnd::uint32, crnd::uint32)':
[INFO] [stderr] warning: decrunch-unity@0.1.2: crunch/crnlib/../inc/crn_decomp.h:3634:39: warning: suggest parentheses around '+' in operand of '&' [-Wparentheses]
[INFO] [stderr] warning: decrunch-unity@0.1.2:  3634 |     const uint32 width = output_width + 1 & ~1;
[INFO] [stderr] warning: decrunch-unity@0.1.2:       |                          ~~~~~~~~~~~~~^~~
[INFO] [stderr] warning: decrunch-unity@0.1.2: crunch/crnlib/../inc/crn_decomp.h:3635:41: warning: suggest parentheses around '+' in operand of '&' [-Wparentheses]
[INFO] [stderr] warning: decrunch-unity@0.1.2:  3635 |     const uint32 height = output_height + 1 & ~1;
[INFO] [stderr] warning: decrunch-unity@0.1.2:       |                           ~~~~~~~~~~~~~~^~~
[INFO] [stdout] warning: `repr(C)` enum discriminant does not fit into C `int`, and a previous discriminant does not fit into C `unsigned int`
[INFO] [stdout]   --> src/lib.rs:95:5
[INFO] [stdout]    |
[INFO] [stdout] 95 |     ForceDWORD = 0xFFFFFFFF,
[INFO] [stdout]    |     ^^^^^^^^^^
[INFO] [stdout]    |
[INFO] [stdout]    = note: `repr(C)` enums with big discriminants are non-portable, and their size in Rust might not match their size in C
[INFO] [stdout]    = help: use `repr($int_ty)` instead to explicitly set the size of this enum
[INFO] [stdout]    = warning: this was previously accepted by the compiler but is being phased out; it will become a hard error in a future release!
[INFO] [stdout]    = note: for more information, see issue #124403 <https://github.com/rust-lang/rust/issues/124403>
[INFO] [stdout]    = note: `#[warn(repr_c_enums_larger_than_int)]` (part of `#[warn(future_incompatible)]`) on by default
[INFO] [stdout] 
[INFO] [stdout] 
[INFO] [stderr]     Finished `release` profile [optimized] target(s) in 4.52s
[INFO] running `Command { std: "docker" "inspect" "f49f4fe540281ab4106c10de16415ea6d0360f0743e080f32adc3aec68c42eaa", kill_on_drop: false }`
[INFO] running `Command { std: "docker" "exec" "-e" "SOURCE_DIR=/opt/rustwide/workdir" "-e" "CARGO_HOME=/opt/rustwide/cargo-home" "-e" "RUSTUP_HOME=/opt/rustwide/rustup-home" "-e" "CARGO_TARGET_DIR=/opt/rustwide/target" "-e" "CARGO_INCREMENTAL=0" "-e" "RUST_BACKTRACE=full" "-e" "RUSTFLAGS=--cap-lints=warn" "-e" "RUSTDOCFLAGS=--cap-lints=warn" "-w" "/opt/rustwide/workdir" "--user" "0:0" "f49f4fe540281ab4106c10de16415ea6d0360f0743e080f32adc3aec68c42eaa" "/opt/rustwide/cargo-home/bin/cargo" "+1.100.0-beta.1" "test" "--frozen" "--no-run" "--message-format=json" "--release", kill_on_drop: false }`
[INFO] [stderr] warning: `package.homepage` is redundant with `package.repository`
[INFO] [stderr]   --> Cargo.toml:21:12
[INFO] [stderr]    |
[INFO] [stderr] 21 | homepage = "https://github.com/miwig/decrunch-unity"
[INFO] [stderr]    |            ^^^^^^^^^^^^^^^^^^^^^^^^^^^^^^^^^^^^^^^^^
[INFO] [stderr] ...
[INFO] [stderr] 26 | repository = "https://github.com/miwig/decrunch-unity"
[INFO] [stderr]    |              -----------------------------------------
[INFO] [stderr]    |
[INFO] [stderr]    = note: `cargo::redundant_homepage` is set to `warn` by default
[INFO] [stderr] help: consider removing `package.homepage`
[INFO] [stderr] warning: `decrunch-unity` (manifest) generated 1 warning
[INFO] [stderr] warning: decrunch-unity@0.1.2: In file included from crunch/crnlib/crn_decomp.cpp:6,
[INFO] [stderr] warning: decrunch-unity@0.1.2:                  from crunch/rust.cpp:2:
[INFO] [stderr] warning: decrunch-unity@0.1.2: crunch/crnlib/../inc/crn_decomp.h: In function 'size_t crnd::crnd_default_msize(void*, void*)':
[INFO] [stderr] warning: decrunch-unity@0.1.2: crunch/crnlib/../inc/crn_decomp.h:1968:3: warning: statement has no effect [-Wunused-value]
[INFO] [stderr] warning: decrunch-unity@0.1.2:  1968 |   pUser_data;
[INFO] [stderr] warning: decrunch-unity@0.1.2:       |   ^~~~~~~~~~
[INFO] [stderr] warning: decrunch-unity@0.1.2: crunch/crnlib/../inc/crn_decomp.h: In member function 'bool crnd::crn_unpacker::unpack_dxt1(crnd::uint8**, crnd::uint32, crnd::uint32, crnd::uint32)':
[INFO] [stderr] warning: decrunch-unity@0.1.2: crunch/crnlib/../inc/crn_decomp.h:3338:39: warning: suggest parentheses around '+' in operand of '&' [-Wparentheses]
[INFO] [stdout] warning: `repr(C)` enum discriminant does not fit into C `int`, and a previous discriminant does not fit into C `unsigned int`
[INFO] [stdout]   --> src/lib.rs:95:5
[INFO] [stdout]    |
[INFO] [stdout] 95 |     ForceDWORD = 0xFFFFFFFF,
[INFO] [stdout]    |     ^^^^^^^^^^
[INFO] [stdout]    |
[INFO] [stdout]    = note: `repr(C)` enums with big discriminants are non-portable, and their size in Rust might not match their size in C
[INFO] [stdout]    = help: use `repr($int_ty)` instead to explicitly set the size of this enum
[INFO] [stdout]    = warning: this was previously accepted by the compiler but is being phased out; it will become a hard error in a future release!
[INFO] [stdout]    = note: for more information, see issue #124403 <https://github.com/rust-lang/rust/issues/124403>
[INFO] [stdout]    = note: `#[warn(repr_c_enums_larger_than_int)]` (part of `#[warn(future_incompatible)]`) on by default
[INFO] [stdout] 
[INFO] [stdout] 
[INFO] [stderr] warning: decrunch-unity@0.1.2:  3338 |     const uint32 width = output_width + 1 & ~1;
[INFO] [stderr] warning: decrunch-unity@0.1.2:       |                          ~~~~~~~~~~~~~^~~
[INFO] [stderr] warning: decrunch-unity@0.1.2: crunch/crnlib/../inc/crn_decomp.h:3339:41: warning: suggest parentheses around '+' in operand of '&' [-Wparentheses]
[INFO] [stderr] warning: decrunch-unity@0.1.2:  3339 |     const uint32 height = output_height + 1 & ~1;
[INFO] [stderr] warning: decrunch-unity@0.1.2:       |                           ~~~~~~~~~~~~~~^~~
[INFO] [stderr] warning: decrunch-unity@0.1.2: crunch/crnlib/../inc/crn_decomp.h: In member function 'bool crnd::crn_unpacker::unpack_dxt5(crnd::uint8**, crnd::uint32, crnd::uint32, crnd::uint32)':
[INFO] [stderr] warning: decrunch-unity@0.1.2: crunch/crnlib/../inc/crn_decomp.h:3390:39: warning: suggest parentheses around '+' in operand of '&' [-Wparentheses]
[INFO] [stderr] warning: decrunch-unity@0.1.2:  3390 |     const uint32 width = output_width + 1 & ~1;
[INFO] [stderr] warning: decrunch-unity@0.1.2:       |                          ~~~~~~~~~~~~~^~~
[INFO] [stderr] warning: decrunch-unity@0.1.2: crunch/crnlib/../inc/crn_decomp.h:3391:41: warning: suggest parentheses around '+' in operand of '&' [-Wparentheses]
[INFO] [stderr] warning: decrunch-unity@0.1.2:  3391 |     const uint32 height = output_height + 1 & ~1;
[INFO] [stderr] warning: decrunch-unity@0.1.2:       |                           ~~~~~~~~~~~~~~^~~
[INFO] [stderr] warning: decrunch-unity@0.1.2: crunch/crnlib/../inc/crn_decomp.h: In member function 'bool crnd::crn_unpacker::unpack_dxn(crnd::uint8**, crnd::uint32, crnd::uint32, crnd::uint32)':
[INFO] [stderr] warning: decrunch-unity@0.1.2: crunch/crnlib/../inc/crn_decomp.h:3452:39: warning: suggest parentheses around '+' in operand of '&' [-Wparentheses]
[INFO] [stderr] warning: decrunch-unity@0.1.2:  3452 |     const uint32 width = output_width + 1 & ~1;
[INFO] [stderr] warning: decrunch-unity@0.1.2:       |                          ~~~~~~~~~~~~~^~~
[INFO] [stderr] warning: decrunch-unity@0.1.2: crunch/crnlib/../inc/crn_decomp.h:3453:41: warning: suggest parentheses around '+' in operand of '&' [-Wparentheses]
[INFO] [stderr] warning: decrunch-unity@0.1.2:  3453 |     const uint32 height = output_height + 1 & ~1;
[INFO] [stderr] warning: decrunch-unity@0.1.2:       |                           ~~~~~~~~~~~~~~^~~
[INFO] [stderr] warning: decrunch-unity@0.1.2: crunch/crnlib/../inc/crn_decomp.h: In member function 'bool crnd::crn_unpacker::unpack_dxt5a(crnd::uint8**, crnd::uint32, crnd::uint32, crnd::uint32)':
[INFO] [stderr] warning: decrunch-unity@0.1.2: crunch/crnlib/../inc/crn_decomp.h:3515:39: warning: suggest parentheses around '+' in operand of '&' [-Wparentheses]
[INFO] [stderr] warning: decrunch-unity@0.1.2:  3515 |     const uint32 width = output_width + 1 & ~1;
[INFO] [stderr] warning: decrunch-unity@0.1.2:       |                          ~~~~~~~~~~~~~^~~
[INFO] [stderr] warning: decrunch-unity@0.1.2: crunch/crnlib/../inc/crn_decomp.h:3516:41: warning: suggest parentheses around '+' in operand of '&' [-Wparentheses]
[INFO] [stderr] warning: decrunch-unity@0.1.2:  3516 |     const uint32 height = output_height + 1 & ~1;
[INFO] [stderr] warning: decrunch-unity@0.1.2:       |                           ~~~~~~~~~~~~~~^~~
[INFO] [stderr] warning: decrunch-unity@0.1.2: crunch/crnlib/../inc/crn_decomp.h: In member function 'bool crnd::crn_unpacker::unpack_etc1(crnd::uint8**, crnd::uint32, crnd::uint32, crnd::uint32)':
[INFO] [stderr] warning: decrunch-unity@0.1.2: crunch/crnlib/../inc/crn_decomp.h:3567:39: warning: suggest parentheses around '+' in operand of '&' [-Wparentheses]
[INFO] [stderr] warning: decrunch-unity@0.1.2:  3567 |     const uint32 width = output_width + 1 & ~1;
[INFO] [stderr] warning: decrunch-unity@0.1.2:       |                          ~~~~~~~~~~~~~^~~
[INFO] [stderr] warning: decrunch-unity@0.1.2: crunch/crnlib/../inc/crn_decomp.h:3568:41: warning: suggest parentheses around '+' in operand of '&' [-Wparentheses]
[INFO] [stderr] warning: decrunch-unity@0.1.2:  3568 |     const uint32 height = output_height + 1 & ~1;
[INFO] [stderr] warning: decrunch-unity@0.1.2:       |                           ~~~~~~~~~~~~~~^~~
[INFO] [stderr] warning: decrunch-unity@0.1.2: crunch/crnlib/../inc/crn_decomp.h: In member function 'bool crnd::crn_unpacker::unpack_etc2a(crnd::uint8**, crnd::uint32, crnd::uint32, crnd::uint32)':
[INFO] [stderr] warning: decrunch-unity@0.1.2: crunch/crnlib/../inc/crn_decomp.h:3634:39: warning: suggest parentheses around '+' in operand of '&' [-Wparentheses]
[INFO] [stderr] warning: decrunch-unity@0.1.2:  3634 |     const uint32 width = output_width + 1 & ~1;
[INFO] [stderr] warning: decrunch-unity@0.1.2:       |                          ~~~~~~~~~~~~~^~~
[INFO] [stderr] warning: decrunch-unity@0.1.2: crunch/crnlib/../inc/crn_decomp.h:3635:41: warning: suggest parentheses around '+' in operand of '&' [-Wparentheses]
[INFO] [stderr] warning: decrunch-unity@0.1.2:  3635 |     const uint32 height = output_height + 1 & ~1;
[INFO] [stderr] warning: decrunch-unity@0.1.2:       |                           ~~~~~~~~~~~~~~^~~
[INFO] [stderr]    Compiling decrunch-unity v0.1.2 (/opt/rustwide/workdir)
[INFO] [stdout] warning: use of deprecated method `std::error::Error::description`: use the Display impl or to_string()
[INFO] [stdout]   --> src/tests.rs:36:27
[INFO] [stdout]    |
[INFO] [stdout] 36 |             error::Error::description(&err)
[INFO] [stdout]    |                           ^^^^^^^^^^^
[INFO] [stdout]    |
[INFO] [stdout]    = note: `#[warn(deprecated)]` on by default
[INFO] [stdout] 
[INFO] [stdout] 
[INFO] [stdout] warning: use of deprecated method `std::error::Error::description`: use the Display impl or to_string()
[INFO] [stdout]   --> src/tests.rs:46:27
[INFO] [stdout]    |
[INFO] [stdout] 46 |             error::Error::description(&err)
[INFO] [stdout]    |                           ^^^^^^^^^^^
[INFO] [stdout] 
[INFO] [stdout] 
[INFO] [stdout] warning: use of deprecated method `std::error::Error::description`: use the Display impl or to_string()
[INFO] [stdout]   --> src/tests.rs:84:27
[INFO] [stdout]    |
[INFO] [stdout] 84 |             error::Error::description(&err)
[INFO] [stdout]    |                           ^^^^^^^^^^^
[INFO] [stdout] 
[INFO] [stdout] 
[INFO] [stdout] warning: use of deprecated method `std::error::Error::description`: use the Display impl or to_string()
[INFO] [stdout]   --> src/tests.rs:94:27
[INFO] [stdout]    |
[INFO] [stdout] 94 |             error::Error::description(&err)
[INFO] [stdout]    |                           ^^^^^^^^^^^
[INFO] [stdout] 
[INFO] [stdout] 
[INFO] [stdout] warning: `repr(C)` enum discriminant does not fit into C `int`, and a previous discriminant does not fit into C `unsigned int`
[INFO] [stdout]   --> src/lib.rs:95:5
[INFO] [stdout]    |
[INFO] [stdout] 95 |     ForceDWORD = 0xFFFFFFFF,
[INFO] [stdout]    |     ^^^^^^^^^^
[INFO] [stdout]    |
[INFO] [stdout]    = note: `repr(C)` enums with big discriminants are non-portable, and their size in Rust might not match their size in C
[INFO] [stdout]    = help: use `repr($int_ty)` instead to explicitly set the size of this enum
[INFO] [stdout]    = warning: this was previously accepted by the compiler but is being phased out; it will become a hard error in a future release!
[INFO] [stdout]    = note: for more information, see issue #124403 <https://github.com/rust-lang/rust/issues/124403>
[INFO] [stdout]    = note: `#[warn(repr_c_enums_larger_than_int)]` (part of `#[warn(future_incompatible)]`) on by default
[INFO] [stdout] 
[INFO] [stdout] 
[INFO] [stderr]     Finished `release` profile [optimized] target(s) in 0.40s
[INFO] running `Command { std: "docker" "inspect" "f49f4fe540281ab4106c10de16415ea6d0360f0743e080f32adc3aec68c42eaa", kill_on_drop: false }`
[INFO] running `Command { std: "docker" "exec" "-e" "SOURCE_DIR=/opt/rustwide/workdir" "-e" "CARGO_HOME=/opt/rustwide/cargo-home" "-e" "RUSTUP_HOME=/opt/rustwide/rustup-home" "-e" "CARGO_TARGET_DIR=/opt/rustwide/target" "-e" "CARGO_INCREMENTAL=0" "-e" "RUST_BACKTRACE=full" "-e" "RUSTFLAGS=--cap-lints=warn" "-e" "RUSTDOCFLAGS=--cap-lints=warn" "-w" "/opt/rustwide/workdir" "--user" "0:0" "f49f4fe540281ab4106c10de16415ea6d0360f0743e080f32adc3aec68c42eaa" "/opt/rustwide/cargo-home/bin/cargo" "+1.100.0-beta.1" "test" "--frozen" "--release", kill_on_drop: false }`
[INFO] [stderr] warning: `package.homepage` is redundant with `package.repository`
[INFO] [stderr]   --> Cargo.toml:21:12
[INFO] [stderr]    |
[INFO] [stderr] 21 | homepage = "https://github.com/miwig/decrunch-unity"
[INFO] [stderr]    |            ^^^^^^^^^^^^^^^^^^^^^^^^^^^^^^^^^^^^^^^^^
[INFO] [stderr] ...
[INFO] [stderr] 26 | repository = "https://github.com/miwig/decrunch-unity"
[INFO] [stderr]    |              -----------------------------------------
[INFO] [stderr]    |
[INFO] [stderr]    = note: `cargo::redundant_homepage` is set to `warn` by default
[INFO] [stderr] help: consider removing `package.homepage`
[INFO] [stderr] warning: `decrunch-unity` (manifest) generated 1 warning
[INFO] [stderr] warning: decrunch-unity@0.1.2: In file included from crunch/crnlib/crn_decomp.cpp:6,
[INFO] [stderr] warning: decrunch-unity@0.1.2:                  from crunch/rust.cpp:2:
[INFO] [stderr] warning: decrunch-unity@0.1.2: crunch/crnlib/../inc/crn_decomp.h: In function 'size_t crnd::crnd_default_msize(void*, void*)':
[INFO] [stderr] warning: decrunch-unity@0.1.2: crunch/crnlib/../inc/crn_decomp.h:1968:3: warning: statement has no effect [-Wunused-value]
[INFO] [stderr] warning: decrunch-unity@0.1.2:  1968 |   pUser_data;
[INFO] [stderr] warning: decrunch-unity@0.1.2:       |   ^~~~~~~~~~
[INFO] [stderr] warning: decrunch-unity@0.1.2: crunch/crnlib/../inc/crn_decomp.h: In member function 'bool crnd::crn_unpacker::unpack_dxt1(crnd::uint8**, crnd::uint32, crnd::uint32, crnd::uint32)':
[INFO] [stderr] warning: decrunch-unity@0.1.2: crunch/crnlib/../inc/crn_decomp.h:3338:39: warning: suggest parentheses around '+' in operand of '&' [-Wparentheses]
[INFO] [stderr] warning: decrunch-unity@0.1.2:  3338 |     const uint32 width = output_width + 1 & ~1;
[INFO] [stderr] warning: decrunch-unity@0.1.2:       |                          ~~~~~~~~~~~~~^~~
[INFO] [stderr] warning: decrunch-unity@0.1.2: crunch/crnlib/../inc/crn_decomp.h:3339:41: warning: suggest parentheses around '+' in operand of '&' [-Wparentheses]
[INFO] [stderr] warning: decrunch-unity@0.1.2:  3339 |     const uint32 height = output_height + 1 & ~1;
[INFO] [stderr] warning: decrunch-unity@0.1.2:       |                           ~~~~~~~~~~~~~~^~~
[INFO] [stderr] warning: decrunch-unity@0.1.2: crunch/crnlib/../inc/crn_decomp.h: In member function 'bool crnd::crn_unpacker::unpack_dxt5(crnd::uint8**, crnd::uint32, crnd::uint32, crnd::uint32)':
[INFO] [stderr] warning: decrunch-unity@0.1.2: crunch/crnlib/../inc/crn_decomp.h:3390:39: warning: suggest parentheses around '+' in operand of '&' [-Wparentheses]
[INFO] [stderr] warning: decrunch-unity@0.1.2:  3390 |     const uint32 width = output_width + 1 & ~1;
[INFO] [stderr] warning: decrunch-unity@0.1.2:       |                          ~~~~~~~~~~~~~^~~
[INFO] [stderr] warning: decrunch-unity@0.1.2: crunch/crnlib/../inc/crn_decomp.h:3391:41: warning: suggest parentheses around '+' in operand of '&' [-Wparentheses]
[INFO] [stderr] warning: decrunch-unity@0.1.2:  3391 |     const uint32 height = output_height + 1 & ~1;
[INFO] [stderr] warning: decrunch-unity@0.1.2:       |                           ~~~~~~~~~~~~~~^~~
[INFO] [stderr] warning: decrunch-unity@0.1.2: crunch/crnlib/../inc/crn_decomp.h: In member function 'bool crnd::crn_unpacker::unpack_dxn(crnd::uint8**, crnd::uint32, crnd::uint32, crnd::uint32)':
[INFO] [stderr] warning: decrunch-unity@0.1.2: crunch/crnlib/../inc/crn_decomp.h:3452:39: warning: suggest parentheses around '+' in operand of '&' [-Wparentheses]
[INFO] [stderr] warning: decrunch-unity@0.1.2:  3452 |     const uint32 width = output_width + 1 & ~1;
[INFO] [stderr] warning: decrunch-unity@0.1.2:       |                          ~~~~~~~~~~~~~^~~
[INFO] [stderr] warning: decrunch-unity@0.1.2: crunch/crnlib/../inc/crn_decomp.h:3453:41: warning: suggest parentheses around '+' in operand of '&' [-Wparentheses]
[INFO] [stderr] warning: decrunch-unity@0.1.2:  3453 |     const uint32 height = output_height + 1 & ~1;
[INFO] [stderr] warning: decrunch-unity@0.1.2:       |                           ~~~~~~~~~~~~~~^~~
[INFO] [stderr] warning: decrunch-unity@0.1.2: crunch/crnlib/../inc/crn_decomp.h: In member function 'bool crnd::crn_unpacker::unpack_dxt5a(crnd::uint8**, crnd::uint32, crnd::uint32, crnd::uint32)':
[INFO] [stderr] warning: decrunch-unity@0.1.2: crunch/crnlib/../inc/crn_decomp.h:3515:39: warning: suggest parentheses around '+' in operand of '&' [-Wparentheses]
[INFO] [stderr] warning: decrunch-unity@0.1.2:  3515 |     const uint32 width = output_width + 1 & ~1;
[INFO] [stderr] warning: decrunch-unity@0.1.2:       |                          ~~~~~~~~~~~~~^~~
[INFO] [stderr] warning: decrunch-unity@0.1.2: crunch/crnlib/../inc/crn_decomp.h:3516:41: warning: suggest parentheses around '+' in operand of '&' [-Wparentheses]
[INFO] [stderr] warning: decrunch-unity@0.1.2:  3516 |     const uint32 height = output_height + 1 & ~1;
[INFO] [stderr] warning: decrunch-unity@0.1.2:       |                           ~~~~~~~~~~~~~~^~~
[INFO] [stderr] warning: decrunch-unity@0.1.2: crunch/crnlib/../inc/crn_decomp.h: In member function 'bool crnd::crn_unpacker::unpack_etc1(crnd::uint8**, crnd::uint32, crnd::uint32, crnd::uint32)':
[INFO] [stderr] warning: decrunch-unity@0.1.2: crunch/crnlib/../inc/crn_decomp.h:3567:39: warning: suggest parentheses around '+' in operand of '&' [-Wparentheses]
[INFO] [stderr] warning: decrunch-unity@0.1.2:  3567 |     const uint32 width = output_width + 1 & ~1;
[INFO] [stderr] warning: decrunch-unity@0.1.2:       |                          ~~~~~~~~~~~~~^~~
[INFO] [stdout] 
[INFO] [stderr] warning: decrunch-unity@0.1.2: crunch/crnlib/../inc/crn_decomp.h:3568:41: warning: suggest parentheses around '+' in operand of '&' [-Wparentheses]
[INFO] [stdout] running 1 test
[INFO] [stderr] warning: decrunch-unity@0.1.2:  3568 |     const uint32 height = output_height + 1 & ~1;
[INFO] [stdout] test tests::decompress_dxt1 ... FAILED
[INFO] [stderr] warning: decrunch-unity@0.1.2:       |                           ~~~~~~~~~~~~~~^~~
[INFO] [stdout] 
[INFO] [stderr] warning: decrunch-unity@0.1.2: crunch/crnlib/../inc/crn_decomp.h: In member function 'bool crnd::crn_unpacker::unpack_etc2a(crnd::uint8**, crnd::uint32, crnd::uint32, crnd::uint32)':
[INFO] [stdout] failures:
[INFO] [stderr] warning: decrunch-unity@0.1.2: crunch/crnlib/../inc/crn_decomp.h:3634:39: warning: suggest parentheses around '+' in operand of '&' [-Wparentheses]
[INFO] [stdout] 
[INFO] [stderr] warning: decrunch-unity@0.1.2:  3634 |     const uint32 width = output_width + 1 & ~1;
[INFO] [stdout] ---- tests::decompress_dxt1 stdout ----
[INFO] [stderr] warning: decrunch-unity@0.1.2:       |                          ~~~~~~~~~~~~~^~~
[INFO] [stdout] 
[INFO] [stderr] warning: decrunch-unity@0.1.2: crunch/crnlib/../inc/crn_decomp.h:3635:41: warning: suggest parentheses around '+' in operand of '&' [-Wparentheses]
[INFO] [stdout] thread 'tests::decompress_dxt1' (245) panicked at src/tests.rs:33:21:
[INFO] [stderr] warning: decrunch-unity@0.1.2:  3635 |     const uint32 height = output_height + 1 & ~1;
[INFO] [stdout] Failed to open test data file at testdata/copyright_2048_compressed_dxt1.dat: description() is deprecated; use Display
[INFO] [stderr] warning: decrunch-unity@0.1.2:       |                           ~~~~~~~~~~~~~~^~~
[INFO] [stdout] stack backtrace:
[INFO] [stderr] warning: `repr(C)` enum discriminant does not fit into C `int`, and a previous discriminant does not fit into C `unsigned int`
[INFO] [stdout]    0:     0x633fc7c23cd1 - <<std[617be2ca0a6fd877]::sys::backtrace::BacktraceLock>::print::DisplayBacktrace as core[a373ad73a504971]::fmt::Display>::fmt
[INFO] [stderr]   --> src/lib.rs:95:5
[INFO] [stdout]    1:     0x633fc7c37caa - core[a373ad73a504971]::fmt::write
[INFO] [stderr]    |
[INFO] [stdout]    2:     0x633fc7c27f9c - <alloc[2e1b2a31b91974c5]::vec::Vec<u8> as core[a373ad73a504971]::io::write::Write>::write_fmt
[INFO] [stderr] 95 |     ForceDWORD = 0xFFFFFFFF,
[INFO] [stdout]    3:     0x633fc7c00136 - std[617be2ca0a6fd877]::panicking::default_hook::{closure#0}
[INFO] [stderr]    |     ^^^^^^^^^^
[INFO] [stdout]    4:     0x633fc7c1c369 - std[617be2ca0a6fd877]::panicking::default_hook
[INFO] [stderr]    |
[INFO] [stdout]    5:     0x633fc7bb89b0 - test[aada8e7e76ba119b]::test_main_inner::{closure#0}
[INFO] [stderr]    = note: `repr(C)` enums with big discriminants are non-portable, and their size in Rust might not match their size in C
[INFO] [stdout]    6:     0x633fc7c1c522 - std[617be2ca0a6fd877]::panicking::panic_with_hook
[INFO] [stderr]    = help: use `repr($int_ty)` instead to explicitly set the size of this enum
[INFO] [stdout]    7:     0x633fc7c001e2 - std[617be2ca0a6fd877]::panicking::panic_handler::{closure#0}
[INFO] [stderr]    = warning: this was previously accepted by the compiler but is being phased out; it will become a hard error in a future release!
[INFO] [stdout]    8:     0x633fc7bf8ec9 - std[617be2ca0a6fd877]::sys::backtrace::__rust_end_short_backtrace::<std[617be2ca0a6fd877]::panicking::panic_handler::{closure#0}, !>
[INFO] [stderr]    = note: for more information, see issue #124403 <https://github.com/rust-lang/rust/issues/124403>
[INFO] [stdout]    9:     0x633fc7c00ded - __rustc[ea4f61d10b84890b]::rust_begin_unwind
[INFO] [stderr]    = note: `#[warn(repr_c_enums_larger_than_int)]` (part of `#[warn(future_incompatible)]`) on by default
[INFO] [stdout]   10:     0x633fc7c383dc - core[a373ad73a504971]::panicking::panic_fmt
[INFO] [stderr] 
[INFO] [stdout]   11:     0x633fc7ba6320 - <decrunch_unity[7fda65e01383619]::tests::decompress_dxt1::{closure#0} as core[a373ad73a504971]::ops::function::FnOnce<()>>::call_once
[INFO] [stderr] warning: use of deprecated method `std::error::Error::description`: use the Display impl or to_string()
[INFO] [stdout]   12:     0x633fc7babdfb - test[aada8e7e76ba119b]::__rust_begin_short_backtrace::<core[a373ad73a504971]::result::Result<(), alloc[2e1b2a31b91974c5]::string::String>, fn() -> core[a373ad73a504971]::result::Result<(), alloc[2e1b2a31b91974c5]::string::String>>
[INFO] [stderr]   --> src/tests.rs:36:27
[INFO] [stdout]   13:     0x633fc7bb8fd5 - test[aada8e7e76ba119b]::run_test::{closure#0}
[INFO] [stderr]    |
[INFO] [stdout]   14:     0x633fc7bb28c4 - std[617be2ca0a6fd877]::sys::backtrace::__rust_begin_short_backtrace::<test[aada8e7e76ba119b]::run_test::{closure#1}, ()>
[INFO] [stderr] 36 |             error::Error::description(&err)
[INFO] [stdout]   15:     0x633fc7bbc062 - <std[617be2ca0a6fd877]::thread::lifecycle::spawn_unchecked<test[aada8e7e76ba119b]::run_test::{closure#1}, ()>::{closure#1} as core[a373ad73a504971]::ops::function::FnOnce<()>>::call_once::{shim:vtable#0}
[INFO] [stderr]    |                           ^^^^^^^^^^^
[INFO] [stdout]   16:     0x633fc7c2352f - <std[617be2ca0a6fd877]::sys::thread::unix::Thread>::new::thread_start
[INFO] [stderr]    |
[INFO] [stdout]   17:     0x7cf188254dfa - <unknown>
[INFO] [stderr]    = note: `#[warn(deprecated)]` on by default
[INFO] [stdout]   18:     0x7cf1882e83d4 - clone
[INFO] [stderr] 
[INFO] [stdout]   19:                0x0 - <unknown>
[INFO] [stderr] warning: use of deprecated method `std::error::Error::description`: use the Display impl or to_string()
[INFO] [stdout] 
[INFO] [stderr]   --> src/tests.rs:46:27
[INFO] [stdout] 
[INFO] [stderr]    |
[INFO] [stdout] failures:
[INFO] [stderr] 46 |             error::Error::description(&err)
[INFO] [stdout]     tests::decompress_dxt1
[INFO] [stderr]    |                           ^^^^^^^^^^^
[INFO] [stdout] 
[INFO] [stderr] 
[INFO] [stdout] test result: FAILED. 0 passed; 1 failed; 0 ignored; 0 measured; 0 filtered out; finished in 0.00s
[INFO] [stderr] warning: use of deprecated method `std::error::Error::description`: use the Display impl or to_string()
[INFO] [stdout] 
[INFO] [stderr]   --> src/tests.rs:84:27
[INFO] [stderr]    |
[INFO] [stderr] 84 |             error::Error::description(&err)
[INFO] [stderr]    |                           ^^^^^^^^^^^
[INFO] [stderr] 
[INFO] [stderr] warning: use of deprecated method `std::error::Error::description`: use the Display impl or to_string()
[INFO] [stderr]   --> src/tests.rs:94:27
[INFO] [stderr]    |
[INFO] [stderr] 94 |             error::Error::description(&err)
[INFO] [stderr]    |                           ^^^^^^^^^^^
[INFO] [stderr] 
[INFO] [stderr] warning: `decrunch-unity` (lib) generated 1 warning
[INFO] [stderr] warning: `decrunch-unity` (lib test) generated 5 warnings (1 duplicate)
[INFO] [stderr]     Finished `release` profile [optimized] target(s) in 0.03s
[INFO] [stderr]      Running unittests src/lib.rs (/opt/rustwide/target/release/build/decrunch-unity/63f2988f70b3f41d/out/decrunch_unity-63f2988f70b3f41d)
[INFO] [stderr] error: test failed, to rerun pass `--lib`
[INFO] running `Command { std: "docker" "inspect" "f49f4fe540281ab4106c10de16415ea6d0360f0743e080f32adc3aec68c42eaa", kill_on_drop: false }`
[INFO] running `Command { std: "docker" "rm" "-f" "f49f4fe540281ab4106c10de16415ea6d0360f0743e080f32adc3aec68c42eaa", kill_on_drop: false }`
[INFO] [stdout] f49f4fe540281ab4106c10de16415ea6d0360f0743e080f32adc3aec68c42eaa
