[INFO] fetching crate deco 0.2.0...
[INFO] testing deco-0.2.0 against 1.100.0-beta.1+cargoflags=--release for beta-release-1.100-2
[INFO] extracting crate deco 0.2.0 into /workspace/builds/worker-5-tc2/source
[INFO] started tweaking crates.io crate deco 0.2.0
[INFO] finished tweaking crates.io crate deco 0.2.0
[INFO] tweaked toml for crates.io crate deco 0.2.0 written to /workspace/builds/worker-5-tc2/source/Cargo.toml
[INFO] validating manifest of crates.io crate deco 0.2.0 on toolchain 1.100.0-beta.1
[INFO] running `Command { std: CARGO_HOME="/workspace/cargo-home" RUSTUP_HOME="/workspace/rustup-home" "/workspace/cargo-home/bin/cargo" "+1.100.0-beta.1" "metadata" "--manifest-path" "Cargo.toml" "--no-deps", kill_on_drop: false }`
[INFO] running `Command { std: CARGO_HOME="/workspace/cargo-home" RUSTUP_HOME="/workspace/rustup-home" "/workspace/cargo-home/bin/cargo" "+1.100.0-beta.1" "generate-lockfile" "--manifest-path" "Cargo.toml", kill_on_drop: false }`
[INFO] [stderr]     Updating crates.io index
[INFO] [stderr]      Locking 39 packages to highest compatible versions
[INFO] [stderr]       Adding skeptic v0.13.7 (available: v0.14.1)
[INFO] running `Command { std: CARGO_HOME="/workspace/cargo-home" RUSTUP_HOME="/workspace/rustup-home" "/workspace/cargo-home/bin/cargo" "+1.100.0-beta.1" "fetch" "--manifest-path" "Cargo.toml", kill_on_drop: false }`
[INFO] running `Command { std: "docker" "create" "-v" "/var/lib/crater-agent-workspace/builds/worker-5-tc2/source:/opt/rustwide/workdir:ro,Z" "-v" "/var/lib/crater-agent-workspace/builds/worker-5-tc2/target:/opt/rustwide/target:rw,Z" "-v" "/var/lib/crater-agent-workspace/cargo-home:/opt/rustwide/cargo-home:ro,Z" "-v" "/var/lib/crater-agent-workspace/rustup-home:/opt/rustwide/rustup-home:ro,Z" "-m" "1610612736" "--network" "none" "ghcr.io/rust-lang/crates-build-env/linux@sha256:77db811e55d90add9212f6832c23229e3de5f1c1f9905e8cb07319ea15df73ac" "sleep" "infinity", kill_on_drop: false }`
[INFO] [stdout] 79b34c3f50446122f0316d6a1d5af6aae2b34f18f928bfae30ac153e373f31ad
[INFO] running `Command { std: "docker" "start" "79b34c3f50446122f0316d6a1d5af6aae2b34f18f928bfae30ac153e373f31ad", kill_on_drop: false }`
[INFO] running `Command { std: "docker" "inspect" "79b34c3f50446122f0316d6a1d5af6aae2b34f18f928bfae30ac153e373f31ad", kill_on_drop: false }`
[INFO] running `Command { std: "docker" "exec" "-e" "SOURCE_DIR=/opt/rustwide/workdir" "-e" "CARGO_HOME=/opt/rustwide/cargo-home" "-e" "RUSTUP_HOME=/opt/rustwide/rustup-home" "-e" "CARGO_TARGET_DIR=/opt/rustwide/target" "-w" "/opt/rustwide/workdir" "--user" "0:0" "79b34c3f50446122f0316d6a1d5af6aae2b34f18f928bfae30ac153e373f31ad" "/opt/rustwide/cargo-home/bin/cargo" "+1.100.0-beta.1" "metadata" "--no-deps" "--format-version=1", kill_on_drop: false }`
[INFO] running `Command { std: "docker" "inspect" "79b34c3f50446122f0316d6a1d5af6aae2b34f18f928bfae30ac153e373f31ad", kill_on_drop: false }`
[INFO] running `Command { std: "docker" "exec" "-e" "SOURCE_DIR=/opt/rustwide/workdir" "-e" "CARGO_HOME=/opt/rustwide/cargo-home" "-e" "RUSTUP_HOME=/opt/rustwide/rustup-home" "-e" "CARGO_TARGET_DIR=/opt/rustwide/target" "-e" "CARGO_INCREMENTAL=0" "-e" "RUST_BACKTRACE=full" "-e" "RUSTFLAGS=--cap-lints=warn" "-e" "RUSTDOCFLAGS=--cap-lints=warn" "-w" "/opt/rustwide/workdir" "--user" "0:0" "79b34c3f50446122f0316d6a1d5af6aae2b34f18f928bfae30ac153e373f31ad" "/opt/rustwide/cargo-home/bin/cargo" "+1.100.0-beta.1" "build" "--frozen" "--message-format=json" "--release", kill_on_drop: false }`
[INFO] [stderr]    Compiling proc-macro2 v1.0.107
[INFO] [stderr]    Compiling serde_core v1.0.229
[INFO] [stderr]    Compiling quote v1.0.47
[INFO] [stderr]    Compiling libc v0.2.191
[INFO] [stderr]    Compiling serde_json v1.0.154
[INFO] [stderr]    Compiling memchr v2.8.3
[INFO] [stderr]    Compiling camino v1.2.6
[INFO] [stderr]    Compiling rustix v1.1.5
[INFO] [stderr]    Compiling getrandom v0.4.3
[INFO] [stderr]    Compiling cfg-if v1.0.5
[INFO] [stderr]    Compiling pulldown-cmark v0.9.6
[INFO] [stderr]    Compiling zmij v1.0.23
[INFO] [stderr]    Compiling serde v1.0.229
[INFO] [stderr]    Compiling error-chain v0.12.4
[INFO] [stderr]    Compiling itoa v1.0.18
[INFO] [stderr]    Compiling same-file v1.0.6
[INFO] [stderr]    Compiling unicase v2.10.0
[INFO] [stderr]    Compiling once_cell v1.21.4
[INFO] [stderr]    Compiling bytecount v0.6.9
[INFO] [stderr]    Compiling glob v0.3.4
[INFO] [stderr]    Compiling walkdir v2.5.0
[INFO] [stderr]    Compiling syn v3.0.9
[INFO] [stderr]    Compiling tempfile v3.27.0
[INFO] [stderr]    Compiling serde_derive v1.0.229
[INFO] [stderr]    Compiling semver v1.0.28
[INFO] [stderr]    Compiling cargo-platform v0.1.9
[INFO] [stderr]    Compiling cargo_metadata v0.14.2
[INFO] [stderr]    Compiling skeptic v0.13.7
[INFO] [stderr]    Compiling deco v0.2.0 (/opt/rustwide/workdir)
[INFO] [stderr]     Finished `release` profile [optimized] target(s) in 15.58s
[INFO] running `Command { std: "docker" "inspect" "79b34c3f50446122f0316d6a1d5af6aae2b34f18f928bfae30ac153e373f31ad", kill_on_drop: false }`
[INFO] running `Command { std: "docker" "exec" "-e" "SOURCE_DIR=/opt/rustwide/workdir" "-e" "CARGO_HOME=/opt/rustwide/cargo-home" "-e" "RUSTUP_HOME=/opt/rustwide/rustup-home" "-e" "CARGO_TARGET_DIR=/opt/rustwide/target" "-e" "CARGO_INCREMENTAL=0" "-e" "RUST_BACKTRACE=full" "-e" "RUSTFLAGS=--cap-lints=warn" "-e" "RUSTDOCFLAGS=--cap-lints=warn" "-w" "/opt/rustwide/workdir" "--user" "0:0" "79b34c3f50446122f0316d6a1d5af6aae2b34f18f928bfae30ac153e373f31ad" "/opt/rustwide/cargo-home/bin/cargo" "+1.100.0-beta.1" "test" "--frozen" "--no-run" "--message-format=json" "--release", kill_on_drop: false }`
[INFO] [stderr]    Compiling serde_core v1.0.229
[INFO] [stderr]    Compiling libc v0.2.191
[INFO] [stderr]    Compiling bitflags v2.13.2
[INFO] [stderr]    Compiling getrandom v0.4.3
[INFO] [stderr]    Compiling rustix v1.1.5
[INFO] [stderr]    Compiling serde_json v1.0.154
[INFO] [stderr]    Compiling camino v1.2.6
[INFO] [stderr]    Compiling linux-raw-sys v0.12.1
[INFO] [stderr]    Compiling error-chain v0.12.4
[INFO] [stderr]    Compiling pulldown-cmark v0.9.6
[INFO] [stderr]    Compiling fastrand v2.5.0
[INFO] [stderr]    Compiling cargo-husky v1.5.0
[INFO] [stderr]    Compiling unicase v2.10.0
[INFO] [stderr]    Compiling once_cell v1.21.4
[INFO] [stderr]    Compiling same-file v1.0.6
[INFO] [stderr]    Compiling glob v0.3.4
[INFO] [stderr]    Compiling bytecount v0.6.9
[INFO] [stderr]    Compiling walkdir v2.5.0
[INFO] [stderr]    Compiling tempfile v3.27.0
[INFO] [stderr]    Compiling serde v1.0.229
[INFO] [stderr]    Compiling semver v1.0.28
[INFO] [stderr]    Compiling cargo-platform v0.1.9
[INFO] [stderr]    Compiling cargo_metadata v0.14.2
[INFO] [stderr]    Compiling skeptic v0.13.7
[INFO] [stderr]    Compiling deco v0.2.0 (/opt/rustwide/workdir)
[INFO] [stdout] warning: trailing semicolon in macro used in expression position
[INFO] [stdout]   --> tests/lib.rs:11:5
[INFO] [stdout]    |
[INFO] [stdout] 11 |     dwrite!(out, [red blink "red"]).unwrap();
[INFO] [stdout]    |     ^^^^^^^^^^^^^^^^^^^^^^^^^^^^^^^
[INFO] [stdout]    |
[INFO] [stdout]    = warning: this was previously accepted by the compiler but is being phased out; it will become a hard error in a future release!
[INFO] [stdout]    = note: for more information, see issue #79813 <https://github.com/rust-lang/rust/issues/79813>
[INFO] [stdout]    = note: `#[warn(semicolon_in_expressions_from_non_local_macros)]` (part of `#[warn(future_incompatible)]`) on by default
[INFO] [stdout]    = note: this warning originates in the macro `dwrite` (in Nightly builds, run with -Z macro-backtrace for more info)
[INFO] [stdout] 
[INFO] [stdout] 
[INFO] [stdout] warning: trailing semicolon in macro used in expression position
[INFO] [stdout]   --> tests/lib.rs:15:5
[INFO] [stdout]    |
[INFO] [stdout] 15 |     dwrite!(out, [red "red" bold "0x{:x}" !] 0xbeef).unwrap();
[INFO] [stdout]    |     ^^^^^^^^^^^^^^^^^^^^^^^^^^^^^^^^^^^^^^^^^^^^^^^^
[INFO] [stdout]    |
[INFO] [stdout]    = warning: this was previously accepted by the compiler but is being phased out; it will become a hard error in a future release!
[INFO] [stdout]    = note: for more information, see issue #79813 <https://github.com/rust-lang/rust/issues/79813>
[INFO] [stdout]    = note: this warning originates in the macro `dwrite` (in Nightly builds, run with -Z macro-backtrace for more info)
[INFO] [stdout] 
[INFO] [stdout] 
[INFO] [stdout] warning: trailing semicolon in macro used in expression position
[INFO] [stdout]   --> tests/lib.rs:22:5
[INFO] [stdout]    |
[INFO] [stdout] 22 |     dwriteln!(out, [red blink "red"]).unwrap();
[INFO] [stdout]    |     ^^^^^^^^^^^^^^^^^^^^^^^^^^^^^^^^^
[INFO] [stdout]    |
[INFO] [stdout]    = warning: this was previously accepted by the compiler but is being phased out; it will become a hard error in a future release!
[INFO] [stdout]    = note: for more information, see issue #79813 <https://github.com/rust-lang/rust/issues/79813>
[INFO] [stdout]    = note: this warning originates in the macro `dwriteln` (in Nightly builds, run with -Z macro-backtrace for more info)
[INFO] [stdout] 
[INFO] [stdout] 
[INFO] [stdout] warning: trailing semicolon in macro used in expression position
[INFO] [stdout]   --> tests/lib.rs:26:5
[INFO] [stdout]    |
[INFO] [stdout] 26 |     dwriteln!(out, [red "red" bold "0x{:x}" !] 0xbeef).unwrap();
[INFO] [stdout]    |     ^^^^^^^^^^^^^^^^^^^^^^^^^^^^^^^^^^^^^^^^^^^^^^^^^^
[INFO] [stdout]    |
[INFO] [stdout]    = warning: this was previously accepted by the compiler but is being phased out; it will become a hard error in a future release!
[INFO] [stdout]    = note: for more information, see issue #79813 <https://github.com/rust-lang/rust/issues/79813>
[INFO] [stdout]    = note: this warning originates in the macro `dwriteln` (in Nightly builds, run with -Z macro-backtrace for more info)
[INFO] [stdout] 
[INFO] [stdout] 
[INFO] [stdout] warning: trailing semicolon in macro used in expression position
[INFO] [stdout]   --> tests/lib.rs:33:10
[INFO] [stdout]    |
[INFO] [stdout] 33 |         &dformat!([red blink "red"]),
[INFO] [stdout]    |          ^^^^^^^^^^^^^^^^^^^^^^^^^^^
[INFO] [stdout]    |
[INFO] [stdout]    = warning: this was previously accepted by the compiler but is being phased out; it will become a hard error in a future release!
[INFO] [stdout]    = note: for more information, see issue #79813 <https://github.com/rust-lang/rust/issues/79813>
[INFO] [stdout]    = note: this warning originates in the macro `dformat` (in Nightly builds, run with -Z macro-backtrace for more info)
[INFO] [stdout] 
[INFO] [stdout] 
[INFO] [stdout] warning: trailing semicolon in macro used in expression position
[INFO] [stdout]   --> tests/lib.rs:37:10
[INFO] [stdout]    |
[INFO] [stdout] 37 |         &dformat!([red "red" bold "0x{:x}" !] 0xbeef),
[INFO] [stdout]    |          ^^^^^^^^^^^^^^^^^^^^^^^^^^^^^^^^^^^^^^^^^^^^
[INFO] [stdout]    |
[INFO] [stdout]    = warning: this was previously accepted by the compiler but is being phased out; it will become a hard error in a future release!
[INFO] [stdout]    = note: for more information, see issue #79813 <https://github.com/rust-lang/rust/issues/79813>
[INFO] [stdout]    = note: this warning originates in the macro `dformat` (in Nightly builds, run with -Z macro-backtrace for more info)
[INFO] [stdout] 
[INFO] [stdout] 
[INFO] [stderr]     Finished `release` profile [optimized] target(s) in 17.13s
[INFO] [stderr] warning: the following packages contain code that will be rejected by a future version of Rust: deco v0.2.0 (/opt/rustwide/workdir)
[INFO] [stderr] note: to see what the problems were, use the option `--future-incompat-report`, or run `cargo report future-incompatibilities --id 1`
[INFO] running `Command { std: "docker" "inspect" "79b34c3f50446122f0316d6a1d5af6aae2b34f18f928bfae30ac153e373f31ad", kill_on_drop: false }`
[INFO] running `Command { std: "docker" "exec" "-e" "SOURCE_DIR=/opt/rustwide/workdir" "-e" "CARGO_HOME=/opt/rustwide/cargo-home" "-e" "RUSTUP_HOME=/opt/rustwide/rustup-home" "-e" "CARGO_TARGET_DIR=/opt/rustwide/target" "-e" "CARGO_INCREMENTAL=0" "-e" "RUST_BACKTRACE=full" "-e" "RUSTFLAGS=--cap-lints=warn" "-e" "RUSTDOCFLAGS=--cap-lints=warn" "-w" "/opt/rustwide/workdir" "--user" "0:0" "79b34c3f50446122f0316d6a1d5af6aae2b34f18f928bfae30ac153e373f31ad" "/opt/rustwide/cargo-home/bin/cargo" "+1.100.0-beta.1" "test" "--frozen" "--release", kill_on_drop: false }`
[INFO] [stderr] warning: trailing semicolon in macro used in expression position
[INFO] [stderr]   --> tests/lib.rs:11:5
[INFO] [stderr]    |
[INFO] [stderr] 11 |     dwrite!(out, [red blink "red"]).unwrap();
[INFO] [stderr]    |     ^^^^^^^^^^^^^^^^^^^^^^^^^^^^^^^
[INFO] [stderr]    |
[INFO] [stderr]    = warning: this was previously accepted by the compiler but is being phased out; it will become a hard error in a future release!
[INFO] [stderr]    = note: for more information, see issue #79813 <https://github.com/rust-lang/rust/issues/79813>
[INFO] [stderr]    = note: `#[warn(semicolon_in_expressions_from_non_local_macros)]` (part of `#[warn(future_incompatible)]`) on by default
[INFO] [stderr]    = note: this warning originates in the macro `dwrite` (in Nightly builds, run with -Z macro-backtrace for more info)
[INFO] [stderr] 
[INFO] [stderr] warning: trailing semicolon in macro used in expression position
[INFO] [stderr]   --> tests/lib.rs:15:5
[INFO] [stderr]    |
[INFO] [stderr] 15 |     dwrite!(out, [red "red" bold "0x{:x}" !] 0xbeef).unwrap();
[INFO] [stderr]    |     ^^^^^^^^^^^^^^^^^^^^^^^^^^^^^^^^^^^^^^^^^^^^^^^^
[INFO] [stderr]    |
[INFO] [stderr]    = warning: this was previously accepted by the compiler but is being phased out; it will become a hard error in a future release!
[INFO] [stderr]    = note: for more information, see issue #79813 <https://github.com/rust-lang/rust/issues/79813>
[INFO] [stderr]    = note: this warning originates in the macro `dwrite` (in Nightly builds, run with -Z macro-backtrace for more info)
[INFO] [stderr] 
[INFO] [stderr] warning: trailing semicolon in macro used in expression position
[INFO] [stderr]   --> tests/lib.rs:22:5
[INFO] [stderr]    |
[INFO] [stderr] 22 |     dwriteln!(out, [red blink "red"]).unwrap();
[INFO] [stderr]    |     ^^^^^^^^^^^^^^^^^^^^^^^^^^^^^^^^^
[INFO] [stderr]    |
[INFO] [stderr]    = warning: this was previously accepted by the compiler but is being phased out; it will become a hard error in a future release!
[INFO] [stderr]    = note: for more information, see issue #79813 <https://github.com/rust-lang/rust/issues/79813>
[INFO] [stderr]    = note: this warning originates in the macro `dwriteln` (in Nightly builds, run with -Z macro-backtrace for more info)
[INFO] [stderr] 
[INFO] [stderr] warning: trailing semicolon in macro used in expression position
[INFO] [stderr]   --> tests/lib.rs:26:5
[INFO] [stderr]    |
[INFO] [stderr] 26 |     dwriteln!(out, [red "red" bold "0x{:x}" !] 0xbeef).unwrap();
[INFO] [stderr]    |     ^^^^^^^^^^^^^^^^^^^^^^^^^^^^^^^^^^^^^^^^^^^^^^^^^^
[INFO] [stderr]    |
[INFO] [stderr]    = warning: this was previously accepted by the compiler but is being phased out; it will become a hard error in a future release!
[INFO] [stderr]    = note: for more information, see issue #79813 <https://github.com/rust-lang/rust/issues/79813>
[INFO] [stderr]    = note: this warning originates in the macro `dwriteln` (in Nightly builds, run with -Z macro-backtrace for more info)
[INFO] [stderr] 
[INFO] [stderr] warning: trailing semicolon in macro used in expression position
[INFO] [stderr]   --> tests/lib.rs:33:10
[INFO] [stderr]    |
[INFO] [stderr] 33 |         &dformat!([red blink "red"]),
[INFO] [stderr]    |          ^^^^^^^^^^^^^^^^^^^^^^^^^^^
[INFO] [stderr]    |
[INFO] [stderr]    = warning: this was previously accepted by the compiler but is being phased out; it will become a hard error in a future release!
[INFO] [stderr]    = note: for more information, see issue #79813 <https://github.com/rust-lang/rust/issues/79813>
[INFO] [stderr]    = note: this warning originates in the macro `dformat` (in Nightly builds, run with -Z macro-backtrace for more info)
[INFO] [stderr] 
[INFO] [stderr] warning: trailing semicolon in macro used in expression position
[INFO] [stderr]   --> tests/lib.rs:37:10
[INFO] [stderr]    |
[INFO] [stderr] 37 |         &dformat!([red "red" bold "0x{:x}" !] 0xbeef),
[INFO] [stderr]    |          ^^^^^^^^^^^^^^^^^^^^^^^^^^^^^^^^^^^^^^^^^^^^
[INFO] [stderr]    |
[INFO] [stderr]    = warning: this was previously accepted by the compiler but is being phased out; it will become a hard error in a future release!
[INFO] [stderr]    = note: for more information, see issue #79813 <https://github.com/rust-lang/rust/issues/79813>
[INFO] [stderr]    = note: this warning originates in the macro `dformat` (in Nightly builds, run with -Z macro-backtrace for more info)
[INFO] [stderr] 
[INFO] [stderr] warning: `deco` (test "lib") generated 6 warnings
[INFO] [stderr]     Finished `release` profile [optimized] target(s) in 0.13s
[INFO] [stderr] warning: the following packages contain code that will be rejected by a future version of Rust: deco v0.2.0 (/opt/rustwide/workdir)
[INFO] [stderr] note: to see what the problems were, use the option `--future-incompat-report`, or run `cargo report future-incompatibilities --id 1`
[INFO] [stderr]      Running unittests src/lib.rs (/opt/rustwide/target/release/build/deco/ade3c21dec39556c/out/deco-ade3c21dec39556c)
[INFO] [stdout] 
[INFO] [stderr]      Running unittests src/main.rs (/opt/rustwide/target/release/build/deco/31288df60f2bc064/out/colors-31288df60f2bc064)
[INFO] [stdout] running 0 tests
[INFO] [stdout] 
[INFO] [stdout] test result: ok. 0 passed; 0 failed; 0 ignored; 0 measured; 0 filtered out; finished in 0.00s
[INFO] [stdout] 
[INFO] [stderr]      Running tests/lib.rs (/opt/rustwide/target/release/build/deco/fc7680fbffbf0ce6/out/lib-fc7680fbffbf0ce6)
[INFO] [stdout] 
[INFO] [stdout] running 0 tests
[INFO] [stdout] 
[INFO] [stdout] test result: ok. 0 passed; 0 failed; 0 ignored; 0 measured; 0 filtered out; finished in 0.00s
[INFO] [stdout] 
[INFO] [stdout] 
[INFO] [stdout] running 7 tests
[INFO] [stdout] test test_print ... ok
[INFO] [stdout] test test_write ... ok
[INFO] [stdout] test test_writeln ... ok
[INFO] [stdout] test test_format ... ok
[INFO] [stdout] test test_eprint ... ok
[INFO] [stdout] test test_eprintln ... ok
[INFO] [stdout] test test_println ... ok
[INFO] [stderr]      Running tests/skeptic.rs (/opt/rustwide/target/release/build/deco/0125c8b3f4c727a6/out/skeptic-0125c8b3f4c727a6)
[INFO] [stdout] 
[INFO] [stdout] test result: ok. 7 passed; 0 failed; 0 ignored; 0 measured; 0 filtered out; finished in 0.01s
[INFO] [stdout] 
[INFO] [stdout] 
[INFO] [stdout] running 1 test
[INFO] [stdout] test readme_sect_usage_line_18 ... FAILED
[INFO] [stdout] 
[INFO] [stdout] failures:
[INFO] [stdout] 
[INFO] [stdout] ---- readme_sect_usage_line_18 stdout ----
[INFO] [stdout] error[E0432]: unresolved import `deco`
[INFO] [stdout]  --> /tmp/rust-skepticeHtsQp/test.rs:3:5
[INFO] [stdout]   |
[INFO] [stdout] 3 | use deco::*;
[INFO] [stdout]   |     ^^^^ use of unresolved module or unlinked crate `deco`
[INFO] [stdout]   |
[INFO] [stdout]   = help: you might be missing a crate named `deco`
[INFO] [stdout] 
[INFO] [stdout] error: cannot find macro `dprintln` in this scope
[INFO] [stdout]  --> /tmp/rust-skepticeHtsQp/test.rs:6:3
[INFO] [stdout]   |
[INFO] [stdout] 6 |   dprintln!([red bold "RED and BOLD TEXT" !]);
[INFO] [stdout]   |   ^^^^^^^^
[INFO] [stdout]   |
[INFO] [stdout] note: similarly named macro `eprintln` defined here
[INFO] [stdout]  --> /rustc/e3feeb59cd1bdd011a2bfcc0747b55125d9b8527/library/std/src/macros.rs:221:0
[INFO] [stdout] help: a macro with a similar name exists
[INFO] [stdout]   |
[INFO] [stdout] 6 -   dprintln!([red bold "RED and BOLD TEXT" !]);
[INFO] [stdout] 6 +   eprintln!([red bold "RED and BOLD TEXT" !]);
[INFO] [stdout]   |
[INFO] [stdout] 
[INFO] [stdout] error: cannot find macro `dprintln` in this scope
[INFO] [stdout]  --> /tmp/rust-skepticeHtsQp/test.rs:7:3
[INFO] [stdout]   |
[INFO] [stdout] 7 |   dprintln!([red bold "RED and BOLD TEXT with argument `0x{:x}`" !] 0xbeef);
[INFO] [stdout]   |   ^^^^^^^^
[INFO] [stdout]   |
[INFO] [stdout] note: similarly named macro `eprintln` defined here
[INFO] [stdout]  --> /rustc/e3feeb59cd1bdd011a2bfcc0747b55125d9b8527/library/std/src/macros.rs:221:0
[INFO] [stdout] help: a macro with a similar name exists
[INFO] [stdout]   |
[INFO] [stdout] 7 -   dprintln!([red bold "RED and BOLD TEXT with argument `0x{:x}`" !] 0xbeef);
[INFO] [stdout] 7 +   eprintln!([red bold "RED and BOLD TEXT with argument `0x{:x}`" !] 0xbeef);
[INFO] [stdout]   |
[INFO] [stdout] 
[INFO] [stdout] error: cannot find macro `dprintln` in this scope
[INFO] [stdout]  --> /tmp/rust-skepticeHtsQp/test.rs:9:3
[INFO] [stdout]   |
[INFO] [stdout] 9 |   dprintln!([red bold "RED and BOLD" reset " ... NORMAL"]);
[INFO] [stdout]   |   ^^^^^^^^
[INFO] [stdout]   |
[INFO] [stdout] note: similarly named macro `eprintln` defined here
[INFO] [stdout]  --> /rustc/e3feeb59cd1bdd011a2bfcc0747b55125d9b8527/library/std/src/macros.rs:221:0
[INFO] [stdout] help: a macro with a similar name exists
[INFO] [stdout]   |
[INFO] [stdout] 9 -   dprintln!([red bold "RED and BOLD" reset " ... NORMAL"]);
[INFO] [stdout] 9 +   eprintln!([red bold "RED and BOLD" reset " ... NORMAL"]);
[INFO] [stdout]   |
[INFO] [stdout] 
[INFO] [stdout] error: cannot find macro `dprintln` in this scope
[INFO] [stdout]   --> /tmp/rust-skepticeHtsQp/test.rs:11:3
[INFO] [stdout]    |
[INFO] [stdout] 11 |   dprintln!([yellow on_red "yellow on red" !]);
[INFO] [stdout]    |   ^^^^^^^^
[INFO] [stdout]    |
[INFO] [stdout] note: similarly named macro `eprintln` defined here
[INFO] [stdout]   --> /rustc/e3feeb59cd1bdd011a2bfcc0747b55125d9b8527/library/std/src/macros.rs:221:0
[INFO] [stdout] help: a macro with a similar name exists
[INFO] [stdout]    |
[INFO] [stdout] 11 -   dprintln!([yellow on_red "yellow on red" !]);
[INFO] [stdout] 11 +   eprintln!([yellow on_red "yellow on red" !]);
[INFO] [stdout]    |
[INFO] [stdout] 
[INFO] [stdout] error: cannot find macro `deprintln` in this scope
[INFO] [stdout]   --> /tmp/rust-skepticeHtsQp/test.rs:14:3
[INFO] [stdout]    |
[INFO] [stdout] 14 |   deprintln!([bold red blink "THIS IS AN ERROR MESSAGE"]);
[INFO] [stdout]    |   ^^^^^^^^^
[INFO] [stdout]    |
[INFO] [stdout] note: similarly named macro `eprintln` defined here
[INFO] [stdout]   --> /rustc/e3feeb59cd1bdd011a2bfcc0747b55125d9b8527/library/std/src/macros.rs:221:0
[INFO] [stdout] help: a macro with a similar name exists
[INFO] [stdout]    |
[INFO] [stdout] 14 -   deprintln!([bold red blink "THIS IS AN ERROR MESSAGE"]);
[INFO] [stdout] 14 +   eprintln!([bold red blink "THIS IS AN ERROR MESSAGE"]);
[INFO] [stdout]    |
[INFO] [stdout] 
[INFO] [stdout] error: cannot find macro `dwriteln` in this scope
[INFO] [stdout]   --> /tmp/rust-skepticeHtsQp/test.rs:17:3
[INFO] [stdout]    |
[INFO] [stdout] 17 |   dwriteln!(out, [italic "ITALIC TEXT" !]).unwrap();
[INFO] [stdout]    |   ^^^^^^^^
[INFO] [stdout]    |
[INFO] [stdout] note: similarly named macro `writeln` defined here
[INFO] [stdout]   --> /rustc/e3feeb59cd1bdd011a2bfcc0747b55125d9b8527/library/core/src/macros/mod.rs:647:0
[INFO] [stdout] help: a macro with a similar name exists
[INFO] [stdout]    |
[INFO] [stdout] 17 -   dwriteln!(out, [italic "ITALIC TEXT" !]).unwrap();
[INFO] [stdout] 17 +   writeln!(out, [italic "ITALIC TEXT" !]).unwrap();
[INFO] [stdout]    |
[INFO] [stdout] 
[INFO] [stdout] warning: unused import: `std::fmt::Write`
[INFO] [stdout]  --> /tmp/rust-skepticeHtsQp/test.rs:2:5
[INFO] [stdout]   |
[INFO] [stdout] 2 | use std::fmt::Write;
[INFO] [stdout]   |     ^^^^^^^^^^^^^^^
[INFO] [stdout]   |
[INFO] [stdout]   = note: `#[warn(unused_imports)]` (part of `#[warn(unused)]`) on by default
[INFO] [stdout] 
[INFO] [stdout] error: aborting due to 7 previous errors; 1 warning emitted
[INFO] [stdout] 
[INFO] [stdout] For more information about this error, try `rustc --explain E0432`.
[INFO] [stdout] 
[INFO] [stdout] thread 'readme_sect_usage_line_18' (1245) panicked at /opt/rustwide/cargo-home/registry/src/index.crates.io-1949cf8c6b5b557f/skeptic-0.13.7/src/rt.rs:127:9:
[INFO] [stdout] Command failed:
[INFO] [stdout] "rustc" "/tmp/rust-skepticeHtsQp/test.rs" "--verbose" "--crate-type=bin" "--edition=2024" "-L" "/opt/rustwide/target/release/build" "-L" "/opt/rustwide/target/release/build/deps" "--target" "x86_64-unknown-linux-gnu" "-o" "/tmp/rust-skepticeHtsQp/out.exe"
[INFO] [stdout] stack backtrace:
[INFO] [stdout]    0:     0x64897fba42d1 - <<std[617be2ca0a6fd877]::sys::backtrace::BacktraceLock>::print::DisplayBacktrace as core[a373ad73a504971]::fmt::Display>::fmt
[INFO] [stdout]    1:     0x64897fbba31a - core[a373ad73a504971]::fmt::write
[INFO] [stdout]    2:     0x64897fba9a6c - <alloc[2e1b2a31b91974c5]::vec::Vec<u8> as core[a373ad73a504971]::io::write::Write>::write_fmt
[INFO] [stdout]    3:     0x64897fb7e6d6 - std[617be2ca0a6fd877]::panicking::default_hook::{closure#0}
[INFO] [stdout]    4:     0x64897fb9bc59 - std[617be2ca0a6fd877]::panicking::default_hook
[INFO] [stdout]    5:     0x64897faf55f0 - test[aada8e7e76ba119b]::test_main_inner::{closure#0}
[INFO] [stdout]    6:     0x64897fb9be12 - std[617be2ca0a6fd877]::panicking::panic_with_hook
[INFO] [stdout]    7:     0x64897fb7e782 - std[617be2ca0a6fd877]::panicking::panic_handler::{closure#0}
[INFO] [stdout]    8:     0x64897fb772d9 - std[617be2ca0a6fd877]::sys::backtrace::__rust_end_short_backtrace::<std[617be2ca0a6fd877]::panicking::panic_handler::{closure#0}, !>
[INFO] [stdout]    9:     0x64897fb7f38d - __rustc[ea4f61d10b84890b]::rust_begin_unwind
[INFO] [stdout]   10:     0x64897fbbaa4c - core[a373ad73a504971]::panicking::panic_fmt
[INFO] [stdout]   11:     0x64897fb2de8a - skeptic[f6360cc631b18384]::rt::interpret_output
[INFO] [stdout]   12:     0x64897fb2d185 - skeptic[f6360cc631b18384]::rt::handle_test
[INFO] [stdout]   13:     0x64897fb2dfca - skeptic[f6360cc631b18384]::rt::run_test
[INFO] [stdout]   14:     0x64897fae897c - <skeptic[bbabb1b8661ac8ee]::readme_sect_usage_line_18::{closure#0} as core[a373ad73a504971]::ops::function::FnOnce<()>>::call_once
[INFO] [stdout]   15:     0x64897fae8a3b - test[aada8e7e76ba119b]::__rust_begin_short_backtrace::<core[a373ad73a504971]::result::Result<(), alloc[2e1b2a31b91974c5]::string::String>, fn() -> core[a373ad73a504971]::result::Result<(), alloc[2e1b2a31b91974c5]::string::String>>
[INFO] [stdout]   16:     0x64897faf5c15 - test[aada8e7e76ba119b]::run_test::{closure#0}
[INFO] [stdout]   17:     0x64897faef504 - std[617be2ca0a6fd877]::sys::backtrace::__rust_begin_short_backtrace::<test[aada8e7e76ba119b]::run_test::{closure#1}, ()>
[INFO] [stdout]   18:     0x64897faf8ca2 - <std[617be2ca0a6fd877]::thread::lifecycle::spawn_unchecked<test[aada8e7e76ba119b]::run_test::{closure#1}, ()>::{closure#1} as core[a373ad73a504971]::ops::function::FnOnce<()>>::call_once::{shim:vtable#0}
[INFO] [stdout]   19:     0x64897fba38cf - <std[617be2ca0a6fd877]::sys::thread::unix::Thread>::new::thread_start
[INFO] [stdout]   20:     0x73e7d4648dfa - <unknown>
[INFO] [stdout]   21:     0x73e7d46dc3d4 - clone
[INFO] [stdout]   22:                0x0 - <unknown>
[INFO] [stdout] 
[INFO] [stdout] 
[INFO] [stdout] failures:
[INFO] [stdout]     readme_sect_usage_line_18
[INFO] [stdout] 
[INFO] [stdout] test result: FAILED. 0 passed; 1 failed; 0 ignored; 0 measured; 0 filtered out; finished in 0.23s
[INFO] [stdout] 
[INFO] [stderr] error: test failed, to rerun pass `--test skeptic`
[INFO] running `Command { std: "docker" "inspect" "79b34c3f50446122f0316d6a1d5af6aae2b34f18f928bfae30ac153e373f31ad", kill_on_drop: false }`
[INFO] running `Command { std: "docker" "rm" "-f" "79b34c3f50446122f0316d6a1d5af6aae2b34f18f928bfae30ac153e373f31ad", kill_on_drop: false }`
[INFO] [stdout] 79b34c3f50446122f0316d6a1d5af6aae2b34f18f928bfae30ac153e373f31ad
