[INFO] fetching crate declart-core 0.21.0...
[INFO] testing declart-core-0.21.0 against 1.99.0-beta.8+cargoflags=--release for beta-release-1.100-2
[INFO] extracting crate declart-core 0.21.0 into /workspace/builds/worker-4-tc1/source
[INFO] started tweaking crates.io crate declart-core 0.21.0
[INFO] removed 0 missing tests
[INFO] finished tweaking crates.io crate declart-core 0.21.0
[INFO] tweaked toml for crates.io crate declart-core 0.21.0 written to /workspace/builds/worker-4-tc1/source/Cargo.toml
[INFO] validating manifest of crates.io crate declart-core 0.21.0 on toolchain 1.99.0-beta.8
[INFO] running `Command { std: CARGO_HOME="/workspace/cargo-home" RUSTUP_HOME="/workspace/rustup-home" "/workspace/cargo-home/bin/cargo" "+1.99.0-beta.8" "metadata" "--manifest-path" "Cargo.toml" "--no-deps", kill_on_drop: false }`
[INFO] crate crates.io crate declart-core 0.21.0 already has a lockfile, it will not be regenerated
[INFO] running `Command { std: CARGO_HOME="/workspace/cargo-home" RUSTUP_HOME="/workspace/rustup-home" "/workspace/cargo-home/bin/cargo" "+1.99.0-beta.8" "fetch" "--manifest-path" "Cargo.toml", kill_on_drop: false }`
[INFO] [stderr]     Updating crates.io index
[INFO] [stderr]  Downloading crates ...
[INFO] [stderr]   Downloaded toml v0.8.23
[INFO] [stderr]   Downloaded toml_datetime v0.6.11
[INFO] [stderr]   Downloaded toml_write v0.1.2
[INFO] [stderr]   Downloaded serde_spanned v0.6.9
[INFO] [stderr]   Downloaded thiserror v2.0.18
[INFO] [stderr]   Downloaded thiserror-impl v2.0.18
[INFO] [stderr]   Downloaded toml_edit v0.22.27
[INFO] [stderr]   Downloaded indexmap v2.14.0
[INFO] [stderr]   Downloaded ttf-parser v0.21.1
[INFO] [stderr]   Downloaded winnow v0.7.15
[INFO] [stderr]   Downloaded fontdue v0.9.3
[INFO] running `Command { std: "docker" "create" "-v" "/var/lib/crater-agent-workspace/builds/worker-4-tc1/source:/opt/rustwide/workdir:ro,Z" "-v" "/var/lib/crater-agent-workspace/builds/worker-4-tc1/target:/opt/rustwide/target:rw,Z" "-v" "/var/lib/crater-agent-workspace/cargo-home:/opt/rustwide/cargo-home:ro,Z" "-v" "/var/lib/crater-agent-workspace/rustup-home:/opt/rustwide/rustup-home:ro,Z" "-m" "1610612736" "--network" "none" "ghcr.io/rust-lang/crates-build-env/linux@sha256:77db811e55d90add9212f6832c23229e3de5f1c1f9905e8cb07319ea15df73ac" "sleep" "infinity", kill_on_drop: false }`
[INFO] [stdout] 34118de4736e56c6c94826d6e7a4302a7b23e2e29b0b2252fc5ca1dbf1f7bf03
[INFO] running `Command { std: "docker" "start" "34118de4736e56c6c94826d6e7a4302a7b23e2e29b0b2252fc5ca1dbf1f7bf03", kill_on_drop: false }`
[INFO] running `Command { std: "docker" "inspect" "34118de4736e56c6c94826d6e7a4302a7b23e2e29b0b2252fc5ca1dbf1f7bf03", kill_on_drop: false }`
[INFO] running `Command { std: "docker" "exec" "-e" "SOURCE_DIR=/opt/rustwide/workdir" "-e" "CARGO_HOME=/opt/rustwide/cargo-home" "-e" "RUSTUP_HOME=/opt/rustwide/rustup-home" "-e" "CARGO_TARGET_DIR=/opt/rustwide/target" "-w" "/opt/rustwide/workdir" "--user" "0:0" "34118de4736e56c6c94826d6e7a4302a7b23e2e29b0b2252fc5ca1dbf1f7bf03" "/opt/rustwide/cargo-home/bin/cargo" "+1.99.0-beta.8" "metadata" "--no-deps" "--format-version=1", kill_on_drop: false }`
[INFO] running `Command { std: "docker" "inspect" "34118de4736e56c6c94826d6e7a4302a7b23e2e29b0b2252fc5ca1dbf1f7bf03", kill_on_drop: false }`
[INFO] running `Command { std: "docker" "exec" "-e" "SOURCE_DIR=/opt/rustwide/workdir" "-e" "CARGO_HOME=/opt/rustwide/cargo-home" "-e" "RUSTUP_HOME=/opt/rustwide/rustup-home" "-e" "CARGO_TARGET_DIR=/opt/rustwide/target" "-e" "CARGO_INCREMENTAL=0" "-e" "RUST_BACKTRACE=full" "-e" "RUSTFLAGS=--cap-lints=warn" "-e" "RUSTDOCFLAGS=--cap-lints=warn" "-w" "/opt/rustwide/workdir" "--user" "0:0" "34118de4736e56c6c94826d6e7a4302a7b23e2e29b0b2252fc5ca1dbf1f7bf03" "/opt/rustwide/cargo-home/bin/cargo" "+1.99.0-beta.8" "build" "--frozen" "--message-format=json" "--release", kill_on_drop: false }`
[INFO] [stderr]    Compiling proc-macro2 v1.0.106
[INFO] [stderr]    Compiling unicode-ident v1.0.24
[INFO] [stderr]    Compiling quote v1.0.45
[INFO] [stderr]    Compiling serde_core v1.0.228
[INFO] [stderr]    Compiling serde v1.0.228
[INFO] [stderr]    Compiling equivalent v1.0.2
[INFO] [stderr]    Compiling hashbrown v0.17.1
[INFO] [stderr]    Compiling zmij v1.0.21
[INFO] [stderr]    Compiling allocator-api2 v0.2.21
[INFO] [stderr]    Compiling serde_json v1.0.149
[INFO] [stderr]    Compiling winnow v0.7.15
[INFO] [stderr]    Compiling toml_write v0.1.2
[INFO] [stderr]    Compiling thiserror v2.0.18
[INFO] [stderr]    Compiling foldhash v0.1.5
[INFO] [stderr]    Compiling itoa v1.0.18
[INFO] [stderr]    Compiling ttf-parser v0.21.1
[INFO] [stderr]    Compiling memchr v2.8.0
[INFO] [stderr]    Compiling hashbrown v0.15.5
[INFO] [stderr]    Compiling indexmap v2.14.0
[INFO] [stderr]    Compiling syn v2.0.117
[INFO] [stderr]    Compiling fontdue v0.9.3
[INFO] [stderr]    Compiling serde_derive v1.0.228
[INFO] [stderr]    Compiling thiserror-impl v2.0.18
[INFO] [stderr]    Compiling serde_spanned v0.6.9
[INFO] [stderr]    Compiling toml_datetime v0.6.11
[INFO] [stderr]    Compiling toml_edit v0.22.27
[INFO] [stderr]    Compiling toml v0.8.23
[INFO] [stderr]    Compiling declart-core v0.21.0 (/opt/rustwide/workdir)
[INFO] [stderr]     Finished `release` profile [optimized] target(s) in 33.97s
[INFO] running `Command { std: "docker" "inspect" "34118de4736e56c6c94826d6e7a4302a7b23e2e29b0b2252fc5ca1dbf1f7bf03", kill_on_drop: false }`
[INFO] running `Command { std: "docker" "exec" "-e" "SOURCE_DIR=/opt/rustwide/workdir" "-e" "CARGO_HOME=/opt/rustwide/cargo-home" "-e" "RUSTUP_HOME=/opt/rustwide/rustup-home" "-e" "CARGO_TARGET_DIR=/opt/rustwide/target" "-e" "CARGO_INCREMENTAL=0" "-e" "RUST_BACKTRACE=full" "-e" "RUSTFLAGS=--cap-lints=warn" "-e" "RUSTDOCFLAGS=--cap-lints=warn" "-w" "/opt/rustwide/workdir" "--user" "0:0" "34118de4736e56c6c94826d6e7a4302a7b23e2e29b0b2252fc5ca1dbf1f7bf03" "/opt/rustwide/cargo-home/bin/cargo" "+1.99.0-beta.8" "test" "--frozen" "--no-run" "--message-format=json" "--release", kill_on_drop: false }`
[INFO] [stderr]    Compiling declart-core v0.21.0 (/opt/rustwide/workdir)
[INFO] [stderr]     Finished `release` profile [optimized] target(s) in 12.58s
[INFO] running `Command { std: "docker" "inspect" "34118de4736e56c6c94826d6e7a4302a7b23e2e29b0b2252fc5ca1dbf1f7bf03", kill_on_drop: false }`
[INFO] running `Command { std: "docker" "exec" "-e" "SOURCE_DIR=/opt/rustwide/workdir" "-e" "CARGO_HOME=/opt/rustwide/cargo-home" "-e" "RUSTUP_HOME=/opt/rustwide/rustup-home" "-e" "CARGO_TARGET_DIR=/opt/rustwide/target" "-e" "CARGO_INCREMENTAL=0" "-e" "RUST_BACKTRACE=full" "-e" "RUSTFLAGS=--cap-lints=warn" "-e" "RUSTDOCFLAGS=--cap-lints=warn" "-w" "/opt/rustwide/workdir" "--user" "0:0" "34118de4736e56c6c94826d6e7a4302a7b23e2e29b0b2252fc5ca1dbf1f7bf03" "/opt/rustwide/cargo-home/bin/cargo" "+1.99.0-beta.8" "test" "--frozen" "--release", kill_on_drop: false }`
[INFO] [stderr]     Finished `release` profile [optimized] target(s) in 0.04s
[INFO] [stderr]      Running unittests src/lib.rs (/opt/rustwide/target/release/deps/declart_core-fff50082c9190777)
[INFO] [stdout] 
[INFO] [stdout] running 201 tests
[INFO] [stdout] test date::tests::accepts_three_precisions ... ok
[INFO] [stdout] test model::tests::flow_diagram_holds_view_and_items ... ok
[INFO] [stdout] test model::tests::items_diagram_holds_items ... ok
[INFO] [stdout] test model::tests::state_diagram_holds_states_and_transitions ... ok
[INFO] [stdout] test parse::tests::parse_comparison_rejects_empty_rows ... ok
[INFO] [stdout] test parse::tests::parse_comparison_rejects_too_many_columns ... ok
[INFO] [stdout] test parse::tests::parse_flow_defaults_to_process_view ... ok
[INFO] [stdout] test model::tests::tier_diagram_holds_view_and_items ... ok
[INFO] [stdout] test parse::tests::every_listed_kind_is_dispatched ... ok
[INFO] [stdout] test parse::tests::parse_auto_dispatches_toml_flow ... ok
[INFO] [stdout] test model::tests::flow_item_holds_actor ... ok
[INFO] [stdout] test parse::tests::parse_auto_dispatches_json_flow ... ok
[INFO] [stdout] test model::tests::hierarchy_diagram_holds_view_and_nodes ... ok
[INFO] [stdout] test parse::tests::parse_auto_json_with_leading_whitespace ... ok
[INFO] [stdout] test model::tests::matrix_diagram_holds_quadrants ... ok
[INFO] [stdout] test parse::tests::parse_flow_item_status_values ... ok
[INFO] [stdout] test parse::tests::parse_flow_pyramid_view_gives_migration_hint ... ok
[INFO] [stdout] test parse::tests::parse_comparison_rejects_unknown_column_key ... ok
[INFO] [stdout] test parse::tests::parse_flow_cycle_requires_two_items ... ok
[INFO] [stdout] test parse::tests::parse_flow_explicit_view_cycle ... ok
[INFO] [stdout] test parse::tests::parse_flow_rejects_invalid_status ... ok
[INFO] [stdout] test parse::tests::parse_flow_rejects_invalid_view ... ok
[INFO] [stdout] test parse::tests::parse_flow_status_orthogonal_to_emphasis ... ok
[INFO] [stdout] test parse::tests::parse_flow_swimlane_basic ... ok
[INFO] [stdout] test parse::tests::parse_flow_swimlane_rejects_missing_actor ... ok
[INFO] [stdout] test parse::tests::parse_flow_swimlane_hint_in_valid_view_error ... ok
[INFO] [stdout] test parse::tests::parse_flow_swimlane_rejects_single_actor ... ok
[INFO] [stdout] test parse::tests::parse_hierarchy_auto_selects_fishbone_for_multiple_roots ... ok
[INFO] [stdout] test parse::tests::parse_hierarchy_effect_defaults_to_none ... ok
[INFO] [stdout] test model::tests::flow_diagram_holds_swimlane_view ... ok
[INFO] [stdout] test parse::tests::parse_hierarchy_explicit_view_org_chart ... ok
[INFO] [stdout] test parse::tests::parse_hierarchy_effect_field_separate_from_title ... ok
[INFO] [stdout] test parse::tests::parse_hierarchy_fishbone_requires_two_root_nodes ... ok
[INFO] [stdout] test parse::tests::parse_hierarchy_explicit_view_fishbone ... ok
[INFO] [stdout] test parse::tests::parse_flow_funnel_requires_two_items ... ok
[INFO] [stdout] test parse::tests::parse_hierarchy_auto_selects_org_chart_for_single_root ... ok
[INFO] [stdout] test parse::tests::parse_json_sequence_gives_deprecation_hint ... ok
[INFO] [stdout] test parse::tests::parse_json_valid_comparison ... ok
[INFO] [stdout] test parse::tests::parse_matrix_item_rejects_bad_quadrant ... ok
[INFO] [stdout] test parse::tests::parse_matrix_item_requires_quadrant_field ... ok
[INFO] [stdout] test parse::tests::parse_hierarchy_label_parent_still_works_without_id ... ok
[INFO] [stdout] test parse::tests::parse_hierarchy_org_chart_rejects_multiple_roots ... ok
[INFO] [stdout] test parse::tests::parse_matrix_items_placed_into_quadrants ... ok
[INFO] [stdout] test parse::tests::parse_hierarchy_rejects_duplicate_id ... ok
[INFO] [stdout] test parse::tests::parse_hub_spoke_spoke_status ... ok
[INFO] [stdout] test parse::tests::parse_matrix_position_rejects_duplicate ... ok
[INFO] [stdout] test parse::tests::parse_matrix_position_rejects_missing_on_some ... ok
[INFO] [stdout] test parse::tests::parse_matrix_quadrant_status ... ok
[INFO] [stdout] test parse::tests::parse_matrix_smoke ... ok
[INFO] [stdout] test parse::tests::parse_matrix_rejects_too_many_items_per_quadrant ... ok
[INFO] [stdout] test parse::tests::parse_json_hierarchy ... ok
[INFO] [stdout] test parse::tests::parse_flow_funnel_rejects_more_than_10_items ... ok
[INFO] [stdout] test parse::tests::parse_json_rejects_unknown_kind ... ok
[INFO] [stdout] test parse::tests::parse_matrix_requires_four_quadrants ... ok
[INFO] [stdout] test parse::tests::parse_rejects_old_flow_kind_names ... ok
[INFO] [stdout] test parse::tests::parse_rejects_old_hierarchy_kind_names ... ok
[INFO] [stdout] test parse::tests::parse_state_no_transitions_valid ... ok
[INFO] [stdout] test parse::tests::parse_state_rejects_duplicate_label ... ok
[INFO] [stdout] test parse::tests::parse_state_rejects_multiple_initial ... ok
[INFO] [stdout] test parse::tests::parse_state_rejects_single_state ... ok
[INFO] [stdout] test parse::tests::parse_hierarchy_node_id_allows_parent_by_id ... ok
[INFO] [stdout] test parse::tests::parse_comparison_empty_cells_allowed ... ok
[INFO] [stdout] test parse::tests::parse_state_rejects_unknown_transition_ref ... ok
[INFO] [stdout] test date::tests::inclusive_end_reaches_next_period ... ok
[INFO] [stdout] test parse::tests::parse_json_valid_flow_process ... ok
[INFO] [stdout] test parse::tests::parse_state_self_loop_valid ... ok
[INFO] [stdout] test parse::tests::parse_tier_defaults_to_pyramid_view ... ok
[INFO] [stdout] test parse::tests::parse_tier_explicit_view_concentric ... ok
[INFO] [stdout] test parse::tests::parse_tier_item_status ... ok
[INFO] [stdout] test parse::tests::parse_tier_rejects_invalid_status ... ok
[INFO] [stdout] test parse::tests::parse_rejects_unknown_kind ... ok
[INFO] [stdout] test parse::tests::parse_tier_explicit_view_pyramid ... ok
[INFO] [stdout] test parse::tests::parse_state_allows_multiple_terminal ... ok
[INFO] [stdout] test parse::tests::parse_tier_rejects_invalid_view ... ok
[INFO] [stdout] test parse::tests::parse_sequence_gives_deprecation_hint ... ok
[INFO] [stdout] test parse::tests::parse_state_basic ... ok
[INFO] [stdout] test parse::tests::parse_matrix_with_position_reorders_quadrants ... ok
[INFO] [stdout] test parse::tests::parse_matrix_without_items_still_works ... ok
[INFO] [stdout] test parse::tests::parse_timeline_accepts_period_and_milestone ... ok
[INFO] [stdout] test parse::tests::parse_timeline_mixed_formats_sort_correctly ... ok
[INFO] [stdout] test date::tests::start_orders_chronologically ... ok
[INFO] [stdout] test parse::tests::parse_timeline_rejects_invalid_format ... ok
[INFO] [stdout] test parse::tests::parse_timeline_period_end_is_inclusive ... ok
[INFO] [stdout] test parse::tests::parse_timeline_rejects_out_of_range_dates ... ok
[INFO] [stdout] test parse::tests::parse_valid_comparison ... ok
[INFO] [stdout] test parse::tests::parse_timeline_smoke ... ok
[INFO] [stdout] test parse::tests::unknown_kind_hint_includes_state ... ok
[INFO] [stdout] test parse::tests::parse_timeline_rejects_end_before_start ... ok
[INFO] [stdout] test parse::tests::parse_timeline_rejects_invalid_event_shapes ... ok
[INFO] [stdout] test parse::tests::parse_timeline_accepts_year_month ... ok
[INFO] [stdout] test parse::tests::parse_timeline_accepts_year_only ... ok
[INFO] [stdout] test date::tests::rejects_malformed_and_out_of_range ... ok
[INFO] [stdout] test parse::tests::parse_flow_explicit_view_funnel ... ok
[INFO] [stdout] test parse::tests::parse_flow_funnel_accepts_exactly_10_items ... ok
[INFO] [stdout] test render::cycle::tests::render_includes_all_labels ... ok
[INFO] [stdout] test render::cycle::tests::render_has_n_node_polygons ... ok
[INFO] [stdout] test render::fishbone::tests::render_arrowhead_is_triangle ... ok
[INFO] [stdout] test render::fishbone::tests::render_includes_effect_and_causes ... ok
[INFO] [stdout] test render::concentric::tests::render_produces_svg_element ... ok
[INFO] [stdout] test render::fishbone::tests::render_includes_sub_items ... ok
[INFO] [stdout] test render::concentric::tests::render_includes_all_labels ... ok
[INFO] [stdout] test render::cycle::tests::render_has_n_arrows ... ok
[INFO] [stdout] test render::cycle::tests::render_produces_svg_element ... ok
[INFO] [stdout] test render::concentric::tests::render_long_label_truncates ... ok
[INFO] [stdout] test render::concentric::tests::render_includes_title_when_present ... ok
[INFO] [stdout] test render::concentric::tests::render_primary_emphasis_has_stroke ... ok
[INFO] [stdout] test render::concentric::tests::render_draws_one_circle_per_layer ... ok
[INFO] [stdout] test render::font::tests::truncate_fits_within_max_width ... ok
[INFO] [stdout] test render::fishbone::tests::render_produces_svg_element ... ok
[INFO] [stdout] test render::funnel::tests::render_includes_all_labels ... ok
[INFO] [stdout] test render::hub_spoke::tests::render_has_n_connection_lines ... ok
[INFO] [stdout] test render::funnel::tests::render_has_n_trapezoids ... ok
[INFO] [stdout] test render::hub_spoke::tests::render_includes_hub_and_spoke_labels ... ok
[INFO] [stdout] test render::font::tests::wider_text_measures_wider ... ok
[INFO] [stdout] test render::hub_spoke::tests::render_spoke_status_emits_marker ... ok
[INFO] [stdout] test render::matrix::tests::render_includes_all_quadrant_labels ... ok
[INFO] [stdout] test render::matrix::tests::render_includes_axis_labels ... ok
[INFO] [stdout] test render::hub_spoke::tests::render_has_correct_polygon_count ... ok
[INFO] [stdout] test render::hub_spoke::tests::render_primary_emphasis_has_stroke_and_bold ... ok
[INFO] [stdout] test render::concentric::tests::render_layer_status_emits_marker ... ok
[INFO] [stdout] test render::font::tests::larger_font_measures_wider ... ok
[INFO] [stdout] test render::funnel::tests::render_produces_svg_element ... ok
[INFO] [stdout] test render::fishbone::tests::render_has_effect_box_and_arrowhead ... ok
[INFO] [stdout] test render::concentric::tests::render_omits_title_when_absent ... ok
[INFO] [stdout] test render::matrix::tests::render_quadrant_status_emits_marker ... ok
[INFO] [stdout] test render::matrix::tests::render_primary_quadrant_has_stroke_and_bold ... ok
[INFO] [stdout] test render::mind_map::tests::render_has_connector_lines ... ok
[INFO] [stdout] test render::mind_map::tests::render_single_node_does_not_panic ... ok
[INFO] [stdout] test render::matrix::tests::render_long_axis_labels_do_not_overflow ... ok
[INFO] [stdout] test render::matrix::tests::render_produces_svg_element ... ok
[INFO] [stdout] test render::org_chart::tests::render_includes_connectors ... ok
[INFO] [stdout] test render::hub_spoke::tests::render_secondary_emphasis_has_no_stroke ... ok
[INFO] [stdout] test render::hub_spoke::tests::render_produces_svg_element ... ok
[INFO] [stdout] test render::font::tests::truncate_short_text_unchanged ... ok
[INFO] [stdout] test render::font::tests::truncate_long_text_adds_ellipsis ... ok
[INFO] [stdout] test render::mind_map::tests::render_three_level_tree ... ok
[INFO] [stdout] test render::flow::tests::render_tier_concentric_uses_circles ... ok
[INFO] [stdout] test render::flow::tests::render_tier_pyramid_uses_polygons ... ok
[INFO] [stdout] test render::org_chart::tests::render_produces_svg_element ... ok
[INFO] [stdout] test render::org_chart::tests::root_centered_over_two_children ... ok
[INFO] [stdout] test render::process::tests::render_produces_svg_element ... ok
[INFO] [stdout] test render::process::tests::single_item_renders_without_arrows ... ok
[INFO] [stdout] test render::pyramid::tests::render_layer_status_emits_marker ... ok
[INFO] [stdout] test render::pyramid::tests::render_long_apex_label_uses_leader_line ... ok
[INFO] [stdout] test render::pyramid::tests::render_includes_all_labels ... ok
[INFO] [stdout] test render::org_chart::tests::wide_tree_no_negative_x ... ok
[INFO] [stdout] test render::pyramid::tests::render_includes_title_when_present ... ok
[INFO] [stdout] test render::process::tests::status_absent_renders_no_marker ... ok
[INFO] [stdout] test render::process::tests::status_critical_emits_marker ... ok
[INFO] [stdout] test render::pyramid::tests::render_very_long_apex_label_expands_canvas ... ok
[INFO] [stdout] test render::state::tests::render_includes_state_labels ... ok
[INFO] [stdout] test render::state::tests::render_includes_title ... ok
[INFO] [stdout] test render::state::tests::render_includes_trigger ... ok
[INFO] [stdout] test render::status::tests::success_is_a_circle ... ok
[INFO] [stdout] test render::status::tests::warning_and_critical_are_polygons_not_circles ... ok
[INFO] [stdout] test render::status::tests::notable_states_resolve_to_theme_colors_and_shapes ... ok
[INFO] [stdout] test render::pyramid::tests::render_has_n_polygons ... ok
[INFO] [stdout] test render::org_chart::tests::render_includes_all_labels ... ok
[INFO] [stdout] test render::mind_map::tests::render_includes_all_labels ... ok
[INFO] [stdout] test render::svg::tests::polygon_appears_in_output ... ok
[INFO] [stdout] test render::svg::tests::text_content_is_escaped ... ok
[INFO] [stdout] test render::swimlane::tests::render_includes_actor_names ... ok
[INFO] [stdout] test render::svg::tests::circle_stroked_has_stroke_attribute ... ok
[INFO] [stdout] test render::svg::tests::line_dashed_contains_dasharray ... ok
[INFO] [stdout] test render::swimlane::tests::render_includes_step_labels ... ok
[INFO] [stdout] test render::process::tests::render_includes_all_labels ... ok
[INFO] [stdout] test render::state::tests::render_produces_svg ... ok
[INFO] [stdout] test render::status::tests::draw_marker_emits_nothing_for_normal ... ok
[INFO] [stdout] test render::pyramid::tests::render_omits_title_when_absent ... ok
[INFO] [stdout] test render::status::tests::normal_and_none_draw_nothing ... ok
[INFO] [stdout] test render::pyramid::tests::render_produces_svg_element ... ok
[INFO] [stdout] test render::theme::tests::from_toml_rejects_invalid_hex ... ok
[INFO] [stdout] test render::swimlane::tests::render_produces_svg_element ... ok
[INFO] [stdout] test render::theme::tests::from_toml_renders_flow ... ok
[INFO] [stdout] test render::mind_map::tests::render_produces_svg ... ok
[INFO] [stdout] test render::theme::tests::from_toml_rejects_missing_field ... ok
[INFO] [stdout] test render::swimlane::tests::render_includes_title ... ok
[INFO] [stdout] test render::theme::tests::from_toml_with_typography ... ok
[INFO] [stdout] test render::tests::apply_width_same_size_is_identity ... ok
[INFO] [stdout] test render::matrix::tests::render_has_four_quadrant_polygons ... ok
[INFO] [stdout] test render::svg::tests::rect_rounded_produces_rect_element ... ok
[INFO] [stdout] test render::timeline::tests::overlapping_periods_stack_into_lanes ... ok
[INFO] [stdout] test render::theme::tests::from_toml_renders_tier ... ok
[INFO] [stdout] test render::tests::apply_width_scales_height_proportionally ... ok
[INFO] [stdout] test render::timeline::tests::axis_range_extends_to_inclusive_period_end ... ok
[INFO] [stdout] test render::theme::tests::is_dark_boundary ... ok
[INFO] [stdout] test render::timeline::tests::render_includes_all_labels ... ok
[INFO] [stdout] test render::timeline::tests::dense_timeline_truncates_long_labels ... ok
[INFO] [stdout] test render::timeline::tests::render_produces_svg_element ... ok
[INFO] [stdout] test render::venn::tests::render_includes_set_labels ... ok
[INFO] [stdout] test render::venn::tests::render_produces_svg_element ... ok
[INFO] [stdout] test render::venn::tests::render_three_set_has_three_circles ... ok
[INFO] [stdout] test render::theme::tests::from_toml_parses_valid_theme ... ok
[INFO] [stdout] test render::timeline::tests::period_renders_as_bar_with_date_range ... ok
[INFO] [stdout] test render::svg::tests::svg_document_has_xmlns ... ok
[INFO] [stdout] test render::timeline::tests::render_includes_dates ... ok
[INFO] [stdout] test render::venn::tests::render_has_two_circles ... ok
[INFO] [stdout] test render::timeline::tests::point_only_timeline_has_no_period_band ... ok
[INFO] [stdout] test render::matrix::tests::render_items_placed_in_quadrants ... ok
[INFO] [stdout] test render::process::tests::render_has_n_boxes ... ok
[INFO] [stdout] test render::hub_spoke::tests::render_5_spokes_equiangular_symmetric ... ok
[INFO] [stdout] 
[INFO] [stdout] test result: ok. 201 passed; 0 failed; 0 ignored; 0 measured; 0 filtered out; finished in 0.26s
[INFO] [stdout] 
[INFO] [stderr]      Running tests/spec_suite.rs (/opt/rustwide/target/release/deps/spec_suite-60aa6269d5dbf5fc)
[INFO] [stdout] 
[INFO] [stdout] running 20 tests
[INFO] [stdout] test comparison_valid_examples_parse_successfully ... FAILED
[INFO] [stdout] test hub_spoke_valid_examples_parse_successfully ... FAILED
[INFO] [stdout] test matrix_valid_examples_parse_successfully ... FAILED
[INFO] [stdout] test matrix_invalid_examples_fail_to_parse ... FAILED
[INFO] [stdout] test timeline_valid_examples_parse_successfully ... FAILED
[INFO] [stdout] test venn_invalid_examples_fail_to_parse ... FAILED
[INFO] [stdout] test state_valid_examples_parse_successfully ... FAILED
[INFO] [stdout] test theme_invalid_examples_fail_to_parse ... FAILED
[INFO] [stdout] test state_invalid_examples_fail_to_parse ... FAILED
[INFO] [stdout] test hierarchy_valid_examples_parse_successfully ... FAILED
[INFO] [stdout] test tier_invalid_examples_fail_to_parse ... FAILED
[INFO] [stdout] test hub_spoke_invalid_examples_fail_to_parse ... FAILED
[INFO] [stdout] test venn_valid_examples_parse_successfully ... FAILED
[INFO] [stdout] test flow_invalid_examples_fail_to_parse ... FAILED
[INFO] [stdout] test theme_valid_examples_parse_successfully ... FAILED
[INFO] [stdout] test tier_valid_examples_parse_successfully ... FAILED
[INFO] [stdout] test hierarchy_invalid_examples_fail_to_parse ... FAILED
[INFO] [stdout] test timeline_invalid_examples_fail_to_parse ... FAILED
[INFO] [stdout] test comparison_invalid_examples_fail_to_parse ... FAILED
[INFO] [stdout] test flow_valid_examples_parse_successfully ... FAILED
[INFO] [stdout] 
[INFO] [stdout] failures:
[INFO] [stdout] 
[INFO] [stdout] ---- comparison_valid_examples_parse_successfully stdout ----
[INFO] [stdout] 
[INFO] [stdout] thread 'comparison_valid_examples_parse_successfully' (1045) panicked at tests/spec_suite.rs:12:29:
[INFO] [stdout] spec dir not found: /opt/rustwide/workdir/../../spec/kinds/comparison/valid
[INFO] [stdout] stack backtrace:
[INFO] [stdout]    0:     0x58d1ac276f81 - <<std[70759c8f55707aa4]::sys::backtrace::BacktraceLock>::print::DisplayBacktrace as core[df12db4294e9bfd3]::fmt::Display>::fmt
[INFO] [stdout]    1:     0x58d1ac28c74a - core[df12db4294e9bfd3]::fmt::write
[INFO] [stdout]    2:     0x58d1ac27b70c - <alloc[2182bb758b4b3781]::vec::Vec<u8> as core[df12db4294e9bfd3]::io::write::Write>::write_fmt
[INFO] [stdout]    3:     0x58d1ac252c76 - std[70759c8f55707aa4]::panicking::default_hook::{closure#0}
[INFO] [stdout]    4:     0x58d1ac26f169 - std[70759c8f55707aa4]::panicking::default_hook
[INFO] [stdout]    5:     0x58d1ac20ac20 - test[9d35eded1c95d3be]::test_main_inner::<test[9d35eded1c95d3be]::test_main_static::{closure#0}>::{closure#0}
[INFO] [stdout]    6:     0x58d1ac26f322 - std[70759c8f55707aa4]::panicking::panic_with_hook
[INFO] [stdout]    7:     0x58d1ac252d22 - std[70759c8f55707aa4]::panicking::panic_handler::{closure#0}
[INFO] [stdout]    8:     0x58d1ac24b879 - std[70759c8f55707aa4]::sys::backtrace::__rust_end_short_backtrace::<std[70759c8f55707aa4]::panicking::panic_handler::{closure#0}, !>
[INFO] [stdout]    9:     0x58d1ac25391d - __rustc[8fa7c3cbc660c2b3]::rust_begin_unwind
[INFO] [stdout]   10:     0x58d1ac28ce7c - core[df12db4294e9bfd3]::panicking::panic_fmt
[INFO] [stdout]   11:     0x58d1ac122c3e - spec_suite[71e4cf1c253a2772]::assert_valid_examples::{closure#0}
[INFO] [stdout]   12:     0x58d1ac123300 - spec_suite[71e4cf1c253a2772]::assert_valid_examples
[INFO] [stdout]   13:     0x58d1ac124cf5 - <spec_suite[71e4cf1c253a2772]::comparison_valid_examples_parse_successfully::{closure#0} as core[df12db4294e9bfd3]::ops::function::FnOnce<()>>::call_once
[INFO] [stdout]   14:     0x58d1ac1fdf0b - test[9d35eded1c95d3be]::__rust_begin_short_backtrace::<core[df12db4294e9bfd3]::result::Result<(), alloc[2182bb758b4b3781]::string::String>, fn() -> core[df12db4294e9bfd3]::result::Result<(), alloc[2182bb758b4b3781]::string::String>>
[INFO] [stdout]   15:     0x58d1ac20b575 - test[9d35eded1c95d3be]::run_test::{closure#0}
[INFO] [stdout]   16:     0x58d1ac204e34 - std[70759c8f55707aa4]::sys::backtrace::__rust_begin_short_backtrace::<test[9d35eded1c95d3be]::run_test::{closure#1}, ()>
[INFO] [stdout]   17:     0x58d1ac20e6d2 - <std[70759c8f55707aa4]::thread::lifecycle::spawn_unchecked<test[9d35eded1c95d3be]::run_test::{closure#1}, ()>::{closure#1} as core[df12db4294e9bfd3]::ops::function::FnOnce<()>>::call_once::{shim:vtable#0}
[INFO] [stdout]   18:     0x58d1ac2764e9 - <std[70759c8f55707aa4]::sys::thread::unix::Thread>::new::thread_start
[INFO] [stdout]   19:     0x768ae0262dfa - <unknown>
[INFO] [stdout]   20:     0x768ae02f63d4 - clone
[INFO] [stdout]   21:                0x0 - <unknown>
[INFO] [stdout] 
[INFO] [stdout] ---- hub_spoke_valid_examples_parse_successfully stdout ----
[INFO] [stdout] 
[INFO] [stdout] thread 'hub_spoke_valid_examples_parse_successfully' (1051) panicked at tests/spec_suite.rs:12:29:
[INFO] [stdout] spec dir not found: /opt/rustwide/workdir/../../spec/kinds/hub_spoke/valid
[INFO] [stdout] stack backtrace:
[INFO] [stdout]    0:     0x58d1ac276f81 - <<std[70759c8f55707aa4]::sys::backtrace::BacktraceLock>::print::DisplayBacktrace as core[df12db4294e9bfd3]::fmt::Display>::fmt
[INFO] [stdout]    1:     0x58d1ac28c74a - core[df12db4294e9bfd3]::fmt::write
[INFO] [stdout]    2:     0x58d1ac27b70c - <alloc[2182bb758b4b3781]::vec::Vec<u8> as core[df12db4294e9bfd3]::io::write::Write>::write_fmt
[INFO] [stdout]    3:     0x58d1ac252c76 - std[70759c8f55707aa4]::panicking::default_hook::{closure#0}
[INFO] [stdout]    4:     0x58d1ac26f169 - std[70759c8f55707aa4]::panicking::default_hook
[INFO] [stdout]    5:     0x58d1ac20ac20 - test[9d35eded1c95d3be]::test_main_inner::<test[9d35eded1c95d3be]::test_main_static::{closure#0}>::{closure#0}
[INFO] [stdout]    6:     0x58d1ac26f322 - std[70759c8f55707aa4]::panicking::panic_with_hook
[INFO] [stdout]    7:     0x58d1ac252d22 - std[70759c8f55707aa4]::panicking::panic_handler::{closure#0}
[INFO] [stdout]    8:     0x58d1ac24b879 - std[70759c8f55707aa4]::sys::backtrace::__rust_end_short_backtrace::<std[70759c8f55707aa4]::panicking::panic_handler::{closure#0}, !>
[INFO] [stdout]    9:     0x58d1ac25391d - __rustc[8fa7c3cbc660c2b3]::rust_begin_unwind
[INFO] [stdout]   10:     0x58d1ac28ce7c - core[df12db4294e9bfd3]::panicking::panic_fmt
[INFO] [stdout]   11:     0x58d1ac122c3e - spec_suite[71e4cf1c253a2772]::assert_valid_examples::{closure#0}
[INFO] [stdout]   12:     0x58d1ac123300 - spec_suite[71e4cf1c253a2772]::assert_valid_examples
[INFO] [stdout]   13:     0x58d1ac124cc5 - <spec_suite[71e4cf1c253a2772]::hub_spoke_valid_examples_parse_successfully::{closure#0} as core[df12db4294e9bfd3]::ops::function::FnOnce<()>>::call_once
[INFO] [stdout]   14:     0x58d1ac1fdf0b - test[9d35eded1c95d3be]::__rust_begin_short_backtrace::<core[df12db4294e9bfd3]::result::Result<(), alloc[2182bb758b4b3781]::string::String>, fn() -> core[df12db4294e9bfd3]::result::Result<(), alloc[2182bb758b4b3781]::string::String>>
[INFO] [stdout]   15:     0x58d1ac20b575 - test[9d35eded1c95d3be]::run_test::{closure#0}
[INFO] [stdout]   16:     0x58d1ac204e34 - std[70759c8f55707aa4]::sys::backtrace::__rust_begin_short_backtrace::<test[9d35eded1c95d3be]::run_test::{closure#1}, ()>
[INFO] [stdout]   17:     0x58d1ac20e6d2 - <std[70759c8f55707aa4]::thread::lifecycle::spawn_unchecked<test[9d35eded1c95d3be]::run_test::{closure#1}, ()>::{closure#1} as core[df12db4294e9bfd3]::ops::function::FnOnce<()>>::call_once::{shim:vtable#0}
[INFO] [stdout]   18:     0x58d1ac2764e9 - <std[70759c8f55707aa4]::sys::thread::unix::Thread>::new::thread_start
[INFO] [stdout]   19:     0x768ae0262dfa - <unknown>
[INFO] [stdout]   20:     0x768ae02f63d4 - clone
[INFO] [stdout]   21:                0x0 - <unknown>
[INFO] [stdout] 
[INFO] [stdout] ---- matrix_valid_examples_parse_successfully stdout ----
[INFO] [stdout] 
[INFO] [stdout] thread 'matrix_valid_examples_parse_successfully' (1053) panicked at tests/spec_suite.rs:12:29:
[INFO] [stdout] spec dir not found: /opt/rustwide/workdir/../../spec/kinds/matrix/valid
[INFO] [stdout] stack backtrace:
[INFO] [stdout]    0:     0x58d1ac276f81 - <<std[70759c8f55707aa4]::sys::backtrace::BacktraceLock>::print::DisplayBacktrace as core[df12db4294e9bfd3]::fmt::Display>::fmt
[INFO] [stdout]    1:     0x58d1ac28c74a - core[df12db4294e9bfd3]::fmt::write
[INFO] [stdout]    2:     0x58d1ac27b70c - <alloc[2182bb758b4b3781]::vec::Vec<u8> as core[df12db4294e9bfd3]::io::write::Write>::write_fmt
[INFO] [stdout]    3:     0x58d1ac252c76 - std[70759c8f55707aa4]::panicking::default_hook::{closure#0}
[INFO] [stdout]    4:     0x58d1ac26f169 - std[70759c8f55707aa4]::panicking::default_hook
[INFO] [stdout]    5:     0x58d1ac20ac20 - test[9d35eded1c95d3be]::test_main_inner::<test[9d35eded1c95d3be]::test_main_static::{closure#0}>::{closure#0}
[INFO] [stdout]    6:     0x58d1ac26f322 - std[70759c8f55707aa4]::panicking::panic_with_hook
[INFO] [stdout]    7:     0x58d1ac252d22 - std[70759c8f55707aa4]::panicking::panic_handler::{closure#0}
[INFO] [stdout]    8:     0x58d1ac24b879 - std[70759c8f55707aa4]::sys::backtrace::__rust_end_short_backtrace::<std[70759c8f55707aa4]::panicking::panic_handler::{closure#0}, !>
[INFO] [stdout]    9:     0x58d1ac25391d - __rustc[8fa7c3cbc660c2b3]::rust_begin_unwind
[INFO] [stdout]   10:     0x58d1ac28ce7c - core[df12db4294e9bfd3]::panicking::panic_fmt
[INFO] [stdout]   11:     0x58d1ac122c3e - spec_suite[71e4cf1c253a2772]::assert_valid_examples::{closure#0}
[INFO] [stdout]   12:     0x58d1ac123300 - spec_suite[71e4cf1c253a2772]::assert_valid_examples
[INFO] [stdout]   13:     0x58d1ac124c05 - <spec_suite[71e4cf1c253a2772]::matrix_valid_examples_parse_successfully::{closure#0} as core[df12db4294e9bfd3]::ops::function::FnOnce<()>>::call_once
[INFO] [stdout]   14:     0x58d1ac1fdf0b - test[9d35eded1c95d3be]::__rust_begin_short_backtrace::<core[df12db4294e9bfd3]::result::Result<(), alloc[2182bb758b4b3781]::string::String>, fn() -> core[df12db4294e9bfd3]::result::Result<(), alloc[2182bb758b4b3781]::string::String>>
[INFO] [stdout]   15:     0x58d1ac20b575 - test[9d35eded1c95d3be]::run_test::{closure#0}
[INFO] [stdout]   16:     0x58d1ac204e34 - std[70759c8f55707aa4]::sys::backtrace::__rust_begin_short_backtrace::<test[9d35eded1c95d3be]::run_test::{closure#1}, ()>
[INFO] [stdout]   17:     0x58d1ac20e6d2 - <std[70759c8f55707aa4]::thread::lifecycle::spawn_unchecked<test[9d35eded1c95d3be]::run_test::{closure#1}, ()>::{closure#1} as core[df12db4294e9bfd3]::ops::function::FnOnce<()>>::call_once::{shim:vtable#0}
[INFO] [stdout]   18:     0x58d1ac2764e9 - <std[70759c8f55707aa4]::sys::thread::unix::Thread>::new::thread_start
[INFO] [stdout]   19:     0x768ae0262dfa - <unknown>
[INFO] [stdout]   20:     0x768ae02f63d4 - clone
[INFO] [stdout]   21:                0x0 - <unknown>
[INFO] [stdout] 
[INFO] [stdout] ---- matrix_invalid_examples_fail_to_parse stdout ----
[INFO] [stdout] 
[INFO] [stdout] thread 'matrix_invalid_examples_fail_to_parse' (1052) panicked at tests/spec_suite.rs:40:29:
[INFO] [stdout] spec dir not found: /opt/rustwide/workdir/../../spec/kinds/matrix/invalid
[INFO] [stdout] stack backtrace:
[INFO] [stdout]    0:     0x58d1ac276f81 - <<std[70759c8f55707aa4]::sys::backtrace::BacktraceLock>::print::DisplayBacktrace as core[df12db4294e9bfd3]::fmt::Display>::fmt
[INFO] [stdout]    1:     0x58d1ac28c74a - core[df12db4294e9bfd3]::fmt::write
[INFO] [stdout]    2:     0x58d1ac27b70c - <alloc[2182bb758b4b3781]::vec::Vec<u8> as core[df12db4294e9bfd3]::io::write::Write>::write_fmt
[INFO] [stdout]    3:     0x58d1ac252c76 - std[70759c8f55707aa4]::panicking::default_hook::{closure#0}
[INFO] [stdout]    4:     0x58d1ac26f169 - std[70759c8f55707aa4]::panicking::default_hook
[INFO] [stdout]    5:     0x58d1ac20ac20 - test[9d35eded1c95d3be]::test_main_inner::<test[9d35eded1c95d3be]::test_main_static::{closure#0}>::{closure#0}
[INFO] [stdout]    6:     0x58d1ac26f322 - std[70759c8f55707aa4]::panicking::panic_with_hook
[INFO] [stdout]    7:     0x58d1ac252d22 - std[70759c8f55707aa4]::panicking::panic_handler::{closure#0}
[INFO] [stdout]    8:     0x58d1ac24b879 - std[70759c8f55707aa4]::sys::backtrace::__rust_end_short_backtrace::<std[70759c8f55707aa4]::panicking::panic_handler::{closure#0}, !>
[INFO] [stdout]    9:     0x58d1ac25391d - __rustc[8fa7c3cbc660c2b3]::rust_begin_unwind
[INFO] [stdout]   10:     0x58d1ac28ce7c - core[df12db4294e9bfd3]::panicking::panic_fmt
[INFO] [stdout]   11:     0x58d1ac122d3e - spec_suite[71e4cf1c253a2772]::assert_invalid_examples::{closure#0}
[INFO] [stdout]   12:     0x58d1ac123914 - spec_suite[71e4cf1c253a2772]::assert_invalid_examples
[INFO] [stdout]   13:     0x58d1ac124475 - <spec_suite[71e4cf1c253a2772]::matrix_invalid_examples_fail_to_parse::{closure#0} as core[df12db4294e9bfd3]::ops::function::FnOnce<()>>::call_once
[INFO] [stdout]   14:     0x58d1ac1fdf0b - test[9d35eded1c95d3be]::__rust_begin_short_backtrace::<core[df12db4294e9bfd3]::result::Result<(), alloc[2182bb758b4b3781]::string::String>, fn() -> core[df12db4294e9bfd3]::result::Result<(), alloc[2182bb758b4b3781]::string::String>>
[INFO] [stdout]   15:     0x58d1ac20b575 - test[9d35eded1c95d3be]::run_test::{closure#0}
[INFO] [stdout]   16:     0x58d1ac204e34 - std[70759c8f55707aa4]::sys::backtrace::__rust_begin_short_backtrace::<test[9d35eded1c95d3be]::run_test::{closure#1}, ()>
[INFO] [stdout]   17:     0x58d1ac20e6d2 - <std[70759c8f55707aa4]::thread::lifecycle::spawn_unchecked<test[9d35eded1c95d3be]::run_test::{closure#1}, ()>::{closure#1} as core[df12db4294e9bfd3]::ops::function::FnOnce<()>>::call_once::{shim:vtable#0}
[INFO] [stdout]   18:     0x58d1ac2764e9 - <std[70759c8f55707aa4]::sys::thread::unix::Thread>::new::thread_start
[INFO] [stdout]   19:     0x768ae0262dfa - <unknown>
[INFO] [stdout]   20:     0x768ae02f63d4 - clone
[INFO] [stdout]   21:                0x0 - <unknown>
[INFO] [stdout] 
[INFO] [stdout] ---- timeline_valid_examples_parse_successfully stdout ----
[INFO] [stdout] 
[INFO] [stdout] thread 'timeline_valid_examples_parse_successfully' (1061) panicked at tests/spec_suite.rs:12:29:
[INFO] [stdout] spec dir not found: /opt/rustwide/workdir/../../spec/kinds/timeline/valid
[INFO] [stdout] stack backtrace:
[INFO] [stdout]    0:     0x58d1ac276f81 - <<std[70759c8f55707aa4]::sys::backtrace::BacktraceLock>::print::DisplayBacktrace as core[df12db4294e9bfd3]::fmt::Display>::fmt
[INFO] [stdout]    1:     0x58d1ac28c74a - core[df12db4294e9bfd3]::fmt::write
[INFO] [stdout]    2:     0x58d1ac27b70c - <alloc[2182bb758b4b3781]::vec::Vec<u8> as core[df12db4294e9bfd3]::io::write::Write>::write_fmt
[INFO] [stdout]    3:     0x58d1ac252c76 - std[70759c8f55707aa4]::panicking::default_hook::{closure#0}
[INFO] [stdout]    4:     0x58d1ac26f169 - std[70759c8f55707aa4]::panicking::default_hook
[INFO] [stdout]    5:     0x58d1ac20ac20 - test[9d35eded1c95d3be]::test_main_inner::<test[9d35eded1c95d3be]::test_main_static::{closure#0}>::{closure#0}
[INFO] [stdout]    6:     0x58d1ac26f322 - std[70759c8f55707aa4]::panicking::panic_with_hook
[INFO] [stdout]    7:     0x58d1ac252d22 - std[70759c8f55707aa4]::panicking::panic_handler::{closure#0}
[INFO] [stdout]    8:     0x58d1ac24b879 - std[70759c8f55707aa4]::sys::backtrace::__rust_end_short_backtrace::<std[70759c8f55707aa4]::panicking::panic_handler::{closure#0}, !>
[INFO] [stdout]    9:     0x58d1ac25391d - __rustc[8fa7c3cbc660c2b3]::rust_begin_unwind
[INFO] [stdout]   10:     0x58d1ac28ce7c - core[df12db4294e9bfd3]::panicking::panic_fmt
[INFO] [stdout]   11:     0x58d1ac122c3e - spec_suite[71e4cf1c253a2772]::assert_valid_examples::{closure#0}
[INFO] [stdout]   12:     0x58d1ac123300 - spec_suite[71e4cf1c253a2772]::assert_valid_examples
[INFO] [stdout]   13:     0x58d1ac124c65 - <spec_suite[71e4cf1c253a2772]::timeline_valid_examples_parse_successfully::{closure#0} as core[df12db4294e9bfd3]::ops::function::FnOnce<()>>::call_once
[INFO] [stdout]   14:     0x58d1ac1fdf0b - test[9d35eded1c95d3be]::__rust_begin_short_backtrace::<core[df12db4294e9bfd3]::result::Result<(), alloc[2182bb758b4b3781]::string::String>, fn() -> core[df12db4294e9bfd3]::result::Result<(), alloc[2182bb758b4b3781]::string::String>>
[INFO] [stdout]   15:     0x58d1ac20b575 - test[9d35eded1c95d3be]::run_test::{closure#0}
[INFO] [stdout]   16:     0x58d1ac204e34 - std[70759c8f55707aa4]::sys::backtrace::__rust_begin_short_backtrace::<test[9d35eded1c95d3be]::run_test::{closure#1}, ()>
[INFO] [stdout]   17:     0x58d1ac20e6d2 - <std[70759c8f55707aa4]::thread::lifecycle::spawn_unchecked<test[9d35eded1c95d3be]::run_test::{closure#1}, ()>::{closure#1} as core[df12db4294e9bfd3]::ops::function::FnOnce<()>>::call_once::{shim:vtable#0}
[INFO] [stdout]   18:     0x58d1ac2764e9 - <std[70759c8f55707aa4]::sys::thread::unix::Thread>::new::thread_start
[INFO] [stdout]   19:     0x768ae0262dfa - <unknown>
[INFO] [stdout]   20:     0x768ae02f63d4 - clone
[INFO] [stdout]   21:                0x0 - <unknown>
[INFO] [stdout] 
[INFO] [stdout] ---- venn_invalid_examples_fail_to_parse stdout ----
[INFO] [stdout] 
[INFO] [stdout] thread 'venn_invalid_examples_fail_to_parse' (1062) panicked at tests/spec_suite.rs:40:29:
[INFO] [stdout] spec dir not found: /opt/rustwide/workdir/../../spec/kinds/venn/invalid
[INFO] [stdout] stack backtrace:
[INFO] [stdout]    0:     0x58d1ac276f81 - <<std[70759c8f55707aa4]::sys::backtrace::BacktraceLock>::print::DisplayBacktrace as core[df12db4294e9bfd3]::fmt::Display>::fmt
[INFO] [stdout]    1:     0x58d1ac28c74a - core[df12db4294e9bfd3]::fmt::write
[INFO] [stdout]    2:     0x58d1ac27b70c - <alloc[2182bb758b4b3781]::vec::Vec<u8> as core[df12db4294e9bfd3]::io::write::Write>::write_fmt
[INFO] [stdout]    3:     0x58d1ac252c76 - std[70759c8f55707aa4]::panicking::default_hook::{closure#0}
[INFO] [stdout]    4:     0x58d1ac26f169 - std[70759c8f55707aa4]::panicking::default_hook
[INFO] [stdout]    5:     0x58d1ac20ac20 - test[9d35eded1c95d3be]::test_main_inner::<test[9d35eded1c95d3be]::test_main_static::{closure#0}>::{closure#0}
[INFO] [stdout]    6:     0x58d1ac26f322 - std[70759c8f55707aa4]::panicking::panic_with_hook
[INFO] [stdout]    7:     0x58d1ac252d22 - std[70759c8f55707aa4]::panicking::panic_handler::{closure#0}
[INFO] [stdout]    8:     0x58d1ac24b879 - std[70759c8f55707aa4]::sys::backtrace::__rust_end_short_backtrace::<std[70759c8f55707aa4]::panicking::panic_handler::{closure#0}, !>
[INFO] [stdout]    9:     0x58d1ac25391d - __rustc[8fa7c3cbc660c2b3]::rust_begin_unwind
[INFO] [stdout]   10:     0x58d1ac28ce7c - core[df12db4294e9bfd3]::panicking::panic_fmt
[INFO] [stdout]   11:     0x58d1ac122d3e - spec_suite[71e4cf1c253a2772]::assert_invalid_examples::{closure#0}
[INFO] [stdout]   12:     0x58d1ac123914 - spec_suite[71e4cf1c253a2772]::assert_invalid_examples
[INFO] [stdout]   13:     0x58d1ac123eb5 - <spec_suite[71e4cf1c253a2772]::venn_invalid_examples_fail_to_parse::{closure#0} as core[df12db4294e9bfd3]::ops::function::FnOnce<()>>::call_once
[INFO] [stdout]   14:     0x58d1ac1fdf0b - test[9d35eded1c95d3be]::__rust_begin_short_backtrace::<core[df12db4294e9bfd3]::result::Result<(), alloc[2182bb758b4b3781]::string::String>, fn() -> core[df12db4294e9bfd3]::result::Result<(), alloc[2182bb758b4b3781]::string::String>>
[INFO] [stdout]   15:     0x58d1ac20b575 - test[9d35eded1c95d3be]::run_test::{closure#0}
[INFO] [stdout]   16:     0x58d1ac204e34 - std[70759c8f55707aa4]::sys::backtrace::__rust_begin_short_backtrace::<test[9d35eded1c95d3be]::run_test::{closure#1}, ()>
[INFO] [stdout]   17:     0x58d1ac20e6d2 - <std[70759c8f55707aa4]::thread::lifecycle::spawn_unchecked<test[9d35eded1c95d3be]::run_test::{closure#1}, ()>::{closure#1} as core[df12db4294e9bfd3]::ops::function::FnOnce<()>>::call_once::{shim:vtable#0}
[INFO] [stdout]   18:     0x58d1ac2764e9 - <std[70759c8f55707aa4]::sys::thread::unix::Thread>::new::thread_start
[INFO] [stdout]   19:     0x768ae0262dfa - <unknown>
[INFO] [stdout]   20:     0x768ae02f63d4 - clone
[INFO] [stdout]   21:                0x0 - <unknown>
[INFO] [stdout] 
[INFO] [stdout] ---- state_valid_examples_parse_successfully stdout ----
[INFO] [stdout] 
[INFO] [stdout] thread 'state_valid_examples_parse_successfully' (1055) panicked at tests/spec_suite.rs:12:29:
[INFO] [stdout] spec dir not found: /opt/rustwide/workdir/../../spec/kinds/state/valid
[INFO] [stdout] stack backtrace:
[INFO] [stdout]    0:     0x58d1ac276f81 - <<std[70759c8f55707aa4]::sys::backtrace::BacktraceLock>::print::DisplayBacktrace as core[df12db4294e9bfd3]::fmt::Display>::fmt
[INFO] [stdout]    1:     0x58d1ac28c74a - core[df12db4294e9bfd3]::fmt::write
[INFO] [stdout]    2:     0x58d1ac27b70c - <alloc[2182bb758b4b3781]::vec::Vec<u8> as core[df12db4294e9bfd3]::io::write::Write>::write_fmt
[INFO] [stdout]    3:     0x58d1ac252c76 - std[70759c8f55707aa4]::panicking::default_hook::{closure#0}
[INFO] [stdout]    4:     0x58d1ac26f169 - std[70759c8f55707aa4]::panicking::default_hook
[INFO] [stdout]    5:     0x58d1ac20ac20 - test[9d35eded1c95d3be]::test_main_inner::<test[9d35eded1c95d3be]::test_main_static::{closure#0}>::{closure#0}
[INFO] [stdout]    6:     0x58d1ac26f322 - std[70759c8f55707aa4]::panicking::panic_with_hook
[INFO] [stdout]    7:     0x58d1ac252d22 - std[70759c8f55707aa4]::panicking::panic_handler::{closure#0}
[INFO] [stdout]    8:     0x58d1ac24b879 - std[70759c8f55707aa4]::sys::backtrace::__rust_end_short_backtrace::<std[70759c8f55707aa4]::panicking::panic_handler::{closure#0}, !>
[INFO] [stdout]    9:     0x58d1ac25391d - __rustc[8fa7c3cbc660c2b3]::rust_begin_unwind
[INFO] [stdout]   10:     0x58d1ac28ce7c - core[df12db4294e9bfd3]::panicking::panic_fmt
[INFO] [stdout]   11:     0x58d1ac122c3e - spec_suite[71e4cf1c253a2772]::assert_valid_examples::{closure#0}
[INFO] [stdout]   12:     0x58d1ac123300 - spec_suite[71e4cf1c253a2772]::assert_valid_examples
[INFO] [stdout]   13:     0x58d1ac124535 - <spec_suite[71e4cf1c253a2772]::state_valid_examples_parse_successfully::{closure#0} as core[df12db4294e9bfd3]::ops::function::FnOnce<()>>::call_once
[INFO] [stdout]   14:     0x58d1ac1fdf0b - test[9d35eded1c95d3be]::__rust_begin_short_backtrace::<core[df12db4294e9bfd3]::result::Result<(), alloc[2182bb758b4b3781]::string::String>, fn() -> core[df12db4294e9bfd3]::result::Result<(), alloc[2182bb758b4b3781]::string::String>>
[INFO] [stdout]   15:     0x58d1ac20b575 - test[9d35eded1c95d3be]::run_test::{closure#0}
[INFO] [stdout]   16:     0x58d1ac204e34 - std[70759c8f55707aa4]::sys::backtrace::__rust_begin_short_backtrace::<test[9d35eded1c95d3be]::run_test::{closure#1}, ()>
[INFO] [stdout]   17:     0x58d1ac20e6d2 - <std[70759c8f55707aa4]::thread::lifecycle::spawn_unchecked<test[9d35eded1c95d3be]::run_test::{closure#1}, ()>::{closure#1} as core[df12db4294e9bfd3]::ops::function::FnOnce<()>>::call_once::{shim:vtable#0}
[INFO] [stdout]   18:     0x58d1ac2764e9 - <std[70759c8f55707aa4]::sys::thread::unix::Thread>::new::thread_start
[INFO] [stdout]   19:     0x768ae0262dfa - <unknown>
[INFO] [stdout]   20:     0x768ae02f63d4 - clone
[INFO] [stdout]   21:                0x0 - <unknown>
[INFO] [stdout] 
[INFO] [stdout] ---- theme_invalid_examples_fail_to_parse stdout ----
[INFO] [stdout] 
[INFO] [stdout] thread 'theme_invalid_examples_fail_to_parse' (1056) panicked at tests/spec_suite.rs:177:29:
[INFO] [stdout] spec dir not found: /opt/rustwide/workdir/../../spec/themes/invalid
[INFO] [stdout] stack backtrace:
[INFO] [stdout]    0:     0x58d1ac276f81 - <<std[70759c8f55707aa4]::sys::backtrace::BacktraceLock>::print::DisplayBacktrace as core[df12db4294e9bfd3]::fmt::Display>::fmt
[INFO] [stdout]    1:     0x58d1ac28c74a - core[df12db4294e9bfd3]::fmt::write
[INFO] [stdout]    2:     0x58d1ac27b70c - <alloc[2182bb758b4b3781]::vec::Vec<u8> as core[df12db4294e9bfd3]::io::write::Write>::write_fmt
[INFO] [stdout]    3:     0x58d1ac252c76 - std[70759c8f55707aa4]::panicking::default_hook::{closure#0}
[INFO] [stdout]    4:     0x58d1ac26f169 - std[70759c8f55707aa4]::panicking::default_hook
[INFO] [stdout]    5:     0x58d1ac20ac20 - test[9d35eded1c95d3be]::test_main_inner::<test[9d35eded1c95d3be]::test_main_static::{closure#0}>::{closure#0}
[INFO] [stdout]    6:     0x58d1ac26f322 - std[70759c8f55707aa4]::panicking::panic_with_hook
[INFO] [stdout]    7:     0x58d1ac252d22 - std[70759c8f55707aa4]::panicking::panic_handler::{closure#0}
[INFO] [stdout]    8:     0x58d1ac24b879 - std[70759c8f55707aa4]::sys::backtrace::__rust_end_short_backtrace::<std[70759c8f55707aa4]::panicking::panic_handler::{closure#0}, !>
[INFO] [stdout]    9:     0x58d1ac25391d - __rustc[8fa7c3cbc660c2b3]::rust_begin_unwind
[INFO] [stdout]   10:     0x58d1ac28ce7c - core[df12db4294e9bfd3]::panicking::panic_fmt
[INFO] [stdout]   11:     0x58d1ac122b3e - spec_suite[71e4cf1c253a2772]::assert_invalid_themes::{closure#0}
[INFO] [stdout]   12:     0x58d1ac124328 - <spec_suite[71e4cf1c253a2772]::theme_invalid_examples_fail_to_parse::{closure#0} as core[df12db4294e9bfd3]::ops::function::FnOnce<()>>::call_once
[INFO] [stdout]   13:     0x58d1ac1fdf0b - test[9d35eded1c95d3be]::__rust_begin_short_backtrace::<core[df12db4294e9bfd3]::result::Result<(), alloc[2182bb758b4b3781]::string::String>, fn() -> core[df12db4294e9bfd3]::result::Result<(), alloc[2182bb758b4b3781]::string::String>>
[INFO] [stdout]   14:     0x58d1ac20b575 - test[9d35eded1c95d3be]::run_test::{closure#0}
[INFO] [stdout]   15:     0x58d1ac204e34 - std[70759c8f55707aa4]::sys::backtrace::__rust_begin_short_backtrace::<test[9d35eded1c95d3be]::run_test::{closure#1}, ()>
[INFO] [stdout]   16:     0x58d1ac20e6d2 - <std[70759c8f55707aa4]::thread::lifecycle::spawn_unchecked<test[9d35eded1c95d3be]::run_test::{closure#1}, ()>::{closure#1} as core[df12db4294e9bfd3]::ops::function::FnOnce<()>>::call_once::{shim:vtable#0}
[INFO] [stdout]   17:     0x58d1ac2764e9 - <std[70759c8f55707aa4]::sys::thread::unix::Thread>::new::thread_start
[INFO] [stdout]   18:     0x768ae0262dfa - <unknown>
[INFO] [stdout]   19:     0x768ae02f63d4 - clone
[INFO] [stdout]   20:                0x0 - <unknown>
[INFO] [stdout] 
[INFO] [stdout] ---- state_invalid_examples_fail_to_parse stdout ----
[INFO] [stdout] 
[INFO] [stdout] thread 'state_invalid_examples_fail_to_parse' (1054) panicked at tests/spec_suite.rs:40:29:
[INFO] [stdout] spec dir not found: /opt/rustwide/workdir/../../spec/kinds/state/invalid
[INFO] [stdout] stack backtrace:
[INFO] [stdout]    0:     0x58d1ac276f81 - <<std[70759c8f55707aa4]::sys::backtrace::BacktraceLock>::print::DisplayBacktrace as core[df12db4294e9bfd3]::fmt::Display>::fmt
[INFO] [stdout]    1:     0x58d1ac28c74a - core[df12db4294e9bfd3]::fmt::write
[INFO] [stdout]    2:     0x58d1ac27b70c - <alloc[2182bb758b4b3781]::vec::Vec<u8> as core[df12db4294e9bfd3]::io::write::Write>::write_fmt
[INFO] [stdout]    3:     0x58d1ac252c76 - std[70759c8f55707aa4]::panicking::default_hook::{closure#0}
[INFO] [stdout]    4:     0x58d1ac26f169 - std[70759c8f55707aa4]::panicking::default_hook
[INFO] [stdout]    5:     0x58d1ac20ac20 - test[9d35eded1c95d3be]::test_main_inner::<test[9d35eded1c95d3be]::test_main_static::{closure#0}>::{closure#0}
[INFO] [stdout]    6:     0x58d1ac26f322 - std[70759c8f55707aa4]::panicking::panic_with_hook
[INFO] [stdout]    7:     0x58d1ac252d22 - std[70759c8f55707aa4]::panicking::panic_handler::{closure#0}
[INFO] [stdout]    8:     0x58d1ac24b879 - std[70759c8f55707aa4]::sys::backtrace::__rust_end_short_backtrace::<std[70759c8f55707aa4]::panicking::panic_handler::{closure#0}, !>
[INFO] [stdout]    9:     0x58d1ac25391d - __rustc[8fa7c3cbc660c2b3]::rust_begin_unwind
[INFO] [stdout]   10:     0x58d1ac28ce7c - core[df12db4294e9bfd3]::panicking::panic_fmt
[INFO] [stdout]   11:     0x58d1ac122d3e - spec_suite[71e4cf1c253a2772]::assert_invalid_examples::{closure#0}
[INFO] [stdout]   12:     0x58d1ac123914 - spec_suite[71e4cf1c253a2772]::assert_invalid_examples
[INFO] [stdout]   13:     0x58d1ac123ee5 - <spec_suite[71e4cf1c253a2772]::state_invalid_examples_fail_to_parse::{closure#0} as core[df12db4294e9bfd3]::ops::function::FnOnce<()>>::call_once
[INFO] [stdout]   14:     0x58d1ac1fdf0b - test[9d35eded1c95d3be]::__rust_begin_short_backtrace::<core[df12db4294e9bfd3]::result::Result<(), alloc[2182bb758b4b3781]::string::String>, fn() -> core[df12db4294e9bfd3]::result::Result<(), alloc[2182bb758b4b3781]::string::String>>
[INFO] [stdout]   15:     0x58d1ac20b575 - test[9d35eded1c95d3be]::run_test::{closure#0}
[INFO] [stdout]   16:     0x58d1ac204e34 - std[70759c8f55707aa4]::sys::backtrace::__rust_begin_short_backtrace::<test[9d35eded1c95d3be]::run_test::{closure#1}, ()>
[INFO] [stdout]   17:     0x58d1ac20e6d2 - <std[70759c8f55707aa4]::thread::lifecycle::spawn_unchecked<test[9d35eded1c95d3be]::run_test::{closure#1}, ()>::{closure#1} as core[df12db4294e9bfd3]::ops::function::FnOnce<()>>::call_once::{shim:vtable#0}
[INFO] [stdout]   18:     0x58d1ac2764e9 - <std[70759c8f55707aa4]::sys::thread::unix::Thread>::new::thread_start
[INFO] [stdout]   19:     0x768ae0262dfa - <unknown>
[INFO] [stdout]   20:     0x768ae02f63d4 - clone
[INFO] [stdout]   21:                0x0 - <unknown>
[INFO] [stdout] 
[INFO] [stdout] ---- hierarchy_valid_examples_parse_successfully stdout ----
[INFO] [stdout] 
[INFO] [stdout] thread 'hierarchy_valid_examples_parse_successfully' (1049) panicked at tests/spec_suite.rs:12:29:
[INFO] [stdout] spec dir not found: /opt/rustwide/workdir/../../spec/kinds/hierarchy/valid
[INFO] [stdout] stack backtrace:
[INFO] [stdout]    0:     0x58d1ac276f81 - <<std[70759c8f55707aa4]::sys::backtrace::BacktraceLock>::print::DisplayBacktrace as core[df12db4294e9bfd3]::fmt::Display>::fmt
[INFO] [stdout]    1:     0x58d1ac28c74a - core[df12db4294e9bfd3]::fmt::write
[INFO] [stdout]    2:     0x58d1ac27b70c - <alloc[2182bb758b4b3781]::vec::Vec<u8> as core[df12db4294e9bfd3]::io::write::Write>::write_fmt
[INFO] [stdout]    3:     0x58d1ac252c76 - std[70759c8f55707aa4]::panicking::default_hook::{closure#0}
[INFO] [stdout]    4:     0x58d1ac26f169 - std[70759c8f55707aa4]::panicking::default_hook
[INFO] [stdout]    5:     0x58d1ac20ac20 - test[9d35eded1c95d3be]::test_main_inner::<test[9d35eded1c95d3be]::test_main_static::{closure#0}>::{closure#0}
[INFO] [stdout]    6:     0x58d1ac26f322 - std[70759c8f55707aa4]::panicking::panic_with_hook
[INFO] [stdout]    7:     0x58d1ac252d22 - std[70759c8f55707aa4]::panicking::panic_handler::{closure#0}
[INFO] [stdout]    8:     0x58d1ac24b879 - std[70759c8f55707aa4]::sys::backtrace::__rust_end_short_backtrace::<std[70759c8f55707aa4]::panicking::panic_handler::{closure#0}, !>
[INFO] [stdout]    9:     0x58d1ac25391d - __rustc[8fa7c3cbc660c2b3]::rust_begin_unwind
[INFO] [stdout]   10:     0x58d1ac28ce7c - core[df12db4294e9bfd3]::panicking::panic_fmt
[INFO] [stdout]   11:     0x58d1ac122c3e - spec_suite[71e4cf1c253a2772]::assert_valid_examples::{closure#0}
[INFO] [stdout]   12:     0x58d1ac123300 - spec_suite[71e4cf1c253a2772]::assert_valid_examples
[INFO] [stdout]   13:     0x58d1ac124c95 - <spec_suite[71e4cf1c253a2772]::hierarchy_valid_examples_parse_successfully::{closure#0} as core[df12db4294e9bfd3]::ops::function::FnOnce<()>>::call_once
[INFO] [stdout]   14:     0x58d1ac1fdf0b - test[9d35eded1c95d3be]::__rust_begin_short_backtrace::<core[df12db4294e9bfd3]::result::Result<(), alloc[2182bb758b4b3781]::string::String>, fn() -> core[df12db4294e9bfd3]::result::Result<(), alloc[2182bb758b4b3781]::string::String>>
[INFO] [stdout]   15:     0x58d1ac20b575 - test[9d35eded1c95d3be]::run_test::{closure#0}
[INFO] [stdout]   16:     0x58d1ac204e34 - std[70759c8f55707aa4]::sys::backtrace::__rust_begin_short_backtrace::<test[9d35eded1c95d3be]::run_test::{closure#1}, ()>
[INFO] [stdout]   17:     0x58d1ac20e6d2 - <std[70759c8f55707aa4]::thread::lifecycle::spawn_unchecked<test[9d35eded1c95d3be]::run_test::{closure#1}, ()>::{closure#1} as core[df12db4294e9bfd3]::ops::function::FnOnce<()>>::call_once::{shim:vtable#0}
[INFO] [stdout]   18:     0x58d1ac2764e9 - <std[70759c8f55707aa4]::sys::thread::unix::Thread>::new::thread_start
[INFO] [stdout]   19:     0x768ae0262dfa - <unknown>
[INFO] [stdout]   20:     0x768ae02f63d4 - clone
[INFO] [stdout]   21:                0x0 - <unknown>
[INFO] [stdout] 
[INFO] [stdout] ---- tier_invalid_examples_fail_to_parse stdout ----
[INFO] [stdout] 
[INFO] [stdout] thread 'tier_invalid_examples_fail_to_parse' (1058) panicked at tests/spec_suite.rs:40:29:
[INFO] [stdout] spec dir not found: /opt/rustwide/workdir/../../spec/kinds/tier/invalid
[INFO] [stdout] stack backtrace:
[INFO] [stdout]    0:     0x58d1ac276f81 - <<std[70759c8f55707aa4]::sys::backtrace::BacktraceLock>::print::DisplayBacktrace as core[df12db4294e9bfd3]::fmt::Display>::fmt
[INFO] [stdout]    1:     0x58d1ac28c74a - core[df12db4294e9bfd3]::fmt::write
[INFO] [stdout]    2:     0x58d1ac27b70c - <alloc[2182bb758b4b3781]::vec::Vec<u8> as core[df12db4294e9bfd3]::io::write::Write>::write_fmt
[INFO] [stdout]    3:     0x58d1ac252c76 - std[70759c8f55707aa4]::panicking::default_hook::{closure#0}
[INFO] [stdout]    4:     0x58d1ac26f169 - std[70759c8f55707aa4]::panicking::default_hook
[INFO] [stdout]    5:     0x58d1ac20ac20 - test[9d35eded1c95d3be]::test_main_inner::<test[9d35eded1c95d3be]::test_main_static::{closure#0}>::{closure#0}
[INFO] [stdout]    6:     0x58d1ac26f322 - std[70759c8f55707aa4]::panicking::panic_with_hook
[INFO] [stdout]    7:     0x58d1ac252d22 - std[70759c8f55707aa4]::panicking::panic_handler::{closure#0}
[INFO] [stdout]    8:     0x58d1ac24b879 - std[70759c8f55707aa4]::sys::backtrace::__rust_end_short_backtrace::<std[70759c8f55707aa4]::panicking::panic_handler::{closure#0}, !>
[INFO] [stdout]    9:     0x58d1ac25391d - __rustc[8fa7c3cbc660c2b3]::rust_begin_unwind
[INFO] [stdout]   10:     0x58d1ac28ce7c - core[df12db4294e9bfd3]::panicking::panic_fmt
[INFO] [stdout]   11:     0x58d1ac122d3e - spec_suite[71e4cf1c253a2772]::assert_invalid_examples::{closure#0}
[INFO] [stdout]   12:     0x58d1ac123914 - spec_suite[71e4cf1c253a2772]::assert_invalid_examples
[INFO] [stdout]   13:     0x58d1ac123e85 - <spec_suite[71e4cf1c253a2772]::tier_invalid_examples_fail_to_parse::{closure#0} as core[df12db4294e9bfd3]::ops::function::FnOnce<()>>::call_once
[INFO] [stdout]   14:     0x58d1ac1fdf0b - test[9d35eded1c95d3be]::__rust_begin_short_backtrace::<core[df12db4294e9bfd3]::result::Result<(), alloc[2182bb758b4b3781]::string::String>, fn() -> core[df12db4294e9bfd3]::result::Result<(), alloc[2182bb758b4b3781]::string::String>>
[INFO] [stdout]   15:     0x58d1ac20b575 - test[9d35eded1c95d3be]::run_test::{closure#0}
[INFO] [stdout]   16:     0x58d1ac204e34 - std[70759c8f55707aa4]::sys::backtrace::__rust_begin_short_backtrace::<test[9d35eded1c95d3be]::run_test::{closure#1}, ()>
[INFO] [stdout]   17:     0x58d1ac20e6d2 - <std[70759c8f55707aa4]::thread::lifecycle::spawn_unchecked<test[9d35eded1c95d3be]::run_test::{closure#1}, ()>::{closure#1} as core[df12db4294e9bfd3]::ops::function::FnOnce<()>>::call_once::{shim:vtable#0}
[INFO] [stdout]   18:     0x58d1ac2764e9 - <std[70759c8f55707aa4]::sys::thread::unix::Thread>::new::thread_start
[INFO] [stdout]   19:     0x768ae0262dfa - <unknown>
[INFO] [stdout]   20:     0x768ae02f63d4 - clone
[INFO] [stdout]   21:                0x0 - <unknown>
[INFO] [stdout] 
[INFO] [stdout] ---- hub_spoke_invalid_examples_fail_to_parse stdout ----
[INFO] [stdout] 
[INFO] [stdout] thread 'hub_spoke_invalid_examples_fail_to_parse' (1050) panicked at tests/spec_suite.rs:40:29:
[INFO] [stdout] spec dir not found: /opt/rustwide/workdir/../../spec/kinds/hub_spoke/invalid
[INFO] [stdout] stack backtrace:
[INFO] [stdout]    0:     0x58d1ac276f81 - <<std[70759c8f55707aa4]::sys::backtrace::BacktraceLock>::print::DisplayBacktrace as core[df12db4294e9bfd3]::fmt::Display>::fmt
[INFO] [stdout]    1:     0x58d1ac28c74a - core[df12db4294e9bfd3]::fmt::write
[INFO] [stdout]    2:     0x58d1ac27b70c - <alloc[2182bb758b4b3781]::vec::Vec<u8> as core[df12db4294e9bfd3]::io::write::Write>::write_fmt
[INFO] [stdout]    3:     0x58d1ac252c76 - std[70759c8f55707aa4]::panicking::default_hook::{closure#0}
[INFO] [stdout]    4:     0x58d1ac26f169 - std[70759c8f55707aa4]::panicking::default_hook
[INFO] [stdout]    5:     0x58d1ac20ac20 - test[9d35eded1c95d3be]::test_main_inner::<test[9d35eded1c95d3be]::test_main_static::{closure#0}>::{closure#0}
[INFO] [stdout]    6:     0x58d1ac26f322 - std[70759c8f55707aa4]::panicking::panic_with_hook
[INFO] [stdout]    7:     0x58d1ac252d22 - std[70759c8f55707aa4]::panicking::panic_handler::{closure#0}
[INFO] [stdout]    8:     0x58d1ac24b879 - std[70759c8f55707aa4]::sys::backtrace::__rust_end_short_backtrace::<std[70759c8f55707aa4]::panicking::panic_handler::{closure#0}, !>
[INFO] [stdout]    9:     0x58d1ac25391d - __rustc[8fa7c3cbc660c2b3]::rust_begin_unwind
[INFO] [stdout]   10:     0x58d1ac28ce7c - core[df12db4294e9bfd3]::panicking::panic_fmt
[INFO] [stdout]   11:     0x58d1ac122d3e - spec_suite[71e4cf1c253a2772]::assert_invalid_examples::{closure#0}
[INFO] [stdout]   12:     0x58d1ac123914 - spec_suite[71e4cf1c253a2772]::assert_invalid_examples
[INFO] [stdout]   13:     0x58d1ac124bd5 - <spec_suite[71e4cf1c253a2772]::hub_spoke_invalid_examples_fail_to_parse::{closure#0} as core[df12db4294e9bfd3]::ops::function::FnOnce<()>>::call_once
[INFO] [stdout]   14:     0x58d1ac1fdf0b - test[9d35eded1c95d3be]::__rust_begin_short_backtrace::<core[df12db4294e9bfd3]::result::Result<(), alloc[2182bb758b4b3781]::string::String>, fn() -> core[df12db4294e9bfd3]::result::Result<(), alloc[2182bb758b4b3781]::string::String>>
[INFO] [stdout]   15:     0x58d1ac20b575 - test[9d35eded1c95d3be]::run_test::{closure#0}
[INFO] [stdout]   16:     0x58d1ac204e34 - std[70759c8f55707aa4]::sys::backtrace::__rust_begin_short_backtrace::<test[9d35eded1c95d3be]::run_test::{closure#1}, ()>
[INFO] [stdout]   17:     0x58d1ac20e6d2 - <std[70759c8f55707aa4]::thread::lifecycle::spawn_unchecked<test[9d35eded1c95d3be]::run_test::{closure#1}, ()>::{closure#1} as core[df12db4294e9bfd3]::ops::function::FnOnce<()>>::call_once::{shim:vtable#0}
[INFO] [stdout]   18:     0x58d1ac2764e9 - <std[70759c8f55707aa4]::sys::thread::unix::Thread>::new::thread_start
[INFO] [stdout]   19:     0x768ae0262dfa - <unknown>
[INFO] [stdout]   20:     0x768ae02f63d4 - clone
[INFO] [stdout]   21:                0x0 - <unknown>
[INFO] [stdout] 
[INFO] [stdout] ---- venn_valid_examples_parse_successfully stdout ----
[INFO] [stdout] 
[INFO] [stdout] thread 'venn_valid_examples_parse_successfully' (1063) panicked at tests/spec_suite.rs:12:29:
[INFO] [stdout] spec dir not found: /opt/rustwide/workdir/../../spec/kinds/venn/valid
[INFO] [stdout] stack backtrace:
[INFO] [stdout]    0:     0x58d1ac276f81 - <<std[70759c8f55707aa4]::sys::backtrace::BacktraceLock>::print::DisplayBacktrace as core[df12db4294e9bfd3]::fmt::Display>::fmt
[INFO] [stdout]    1:     0x58d1ac28c74a - core[df12db4294e9bfd3]::fmt::write
[INFO] [stdout]    2:     0x58d1ac27b70c - <alloc[2182bb758b4b3781]::vec::Vec<u8> as core[df12db4294e9bfd3]::io::write::Write>::write_fmt
[INFO] [stdout]    3:     0x58d1ac252c76 - std[70759c8f55707aa4]::panicking::default_hook::{closure#0}
[INFO] [stdout]    4:     0x58d1ac26f169 - std[70759c8f55707aa4]::panicking::default_hook
[INFO] [stdout]    5:     0x58d1ac20ac20 - test[9d35eded1c95d3be]::test_main_inner::<test[9d35eded1c95d3be]::test_main_static::{closure#0}>::{closure#0}
[INFO] [stderr] error: test failed, to rerun pass `--test spec_suite`
[INFO] [stdout]    6:     0x58d1ac26f322 - std[70759c8f55707aa4]::panicking::panic_with_hook
[INFO] [stdout]    7:     0x58d1ac252d22 - std[70759c8f55707aa4]::panicking::panic_handler::{closure#0}
[INFO] [stdout]    8:     0x58d1ac24b879 - std[70759c8f55707aa4]::sys::backtrace::__rust_end_short_backtrace::<std[70759c8f55707aa4]::panicking::panic_handler::{closure#0}, !>
[INFO] [stdout]    9:     0x58d1ac25391d - __rustc[8fa7c3cbc660c2b3]::rust_begin_unwind
[INFO] [stdout]   10:     0x58d1ac28ce7c - core[df12db4294e9bfd3]::panicking::panic_fmt
[INFO] [stdout]   11:     0x58d1ac122c3e - spec_suite[71e4cf1c253a2772]::assert_valid_examples::{closure#0}
[INFO] [stdout]   12:     0x58d1ac123300 - spec_suite[71e4cf1c253a2772]::assert_valid_examples
[INFO] [stdout]   13:     0x58d1ac124505 - <spec_suite[71e4cf1c253a2772]::venn_valid_examples_parse_successfully::{closure#0} as core[df12db4294e9bfd3]::ops::function::FnOnce<()>>::call_once
[INFO] [stdout]   14:     0x58d1ac1fdf0b - test[9d35eded1c95d3be]::__rust_begin_short_backtrace::<core[df12db4294e9bfd3]::result::Result<(), alloc[2182bb758b4b3781]::string::String>, fn() -> core[df12db4294e9bfd3]::result::Result<(), alloc[2182bb758b4b3781]::string::String>>
[INFO] [stdout]   15:     0x58d1ac20b575 - test[9d35eded1c95d3be]::run_test::{closure#0}
[INFO] [stdout]   16:     0x58d1ac204e34 - std[70759c8f55707aa4]::sys::backtrace::__rust_begin_short_backtrace::<test[9d35eded1c95d3be]::run_test::{closure#1}, ()>
[INFO] [stdout]   17:     0x58d1ac20e6d2 - <std[70759c8f55707aa4]::thread::lifecycle::spawn_unchecked<test[9d35eded1c95d3be]::run_test::{closure#1}, ()>::{closure#1} as core[df12db4294e9bfd3]::ops::function::FnOnce<()>>::call_once::{shim:vtable#0}
[INFO] [stdout]   18:     0x58d1ac2764e9 - <std[70759c8f55707aa4]::sys::thread::unix::Thread>::new::thread_start
[INFO] [stdout]   19:     0x768ae0262dfa - <unknown>
[INFO] [stdout]   20:     0x768ae02f63d4 - clone
[INFO] [stdout]   21:                0x0 - <unknown>
[INFO] [stdout] 
[INFO] [stdout] ---- flow_invalid_examples_fail_to_parse stdout ----
[INFO] [stdout] 
[INFO] [stdout] thread 'flow_invalid_examples_fail_to_parse' (1046) panicked at tests/spec_suite.rs:40:29:
[INFO] [stdout] spec dir not found: /opt/rustwide/workdir/../../spec/kinds/flow/invalid
[INFO] [stdout] stack backtrace:
[INFO] [stdout]    0:     0x58d1ac276f81 - <<std[70759c8f55707aa4]::sys::backtrace::BacktraceLock>::print::DisplayBacktrace as core[df12db4294e9bfd3]::fmt::Display>::fmt
[INFO] [stdout]    1:     0x58d1ac28c74a - core[df12db4294e9bfd3]::fmt::write
[INFO] [stdout]    2:     0x58d1ac27b70c - <alloc[2182bb758b4b3781]::vec::Vec<u8> as core[df12db4294e9bfd3]::io::write::Write>::write_fmt
[INFO] [stdout]    3:     0x58d1ac252c76 - std[70759c8f55707aa4]::panicking::default_hook::{closure#0}
[INFO] [stdout]    4:     0x58d1ac26f169 - std[70759c8f55707aa4]::panicking::default_hook
[INFO] [stdout]    5:     0x58d1ac20ac20 - test[9d35eded1c95d3be]::test_main_inner::<test[9d35eded1c95d3be]::test_main_static::{closure#0}>::{closure#0}
[INFO] [stdout]    6:     0x58d1ac26f322 - std[70759c8f55707aa4]::panicking::panic_with_hook
[INFO] [stdout]    7:     0x58d1ac252d22 - std[70759c8f55707aa4]::panicking::panic_handler::{closure#0}
[INFO] [stdout]    8:     0x58d1ac24b879 - std[70759c8f55707aa4]::sys::backtrace::__rust_end_short_backtrace::<std[70759c8f55707aa4]::panicking::panic_handler::{closure#0}, !>
[INFO] [stdout]    9:     0x58d1ac25391d - __rustc[8fa7c3cbc660c2b3]::rust_begin_unwind
[INFO] [stdout]   10:     0x58d1ac28ce7c - core[df12db4294e9bfd3]::panicking::panic_fmt
[INFO] [stdout]   11:     0x58d1ac122d3e - spec_suite[71e4cf1c253a2772]::assert_invalid_examples::{closure#0}
[INFO] [stdout]   12:     0x58d1ac123914 - spec_suite[71e4cf1c253a2772]::assert_invalid_examples
[INFO] [stdout]   13:     0x58d1ac123e55 - <spec_suite[71e4cf1c253a2772]::flow_invalid_examples_fail_to_parse::{closure#0} as core[df12db4294e9bfd3]::ops::function::FnOnce<()>>::call_once
[INFO] [stdout]   14:     0x58d1ac1fdf0b - test[9d35eded1c95d3be]::__rust_begin_short_backtrace::<core[df12db4294e9bfd3]::result::Result<(), alloc[2182bb758b4b3781]::string::String>, fn() -> core[df12db4294e9bfd3]::result::Result<(), alloc[2182bb758b4b3781]::string::String>>
[INFO] [stdout]   15:     0x58d1ac20b575 - test[9d35eded1c95d3be]::run_test::{closure#0}
[INFO] [stdout]   16:     0x58d1ac204e34 - std[70759c8f55707aa4]::sys::backtrace::__rust_begin_short_backtrace::<test[9d35eded1c95d3be]::run_test::{closure#1}, ()>
[INFO] [stdout]   17:     0x58d1ac20e6d2 - <std[70759c8f55707aa4]::thread::lifecycle::spawn_unchecked<test[9d35eded1c95d3be]::run_test::{closure#1}, ()>::{closure#1} as core[df12db4294e9bfd3]::ops::function::FnOnce<()>>::call_once::{shim:vtable#0}
[INFO] [stdout]   18:     0x58d1ac2764e9 - <std[70759c8f55707aa4]::sys::thread::unix::Thread>::new::thread_start
[INFO] [stdout]   19:     0x768ae0262dfa - <unknown>
[INFO] [stdout]   20:     0x768ae02f63d4 - clone
[INFO] [stdout]   21:                0x0 - <unknown>
[INFO] [stdout] 
[INFO] [stdout] ---- theme_valid_examples_parse_successfully stdout ----
[INFO] [stdout] 
[INFO] [stdout] thread 'theme_valid_examples_parse_successfully' (1057) panicked at tests/spec_suite.rs:153:29:
[INFO] [stdout] spec dir not found: /opt/rustwide/workdir/../../spec/themes/valid
[INFO] [stdout] stack backtrace:
[INFO] [stdout]    0:     0x58d1ac276f81 - <<std[70759c8f55707aa4]::sys::backtrace::BacktraceLock>::print::DisplayBacktrace as core[df12db4294e9bfd3]::fmt::Display>::fmt
[INFO] [stdout]    1:     0x58d1ac28c74a - core[df12db4294e9bfd3]::fmt::write
[INFO] [stdout]    2:     0x58d1ac27b70c - <alloc[2182bb758b4b3781]::vec::Vec<u8> as core[df12db4294e9bfd3]::io::write::Write>::write_fmt
[INFO] [stdout]    3:     0x58d1ac252c76 - std[70759c8f55707aa4]::panicking::default_hook::{closure#0}
[INFO] [stdout]    4:     0x58d1ac26f169 - std[70759c8f55707aa4]::panicking::default_hook
[INFO] [stdout]    5:     0x58d1ac20ac20 - test[9d35eded1c95d3be]::test_main_inner::<test[9d35eded1c95d3be]::test_main_static::{closure#0}>::{closure#0}
[INFO] [stdout]    6:     0x58d1ac26f322 - std[70759c8f55707aa4]::panicking::panic_with_hook
[INFO] [stdout]    7:     0x58d1ac252d22 - std[70759c8f55707aa4]::panicking::panic_handler::{closure#0}
[INFO] [stdout]    8:     0x58d1ac24b879 - std[70759c8f55707aa4]::sys::backtrace::__rust_end_short_backtrace::<std[70759c8f55707aa4]::panicking::panic_handler::{closure#0}, !>
[INFO] [stdout]    9:     0x58d1ac25391d - __rustc[8fa7c3cbc660c2b3]::rust_begin_unwind
[INFO] [stdout]   10:     0x58d1ac28ce7c - core[df12db4294e9bfd3]::panicking::panic_fmt
[INFO] [stdout]   11:     0x58d1ac122a3e - spec_suite[71e4cf1c253a2772]::assert_valid_themes::{closure#0}
[INFO] [stdout]   12:     0x58d1ac1249ec - <spec_suite[71e4cf1c253a2772]::theme_valid_examples_parse_successfully::{closure#0} as core[df12db4294e9bfd3]::ops::function::FnOnce<()>>::call_once
[INFO] [stdout]   13:     0x58d1ac1fdf0b - test[9d35eded1c95d3be]::__rust_begin_short_backtrace::<core[df12db4294e9bfd3]::result::Result<(), alloc[2182bb758b4b3781]::string::String>, fn() -> core[df12db4294e9bfd3]::result::Result<(), alloc[2182bb758b4b3781]::string::String>>
[INFO] [stdout]   14:     0x58d1ac20b575 - test[9d35eded1c95d3be]::run_test::{closure#0}
[INFO] [stdout]   15:     0x58d1ac204e34 - std[70759c8f55707aa4]::sys::backtrace::__rust_begin_short_backtrace::<test[9d35eded1c95d3be]::run_test::{closure#1}, ()>
[INFO] [stdout]   16:     0x58d1ac20e6d2 - <std[70759c8f55707aa4]::thread::lifecycle::spawn_unchecked<test[9d35eded1c95d3be]::run_test::{closure#1}, ()>::{closure#1} as core[df12db4294e9bfd3]::ops::function::FnOnce<()>>::call_once::{shim:vtable#0}
[INFO] [stdout]   17:     0x58d1ac2764e9 - <std[70759c8f55707aa4]::sys::thread::unix::Thread>::new::thread_start
[INFO] [stdout]   18:     0x768ae0262dfa - <unknown>
[INFO] [stdout]   19:     0x768ae02f63d4 - clone
[INFO] [stdout]   20:                0x0 - <unknown>
[INFO] [stdout] 
[INFO] [stdout] ---- tier_valid_examples_parse_successfully stdout ----
[INFO] [stdout] 
[INFO] [stdout] thread 'tier_valid_examples_parse_successfully' (1059) panicked at tests/spec_suite.rs:12:29:
[INFO] [stdout] spec dir not found: /opt/rustwide/workdir/../../spec/kinds/tier/valid
[INFO] [stdout] stack backtrace:
[INFO] [stdout]    0:     0x58d1ac276f81 - <<std[70759c8f55707aa4]::sys::backtrace::BacktraceLock>::print::DisplayBacktrace as core[df12db4294e9bfd3]::fmt::Display>::fmt
[INFO] [stdout]    1:     0x58d1ac28c74a - core[df12db4294e9bfd3]::fmt::write
[INFO] [stdout]    2:     0x58d1ac27b70c - <alloc[2182bb758b4b3781]::vec::Vec<u8> as core[df12db4294e9bfd3]::io::write::Write>::write_fmt
[INFO] [stdout]    3:     0x58d1ac252c76 - std[70759c8f55707aa4]::panicking::default_hook::{closure#0}
[INFO] [stdout]    4:     0x58d1ac26f169 - std[70759c8f55707aa4]::panicking::default_hook
[INFO] [stdout]    5:     0x58d1ac20ac20 - test[9d35eded1c95d3be]::test_main_inner::<test[9d35eded1c95d3be]::test_main_static::{closure#0}>::{closure#0}
[INFO] [stdout]    6:     0x58d1ac26f322 - std[70759c8f55707aa4]::panicking::panic_with_hook
[INFO] [stdout]    7:     0x58d1ac252d22 - std[70759c8f55707aa4]::panicking::panic_handler::{closure#0}
[INFO] [stdout]    8:     0x58d1ac24b879 - std[70759c8f55707aa4]::sys::backtrace::__rust_end_short_backtrace::<std[70759c8f55707aa4]::panicking::panic_handler::{closure#0}, !>
[INFO] [stdout]    9:     0x58d1ac25391d - __rustc[8fa7c3cbc660c2b3]::rust_begin_unwind
[INFO] [stdout]   10:     0x58d1ac28ce7c - core[df12db4294e9bfd3]::panicking::panic_fmt
[INFO] [stdout]   11:     0x58d1ac122c3e - spec_suite[71e4cf1c253a2772]::assert_valid_examples::{closure#0}
[INFO] [stdout]   12:     0x58d1ac123300 - spec_suite[71e4cf1c253a2772]::assert_valid_examples
[INFO] [stdout]   13:     0x58d1ac1244d5 - <spec_suite[71e4cf1c253a2772]::tier_valid_examples_parse_successfully::{closure#0} as core[df12db4294e9bfd3]::ops::function::FnOnce<()>>::call_once
[INFO] [stdout]   14:     0x58d1ac1fdf0b - test[9d35eded1c95d3be]::__rust_begin_short_backtrace::<core[df12db4294e9bfd3]::result::Result<(), alloc[2182bb758b4b3781]::string::String>, fn() -> core[df12db4294e9bfd3]::result::Result<(), alloc[2182bb758b4b3781]::string::String>>
[INFO] [stdout]   15:     0x58d1ac20b575 - test[9d35eded1c95d3be]::run_test::{closure#0}
[INFO] [stdout]   16:     0x58d1ac204e34 - std[70759c8f55707aa4]::sys::backtrace::__rust_begin_short_backtrace::<test[9d35eded1c95d3be]::run_test::{closure#1}, ()>
[INFO] [stdout]   17:     0x58d1ac20e6d2 - <std[70759c8f55707aa4]::thread::lifecycle::spawn_unchecked<test[9d35eded1c95d3be]::run_test::{closure#1}, ()>::{closure#1} as core[df12db4294e9bfd3]::ops::function::FnOnce<()>>::call_once::{shim:vtable#0}
[INFO] [stdout]   18:     0x58d1ac2764e9 - <std[70759c8f55707aa4]::sys::thread::unix::Thread>::new::thread_start
[INFO] [stdout]   19:     0x768ae0262dfa - <unknown>
[INFO] [stdout]   20:     0x768ae02f63d4 - clone
[INFO] [stdout]   21:                0x0 - <unknown>
[INFO] [stdout] 
[INFO] [stdout] ---- hierarchy_invalid_examples_fail_to_parse stdout ----
[INFO] [stdout] 
[INFO] [stdout] thread 'hierarchy_invalid_examples_fail_to_parse' (1048) panicked at tests/spec_suite.rs:40:29:
[INFO] [stdout] spec dir not found: /opt/rustwide/workdir/../../spec/kinds/hierarchy/invalid
[INFO] [stdout] stack backtrace:
[INFO] [stdout]    0:     0x58d1ac276f81 - <<std[70759c8f55707aa4]::sys::backtrace::BacktraceLock>::print::DisplayBacktrace as core[df12db4294e9bfd3]::fmt::Display>::fmt
[INFO] [stdout]    1:     0x58d1ac28c74a - core[df12db4294e9bfd3]::fmt::write
[INFO] [stdout]    2:     0x58d1ac27b70c - <alloc[2182bb758b4b3781]::vec::Vec<u8> as core[df12db4294e9bfd3]::io::write::Write>::write_fmt
[INFO] [stdout]    3:     0x58d1ac252c76 - std[70759c8f55707aa4]::panicking::default_hook::{closure#0}
[INFO] [stdout]    4:     0x58d1ac26f169 - std[70759c8f55707aa4]::panicking::default_hook
[INFO] [stdout]    5:     0x58d1ac20ac20 - test[9d35eded1c95d3be]::test_main_inner::<test[9d35eded1c95d3be]::test_main_static::{closure#0}>::{closure#0}
[INFO] [stdout]    6:     0x58d1ac26f322 - std[70759c8f55707aa4]::panicking::panic_with_hook
[INFO] [stdout]    7:     0x58d1ac252d22 - std[70759c8f55707aa4]::panicking::panic_handler::{closure#0}
[INFO] [stdout]    8:     0x58d1ac24b879 - std[70759c8f55707aa4]::sys::backtrace::__rust_end_short_backtrace::<std[70759c8f55707aa4]::panicking::panic_handler::{closure#0}, !>
[INFO] [stdout]    9:     0x58d1ac25391d - __rustc[8fa7c3cbc660c2b3]::rust_begin_unwind
[INFO] [stdout]   10:     0x58d1ac28ce7c - core[df12db4294e9bfd3]::panicking::panic_fmt
[INFO] [stdout]   11:     0x58d1ac122d3e - spec_suite[71e4cf1c253a2772]::assert_invalid_examples::{closure#0}
[INFO] [stdout]   12:     0x58d1ac123914 - spec_suite[71e4cf1c253a2772]::assert_invalid_examples
[INFO] [stdout]   13:     0x58d1ac124ba5 - <spec_suite[71e4cf1c253a2772]::hierarchy_invalid_examples_fail_to_parse::{closure#0} as core[df12db4294e9bfd3]::ops::function::FnOnce<()>>::call_once
[INFO] [stdout]   14:     0x58d1ac1fdf0b - test[9d35eded1c95d3be]::__rust_begin_short_backtrace::<core[df12db4294e9bfd3]::result::Result<(), alloc[2182bb758b4b3781]::string::String>, fn() -> core[df12db4294e9bfd3]::result::Result<(), alloc[2182bb758b4b3781]::string::String>>
[INFO] [stdout]   15:     0x58d1ac20b575 - test[9d35eded1c95d3be]::run_test::{closure#0}
[INFO] [stdout]   16:     0x58d1ac204e34 - std[70759c8f55707aa4]::sys::backtrace::__rust_begin_short_backtrace::<test[9d35eded1c95d3be]::run_test::{closure#1}, ()>
[INFO] [stdout]   17:     0x58d1ac20e6d2 - <std[70759c8f55707aa4]::thread::lifecycle::spawn_unchecked<test[9d35eded1c95d3be]::run_test::{closure#1}, ()>::{closure#1} as core[df12db4294e9bfd3]::ops::function::FnOnce<()>>::call_once::{shim:vtable#0}
[INFO] [stdout]   18:     0x58d1ac2764e9 - <std[70759c8f55707aa4]::sys::thread::unix::Thread>::new::thread_start
[INFO] [stdout]   19:     0x768ae0262dfa - <unknown>
[INFO] [stdout]   20:     0x768ae02f63d4 - clone
[INFO] [stdout]   21:                0x0 - <unknown>
[INFO] [stdout] 
[INFO] [stdout] ---- timeline_invalid_examples_fail_to_parse stdout ----
[INFO] [stdout] 
[INFO] [stdout] thread 'timeline_invalid_examples_fail_to_parse' (1060) panicked at tests/spec_suite.rs:40:29:
[INFO] [stdout] spec dir not found: /opt/rustwide/workdir/../../spec/kinds/timeline/invalid
[INFO] [stdout] stack backtrace:
[INFO] [stdout]    0:     0x58d1ac276f81 - <<std[70759c8f55707aa4]::sys::backtrace::BacktraceLock>::print::DisplayBacktrace as core[df12db4294e9bfd3]::fmt::Display>::fmt
[INFO] [stdout]    1:     0x58d1ac28c74a - core[df12db4294e9bfd3]::fmt::write
[INFO] [stdout]    2:     0x58d1ac27b70c - <alloc[2182bb758b4b3781]::vec::Vec<u8> as core[df12db4294e9bfd3]::io::write::Write>::write_fmt
[INFO] [stdout]    3:     0x58d1ac252c76 - std[70759c8f55707aa4]::panicking::default_hook::{closure#0}
[INFO] [stdout]    4:     0x58d1ac26f169 - std[70759c8f55707aa4]::panicking::default_hook
[INFO] [stdout]    5:     0x58d1ac20ac20 - test[9d35eded1c95d3be]::test_main_inner::<test[9d35eded1c95d3be]::test_main_static::{closure#0}>::{closure#0}
[INFO] [stdout]    6:     0x58d1ac26f322 - std[70759c8f55707aa4]::panicking::panic_with_hook
[INFO] [stdout]    7:     0x58d1ac252d22 - std[70759c8f55707aa4]::panicking::panic_handler::{closure#0}
[INFO] [stdout]    8:     0x58d1ac24b879 - std[70759c8f55707aa4]::sys::backtrace::__rust_end_short_backtrace::<std[70759c8f55707aa4]::panicking::panic_handler::{closure#0}, !>
[INFO] [stdout]    9:     0x58d1ac25391d - __rustc[8fa7c3cbc660c2b3]::rust_begin_unwind
[INFO] [stdout]   10:     0x58d1ac28ce7c - core[df12db4294e9bfd3]::panicking::panic_fmt
[INFO] [stdout]   11:     0x58d1ac122d3e - spec_suite[71e4cf1c253a2772]::assert_invalid_examples::{closure#0}
[INFO] [stdout]   12:     0x58d1ac123914 - spec_suite[71e4cf1c253a2772]::assert_invalid_examples
[INFO] [stdout]   13:     0x58d1ac124b75 - <spec_suite[71e4cf1c253a2772]::timeline_invalid_examples_fail_to_parse::{closure#0} as core[df12db4294e9bfd3]::ops::function::FnOnce<()>>::call_once
[INFO] [stdout]   14:     0x58d1ac1fdf0b - test[9d35eded1c95d3be]::__rust_begin_short_backtrace::<core[df12db4294e9bfd3]::result::Result<(), alloc[2182bb758b4b3781]::string::String>, fn() -> core[df12db4294e9bfd3]::result::Result<(), alloc[2182bb758b4b3781]::string::String>>
[INFO] [stdout]   15:     0x58d1ac20b575 - test[9d35eded1c95d3be]::run_test::{closure#0}
[INFO] [stdout]   16:     0x58d1ac204e34 - std[70759c8f55707aa4]::sys::backtrace::__rust_begin_short_backtrace::<test[9d35eded1c95d3be]::run_test::{closure#1}, ()>
[INFO] [stdout]   17:     0x58d1ac20e6d2 - <std[70759c8f55707aa4]::thread::lifecycle::spawn_unchecked<test[9d35eded1c95d3be]::run_test::{closure#1}, ()>::{closure#1} as core[df12db4294e9bfd3]::ops::function::FnOnce<()>>::call_once::{shim:vtable#0}
[INFO] [stdout]   18:     0x58d1ac2764e9 - <std[70759c8f55707aa4]::sys::thread::unix::Thread>::new::thread_start
[INFO] [stdout]   19:     0x768ae0262dfa - <unknown>
[INFO] [stdout]   20:     0x768ae02f63d4 - clone
[INFO] [stdout]   21:                0x0 - <unknown>
[INFO] [stdout] 
[INFO] [stdout] ---- comparison_invalid_examples_fail_to_parse stdout ----
[INFO] [stdout] 
[INFO] [stdout] thread 'comparison_invalid_examples_fail_to_parse' (1044) panicked at tests/spec_suite.rs:40:29:
[INFO] [stdout] spec dir not found: /opt/rustwide/workdir/../../spec/kinds/comparison/invalid
[INFO] [stdout] stack backtrace:
[INFO] [stdout]    0:     0x58d1ac276f81 - <<std[70759c8f55707aa4]::sys::backtrace::BacktraceLock>::print::DisplayBacktrace as core[df12db4294e9bfd3]::fmt::Display>::fmt
[INFO] [stdout]    1:     0x58d1ac28c74a - core[df12db4294e9bfd3]::fmt::write
[INFO] [stdout]    2:     0x58d1ac27b70c - <alloc[2182bb758b4b3781]::vec::Vec<u8> as core[df12db4294e9bfd3]::io::write::Write>::write_fmt
[INFO] [stdout]    3:     0x58d1ac252c76 - std[70759c8f55707aa4]::panicking::default_hook::{closure#0}
[INFO] [stdout]    4:     0x58d1ac26f169 - std[70759c8f55707aa4]::panicking::default_hook
[INFO] [stdout]    5:     0x58d1ac20ac20 - test[9d35eded1c95d3be]::test_main_inner::<test[9d35eded1c95d3be]::test_main_static::{closure#0}>::{closure#0}
[INFO] [stdout]    6:     0x58d1ac26f322 - std[70759c8f55707aa4]::panicking::panic_with_hook
[INFO] [stdout]    7:     0x58d1ac252d22 - std[70759c8f55707aa4]::panicking::panic_handler::{closure#0}
[INFO] [stdout]    8:     0x58d1ac24b879 - std[70759c8f55707aa4]::sys::backtrace::__rust_end_short_backtrace::<std[70759c8f55707aa4]::panicking::panic_handler::{closure#0}, !>
[INFO] [stdout]    9:     0x58d1ac25391d - __rustc[8fa7c3cbc660c2b3]::rust_begin_unwind
[INFO] [stdout]   10:     0x58d1ac28ce7c - core[df12db4294e9bfd3]::panicking::panic_fmt
[INFO] [stdout]   11:     0x58d1ac122d3e - spec_suite[71e4cf1c253a2772]::assert_invalid_examples::{closure#0}
[INFO] [stdout]   12:     0x58d1ac123914 - spec_suite[71e4cf1c253a2772]::assert_invalid_examples
[INFO] [stdout]   13:     0x58d1ac124c35 - <spec_suite[71e4cf1c253a2772]::comparison_invalid_examples_fail_to_parse::{closure#0} as core[df12db4294e9bfd3]::ops::function::FnOnce<()>>::call_once
[INFO] [stdout]   14:     0x58d1ac1fdf0b - test[9d35eded1c95d3be]::__rust_begin_short_backtrace::<core[df12db4294e9bfd3]::result::Result<(), alloc[2182bb758b4b3781]::string::String>, fn() -> core[df12db4294e9bfd3]::result::Result<(), alloc[2182bb758b4b3781]::string::String>>
[INFO] [stdout]   15:     0x58d1ac20b575 - test[9d35eded1c95d3be]::run_test::{closure#0}
[INFO] [stdout]   16:     0x58d1ac204e34 - std[70759c8f55707aa4]::sys::backtrace::__rust_begin_short_backtrace::<test[9d35eded1c95d3be]::run_test::{closure#1}, ()>
[INFO] [stdout]   17:     0x58d1ac20e6d2 - <std[70759c8f55707aa4]::thread::lifecycle::spawn_unchecked<test[9d35eded1c95d3be]::run_test::{closure#1}, ()>::{closure#1} as core[df12db4294e9bfd3]::ops::function::FnOnce<()>>::call_once::{shim:vtable#0}
[INFO] [stdout]   18:     0x58d1ac2764e9 - <std[70759c8f55707aa4]::sys::thread::unix::Thread>::new::thread_start
[INFO] [stdout]   19:     0x768ae0262dfa - <unknown>
[INFO] [stdout]   20:     0x768ae02f63d4 - clone
[INFO] [stdout]   21:                0x0 - <unknown>
[INFO] [stdout] 
[INFO] [stdout] ---- flow_valid_examples_parse_successfully stdout ----
[INFO] [stdout] 
[INFO] [stdout] thread 'flow_valid_examples_parse_successfully' (1047) panicked at tests/spec_suite.rs:12:29:
[INFO] [stdout] spec dir not found: /opt/rustwide/workdir/../../spec/kinds/flow/valid
[INFO] [stdout] stack backtrace:
[INFO] [stdout]    0:     0x58d1ac276f81 - <<std[70759c8f55707aa4]::sys::backtrace::BacktraceLock>::print::DisplayBacktrace as core[df12db4294e9bfd3]::fmt::Display>::fmt
[INFO] [stdout]    1:     0x58d1ac28c74a - core[df12db4294e9bfd3]::fmt::write
[INFO] [stdout]    2:     0x58d1ac27b70c - <alloc[2182bb758b4b3781]::vec::Vec<u8> as core[df12db4294e9bfd3]::io::write::Write>::write_fmt
[INFO] [stdout]    3:     0x58d1ac252c76 - std[70759c8f55707aa4]::panicking::default_hook::{closure#0}
[INFO] [stdout]    4:     0x58d1ac26f169 - std[70759c8f55707aa4]::panicking::default_hook
[INFO] [stdout]    5:     0x58d1ac20ac20 - test[9d35eded1c95d3be]::test_main_inner::<test[9d35eded1c95d3be]::test_main_static::{closure#0}>::{closure#0}
[INFO] [stdout]    6:     0x58d1ac26f322 - std[70759c8f55707aa4]::panicking::panic_with_hook
[INFO] [stdout]    7:     0x58d1ac252d22 - std[70759c8f55707aa4]::panicking::panic_handler::{closure#0}
[INFO] [stdout]    8:     0x58d1ac24b879 - std[70759c8f55707aa4]::sys::backtrace::__rust_end_short_backtrace::<std[70759c8f55707aa4]::panicking::panic_handler::{closure#0}, !>
[INFO] [stdout]    9:     0x58d1ac25391d - __rustc[8fa7c3cbc660c2b3]::rust_begin_unwind
[INFO] [stdout]   10:     0x58d1ac28ce7c - core[df12db4294e9bfd3]::panicking::panic_fmt
[INFO] [stdout]   11:     0x58d1ac122c3e - spec_suite[71e4cf1c253a2772]::assert_valid_examples::{closure#0}
[INFO] [stdout]   12:     0x58d1ac123300 - spec_suite[71e4cf1c253a2772]::assert_valid_examples
[INFO] [stdout]   13:     0x58d1ac1244a5 - <spec_suite[71e4cf1c253a2772]::flow_valid_examples_parse_successfully::{closure#0} as core[df12db4294e9bfd3]::ops::function::FnOnce<()>>::call_once
[INFO] [stdout]   14:     0x58d1ac1fdf0b - test[9d35eded1c95d3be]::__rust_begin_short_backtrace::<core[df12db4294e9bfd3]::result::Result<(), alloc[2182bb758b4b3781]::string::String>, fn() -> core[df12db4294e9bfd3]::result::Result<(), alloc[2182bb758b4b3781]::string::String>>
[INFO] [stdout]   15:     0x58d1ac20b575 - test[9d35eded1c95d3be]::run_test::{closure#0}
[INFO] [stdout]   16:     0x58d1ac204e34 - std[70759c8f55707aa4]::sys::backtrace::__rust_begin_short_backtrace::<test[9d35eded1c95d3be]::run_test::{closure#1}, ()>
[INFO] [stdout]   17:     0x58d1ac20e6d2 - <std[70759c8f55707aa4]::thread::lifecycle::spawn_unchecked<test[9d35eded1c95d3be]::run_test::{closure#1}, ()>::{closure#1} as core[df12db4294e9bfd3]::ops::function::FnOnce<()>>::call_once::{shim:vtable#0}
[INFO] [stdout]   18:     0x58d1ac2764e9 - <std[70759c8f55707aa4]::sys::thread::unix::Thread>::new::thread_start
[INFO] [stdout]   19:     0x768ae0262dfa - <unknown>
[INFO] [stdout]   20:     0x768ae02f63d4 - clone
[INFO] [stdout]   21:                0x0 - <unknown>
[INFO] [stdout] 
[INFO] [stdout] 
[INFO] [stdout] failures:
[INFO] [stdout]     comparison_invalid_examples_fail_to_parse
[INFO] [stdout]     comparison_valid_examples_parse_successfully
[INFO] [stdout]     flow_invalid_examples_fail_to_parse
[INFO] [stdout]     flow_valid_examples_parse_successfully
[INFO] [stdout]     hierarchy_invalid_examples_fail_to_parse
[INFO] [stdout]     hierarchy_valid_examples_parse_successfully
[INFO] [stdout]     hub_spoke_invalid_examples_fail_to_parse
[INFO] [stdout]     hub_spoke_valid_examples_parse_successfully
[INFO] [stdout]     matrix_invalid_examples_fail_to_parse
[INFO] [stdout]     matrix_valid_examples_parse_successfully
[INFO] [stdout]     state_invalid_examples_fail_to_parse
[INFO] [stdout]     state_valid_examples_parse_successfully
[INFO] [stdout]     theme_invalid_examples_fail_to_parse
[INFO] [stdout]     theme_valid_examples_parse_successfully
[INFO] [stdout]     tier_invalid_examples_fail_to_parse
[INFO] [stdout]     tier_valid_examples_parse_successfully
[INFO] [stdout]     timeline_invalid_examples_fail_to_parse
[INFO] [stdout]     timeline_valid_examples_parse_successfully
[INFO] [stdout]     venn_invalid_examples_fail_to_parse
[INFO] [stdout]     venn_valid_examples_parse_successfully
[INFO] [stdout] 
[INFO] [stdout] test result: FAILED. 0 passed; 20 failed; 0 ignored; 0 measured; 0 filtered out; finished in 0.01s
[INFO] [stdout] 
[INFO] running `Command { std: "docker" "inspect" "34118de4736e56c6c94826d6e7a4302a7b23e2e29b0b2252fc5ca1dbf1f7bf03", kill_on_drop: false }`
[INFO] running `Command { std: "docker" "rm" "-f" "34118de4736e56c6c94826d6e7a4302a7b23e2e29b0b2252fc5ca1dbf1f7bf03", kill_on_drop: false }`
[INFO] [stdout] 34118de4736e56c6c94826d6e7a4302a7b23e2e29b0b2252fc5ca1dbf1f7bf03
