[INFO] fetching crate decisol 1.0.1...
[INFO] testing decisol-1.0.1 against 1.100.0-beta.1+cargoflags=--release for beta-release-1.100-2
[INFO] extracting crate decisol 1.0.1 into /workspace/builds/worker-5-tc2/source
[INFO] removed /workspace/builds/worker-5-tc2/source/.cargo/config.toml
[INFO] started tweaking crates.io crate decisol 1.0.1
[INFO] finished tweaking crates.io crate decisol 1.0.1
[INFO] tweaked toml for crates.io crate decisol 1.0.1 written to /workspace/builds/worker-5-tc2/source/Cargo.toml
[INFO] validating manifest of crates.io crate decisol 1.0.1 on toolchain 1.100.0-beta.1
[INFO] running `Command { std: CARGO_HOME="/workspace/cargo-home" RUSTUP_HOME="/workspace/rustup-home" "/workspace/cargo-home/bin/cargo" "+1.100.0-beta.1" "metadata" "--manifest-path" "Cargo.toml" "--no-deps", kill_on_drop: false }`
[INFO] crate crates.io crate decisol 1.0.1 already has a lockfile, it will not be regenerated
[INFO] running `Command { std: CARGO_HOME="/workspace/cargo-home" RUSTUP_HOME="/workspace/rustup-home" "/workspace/cargo-home/bin/cargo" "+1.100.0-beta.1" "fetch" "--manifest-path" "Cargo.toml", kill_on_drop: false }`
[INFO] running `Command { std: "docker" "create" "-v" "/var/lib/crater-agent-workspace/builds/worker-5-tc2/source:/opt/rustwide/workdir:ro,Z" "-v" "/var/lib/crater-agent-workspace/builds/worker-5-tc2/target:/opt/rustwide/target:rw,Z" "-v" "/var/lib/crater-agent-workspace/cargo-home:/opt/rustwide/cargo-home:ro,Z" "-v" "/var/lib/crater-agent-workspace/rustup-home:/opt/rustwide/rustup-home:ro,Z" "-m" "1610612736" "--network" "none" "ghcr.io/rust-lang/crates-build-env/linux@sha256:77db811e55d90add9212f6832c23229e3de5f1c1f9905e8cb07319ea15df73ac" "sleep" "infinity", kill_on_drop: false }`
[INFO] [stdout] eb8a46192bffd627cc446d755bb154516f6189912a20bb3103b382aa350bab4b
[INFO] running `Command { std: "docker" "start" "eb8a46192bffd627cc446d755bb154516f6189912a20bb3103b382aa350bab4b", kill_on_drop: false }`
[INFO] running `Command { std: "docker" "inspect" "eb8a46192bffd627cc446d755bb154516f6189912a20bb3103b382aa350bab4b", kill_on_drop: false }`
[INFO] running `Command { std: "docker" "exec" "-e" "SOURCE_DIR=/opt/rustwide/workdir" "-e" "CARGO_HOME=/opt/rustwide/cargo-home" "-e" "RUSTUP_HOME=/opt/rustwide/rustup-home" "-e" "CARGO_TARGET_DIR=/opt/rustwide/target" "-w" "/opt/rustwide/workdir" "--user" "0:0" "eb8a46192bffd627cc446d755bb154516f6189912a20bb3103b382aa350bab4b" "/opt/rustwide/cargo-home/bin/cargo" "+1.100.0-beta.1" "metadata" "--no-deps" "--format-version=1", kill_on_drop: false }`
[INFO] running `Command { std: "docker" "inspect" "eb8a46192bffd627cc446d755bb154516f6189912a20bb3103b382aa350bab4b", kill_on_drop: false }`
[INFO] running `Command { std: "docker" "exec" "-e" "SOURCE_DIR=/opt/rustwide/workdir" "-e" "CARGO_HOME=/opt/rustwide/cargo-home" "-e" "RUSTUP_HOME=/opt/rustwide/rustup-home" "-e" "CARGO_TARGET_DIR=/opt/rustwide/target" "-e" "CARGO_INCREMENTAL=0" "-e" "RUST_BACKTRACE=full" "-e" "RUSTFLAGS=--cap-lints=warn" "-e" "RUSTDOCFLAGS=--cap-lints=warn" "-w" "/opt/rustwide/workdir" "--user" "0:0" "eb8a46192bffd627cc446d755bb154516f6189912a20bb3103b382aa350bab4b" "/opt/rustwide/cargo-home/bin/cargo" "+1.100.0-beta.1" "build" "--frozen" "--message-format=json" "--release", kill_on_drop: false }`
[INFO] [stderr]    Compiling fastnum v0.7.5
[INFO] [stderr]    Compiling proc-macro2 v1.0.107
[INFO] [stderr]    Compiling num-traits v0.2.19
[INFO] [stderr]    Compiling quote v1.0.47
[INFO] [stderr]    Compiling syn v3.0.3
[INFO] [stderr]    Compiling num-integer v0.1.46
[INFO] [stderr]    Compiling serde_derive v1.0.229
[INFO] [stderr]    Compiling serde v1.0.229
[INFO] [stderr]    Compiling serde-big-array v0.5.1
[INFO] [stderr]    Compiling bnum v0.12.1
[INFO] [stderr]    Compiling decisol v1.0.1 (/opt/rustwide/workdir)
[INFO] [stderr]     Finished `release` profile [optimized] target(s) in 21.86s
[INFO] running `Command { std: "docker" "inspect" "eb8a46192bffd627cc446d755bb154516f6189912a20bb3103b382aa350bab4b", kill_on_drop: false }`
[INFO] running `Command { std: "docker" "exec" "-e" "SOURCE_DIR=/opt/rustwide/workdir" "-e" "CARGO_HOME=/opt/rustwide/cargo-home" "-e" "RUSTUP_HOME=/opt/rustwide/rustup-home" "-e" "CARGO_TARGET_DIR=/opt/rustwide/target" "-e" "CARGO_INCREMENTAL=0" "-e" "RUST_BACKTRACE=full" "-e" "RUSTFLAGS=--cap-lints=warn" "-e" "RUSTDOCFLAGS=--cap-lints=warn" "-w" "/opt/rustwide/workdir" "--user" "0:0" "eb8a46192bffd627cc446d755bb154516f6189912a20bb3103b382aa350bab4b" "/opt/rustwide/cargo-home/bin/cargo" "+1.100.0-beta.1" "test" "--frozen" "--no-run" "--message-format=json" "--release", kill_on_drop: false }`
[INFO] [stderr]    Compiling rust_decimal v1.42.1
[INFO] [stderr]    Compiling arrayvec v0.7.8
[INFO] [stderr]    Compiling decisol v1.0.1 (/opt/rustwide/workdir)
[INFO] [stderr]     Finished `release` profile [optimized] target(s) in 31.67s
[INFO] running `Command { std: "docker" "inspect" "eb8a46192bffd627cc446d755bb154516f6189912a20bb3103b382aa350bab4b", kill_on_drop: false }`
[INFO] running `Command { std: "docker" "exec" "-e" "SOURCE_DIR=/opt/rustwide/workdir" "-e" "CARGO_HOME=/opt/rustwide/cargo-home" "-e" "RUSTUP_HOME=/opt/rustwide/rustup-home" "-e" "CARGO_TARGET_DIR=/opt/rustwide/target" "-e" "CARGO_INCREMENTAL=0" "-e" "RUST_BACKTRACE=full" "-e" "RUSTFLAGS=--cap-lints=warn" "-e" "RUSTDOCFLAGS=--cap-lints=warn" "-w" "/opt/rustwide/workdir" "--user" "0:0" "eb8a46192bffd627cc446d755bb154516f6189912a20bb3103b382aa350bab4b" "/opt/rustwide/cargo-home/bin/cargo" "+1.100.0-beta.1" "test" "--frozen" "--release", kill_on_drop: false }`
[INFO] [stderr]     Finished `release` profile [optimized] target(s) in 0.08s
[INFO] [stderr]      Running unittests src/lib.rs (/opt/rustwide/target/release/build/decisol/2b2ad339870357f6/out/decisol-2b2ad339870357f6)
[INFO] [stdout] 
[INFO] [stdout] running 28 tests
[INFO] [stdout] test tests::compare_quotes_usd_uses_consistent_target_precision ... ok
[INFO] [stdout] test tests::conv ... ok
[INFO] [stdout] test tests::digits ... ok
[INFO] [stdout] test tests::cpm_less_test_f ... ok
[INFO] [stdout] test tests::compare_quotes_native_sort_regression ... ok
[INFO] [stdout] test tests::div_ceil ... ok
[INFO] [stdout] test tests::add ... ok
[INFO] [stdout] test tests::div_recip ... ok
[INFO] [stdout] test tests::mul_ud128_handles_negative_scale ... ok
[INFO] [stdout] test tests::mult ... ok
[INFO] [stdout] test tests::rescale ... ok
[INFO] [stdout] test tests::mult3 ... ok
[INFO] [stdout] test tests::sort ... ok
[INFO] [stdout] test tests::recip ... ok
[INFO] [stdout] test tests::test_rust_decimal ... ok
[INFO] [stdout] test tests::display_rounding ... FAILED
[INFO] [stdout] test token_lamports::tests::token_lamports_conv_test ... ok
[INFO] [stdout] test token_lamports::tests::token_lamports_mult_test ... ok
[INFO] [stdout] test tests::display_after_op ... FAILED
[INFO] [stdout] test tests::cpm_less_test - should panic ... ok
[INFO] [stdout] test tests::compare_quotes_native_uses_consistent_target_precision ... ok
[INFO] [stdout] test tests::div_ceil2 ... ok
[INFO] [stdout] test tests::cmp_test ... ok
[INFO] [stdout] test tests::compare_quotes_usd_sort_regression ... ok
[INFO] [stdout] test tests::mult2 ... ok
[INFO] [stdout] test tests::convert ... ok
[INFO] [stdout] test tests::sub ... ok
[INFO] [stdout] test tests::display_after_round ... FAILED
[INFO] [stdout] 
[INFO] [stdout] failures:
[INFO] [stdout] 
[INFO] [stdout] ---- tests::display_rounding stdout ----
[INFO] [stdout] 
[INFO] [stdout] thread 'tests::display_rounding' (455) panicked at src/lib.rs:727:9:
[INFO] [stdout] assertion `left == right` failed
[INFO] [stdout]   left: "0.99"
[INFO] [stdout]  right: "1.00"
[INFO] [stdout] stack backtrace:
[INFO] [stdout]    0:     0x582ecb8d5da1 - <<std[617be2ca0a6fd877]::sys::backtrace::BacktraceLock>::print::DisplayBacktrace as core[a373ad73a504971]::fmt::Display>::fmt
[INFO] [stdout]    1:     0x582ecb8ea1da - core[a373ad73a504971]::fmt::write
[INFO] [stdout]    2:     0x582ecb8d9fbc - <alloc[2e1b2a31b91974c5]::vec::Vec<u8> as core[a373ad73a504971]::io::write::Write>::write_fmt
[INFO] [stdout]    3:     0x582ecb8b2206 - std[617be2ca0a6fd877]::panicking::default_hook::{closure#0}
[INFO] [stdout]    4:     0x582ecb8ce439 - std[617be2ca0a6fd877]::panicking::default_hook
[INFO] [stdout]    5:     0x582ecb8686c0 - test[aada8e7e76ba119b]::test_main_inner::{closure#0}
[INFO] [stdout]    6:     0x582ecb8ce5f2 - std[617be2ca0a6fd877]::panicking::panic_with_hook
[INFO] [stdout]    7:     0x582ecb8b22b2 - std[617be2ca0a6fd877]::panicking::panic_handler::{closure#0}
[INFO] [stdout]    8:     0x582ecb8aafc9 - std[617be2ca0a6fd877]::sys::backtrace::__rust_end_short_backtrace::<std[617be2ca0a6fd877]::panicking::panic_handler::{closure#0}, !>
[INFO] [stdout]    9:     0x582ecb8b2ebd - __rustc[ea4f61d10b84890b]::rust_begin_unwind
[INFO] [stdout]   10:     0x582ecb8ea90c - core[a373ad73a504971]::panicking::panic_fmt
[INFO] [stdout]   11:     0x582ecb8ea823 - core[a373ad73a504971]::panicking::assert_failed_inner
[INFO] [stdout]   12:     0x582ecb855bac - core[a373ad73a504971]::panicking::assert_failed::<&str, alloc[2e1b2a31b91974c5]::string::String>
[INFO] [stdout]   13:     0x582ecb837906 - <decisol[6f6639e16fbd8328]::tests::display_rounding::{closure#0} as core[a373ad73a504971]::ops::function::FnOnce<()>>::call_once
[INFO] [stdout]   14:     0x582ecb85bb0b - test[aada8e7e76ba119b]::__rust_begin_short_backtrace::<core[a373ad73a504971]::result::Result<(), alloc[2e1b2a31b91974c5]::string::String>, fn() -> core[a373ad73a504971]::result::Result<(), alloc[2e1b2a31b91974c5]::string::String>>
[INFO] [stdout]   15:     0x582ecb868ce5 - test[aada8e7e76ba119b]::run_test::{closure#0}
[INFO] [stdout]   16:     0x582ecb8625d4 - std[617be2ca0a6fd877]::sys::backtrace::__rust_begin_short_backtrace::<test[aada8e7e76ba119b]::run_test::{closure#1}, ()>
[INFO] [stdout]   17:     0x582ecb86bd72 - <std[617be2ca0a6fd877]::thread::lifecycle::spawn_unchecked<test[aada8e7e76ba119b]::run_test::{closure#1}, ()>::{closure#1} as core[a373ad73a504971]::ops::function::FnOnce<()>>::call_once::{shim:vtable#0}
[INFO] [stdout]   18:     0x582ecb8d55ff - <std[617be2ca0a6fd877]::sys::thread::unix::Thread>::new::thread_start
[INFO] [stdout]   19:     0x767ad2d26dfa - <unknown>
[INFO] [stderr] error: test failed, to rerun pass `--lib`
[INFO] [stdout]   20:     0x767ad2dba3d4 - clone
[INFO] [stdout]   21:                0x0 - <unknown>
[INFO] [stdout] 
[INFO] [stdout] ---- tests::display_after_op stdout ----
[INFO] [stdout] 
[INFO] [stdout] thread 'tests::display_after_op' (453) panicked at src/lib.rs:703:9:
[INFO] [stdout] assertion `left == right` failed
[INFO] [stdout]   left: "0"
[INFO] [stdout]  right: "0E-7"
[INFO] [stdout] stack backtrace:
[INFO] [stdout]    0:     0x582ecb8d5da1 - <<std[617be2ca0a6fd877]::sys::backtrace::BacktraceLock>::print::DisplayBacktrace as core[a373ad73a504971]::fmt::Display>::fmt
[INFO] [stdout]    1:     0x582ecb8ea1da - core[a373ad73a504971]::fmt::write
[INFO] [stdout]    2:     0x582ecb8d9fbc - <alloc[2e1b2a31b91974c5]::vec::Vec<u8> as core[a373ad73a504971]::io::write::Write>::write_fmt
[INFO] [stdout]    3:     0x582ecb8b2206 - std[617be2ca0a6fd877]::panicking::default_hook::{closure#0}
[INFO] [stdout]    4:     0x582ecb8ce439 - std[617be2ca0a6fd877]::panicking::default_hook
[INFO] [stdout]    5:     0x582ecb8686c0 - test[aada8e7e76ba119b]::test_main_inner::{closure#0}
[INFO] [stdout]    6:     0x582ecb8ce5f2 - std[617be2ca0a6fd877]::panicking::panic_with_hook
[INFO] [stdout]    7:     0x582ecb8b22b2 - std[617be2ca0a6fd877]::panicking::panic_handler::{closure#0}
[INFO] [stdout]    8:     0x582ecb8aafc9 - std[617be2ca0a6fd877]::sys::backtrace::__rust_end_short_backtrace::<std[617be2ca0a6fd877]::panicking::panic_handler::{closure#0}, !>
[INFO] [stdout]    9:     0x582ecb8b2ebd - __rustc[ea4f61d10b84890b]::rust_begin_unwind
[INFO] [stdout]   10:     0x582ecb8ea90c - core[a373ad73a504971]::panicking::panic_fmt
[INFO] [stdout]   11:     0x582ecb8ea823 - core[a373ad73a504971]::panicking::assert_failed_inner
[INFO] [stdout]   12:     0x582ecb855bac - core[a373ad73a504971]::panicking::assert_failed::<&str, alloc[2e1b2a31b91974c5]::string::String>
[INFO] [stdout]   13:     0x582ecb83781d - <decisol[6f6639e16fbd8328]::tests::display_after_op::{closure#0} as core[a373ad73a504971]::ops::function::FnOnce<()>>::call_once
[INFO] [stdout]   14:     0x582ecb85bb0b - test[aada8e7e76ba119b]::__rust_begin_short_backtrace::<core[a373ad73a504971]::result::Result<(), alloc[2e1b2a31b91974c5]::string::String>, fn() -> core[a373ad73a504971]::result::Result<(), alloc[2e1b2a31b91974c5]::string::String>>
[INFO] [stdout]   15:     0x582ecb868ce5 - test[aada8e7e76ba119b]::run_test::{closure#0}
[INFO] [stdout]   16:     0x582ecb8625d4 - std[617be2ca0a6fd877]::sys::backtrace::__rust_begin_short_backtrace::<test[aada8e7e76ba119b]::run_test::{closure#1}, ()>
[INFO] [stdout]   17:     0x582ecb86bd72 - <std[617be2ca0a6fd877]::thread::lifecycle::spawn_unchecked<test[aada8e7e76ba119b]::run_test::{closure#1}, ()>::{closure#1} as core[a373ad73a504971]::ops::function::FnOnce<()>>::call_once::{shim:vtable#0}
[INFO] [stdout]   18:     0x582ecb8d55ff - <std[617be2ca0a6fd877]::sys::thread::unix::Thread>::new::thread_start
[INFO] [stdout]   19:     0x767ad2d26dfa - <unknown>
[INFO] [stdout]   20:     0x767ad2dba3d4 - clone
[INFO] [stdout]   21:                0x0 - <unknown>
[INFO] [stdout] 
[INFO] [stdout] ---- tests::display_after_round stdout ----
[INFO] [stdout] 
[INFO] [stdout] thread 'tests::display_after_round' (454) panicked at src/lib.rs:719:9:
[INFO] [stdout] assertion `left == right` failed
[INFO] [stdout]   left: "0.000000432"
[INFO] [stdout]  right: "4.32E-7"
[INFO] [stdout] stack backtrace:
[INFO] [stdout]    0:     0x582ecb8d5da1 - <<std[617be2ca0a6fd877]::sys::backtrace::BacktraceLock>::print::DisplayBacktrace as core[a373ad73a504971]::fmt::Display>::fmt
[INFO] [stdout]    1:     0x582ecb8ea1da - core[a373ad73a504971]::fmt::write
[INFO] [stdout]    2:     0x582ecb8d9fbc - <alloc[2e1b2a31b91974c5]::vec::Vec<u8> as core[a373ad73a504971]::io::write::Write>::write_fmt
[INFO] [stdout]    3:     0x582ecb8b2206 - std[617be2ca0a6fd877]::panicking::default_hook::{closure#0}
[INFO] [stdout]    4:     0x582ecb8ce439 - std[617be2ca0a6fd877]::panicking::default_hook
[INFO] [stdout]    5:     0x582ecb8686c0 - test[aada8e7e76ba119b]::test_main_inner::{closure#0}
[INFO] [stdout]    6:     0x582ecb8ce5f2 - std[617be2ca0a6fd877]::panicking::panic_with_hook
[INFO] [stdout]    7:     0x582ecb8b22b2 - std[617be2ca0a6fd877]::panicking::panic_handler::{closure#0}
[INFO] [stdout]    8:     0x582ecb8aafc9 - std[617be2ca0a6fd877]::sys::backtrace::__rust_end_short_backtrace::<std[617be2ca0a6fd877]::panicking::panic_handler::{closure#0}, !>
[INFO] [stdout]    9:     0x582ecb8b2ebd - __rustc[ea4f61d10b84890b]::rust_begin_unwind
[INFO] [stdout]   10:     0x582ecb8ea90c - core[a373ad73a504971]::panicking::panic_fmt
[INFO] [stdout]   11:     0x582ecb8ea823 - core[a373ad73a504971]::panicking::assert_failed_inner
[INFO] [stdout]   12:     0x582ecb855bac - core[a373ad73a504971]::panicking::assert_failed::<&str, alloc[2e1b2a31b91974c5]::string::String>
[INFO] [stdout]   13:     0x582ecb837ff8 - <decisol[6f6639e16fbd8328]::tests::display_after_round::{closure#0} as core[a373ad73a504971]::ops::function::FnOnce<()>>::call_once
[INFO] [stdout]   14:     0x582ecb85bb0b - test[aada8e7e76ba119b]::__rust_begin_short_backtrace::<core[a373ad73a504971]::result::Result<(), alloc[2e1b2a31b91974c5]::string::String>, fn() -> core[a373ad73a504971]::result::Result<(), alloc[2e1b2a31b91974c5]::string::String>>
[INFO] [stdout]   15:     0x582ecb868ce5 - test[aada8e7e76ba119b]::run_test::{closure#0}
[INFO] [stdout]   16:     0x582ecb8625d4 - std[617be2ca0a6fd877]::sys::backtrace::__rust_begin_short_backtrace::<test[aada8e7e76ba119b]::run_test::{closure#1}, ()>
[INFO] [stdout]   17:     0x582ecb86bd72 - <std[617be2ca0a6fd877]::thread::lifecycle::spawn_unchecked<test[aada8e7e76ba119b]::run_test::{closure#1}, ()>::{closure#1} as core[a373ad73a504971]::ops::function::FnOnce<()>>::call_once::{shim:vtable#0}
[INFO] [stdout]   18:     0x582ecb8d55ff - <std[617be2ca0a6fd877]::sys::thread::unix::Thread>::new::thread_start
[INFO] [stdout]   19:     0x767ad2d26dfa - <unknown>
[INFO] [stdout]   20:     0x767ad2dba3d4 - clone
[INFO] [stdout]   21:                0x0 - <unknown>
[INFO] [stdout] 
[INFO] [stdout] 
[INFO] [stdout] failures:
[INFO] [stdout]     tests::display_after_op
[INFO] [stdout]     tests::display_after_round
[INFO] [stdout]     tests::display_rounding
[INFO] [stdout] 
[INFO] [stdout] test result: FAILED. 25 passed; 3 failed; 0 ignored; 0 measured; 0 filtered out; finished in 0.07s
[INFO] [stdout] 
[INFO] running `Command { std: "docker" "inspect" "eb8a46192bffd627cc446d755bb154516f6189912a20bb3103b382aa350bab4b", kill_on_drop: false }`
[INFO] running `Command { std: "docker" "rm" "-f" "eb8a46192bffd627cc446d755bb154516f6189912a20bb3103b382aa350bab4b", kill_on_drop: false }`
[INFO] [stdout] eb8a46192bffd627cc446d755bb154516f6189912a20bb3103b382aa350bab4b
