[INFO] fetching crate decibri 6.4.0...
[INFO] testing decibri-6.4.0 against 1.100.0-beta.1+cargoflags=--release for beta-release-1.100-2
[INFO] extracting crate decibri 6.4.0 into /workspace/builds/worker-2-tc2/source
[INFO] started tweaking crates.io crate decibri 6.4.0
[INFO] removed 0 missing examples
[INFO] finished tweaking crates.io crate decibri 6.4.0
[INFO] tweaked toml for crates.io crate decibri 6.4.0 written to /workspace/builds/worker-2-tc2/source/Cargo.toml
[INFO] validating manifest of crates.io crate decibri 6.4.0 on toolchain 1.100.0-beta.1
[INFO] running `Command { std: CARGO_HOME="/workspace/cargo-home" RUSTUP_HOME="/workspace/rustup-home" "/workspace/cargo-home/bin/cargo" "+1.100.0-beta.1" "metadata" "--manifest-path" "Cargo.toml" "--no-deps", kill_on_drop: false }`
[INFO] crate crates.io crate decibri 6.4.0 already has a lockfile, it will not be regenerated
[INFO] running `Command { std: CARGO_HOME="/workspace/cargo-home" RUSTUP_HOME="/workspace/rustup-home" "/workspace/cargo-home/bin/cargo" "+1.100.0-beta.1" "fetch" "--manifest-path" "Cargo.toml", kill_on_drop: false }`
[INFO] running `Command { std: "docker" "create" "-v" "/var/lib/crater-agent-workspace/builds/worker-2-tc2/source:/opt/rustwide/workdir:ro,Z" "-v" "/var/lib/crater-agent-workspace/builds/worker-2-tc2/target:/opt/rustwide/target:rw,Z" "-v" "/var/lib/crater-agent-workspace/cargo-home:/opt/rustwide/cargo-home:ro,Z" "-v" "/var/lib/crater-agent-workspace/rustup-home:/opt/rustwide/rustup-home:ro,Z" "-m" "1610612736" "--network" "none" "ghcr.io/rust-lang/crates-build-env/linux@sha256:77db811e55d90add9212f6832c23229e3de5f1c1f9905e8cb07319ea15df73ac" "sleep" "infinity", kill_on_drop: false }`
[INFO] [stdout] 6e47528c222bd3a45a95b72423a4a0e08885aad4effa5166ece2e5f1985dd695
[INFO] running `Command { std: "docker" "start" "6e47528c222bd3a45a95b72423a4a0e08885aad4effa5166ece2e5f1985dd695", kill_on_drop: false }`
[INFO] running `Command { std: "docker" "inspect" "6e47528c222bd3a45a95b72423a4a0e08885aad4effa5166ece2e5f1985dd695", kill_on_drop: false }`
[INFO] running `Command { std: "docker" "exec" "-e" "SOURCE_DIR=/opt/rustwide/workdir" "-e" "CARGO_HOME=/opt/rustwide/cargo-home" "-e" "RUSTUP_HOME=/opt/rustwide/rustup-home" "-e" "CARGO_TARGET_DIR=/opt/rustwide/target" "-w" "/opt/rustwide/workdir" "--user" "0:0" "6e47528c222bd3a45a95b72423a4a0e08885aad4effa5166ece2e5f1985dd695" "/opt/rustwide/cargo-home/bin/cargo" "+1.100.0-beta.1" "metadata" "--no-deps" "--format-version=1", kill_on_drop: false }`
[INFO] running `Command { std: "docker" "inspect" "6e47528c222bd3a45a95b72423a4a0e08885aad4effa5166ece2e5f1985dd695", kill_on_drop: false }`
[INFO] running `Command { std: "docker" "exec" "-e" "SOURCE_DIR=/opt/rustwide/workdir" "-e" "CARGO_HOME=/opt/rustwide/cargo-home" "-e" "RUSTUP_HOME=/opt/rustwide/rustup-home" "-e" "CARGO_TARGET_DIR=/opt/rustwide/target" "-e" "CARGO_INCREMENTAL=0" "-e" "RUST_BACKTRACE=full" "-e" "RUSTFLAGS=--cap-lints=warn" "-e" "RUSTDOCFLAGS=--cap-lints=warn" "-w" "/opt/rustwide/workdir" "--user" "0:0" "6e47528c222bd3a45a95b72423a4a0e08885aad4effa5166ece2e5f1985dd695" "/opt/rustwide/cargo-home/bin/cargo" "+1.100.0-beta.1" "build" "--frozen" "--message-format=json" "--release", kill_on_drop: false }`
[INFO] [stderr]    Compiling ort-sys v2.0.0-rc.13
[INFO] [stderr]    Compiling cpal v0.17.3
[INFO] [stderr]    Compiling dasp_sample v0.11.0
[INFO] [stderr]    Compiling decibri v6.4.0 (/opt/rustwide/workdir)
[INFO] [stderr]    Compiling alsa-sys v0.4.0
[INFO] [stderr]    Compiling libloading v0.9.0
[INFO] [stderr]    Compiling thiserror-impl v2.0.18
[INFO] [stderr]    Compiling alsa v0.11.0
[INFO] [stderr]    Compiling ort v2.0.0-rc.13
[INFO] [stderr]    Compiling thiserror v2.0.18
[INFO] [stderr]    Compiling decibri-resampler v0.4.0
[INFO] [stderr]    Compiling decibri-aec v0.2.0
[INFO] [stderr]    Compiling decibri-decode v0.1.5
[INFO] [stderr]     Finished `release` profile [optimized] target(s) in 16.50s
[INFO] running `Command { std: "docker" "inspect" "6e47528c222bd3a45a95b72423a4a0e08885aad4effa5166ece2e5f1985dd695", kill_on_drop: false }`
[INFO] running `Command { std: "docker" "exec" "-e" "SOURCE_DIR=/opt/rustwide/workdir" "-e" "CARGO_HOME=/opt/rustwide/cargo-home" "-e" "RUSTUP_HOME=/opt/rustwide/rustup-home" "-e" "CARGO_TARGET_DIR=/opt/rustwide/target" "-e" "CARGO_INCREMENTAL=0" "-e" "RUST_BACKTRACE=full" "-e" "RUSTFLAGS=--cap-lints=warn" "-e" "RUSTDOCFLAGS=--cap-lints=warn" "-w" "/opt/rustwide/workdir" "--user" "0:0" "6e47528c222bd3a45a95b72423a4a0e08885aad4effa5166ece2e5f1985dd695" "/opt/rustwide/cargo-home/bin/cargo" "+1.100.0-beta.1" "test" "--frozen" "--no-run" "--message-format=json" "--release", kill_on_drop: false }`
[INFO] [stderr]    Compiling decibri v6.4.0 (/opt/rustwide/workdir)
[INFO] [stderr]     Finished `release` profile [optimized] target(s) in 17.80s
[INFO] running `Command { std: "docker" "inspect" "6e47528c222bd3a45a95b72423a4a0e08885aad4effa5166ece2e5f1985dd695", kill_on_drop: false }`
[INFO] running `Command { std: "docker" "exec" "-e" "SOURCE_DIR=/opt/rustwide/workdir" "-e" "CARGO_HOME=/opt/rustwide/cargo-home" "-e" "RUSTUP_HOME=/opt/rustwide/rustup-home" "-e" "CARGO_TARGET_DIR=/opt/rustwide/target" "-e" "CARGO_INCREMENTAL=0" "-e" "RUST_BACKTRACE=full" "-e" "RUSTFLAGS=--cap-lints=warn" "-e" "RUSTDOCFLAGS=--cap-lints=warn" "-w" "/opt/rustwide/workdir" "--user" "0:0" "6e47528c222bd3a45a95b72423a4a0e08885aad4effa5166ece2e5f1985dd695" "/opt/rustwide/cargo-home/bin/cargo" "+1.100.0-beta.1" "test" "--frozen" "--release", kill_on_drop: false }`
[INFO] [stderr]     Finished `release` profile [optimized] target(s) in 0.11s
[INFO] [stderr]      Running unittests src/lib.rs (/opt/rustwide/target/release/build/decibri/d67ee08fbc6fe96d/out/decibri-d67ee08fbc6fe96d)
[INFO] [stdout] 
[INFO] [stdout] running 352 tests
[INFO] [stdout] test backend::tests::not_found_error_produces_direction_correct_variant ... ok
[INFO] [stdout] test backend::tests::output_channel_guard_brackets_the_platform_limit ... ok
[INFO] [stdout] test backend::tests::backend_stream_stop_empties_and_is_idempotent ... ok
[INFO] [stdout] test backend::tests::input_channel_guard_brackets_the_platform_limit ... ok
[INFO] [stdout] test error::tests::catalog_instances_render ... ok
[INFO] [stdout] test error::tests::catalog_names_are_unique ... ok
[INFO] [stdout] test backend::tests::cpal_backend_satisfies_the_seam ... ok
[INFO] [stdout] test error::tests::channel_map_length_mismatch_message_names_both_lengths ... ok
[INFO] [stdout] test backend::tests::backend_stream_is_send_and_sync ... ok
[INFO] [stdout] test error::tests::channel_map_out_of_range_message_names_entry_and_device_count ... ok
[INFO] [stdout] test error::tests::channels_out_of_range_message_is_frozen ... ok
[INFO] [stdout] test error::tests::every_aec_error_reaches_its_intended_variant ... ok
[INFO] [stdout] test error::tests::codes_follow_the_naming_rule ... ok
[INFO] [stdout] test error::tests::file_channel_map_out_of_range_message_names_entry_and_count ... ok
[INFO] [stdout] test error::tests::file_channels_unsupported_message_names_both_counts ... ok
[INFO] [stdout] test error::tests::file_engaged_message_is_frozen ... ok
[INFO] [stdout] test error::tests::file_channel_selection_ambiguous_message_names_both_counts ... ok
[INFO] [stdout] test error::tests::file_write_failed_message_prefix_is_frozen ... ok
[INFO] [stdout] test device::tests::test_is_default_empty_device_list ... ok
[INFO] [stdout] test error::tests::only_the_ort_path_pair_shares_a_code ... ok
[INFO] [stdout] test device::tests::test_is_default_no_default_reported ... ok
[INFO] [stdout] test error::tests::flac_compression_out_of_range_message_is_frozen ... ok
[INFO] [stdout] test device::tests::test_id_is_propagated_to_computed_row ... ok
[INFO] [stdout] test device::tests::test_is_default_two_devices_same_name_different_ids ... ok
[INFO] [stdout] test device::tests::test_is_default_row_with_failed_id ... ok
[INFO] [stdout] test error::tests::device_failed_carries_structured_source ... ok
[INFO] [stdout] test denoise::tests::denoise_stage_processes_and_advances_caches ... FAILED
[INFO] [stdout] test error::tests::permission_denied_message_prefix_is_frozen ... ok
[INFO] [stdout] test error::tests::resample_failed_forwards_the_upstream_text ... ok
[INFO] [stdout] test error::tests::detector_source_out_of_range_message_names_index_and_count ... ok
[INFO] [stdout] test error::tests::speaker_channels_unsupported_message_names_both_counts ... ok
[INFO] [stdout] test file::tests::a_detector_source_out_of_range_is_refused_at_construction ... ok
[INFO] [stdout] test file::tests::a_map_gathers_permutes_and_duplicates_on_the_file_path ... ok
[INFO] [stdout] test file::tests::a_channel_source_feeds_the_named_channel_on_the_file_surface ... ok
[INFO] [stdout] test file::tests::an_unmapped_strict_subset_requires_the_map ... ok
[INFO] [stdout] test file::tests::a_channel_source_resolves_in_delivered_space_under_a_permuting_map ... ok
[INFO] [stdout] test file::tests::a_flac_named_wav_decodes_as_a_flac ... FAILED
[INFO] [stdout] test file::tests::a_multichannel_delivery_keeps_the_feed_active_without_vad ... ok
[INFO] [stdout] test file::tests::analyze_after_iteration_without_delivery_errors ... ok
[INFO] [stdout] test file::tests::a_channel_source_under_a_duplicating_map_reads_the_delivered_position ... ok
[INFO] [stdout] test file::tests::analyse_equals_analyze ... FAILED
[INFO] [stdout] test file::tests::a_frame_misaligned_wav_is_reported_rather_than_delivered_short ... ok
[INFO] [stdout] test file::tests::an_unmapped_over_ask_is_refused_by_the_source_count ... ok
[INFO] [stdout] test file::tests::a_misaligned_buffer_is_refused_and_consumes_nothing ... ok
[INFO] [stdout] test file::tests::analyze_after_any_iteration_route_errors ... ok
[INFO] [stdout] test file::tests::aiff_limit_is_the_signed_comm_field_not_decibris ... ok
[INFO] [stdout] test file::tests::analyze_after_partial_iteration_errors ... ok
[INFO] [stdout] test file::tests::analyze_matches_direct_window_scoring ... FAILED
[INFO] [stdout] test file::tests::analyze_of_the_golden_recording_is_pinned ... FAILED
[INFO] [stdout] test file::tests::analyze_report_is_independent_of_denoise ... FAILED
[INFO] [stdout] test denoise::tests::denoise_flush_drains_tail_and_resets ... FAILED
[INFO] [stdout] test denoise::tests::denoise_improves_noisy_speech_regression ... FAILED
[INFO] [stdout] test denoise::tests::every_channel_runs_through_its_own_cache_set ... FAILED
[INFO] [stdout] test denoise::tests::unfed_flush_emits_nothing ... FAILED
[INFO] [stdout] test denoise::tests::a_stage_fed_a_little_audio_still_drains_its_tail ... FAILED
[INFO] [stdout] test file::tests::analyze_on_a_pristine_file_still_succeeds ... FAILED
[INFO] [stdout] test file::tests::analyze_report_is_independent_of_the_dsp_tier ... FAILED
[INFO] [stdout] test file::tests::config_validation_matches_live_ranges ... ok
[INFO] [stdout] test file::tests::analyze_resamples_feed_for_non_detector_rate ... FAILED
[INFO] [stdout] test file::tests::merge_empty_and_silence_yield_no_segments ... ok
[INFO] [stdout] test file::tests::merge_joins_consecutive_speech ... ok
[INFO] [stdout] test file::tests::buffer_passthrough_is_byte_identical ... ok
[INFO] [stdout] test file::tests::empty_buffer_at_a_resampled_rate_delivers_nothing ... ok
[INFO] [stdout] test file::tests::empty_buffer_with_denoise_delivers_nothing ... FAILED
[INFO] [stdout] test file::tests::analyze_without_vad_errors ... ok
[INFO] [stdout] test file::tests::empty_buffer_ends_immediately ... ok
[INFO] [stdout] test file::tests::conditioning_matches_direct_chain_drive ... ok
[INFO] [stdout] test file::tests::open_and_new_are_equivalent ... ok
[INFO] [stdout] test file::tests::open_missing_file_reports_read_failure ... ok
[INFO] [stdout] test file::tests::each_read_failure_reports_its_own_variant ... FAILED
[INFO] [stdout] test file::tests::save_after_iteration_reports_file_engaged ... ok
[INFO] [stdout] test file::tests::open_reads_header_and_downmixes ... ok
[INFO] [stdout] test file::tests::save_refuses_an_unrecognised_extension ... ok
[INFO] [stdout] test file::tests::multichannel_delivery_chunks_whole_frames ... ok
[INFO] [stdout] test file::tests::one_recording_in_two_containers_analyzes_to_one_answer ... FAILED
[INFO] [stdout] test file::tests::save_guard_leaves_overscale_for_the_float_target_to_preserve ... ok
[INFO] [stdout] test file::tests::flac_limit_is_the_containers_own_at_eight ... ok
[INFO] [stdout] test file::tests::one_span_of_speech_in_three_containers_decodes_to_one_set_of_samples ... FAILED
[INFO] [stdout] test file::tests::iteration_past_exhaustion_stays_quiet ... ok
[INFO] [stdout] test file::tests::save_empty_source_writes_a_valid_empty_file ... ok
[INFO] [stdout] test file::tests::save_replaces_non_finite_and_counts_it ... ok
[INFO] [stdout] test file::tests::save_extension_matching_is_case_insensitive ... ok
[INFO] [stdout] test file::tests::save_repairs_non_finite_input_read_from_a_float_file ... ok
[INFO] [stdout] test file::tests::no_invented_channel_maximum_on_the_file_path ... ok
[INFO] [stdout] test file::tests::buffer_resamples_and_flushes_tail ... ok
[INFO] [stdout] test file::tests::save_flac_compression_range_and_losslessness ... FAILED
[INFO] [stdout] test file::tests::save_clips_overscale_and_counts_it ... ok
[INFO] [stdout] test file::tests::the_reader_error_mapping_is_pinned ... ok
[INFO] [stdout] test file::tests::save_round_trip_preserves_channels_in_order ... ok
[INFO] [stdout] test file::tests::the_conditioning_chain_runs_on_a_flac_at_a_resampled_rate ... FAILED
[INFO] [stdout] test file::tests::the_feed_collapse_averages_above_one ... FAILED
[INFO] [stdout] test backend::tests::backend_enumeration_runs ... ok
[INFO] [stdout] test file::tests::the_feed_collapse_is_identity_at_one_channel ... ok
[INFO] [stdout] test file::tests::the_file_map_is_validated_like_captures ... ok
[INFO] [stdout] test file::tests::the_read_failure_messages_and_codes_are_pinned ... ok
[INFO] [stdout] test file::tests::save_format_override_beats_the_extension ... ok
[INFO] [stdout] test file::tests::vad_input_drains_feed_during_iteration ... ok
[INFO] [stdout] test gain::tests::cold_start_converges_to_target_within_tens_of_ms ... ok
[INFO] [stdout] test file::tests::undrained_feed_holds_two_seconds_at_the_target_rate_without_vad ... ok
[INFO] [stdout] test gain::tests::cold_start_hot_opening_does_not_overshoot ... ok
[INFO] [stdout] test file::tests::the_wav_encodings_that_newly_open_deliver_what_their_format_defines ... FAILED
[INFO] [stdout] test file::tests::short_buffer_with_denoise_still_delivers_its_tail ... FAILED
[INFO] [stdout] test file::tests::save_write_failure_reports_file_write_failed ... ok
[INFO] [stdout] test file::tests::vad_rate_follows_detector_native_targets ... ok
[INFO] [stdout] test gain::tests::cold_start_silent_opening_is_not_boosted ... ok
[INFO] [stdout] test gain::tests::empty_block_is_a_noop ... ok
[INFO] [stdout] test gain::tests::limiter_absolute_ceiling_holds_for_instantaneous_transients ... ok
[INFO] [stdout] test gain::tests::limiter_state_carries_across_blocks ... ok
[INFO] [stdout] test gain::tests::linked_limiter_at_one_channel_matches_the_per_sample_form ... ok
[INFO] [stdout] test gain::tests::limiter_transparent_below_ceiling ... ok
[INFO] [stdout] test gain::tests::limiter_releases_after_transient ... ok
[INFO] [stdout] test gain::tests::limiter_shapes_loud_signal_gracefully ... ok
[INFO] [stdout] test gain::tests::linked_level_control_at_one_channel_matches_the_per_sample_form ... ok
[INFO] [stdout] test gain::tests::linked_limiter_ducks_every_channel_together ... ok
[INFO] [stdout] test gain::tests::cold_start_after_silence_converges_fast ... ok
[INFO] [stdout] test gain::tests::linked_level_control_preserves_the_inter_channel_ratio ... ok
[INFO] [stdout] test file::tests::save_writes_the_conditioned_audio_not_the_input ... ok
[INFO] [stdout] test gain::tests::cold_start_first_sample_is_unity ... ok
[INFO] [stdout] test file::tests::wav_limit_is_block_align_not_decibris ... ok
[INFO] [stdout] test gain::tests::state_carries_across_blocks ... ok
[INFO] [stdout] test file::tests::the_sample_rate_range_is_enforced_on_every_container ... ok
[INFO] [stdout] test gain::tests::loud_onset_pulls_gain_down_even_while_rise_gated ... ok
[INFO] [stdout] test gain::tests::steady_state_converges_and_holds ... ok
[INFO] [stdout] test microphone::tests::aec_rejects_a_zero_reference_channel_count_and_caps_nothing ... ok
[INFO] [stdout] test microphone::tests::aec_rejects_a_reference_rate_outside_the_resampled_range ... ok
[INFO] [stdout] test microphone::tests::aec_rejects_an_out_of_window_target_rate_by_name ... ok
[INFO] [stdout] test microphone::tests::a_duplicated_channel_stereo_push_matches_the_mono_push ... ok
[INFO] [stdout] test microphone::tests::a_block_size_that_splits_a_frame_is_refused_and_consumes_nothing ... ok
[INFO] [stdout] test microphone::tests::a_map_may_deliver_more_channels_than_the_device_has ... ok
[INFO] [stdout] test microphone::tests::a_capture_closed_before_any_buffer_delivers_nothing ... FAILED
[INFO] [stdout] test microphone::tests::a_declared_stereo_push_averages_frames_and_fills_the_queue_in_mono ... ok
[INFO] [stdout] test microphone::tests::a_capture_fed_a_little_audio_still_delivers_its_tail ... FAILED
[INFO] [stdout] test microphone::tests::a_channel_source_feeds_the_named_delivered_channel ... ok
[INFO] [stdout] test microphone::tests::channel_map_entries_are_bounded_only_by_the_device_report ... ok
[INFO] [stdout] test microphone::tests::agc_target_out_of_range_is_a_core_error ... ok
[INFO] [stdout] test microphone::tests::aec_validates_at_every_delivered_channel_count ... ok
[INFO] [stdout] test file::tests::save_round_trip_is_exact_in_all_three_containers ... ok
[INFO] [stdout] test file::tests::the_g711_laws_decode_the_same_in_a_wav_and_in_an_aiff_c ... ok
[INFO] [stdout] test microphone::tests::aec_metrics_per_channel_carries_every_delivered_channel ... ok
[INFO] [stdout] test microphone::tests::channel_map_length_must_match_the_delivered_count ... ok
[INFO] [stdout] test microphone::tests::detector_feed_reads_the_chain_tap_count_not_the_delivered_count ... ok
[INFO] [stdout] test microphone::tests::delivered_channels_are_derived_from_the_chain ... ok
[INFO] [stdout] test microphone::tests::ingest_after_flush_is_rejected ... ok
[INFO] [stdout] test microphone::tests::detector_source_is_validated_against_the_delivered_count ... ok
[INFO] [stdout] test microphone::tests::detector_feed_is_the_identity_on_the_mono_path ... ok
[INFO] [stdout] test microphone::tests::detector_feed_collapses_a_multichannel_tap ... ok
[INFO] [stdout] test microphone::tests::limiter_ceiling_out_of_range_is_a_core_error ... ok
[INFO] [stdout] test microphone::tests::test_downmix_chain_yields_correct_mono ... ok
[INFO] [stdout] test microphone::tests::late_buffer_after_flush_is_not_fed_through_the_chain ... ok
[INFO] [stdout] test microphone::tests::test_enhancement_on_removes_dc_end_to_end ... ok
[INFO] [stdout] test microphone::tests::test_final_partial_tail_delivered_on_close ... ok
[INFO] [stdout] test microphone::tests::test_microphone_stream_is_send_and_sync ... ok
[INFO] [stdout] test microphone::tests::test_arc_mutex_microphone_stream_serializes_two_threads ... ok
[INFO] [stdout] test microphone::tests::test_next_chunk_delivers_exact_blocks_then_final_tail ... ok
[INFO] [stdout] test microphone::tests::selected_channel_flows_through_the_consumer_path ... ok
[INFO] [stdout] test microphone::tests::test_empty_chain_is_byte_identical_noop ... ok
[INFO] [stdout] test microphone::tests::test_mono_device_builds_no_chain ... ok
[INFO] [stdout] test microphone::tests::test_next_chunk_flushes_buffered_before_closed_err ... ok
[INFO] [stdout] test microphone::tests::test_energy_score_invariant_to_transform ... ok
[INFO] [stdout] test microphone::tests::test_next_chunk_splits_large_native_buffer_into_blocks ... ok
[INFO] [stdout] test microphone::tests::open_stream_delivers_every_buffer_then_the_flushed_tail ... ok
[INFO] [stdout] test microphone::tests::test_arc_mutex_microphone_stream_is_send_and_sync ... ok
[INFO] [stdout] test microphone::tests::close_without_any_buffer_delivers_nothing_from_the_resample_stage ... ok
[INFO] [stdout] test microphone::tests::aec_window_matches_the_cancellers_own ... ok
[INFO] [stdout] test microphone::tests::test_try_next_chunk_delivers_tail_on_close ... ok
[INFO] [stdout] test microphone::tests::test_try_next_chunk_returns_chunk_when_available ... ok
[INFO] [stdout] test microphone::tests::test_try_next_chunk_returns_err_when_closed ... ok
[INFO] [stdout] test microphone::tests::test_try_next_chunk_short_returns_none_then_full_block ... ok
[INFO] [stdout] test microphone::tests::test_vad_input_none_when_no_transform ... ok
[INFO] [stdout] test microphone::tests::test_try_next_chunk_returns_none_when_empty ... ok
[INFO] [stdout] test microphone::tests::test_vad_input_returns_pre_transform_signal ... ok
[INFO] [stdout] test microphone::tests::the_default_detector_source_is_the_frame_average ... ok
[INFO] [stdout] test microphone::tests::the_stream_reaches_the_reference_queue_and_the_metrics ... ok
[INFO] [stdout] test microphone::tests::test_vad_input_none_for_no_chain ... ok
[INFO] [stdout] test onnx::tests::box_dyn_session_is_send_sync ... ok
[INFO] [stdout] test microphone::tests::unmapped_channels_accept_only_the_average_and_the_identity ... ok
[INFO] [stdout] test microphone::tests::validate_bounds_channels_below_and_not_above ... ok
[INFO] [stdout] test microphone::tests::a_restarted_stream_reads_after_the_previous_one_was_flushed ... ok
[INFO] [stdout] test onnx::tests::input_slice_preserves_order_and_names ... ok
[INFO] [stdout] test onnx::tests::builder_rejects_unavailable_execution_provider ... ok
[INFO] [stdout] test onnx::tests::execution_provider_default_is_cpu ... ok
[INFO] [stdout] test microphone::tests::the_tap_evicts_whole_frames_past_its_bound ... ok
[INFO] [stdout] test onnx::tests::ort_backed_session_runs_silero_inference ... ok
[INFO] [stdout] test onnx::tests::ort_error_source_chain_preserved ... FAILED
[INFO] [stdout] test onnx::tests::ort_telemetry_is_off_unless_the_variable_is_exactly_one ... ok
[INFO] [stdout] test onnx::tests::output_lookup_by_name_returns_none_for_missing ... ok
[INFO] [stdout] test onnx::tests::mock_session_round_trip ... ok
[INFO] [stdout] test onnx::tests::ort_runtime_minor_is_the_second_dotted_field ... ok
[INFO] [stdout] test microphone::tests::test_stop_empties_stream_and_is_idempotent ... ok
[INFO] [stdout] test microphone::tests::next_chunk_does_not_ingest_after_flush ... ok
[INFO] [stdout] test file::tests::merge_applies_file_time_holdoff ... ok
[INFO] [stdout] test onnx::tests::ort_candidate_mirrors_ort_resolution ... ok
[INFO] [stdout] test onnx::tests::probe_rejects_a_file_that_is_not_a_library ... ok
[INFO] [stdout] test onnx::tests::silero_sr_input_rank_matches_the_model ... ok
[INFO] [stdout] test onnx::tests::wrap_init_error_with_path_is_load_failed ... FAILED
[INFO] [stdout] test sample::tests::an_over_scale_sample_clamps_into_int16_and_passes_through_f32 ... ok
[INFO] [stdout] test sample::tests::test_downmix_drops_trailing_partial_frame ... ok
[INFO] [stdout] test sample::tests::test_downmix_preserves_sign_and_magnitude ... ok
[INFO] [stdout] test onnx::tests::wrap_init_error_without_path_is_init_failed ... FAILED
[INFO] [stdout] test sample::tests::test_downmix_mono_passthrough ... ok
[INFO] [stdout] test sample::tests::test_downmix_empty ... ok
[INFO] [stdout] test sample::tests::test_f32_le_bytes_to_f32_roundtrip ... ok
[INFO] [stdout] test sample::tests::test_f32_le_roundtrip ... ok
[INFO] [stdout] test sample::tests::test_half_amplitude ... ok
[INFO] [stdout] test sample::tests::test_i16_le_bytes_to_f32_max ... ok
[INFO] [stdout] test sample::tests::test_i16_le_bytes_to_f32_roundtrip ... ok
[INFO] [stdout] test sample::tests::test_i16_le_bytes_to_f32_silence ... ok
[INFO] [stdout] test sample::tests::test_max_negative ... ok
[INFO] [stdout] test sample::tests::test_multiple_samples ... ok
[INFO] [stdout] test microphone::tests::test_vad_input_aligned_through_resampler_flush_tail ... ok
[INFO] [stdout] test sample::tests::test_rms_empty_is_zero ... ok
[INFO] [stdout] test sample::tests::test_rms_constant_equals_amplitude ... ok
[INFO] [stdout] test sample::tests::test_downmix_stereo_averages_and_halves ... ok
[INFO] [stdout] test sample::tests::test_f32_le_bytes_to_f32_empty ... ok
[INFO] [stdout] test sample::tests::test_rms_silence_is_zero ... ok
[INFO] [stdout] test sample::tests::test_rms_matches_i16_normalized_convention ... ok
[INFO] [stdout] test sample::tests::test_rms_sine_is_amplitude_over_root_two ... ok
[INFO] [stdout] test sample::tests::test_clamp_above_one ... ok
[INFO] [stdout] test sample::tests::test_select_channel_drops_trailing_partial_frame ... ok
[INFO] [stdout] test sample::tests::test_select_channel_empty ... ok
[INFO] [stdout] test sample::tests::test_select_channel_mono_passthrough ... ok
[INFO] [stdout] test speaker::tests::a_count_the_platform_cannot_express_is_refused_not_panicked ... ignored, needs an output device; see the note on this test
[INFO] [stdout] test sample::tests::test_silence ... ok
[INFO] [stdout] test sample::tests::test_roundtrip_i16 ... ok
[INFO] [stdout] test speaker::tests::test_error_slot_is_taken_once_across_stream_and_sinks ... ok
[INFO] [stdout] test sample::tests::test_select_channel_picks_one_channel_exactly ... ok
[INFO] [stdout] test speaker::tests::test_explicit_stop_leaves_the_error_slot_empty ... ok
[INFO] [stdout] test speaker::tests::test_is_playing_false_immediately_after_stop ... ok
[INFO] [stdout] test speaker::tests::test_render_plays_queued_audio_then_silence ... ok
[INFO] [stdout] test speaker::tests::test_render_stashes_overflow_into_accumulator ... ok
[INFO] [stdout] test speaker::tests::test_send_after_stop_returns_closed ... ok
[INFO] [stdout] test sample::tests::test_downmix_six_channel ... ok
[INFO] [stdout] test speaker::tests::test_sink_takes_the_device_error_from_the_shared_slot ... ok
[INFO] [stdout] test speaker::tests::test_speaker_stream_is_send_and_sync ... ok
[INFO] [stdout] test speaker::tests::test_stop_discards_queued_audio ... ok
[INFO] [stdout] test speaker::tests::test_stop_empties_stream_and_is_idempotent ... ok
[INFO] [stdout] test speaker::tests::test_underrun_count_counts_silence_fill_samples ... ok
[INFO] [stdout] test sample::tests::test_clamp_below_negative_one ... ok
[INFO] [stdout] test speaker::tests::test_stop_discards_when_channel_full ... ok
[INFO] [stdout] test sample::tests::test_max_positive ... ok
[INFO] [stdout] test speaker::tests::validate_bounds_channels_below_only ... ok
[INFO] [stdout] test stage::tests::a_block_carries_its_channel_count_and_derives_its_frames ... ok
[INFO] [stdout] test microphone::tests::test_next_chunk_returns_closed_within_polling_interval_after_stop ... ok
[INFO] [stdout] test sample::tests::test_i16_le_bytes_to_f32_empty ... ok
[INFO] [stdout] test speaker::tests::test_send_after_drain_succeeds_and_stream_stays_open ... ok
[INFO] [stdout] test microphone::tests::test_resample_chain_delivers_exact_blocks_at_target_rate ... ok
[INFO] [stdout] test microphone::tests::test_next_chunk_timeout_returns_none ... ok
[INFO] [stdout] test microphone::tests::test_next_chunk_blocks_until_chunk_arrives ... ok
[INFO] [stdout] test stage::tests::aec_emits_nothing_at_flush_without_near_audio ... ok
[INFO] [stdout] test stage::tests::aec_builds_and_reports_one_engine_per_delivered_channel ... ok
[INFO] [stdout] test speaker::tests::test_sink_drain_is_repeatable ... ok
[INFO] [stdout] test stage::tests::aec_only_chain_leaves_the_tap_inactive_and_adds_no_transform_latency ... ok
[INFO] [stdout] test stage::tests::aec_metrics_come_from_the_chain_that_holds_the_canceller ... ok
[INFO] [stdout] test speaker::tests::drain_returns_when_stream_dropped_without_stop ... ok
[INFO] [stdout] test microphone::tests::test_resample_close_delivers_full_signal_with_flushed_tail ... ok
[INFO] [stdout] test stage::tests::aec_without_a_reference_is_bit_identical_on_the_golden_recording ... FAILED
[INFO] [stdout] test stage::tests::aec_re_blocks_above_one_channel_and_only_there ... ok
[INFO] [stdout] test speaker::tests::test_second_drain_waits_for_its_own_audio ... ok
[INFO] [stdout] test stage::tests::a_silent_channel_stays_silent_through_the_chain ... ok
[INFO] [stdout] test stage::tests::agc_adds_no_transform_latency ... ok
[INFO] [stdout] test stage::tests::agc_stage_is_send ... ok
[INFO] [stdout] test stage::tests::agc_off_builds_no_stage ... ok
[INFO] [stdout] test stage::tests::agc_conditions_audio_through_the_chain ... ok
[INFO] [stdout] test stage::tests::an_unknown_aec_model_name_is_rejected_by_the_cancellers_parse ... ok
[INFO] [stdout] test stage::tests::barely_fed_denoise_chain_still_drains_its_tail ... FAILED
[INFO] [stdout] test stage::tests::build_capture_stage_surfaces_unsupported_rate_pair ... ok
[INFO] [stdout] test stage::tests::build_orders_agc_after_highpass ... ok
[INFO] [stdout] test stage::tests::build_ends_normalize_at_the_canceller ... ok
[INFO] [stdout] test stage::tests::build_orders_denoise_after_dc ... FAILED
[INFO] [stdout] test stage::tests::build_orders_highpass_after_denoise ... FAILED
[INFO] [stdout] test stage::tests::build_orders_highpass_after_dc ... ok
[INFO] [stdout] test stage::tests::build_orders_limiter_after_agc ... ok
[INFO] [stdout] test stage::tests::build_with_dc_removal_adds_transform_even_with_empty_normalize ... ok
[INFO] [stdout] test stage::tests::capture_stage_is_send ... ok
[INFO] [stdout] test stage::tests::build_returns_none_only_for_mono_at_target_rate ... ok
[INFO] [stdout] test stage::tests::dc_removal_removes_offset_preserves_length_and_is_continuous ... ok
[INFO] [stdout] test stage::tests::chain_channel_counts_are_resolved_by_walking_the_stages ... ok
[INFO] [stdout] test stage::tests::dc_stage_is_send ... ok
[INFO] [stdout] test stage::tests::default_is_the_all_off_literal ... ok
[INFO] [stdout] test stage::tests::deinterleave_and_interleave_round_trip_exactly ... ok
[INFO] [stdout] test stage::tests::denoise_chain_is_framed_with_latency_tail ... FAILED
[INFO] [stdout] test stage::tests::downmix_chain_averages_to_mono ... ok
[INFO] [stdout] test stage::tests::downmix_only_flush_is_empty ... ok
[INFO] [stdout] test stage::tests::denoise_tap_leads_delivered_by_bounded_amount ... FAILED
[INFO] [stdout] test stage::tests::flush_captures_post_normalize_tail ... ok
[INFO] [stdout] test stage::tests::flush_drains_resampler_tail_exactly ... ok
[INFO] [stdout] test stage::tests::highpass_100hz_attenuates_below_cutoff_and_preserves_passband ... ok
[INFO] [stdout] test stage::tests::highpass_adds_no_transform_latency ... ok
[INFO] [stdout] test stage::tests::flush_without_input_appends_nothing ... ok
[INFO] [stdout] test stage::tests::highpass_attenuates_below_cutoff_and_preserves_passband ... ok
[INFO] [stdout] test stage::tests::highpass_stage_is_send ... ok
[INFO] [stdout] test stage::tests::highpass_state_carries_across_blocks ... ok
[INFO] [stdout] test stage::tests::limiter_adds_no_transform_latency ... ok
[INFO] [stdout] test stage::tests::highpass_off_builds_no_stage ... ok
[INFO] [stdout] test stage::tests::limiter_caps_audio_through_the_chain ... ok
[INFO] [stdout] test stage::tests::limiter_off_builds_no_stage ... ok
[INFO] [stdout] test stage::tests::limiter_stage_is_send ... ok
[INFO] [stdout] test stage::tests::no_map_keeps_the_average_byte_identical ... ok
[INFO] [stdout] test stage::tests::non_finite_guard_is_exact_on_finite_input ... ok
[INFO] [stdout] test stage::tests::non_finite_input_does_not_poison_denoise ... FAILED
[INFO] [stdout] test stage::tests::non_finite_input_does_not_poison_the_chain ... ok
[INFO] [stdout] test stage::tests::per_channel_runs_the_wrapped_stage_independently ... ok
[INFO] [stdout] test stage::tests::reference_queue_keeps_the_oldest_run_and_counts_what_it_dropped ... ok
[INFO] [stdout] test stage::tests::resample_chain_changes_rate_and_count ... ok
[INFO] [stdout] test stage::tests::aec_leaves_the_tap_in_lockstep_with_the_delivered_output ... ok
[INFO] [stdout] test stage::tests::resample_latency_forwards_but_does_not_enter_transform_latency ... ok
[INFO] [stdout] test stage::tests::repeated_flush_appends_nothing ... ok
[INFO] [stdout] test stage::tests::run_skips_tap_when_no_transform ... ok
[INFO] [stdout] test stage::tests::resampler_error_bridges_to_decibri_error ... ok
[INFO] [stdout] test stage::tests::select_gathers_exactly_the_named_device_channel ... ok
[INFO] [stdout] test stage::tests::select_gathers_in_map_order_at_general_width ... ok
[INFO] [stdout] test stage::tests::select_accepts_an_index_bounded_only_by_the_device_report ... ok
[INFO] [stdout] test stage::tests::the_chain_gain_tier_preserves_inter_channel_balance ... ok
[INFO] [stdout] test stage::tests::run_captures_post_normalize_tap ... ok
[INFO] [stdout] test stage::tests::the_mono_chain_is_byte_identical_to_the_primitive_composition ... ok
[INFO] [stdout] test stage::tests::the_planar_carriage_serves_u16_max_channels ... ok
[INFO] [stdout] test stage::tests::select_then_resample_matches_resampling_the_selected_channel ... ok
[INFO] [stdout] test stage::tests::the_tap_is_interleaved_at_the_post_normalize_count ... ok
[INFO] [stdout] test stage::tests::transform_latency_is_zero_without_a_framed_stage ... ok
[INFO] [stdout] test stage::tests::transform_latency_reports_denoise_lead ... FAILED
[INFO] [stdout] test stage::tests::aec_without_a_reference_is_bit_identical_to_aec_off ... ok
[INFO] [stdout] test stage::tests::transform_off_leaves_segment_empty_and_output_unchanged ... ok
[INFO] [stdout] test stage::tests::unfed_denoise_chain_flush_appends_nothing ... FAILED
[INFO] [stdout] test vad::tests::malformed_probability_output_returns_typed_error ... ok
[INFO] [stdout] test vad::tests::malformed_state_output_returns_typed_error ... ok
[INFO] [stdout] test vad::tests::multichannel_is_downmixed_to_mono_before_vad ... FAILED
[INFO] [stdout] test vad::tests::test_is_ort_path_error ... FAILED
[INFO] [stdout] test vad::tests::test_vad_accumulator_carry ... FAILED
[INFO] [stdout] test vad::tests::test_vad_accumulator_windows ... FAILED
[INFO] [stdout] test vad::tests::test_vad_config_validation ... ok
[INFO] [stdout] test vad::tests::test_vad_loads_model ... FAILED
[INFO] [stdout] test stage::tests::the_chain_resolves_k_in_to_target_out_through_the_walk ... ok
[INFO] [stdout] test vad::tests::test_vad_silence ... FAILED
[INFO] [stdout] test vad::tests::test_vad_reset ... FAILED
[INFO] [stdout] test vad::tests::test_vad_small_chunk ... FAILED
[INFO] [stdout] test vad::tests::test_vad_state_persistence ... FAILED
[INFO] [stdout] test vad::tests::vad_golden_output_regression ... FAILED
[INFO] [stdout] test vad::tests::vad_golden_output_regression_tts_speech ... FAILED
[INFO] [stdout] test stage::tests::aec_cancels_a_synthetic_echo_of_its_reference ... ok
[INFO] [stdout] test stage::tests::two_segment_run_and_flush_order_and_tail ... ok
[INFO] [stdout] test stage::tests::aec_identical_channels_deliver_identical_samples ... ok
[INFO] [stdout] test stage::tests::aec_resamples_a_reference_declared_at_another_rate ... ok
[INFO] [stdout] test microphone::tests::a_declared_stereo_reference_lets_the_delay_search_lock ... ok
[INFO] [stdout] test stage::tests::the_reference_frontier_never_runs_ahead_of_the_capture ... ok
[INFO] [stdout] test stage::tests::aec_locks_on_a_reference_handed_over_a_whole_utterance_at_a_time ... ok
[INFO] [stdout] test stage::tests::a_reference_pushed_ahead_is_read_out_in_full ... ok
[INFO] [stdout] test stage::tests::aec_runs_after_the_resampler ... ok
[INFO] [stdout] test stage::tests::an_oversized_reference_push_costs_only_the_span_it_discarded ... ok
[INFO] [stdout] test file::tests::undrained_feed_holds_two_seconds_at_the_detector_rate ... ok
[INFO] [stdout] test stage::tests::aec_channels_with_different_delays_lock_apart_and_stay_in_lockstep ... ok
[INFO] [stdout] test stage::tests::aec_cancels_after_the_caller_stops_pushing ... ok
[INFO] [stdout] test stage::tests::aec_locks_on_a_reference_pushed_before_the_first_capture_block ... ok
[INFO] [stdout] 
[INFO] [stdout] failures:
[INFO] [stdout] 
[INFO] [stdout] ---- denoise::tests::denoise_stage_processes_and_advances_caches stdout ----
[INFO] [stdout] 
[INFO] [stdout] thread 'denoise::tests::denoise_stage_processes_and_advances_caches' (561) panicked at src/denoise.rs:420:14:
[INFO] [stdout] bundled FastEnhancer-T model loads: OrtPathInvalid { path: "libonnxruntime.so", reason: "no ONNX Runtime is resolvable: ORT_DYLIB_PATH is not set and the system loader cannot find the runtime library" }
[INFO] [stdout] stack backtrace:
[INFO] [stdout]    0:     0x630e1baf08b1 - <<std[617be2ca0a6fd877]::sys::backtrace::BacktraceLock>::print::DisplayBacktrace as core[a373ad73a504971]::fmt::Display>::fmt
[INFO] [stdout]    1:     0x630e1bb06bda - core[a373ad73a504971]::fmt::write
[INFO] [stdout]    2:     0x630e1baf4aec - <alloc[2e1b2a31b91974c5]::vec::Vec<u8> as core[a373ad73a504971]::io::write::Write>::write_fmt
[INFO] [stdout]    3:     0x630e1bacbef6 - std[617be2ca0a6fd877]::panicking::default_hook::{closure#0}
[INFO] [stdout]    4:     0x630e1bae88b9 - std[617be2ca0a6fd877]::panicking::default_hook
[INFO] [stdout]    5:     0x630e1ba3ebe0 - test[aada8e7e76ba119b]::test_main_inner::{closure#0}
[INFO] [stdout]    6:     0x630e1bae8a72 - std[617be2ca0a6fd877]::panicking::panic_with_hook
[INFO] [stdout]    7:     0x630e1bacbfa2 - std[617be2ca0a6fd877]::panicking::panic_handler::{closure#0}
[INFO] [stdout]    8:     0x630e1bac4a79 - std[617be2ca0a6fd877]::sys::backtrace::__rust_end_short_backtrace::<std[617be2ca0a6fd877]::panicking::panic_handler::{closure#0}, !>
[INFO] [stdout]    9:     0x630e1baccbad - __rustc[ea4f61d10b84890b]::rust_begin_unwind
[INFO] [stdout]   10:     0x630e1bb0730c - core[a373ad73a504971]::panicking::panic_fmt
[INFO] [stdout]   11:     0x630e1bb070e2 - core[a373ad73a504971]::result::unwrap_failed
[INFO] [stdout]   12:     0x630e1ba15007 - <decibri[6a88e457a15c3e]::denoise::tests::denoise_stage_processes_and_advances_caches::{closure#0} as core[a373ad73a504971]::ops::function::FnOnce<()>>::call_once
[INFO] [stdout]   13:     0x630e1ba3202b - test[aada8e7e76ba119b]::__rust_begin_short_backtrace::<core[a373ad73a504971]::result::Result<(), alloc[2e1b2a31b91974c5]::string::String>, fn() -> core[a373ad73a504971]::result::Result<(), alloc[2e1b2a31b91974c5]::string::String>>
[INFO] [stdout]   14:     0x630e1ba3f205 - test[aada8e7e76ba119b]::run_test::{closure#0}
[INFO] [stdout]   15:     0x630e1ba38af4 - std[617be2ca0a6fd877]::sys::backtrace::__rust_begin_short_backtrace::<test[aada8e7e76ba119b]::run_test::{closure#1}, ()>
[INFO] [stdout]   16:     0x630e1ba42292 - <std[617be2ca0a6fd877]::thread::lifecycle::spawn_unchecked<test[aada8e7e76ba119b]::run_test::{closure#1}, ()>::{closure#1} as core[a373ad73a504971]::ops::function::FnOnce<()>>::call_once::{shim:vtable#0}
[INFO] [stdout]   17:     0x630e1baefc1f - <std[617be2ca0a6fd877]::sys::thread::unix::Thread>::new::thread_start
[INFO] [stdout]   18:     0x72593c422dfa - <unknown>
[INFO] [stdout]   19:     0x72593c4b63d4 - clone
[INFO] [stdout]   20:                0x0 - <unknown>
[INFO] [stdout] 
[INFO] [stdout] ---- file::tests::a_flac_named_wav_decodes_as_a_flac stdout ----
[INFO] [stdout] 
[INFO] [stdout] thread 'file::tests::a_flac_named_wav_decodes_as_a_flac' (592) panicked at src/file.rs:1937:56:
[INFO] [stdout] the committed FLAC reads: Os { code: 2, kind: NotFound, message: "No such file or directory" }
[INFO] [stdout] stack backtrace:
[INFO] [stdout]    0:     0x630e1baf08b1 - <<std[617be2ca0a6fd877]::sys::backtrace::BacktraceLock>::print::DisplayBacktrace as core[a373ad73a504971]::fmt::Display>::fmt
[INFO] [stdout]    1:     0x630e1bb06bda - core[a373ad73a504971]::fmt::write
[INFO] [stdout]    2:     0x630e1baf4aec - <alloc[2e1b2a31b91974c5]::vec::Vec<u8> as core[a373ad73a504971]::io::write::Write>::write_fmt
[INFO] [stdout]    3:     0x630e1bacbef6 - std[617be2ca0a6fd877]::panicking::default_hook::{closure#0}
[INFO] [stdout]    4:     0x630e1bae88b9 - std[617be2ca0a6fd877]::panicking::default_hook
[INFO] [stdout]    5:     0x630e1ba3ebe0 - test[aada8e7e76ba119b]::test_main_inner::{closure#0}
[INFO] [stdout]    6:     0x630e1bae8a72 - std[617be2ca0a6fd877]::panicking::panic_with_hook
[INFO] [stdout]    7:     0x630e1bacbfa2 - std[617be2ca0a6fd877]::panicking::panic_handler::{closure#0}
[INFO] [stdout]    8:     0x630e1bac4a79 - std[617be2ca0a6fd877]::sys::backtrace::__rust_end_short_backtrace::<std[617be2ca0a6fd877]::panicking::panic_handler::{closure#0}, !>
[INFO] [stdout]    9:     0x630e1baccbad - __rustc[ea4f61d10b84890b]::rust_begin_unwind
[INFO] [stdout]   10:     0x630e1bb0730c - core[a373ad73a504971]::panicking::panic_fmt
[INFO] [stdout]   11:     0x630e1bb070e2 - core[a373ad73a504971]::result::unwrap_failed
[INFO] [stdout]   12:     0x630e1b95fcf1 - <decibri[6a88e457a15c3e]::file::tests::a_flac_named_wav_decodes_as_a_flac::{closure#0} as core[a373ad73a504971]::ops::function::FnOnce<()>>::call_once
[INFO] [stdout]   13:     0x630e1ba3202b - test[aada8e7e76ba119b]::__rust_begin_short_backtrace::<core[a373ad73a504971]::result::Result<(), alloc[2e1b2a31b91974c5]::string::String>, fn() -> core[a373ad73a504971]::result::Result<(), alloc[2e1b2a31b91974c5]::string::String>>
[INFO] [stdout]   14:     0x630e1ba3f205 - test[aada8e7e76ba119b]::run_test::{closure#0}
[INFO] [stdout]   15:     0x630e1ba38af4 - std[617be2ca0a6fd877]::sys::backtrace::__rust_begin_short_backtrace::<test[aada8e7e76ba119b]::run_test::{closure#1}, ()>
[INFO] [stdout]   16:     0x630e1ba42292 - <std[617be2ca0a6fd877]::thread::lifecycle::spawn_unchecked<test[aada8e7e76ba119b]::run_test::{closure#1}, ()>::{closure#1} as core[a373ad73a504971]::ops::function::FnOnce<()>>::call_once::{shim:vtable#0}
[INFO] [stdout]   17:     0x630e1baefc1f - <std[617be2ca0a6fd877]::sys::thread::unix::Thread>::new::thread_start
[INFO] [stdout]   18:     0x72593c422dfa - <unknown>
[INFO] [stdout]   19:     0x72593c4b63d4 - clone
[INFO] [stdout]   20:                0x0 - <unknown>
[INFO] [stdout] 
[INFO] [stdout] ---- file::tests::analyse_equals_analyze stdout ----
[INFO] [stdout] 
[INFO] [stdout] thread 'file::tests::analyse_equals_analyze' (600) panicked at src/file.rs:2967:14:
[INFO] [stdout] called `Result::unwrap()` on an `Err` value: FileReadFailed { path: "/opt/rustwide/workdir/tests/assets/vad-golden-tts-speech-16k.wav", source: Os { code: 2, kind: NotFound, message: "No such file or directory" } }
[INFO] [stdout] stack backtrace:
[INFO] [stdout]    0:     0x630e1baf08b1 - <<std[617be2ca0a6fd877]::sys::backtrace::BacktraceLock>::print::DisplayBacktrace as core[a373ad73a504971]::fmt::Display>::fmt
[INFO] [stdout]    1:     0x630e1bb06bda - core[a373ad73a504971]::fmt::write
[INFO] [stdout]    2:     0x630e1baf4aec - <alloc[2e1b2a31b91974c5]::vec::Vec<u8> as core[a373ad73a504971]::io::write::Write>::write_fmt
[INFO] [stdout]    3:     0x630e1bacbef6 - std[617be2ca0a6fd877]::panicking::default_hook::{closure#0}
[INFO] [stdout]    4:     0x630e1bae88b9 - std[617be2ca0a6fd877]::panicking::default_hook
[INFO] [stdout]    5:     0x630e1ba3ebe0 - test[aada8e7e76ba119b]::test_main_inner::{closure#0}
[INFO] [stdout]    6:     0x630e1bae8a72 - std[617be2ca0a6fd877]::panicking::panic_with_hook
[INFO] [stdout]    7:     0x630e1bacbfa2 - std[617be2ca0a6fd877]::panicking::panic_handler::{closure#0}
[INFO] [stdout]    8:     0x630e1bac4a79 - std[617be2ca0a6fd877]::sys::backtrace::__rust_end_short_backtrace::<std[617be2ca0a6fd877]::panicking::panic_handler::{closure#0}, !>
[INFO] [stdout]    9:     0x630e1baccbad - __rustc[ea4f61d10b84890b]::rust_begin_unwind
[INFO] [stdout]   10:     0x630e1bb0730c - core[a373ad73a504971]::panicking::panic_fmt
[INFO] [stdout]   11:     0x630e1bb070e2 - core[a373ad73a504971]::result::unwrap_failed
[INFO] [stdout]   12:     0x630e1b95cfe1 - <decibri[6a88e457a15c3e]::file::tests::analyse_equals_analyze::{closure#0} as core[a373ad73a504971]::ops::function::FnOnce<()>>::call_once
[INFO] [stdout]   13:     0x630e1ba3202b - test[aada8e7e76ba119b]::__rust_begin_short_backtrace::<core[a373ad73a504971]::result::Result<(), alloc[2e1b2a31b91974c5]::string::String>, fn() -> core[a373ad73a504971]::result::Result<(), alloc[2e1b2a31b91974c5]::string::String>>
[INFO] [stdout]   14:     0x630e1ba3f205 - test[aada8e7e76ba119b]::run_test::{closure#0}
[INFO] [stdout]   15:     0x630e1ba38af4 - std[617be2ca0a6fd877]::sys::backtrace::__rust_begin_short_backtrace::<test[aada8e7e76ba119b]::run_test::{closure#1}, ()>
[INFO] [stdout]   16:     0x630e1ba42292 - <std[617be2ca0a6fd877]::thread::lifecycle::spawn_unchecked<test[aada8e7e76ba119b]::run_test::{closure#1}, ()>::{closure#1} as core[a373ad73a504971]::ops::function::FnOnce<()>>::call_once::{shim:vtable#0}
[INFO] [stdout]   17:     0x630e1baefc1f - <std[617be2ca0a6fd877]::sys::thread::unix::Thread>::new::thread_start
[INFO] [stdout]   18:     0x72593c422dfa - <unknown>
[INFO] [stdout]   19:     0x72593c4b63d4 - clone
[INFO] [stdout]   20:                0x0 - <unknown>
[INFO] [stdout] 
[INFO] [stdout] ---- file::tests::analyze_matches_direct_window_scoring stdout ----
[INFO] [stdout] 
[INFO] [stdout] thread 'file::tests::analyze_matches_direct_window_scoring' (604) panicked at src/file.rs:2871:14:
[INFO] [stdout] called `Result::unwrap()` on an `Err` value: FileReadFailed { path: "/opt/rustwide/workdir/tests/assets/vad-golden-tts-speech-16k.wav", source: Os { code: 2, kind: NotFound, message: "No such file or directory" } }
[INFO] [stdout] stack backtrace:
[INFO] [stdout]    0:     0x630e1baf08b1 - <<std[617be2ca0a6fd877]::sys::backtrace::BacktraceLock>::print::DisplayBacktrace as core[a373ad73a504971]::fmt::Display>::fmt
[INFO] [stdout]    1:     0x630e1bb06bda - core[a373ad73a504971]::fmt::write
[INFO] [stdout]    2:     0x630e1baf4aec - <alloc[2e1b2a31b91974c5]::vec::Vec<u8> as core[a373ad73a504971]::io::write::Write>::write_fmt
[INFO] [stdout]    3:     0x630e1bacbef6 - std[617be2ca0a6fd877]::panicking::default_hook::{closure#0}
[INFO] [stdout]    4:     0x630e1bae88b9 - std[617be2ca0a6fd877]::panicking::default_hook
[INFO] [stdout]    5:     0x630e1ba3ebe0 - test[aada8e7e76ba119b]::test_main_inner::{closure#0}
[INFO] [stdout]    6:     0x630e1bae8a72 - std[617be2ca0a6fd877]::panicking::panic_with_hook
[INFO] [stdout]    7:     0x630e1bacbfa2 - std[617be2ca0a6fd877]::panicking::panic_handler::{closure#0}
[INFO] [stdout]    8:     0x630e1bac4a79 - std[617be2ca0a6fd877]::sys::backtrace::__rust_end_short_backtrace::<std[617be2ca0a6fd877]::panicking::panic_handler::{closure#0}, !>
[INFO] [stdout]    9:     0x630e1baccbad - __rustc[ea4f61d10b84890b]::rust_begin_unwind
[INFO] [stdout]   10:     0x630e1bb0730c - core[a373ad73a504971]::panicking::panic_fmt
[INFO] [stdout]   11:     0x630e1bb070e2 - core[a373ad73a504971]::result::unwrap_failed
[INFO] [stdout]   12:     0x630e1b963074 - <decibri[6a88e457a15c3e]::file::tests::analyze_matches_direct_window_scoring::{closure#0} as core[a373ad73a504971]::ops::function::FnOnce<()>>::call_once
[INFO] [stdout]   13:     0x630e1ba3202b - test[aada8e7e76ba119b]::__rust_begin_short_backtrace::<core[a373ad73a504971]::result::Result<(), alloc[2e1b2a31b91974c5]::string::String>, fn() -> core[a373ad73a504971]::result::Result<(), alloc[2e1b2a31b91974c5]::string::String>>
[INFO] [stdout]   14:     0x630e1ba3f205 - test[aada8e7e76ba119b]::run_test::{closure#0}
[INFO] [stdout]   15:     0x630e1ba38af4 - std[617be2ca0a6fd877]::sys::backtrace::__rust_begin_short_backtrace::<test[aada8e7e76ba119b]::run_test::{closure#1}, ()>
[INFO] [stdout]   16:     0x630e1ba42292 - <std[617be2ca0a6fd877]::thread::lifecycle::spawn_unchecked<test[aada8e7e76ba119b]::run_test::{closure#1}, ()>::{closure#1} as core[a373ad73a504971]::ops::function::FnOnce<()>>::call_once::{shim:vtable#0}
[INFO] [stdout]   17:     0x630e1baefc1f - <std[617be2ca0a6fd877]::sys::thread::unix::Thread>::new::thread_start
[INFO] [stdout]   18:     0x72593c422dfa - <unknown>
[INFO] [stdout]   19:     0x72593c4b63d4 - clone
[INFO] [stdout]   20:                0x0 - <unknown>
[INFO] [stdout] 
[INFO] [stdout] ---- file::tests::analyze_of_the_golden_recording_is_pinned stdout ----
[INFO] [stdout] 
[INFO] [stdout] thread 'file::tests::analyze_of_the_golden_recording_is_pinned' (605) panicked at src/file.rs:2816:14:
[INFO] [stdout] called `Result::unwrap()` on an `Err` value: FileReadFailed { path: "/opt/rustwide/workdir/tests/assets/vad-golden-tts-speech-16k.wav", source: Os { code: 2, kind: NotFound, message: "No such file or directory" } }
[INFO] [stdout] stack backtrace:
[INFO] [stdout]    0:     0x630e1baf08b1 - <<std[617be2ca0a6fd877]::sys::backtrace::BacktraceLock>::print::DisplayBacktrace as core[a373ad73a504971]::fmt::Display>::fmt
[INFO] [stdout]    1:     0x630e1bb06bda - core[a373ad73a504971]::fmt::write
[INFO] [stdout]    2:     0x630e1baf4aec - <alloc[2e1b2a31b91974c5]::vec::Vec<u8> as core[a373ad73a504971]::io::write::Write>::write_fmt
[INFO] [stdout]    3:     0x630e1bacbef6 - std[617be2ca0a6fd877]::panicking::default_hook::{closure#0}
[INFO] [stdout]    4:     0x630e1bae88b9 - std[617be2ca0a6fd877]::panicking::default_hook
[INFO] [stdout]    5:     0x630e1ba3ebe0 - test[aada8e7e76ba119b]::test_main_inner::{closure#0}
[INFO] [stdout]    6:     0x630e1bae8a72 - std[617be2ca0a6fd877]::panicking::panic_with_hook
[INFO] [stdout]    7:     0x630e1bacbfa2 - std[617be2ca0a6fd877]::panicking::panic_handler::{closure#0}
[INFO] [stdout]    8:     0x630e1bac4a79 - std[617be2ca0a6fd877]::sys::backtrace::__rust_end_short_backtrace::<std[617be2ca0a6fd877]::panicking::panic_handler::{closure#0}, !>
[INFO] [stdout]    9:     0x630e1baccbad - __rustc[ea4f61d10b84890b]::rust_begin_unwind
[INFO] [stdout]   10:     0x630e1bb0730c - core[a373ad73a504971]::panicking::panic_fmt
[INFO] [stdout]   11:     0x630e1bb070e2 - core[a373ad73a504971]::result::unwrap_failed
[INFO] [stdout]   12:     0x630e1b96a4a0 - <decibri[6a88e457a15c3e]::file::tests::analyze_of_the_golden_recording_is_pinned::{closure#0} as core[a373ad73a504971]::ops::function::FnOnce<()>>::call_once
[INFO] [stdout]   13:     0x630e1ba3202b - test[aada8e7e76ba119b]::__rust_begin_short_backtrace::<core[a373ad73a504971]::result::Result<(), alloc[2e1b2a31b91974c5]::string::String>, fn() -> core[a373ad73a504971]::result::Result<(), alloc[2e1b2a31b91974c5]::string::String>>
[INFO] [stdout]   14:     0x630e1ba3f205 - test[aada8e7e76ba119b]::run_test::{closure#0}
[INFO] [stdout]   15:     0x630e1ba38af4 - std[617be2ca0a6fd877]::sys::backtrace::__rust_begin_short_backtrace::<test[aada8e7e76ba119b]::run_test::{closure#1}, ()>
[INFO] [stdout]   16:     0x630e1ba42292 - <std[617be2ca0a6fd877]::thread::lifecycle::spawn_unchecked<test[aada8e7e76ba119b]::run_test::{closure#1}, ()>::{closure#1} as core[a373ad73a504971]::ops::function::FnOnce<()>>::call_once::{shim:vtable#0}
[INFO] [stdout]   17:     0x630e1baefc1f - <std[617be2ca0a6fd877]::sys::thread::unix::Thread>::new::thread_start
[INFO] [stdout]   18:     0x72593c422dfa - <unknown>
[INFO] [stdout]   19:     0x72593c4b63d4 - clone
[INFO] [stdout]   20:                0x0 - <unknown>
[INFO] [stdout] 
[INFO] [stdout] ---- file::tests::analyze_report_is_independent_of_denoise stdout ----
[INFO] [stdout] 
[INFO] [stdout] thread 'file::tests::analyze_report_is_independent_of_denoise' (607) panicked at src/file.rs:2947:57:
[INFO] [stdout] called `Result::unwrap()` on an `Err` value: FileReadFailed { path: "/opt/rustwide/workdir/tests/assets/vad-golden-tts-speech-16k.wav", source: Os { code: 2, kind: NotFound, message: "No such file or directory" } }
[INFO] [stdout] stack backtrace:
[INFO] [stdout]    0:     0x630e1baf08b1 - <<std[617be2ca0a6fd877]::sys::backtrace::BacktraceLock>::print::DisplayBacktrace as core[a373ad73a504971]::fmt::Display>::fmt
[INFO] [stdout]    1:     0x630e1bb06bda - core[a373ad73a504971]::fmt::write
[INFO] [stdout]    2:     0x630e1baf4aec - <alloc[2e1b2a31b91974c5]::vec::Vec<u8> as core[a373ad73a504971]::io::write::Write>::write_fmt
[INFO] [stdout]    3:     0x630e1bacbef6 - std[617be2ca0a6fd877]::panicking::default_hook::{closure#0}
[INFO] [stdout]    4:     0x630e1bae88b9 - std[617be2ca0a6fd877]::panicking::default_hook
[INFO] [stdout]    5:     0x630e1ba3ebe0 - test[aada8e7e76ba119b]::test_main_inner::{closure#0}
[INFO] [stdout]    6:     0x630e1bae8a72 - std[617be2ca0a6fd877]::panicking::panic_with_hook
[INFO] [stdout]    7:     0x630e1bacbfa2 - std[617be2ca0a6fd877]::panicking::panic_handler::{closure#0}
[INFO] [stdout]    8:     0x630e1bac4a79 - std[617be2ca0a6fd877]::sys::backtrace::__rust_end_short_backtrace::<std[617be2ca0a6fd877]::panicking::panic_handler::{closure#0}, !>
[INFO] [stdout]    9:     0x630e1baccbad - __rustc[ea4f61d10b84890b]::rust_begin_unwind
[INFO] [stdout]   10:     0x630e1bb0730c - core[a373ad73a504971]::panicking::panic_fmt
[INFO] [stdout]   11:     0x630e1bb070e2 - core[a373ad73a504971]::result::unwrap_failed
[INFO] [stdout]   12:     0x630e1b968eb8 - <decibri[6a88e457a15c3e]::file::tests::analyze_report_is_independent_of_denoise::{closure#0} as core[a373ad73a504971]::ops::function::FnOnce<()>>::call_once
[INFO] [stdout]   13:     0x630e1ba3202b - test[aada8e7e76ba119b]::__rust_begin_short_backtrace::<core[a373ad73a504971]::result::Result<(), alloc[2e1b2a31b91974c5]::string::String>, fn() -> core[a373ad73a504971]::result::Result<(), alloc[2e1b2a31b91974c5]::string::String>>
[INFO] [stdout]   14:     0x630e1ba3f205 - test[aada8e7e76ba119b]::run_test::{closure#0}
[INFO] [stdout]   15:     0x630e1ba38af4 - std[617be2ca0a6fd877]::sys::backtrace::__rust_begin_short_backtrace::<test[aada8e7e76ba119b]::run_test::{closure#1}, ()>
[INFO] [stdout]   16:     0x630e1ba42292 - <std[617be2ca0a6fd877]::thread::lifecycle::spawn_unchecked<test[aada8e7e76ba119b]::run_test::{closure#1}, ()>::{closure#1} as core[a373ad73a504971]::ops::function::FnOnce<()>>::call_once::{shim:vtable#0}
[INFO] [stdout]   17:     0x630e1baefc1f - <std[617be2ca0a6fd877]::sys::thread::unix::Thread>::new::thread_start
[INFO] [stdout]   18:     0x72593c422dfa - <unknown>
[INFO] [stdout]   19:     0x72593c4b63d4 - clone
[INFO] [stdout]   20:                0x0 - <unknown>
[INFO] [stdout] 
[INFO] [stdout] ---- denoise::tests::denoise_flush_drains_tail_and_resets stdout ----
[INFO] [stdout] 
[INFO] [stdout] thread 'denoise::tests::denoise_flush_drains_tail_and_resets' (559) panicked at src/denoise.rs:462:14:
[INFO] [stdout] bundled FastEnhancer-T model loads: OrtPathInvalid { path: "libonnxruntime.so", reason: "no ONNX Runtime is resolvable: ORT_DYLIB_PATH is not set and the system loader cannot find the runtime library" }
[INFO] [stdout] stack backtrace:
[INFO] [stdout]    0:     0x630e1baf08b1 - <<std[617be2ca0a6fd877]::sys::backtrace::BacktraceLock>::print::DisplayBacktrace as core[a373ad73a504971]::fmt::Display>::fmt
[INFO] [stdout]    1:     0x630e1bb06bda - core[a373ad73a504971]::fmt::write
[INFO] [stdout]    2:     0x630e1baf4aec - <alloc[2e1b2a31b91974c5]::vec::Vec<u8> as core[a373ad73a504971]::io::write::Write>::write_fmt
[INFO] [stdout]    3:     0x630e1bacbef6 - std[617be2ca0a6fd877]::panicking::default_hook::{closure#0}
[INFO] [stdout]    4:     0x630e1bae88b9 - std[617be2ca0a6fd877]::panicking::default_hook
[INFO] [stdout]    5:     0x630e1ba3ebe0 - test[aada8e7e76ba119b]::test_main_inner::{closure#0}
[INFO] [stdout]    6:     0x630e1bae8a72 - std[617be2ca0a6fd877]::panicking::panic_with_hook
[INFO] [stdout]    7:     0x630e1bacbfa2 - std[617be2ca0a6fd877]::panicking::panic_handler::{closure#0}
[INFO] [stdout]    8:     0x630e1bac4a79 - std[617be2ca0a6fd877]::sys::backtrace::__rust_end_short_backtrace::<std[617be2ca0a6fd877]::panicking::panic_handler::{closure#0}, !>
[INFO] [stdout]    9:     0x630e1baccbad - __rustc[ea4f61d10b84890b]::rust_begin_unwind
[INFO] [stdout]   10:     0x630e1bb0730c - core[a373ad73a504971]::panicking::panic_fmt
[INFO] [stdout]   11:     0x630e1bb070e2 - core[a373ad73a504971]::result::unwrap_failed
[INFO] [stdout]   12:     0x630e1ba11533 - <decibri[6a88e457a15c3e]::denoise::tests::denoise_flush_drains_tail_and_resets::{closure#0} as core[a373ad73a504971]::ops::function::FnOnce<()>>::call_once
[INFO] [stdout]   13:     0x630e1ba3202b - test[aada8e7e76ba119b]::__rust_begin_short_backtrace::<core[a373ad73a504971]::result::Result<(), alloc[2e1b2a31b91974c5]::string::String>, fn() -> core[a373ad73a504971]::result::Result<(), alloc[2e1b2a31b91974c5]::string::String>>
[INFO] [stdout]   14:     0x630e1ba3f205 - test[aada8e7e76ba119b]::run_test::{closure#0}
[INFO] [stdout]   15:     0x630e1ba38af4 - std[617be2ca0a6fd877]::sys::backtrace::__rust_begin_short_backtrace::<test[aada8e7e76ba119b]::run_test::{closure#1}, ()>
[INFO] [stdout]   16:     0x630e1ba42292 - <std[617be2ca0a6fd877]::thread::lifecycle::spawn_unchecked<test[aada8e7e76ba119b]::run_test::{closure#1}, ()>::{closure#1} as core[a373ad73a504971]::ops::function::FnOnce<()>>::call_once::{shim:vtable#0}
[INFO] [stdout]   17:     0x630e1baefc1f - <std[617be2ca0a6fd877]::sys::thread::unix::Thread>::new::thread_start
[INFO] [stdout]   18:     0x72593c422dfa - <unknown>
[INFO] [stdout]   19:     0x72593c4b63d4 - clone
[INFO] [stdout]   20:                0x0 - <unknown>
[INFO] [stdout] 
[INFO] [stdout] ---- denoise::tests::denoise_improves_noisy_speech_regression stdout ----
[INFO] [stdout] 
[INFO] [stdout] thread 'denoise::tests::denoise_improves_noisy_speech_regression' (560) panicked at src/denoise.rs:687:42:
[INFO] [stdout] read speech fixture wav: Os { code: 2, kind: NotFound, message: "No such file or directory" }
[INFO] [stdout] stack backtrace:
[INFO] [stdout]    0:     0x630e1baf08b1 - <<std[617be2ca0a6fd877]::sys::backtrace::BacktraceLock>::print::DisplayBacktrace as core[a373ad73a504971]::fmt::Display>::fmt
[INFO] [stdout]    1:     0x630e1bb06bda - core[a373ad73a504971]::fmt::write
[INFO] [stdout]    2:     0x630e1baf4aec - <alloc[2e1b2a31b91974c5]::vec::Vec<u8> as core[a373ad73a504971]::io::write::Write>::write_fmt
[INFO] [stdout]    3:     0x630e1bacbef6 - std[617be2ca0a6fd877]::panicking::default_hook::{closure#0}
[INFO] [stdout]    4:     0x630e1bae88b9 - std[617be2ca0a6fd877]::panicking::default_hook
[INFO] [stdout]    5:     0x630e1ba3ebe0 - test[aada8e7e76ba119b]::test_main_inner::{closure#0}
[INFO] [stdout]    6:     0x630e1bae8a72 - std[617be2ca0a6fd877]::panicking::panic_with_hook
[INFO] [stdout]    7:     0x630e1bacbfa2 - std[617be2ca0a6fd877]::panicking::panic_handler::{closure#0}
[INFO] [stdout]    8:     0x630e1bac4a79 - std[617be2ca0a6fd877]::sys::backtrace::__rust_end_short_backtrace::<std[617be2ca0a6fd877]::panicking::panic_handler::{closure#0}, !>
[INFO] [stdout]    9:     0x630e1baccbad - __rustc[ea4f61d10b84890b]::rust_begin_unwind
[INFO] [stdout]   10:     0x630e1bb0730c - core[a373ad73a504971]::panicking::panic_fmt
[INFO] [stdout]   11:     0x630e1bb070e2 - core[a373ad73a504971]::result::unwrap_failed
[INFO] [stdout]   12:     0x630e1ba141de - <decibri[6a88e457a15c3e]::denoise::tests::denoise_improves_noisy_speech_regression::{closure#0} as core[a373ad73a504971]::ops::function::FnOnce<()>>::call_once
[INFO] [stdout]   13:     0x630e1ba3202b - test[aada8e7e76ba119b]::__rust_begin_short_backtrace::<core[a373ad73a504971]::result::Result<(), alloc[2e1b2a31b91974c5]::string::String>, fn() -> core[a373ad73a504971]::result::Result<(), alloc[2e1b2a31b91974c5]::string::String>>
[INFO] [stdout]   14:     0x630e1ba3f205 - test[aada8e7e76ba119b]::run_test::{closure#0}
[INFO] [stdout]   15:     0x630e1ba38af4 - std[617be2ca0a6fd877]::sys::backtrace::__rust_begin_short_backtrace::<test[aada8e7e76ba119b]::run_test::{closure#1}, ()>
[INFO] [stdout]   16:     0x630e1ba42292 - <std[617be2ca0a6fd877]::thread::lifecycle::spawn_unchecked<test[aada8e7e76ba119b]::run_test::{closure#1}, ()>::{closure#1} as core[a373ad73a504971]::ops::function::FnOnce<()>>::call_once::{shim:vtable#0}
[INFO] [stdout]   17:     0x630e1baefc1f - <std[617be2ca0a6fd877]::sys::thread::unix::Thread>::new::thread_start
[INFO] [stdout]   18:     0x72593c422dfa - <unknown>
[INFO] [stdout]   19:     0x72593c4b63d4 - clone
[INFO] [stdout]   20:                0x0 - <unknown>
[INFO] [stdout] 
[INFO] [stdout] ---- denoise::tests::every_channel_runs_through_its_own_cache_set stdout ----
[INFO] [stdout] 
[INFO] [stdout] thread 'denoise::tests::every_channel_runs_through_its_own_cache_set' (562) panicked at src/denoise.rs:508:14:
[INFO] [stdout] bundled FastEnhancer-T model loads: OrtPathInvalid { path: "libonnxruntime.so", reason: "no ONNX Runtime is resolvable: ORT_DYLIB_PATH is not set and the system loader cannot find the runtime library" }
[INFO] [stdout] stack backtrace:
[INFO] [stdout]    0:     0x630e1baf08b1 - <<std[617be2ca0a6fd877]::sys::backtrace::BacktraceLock>::print::DisplayBacktrace as core[a373ad73a504971]::fmt::Display>::fmt
[INFO] [stdout]    1:     0x630e1bb06bda - core[a373ad73a504971]::fmt::write
[INFO] [stdout]    2:     0x630e1baf4aec - <alloc[2e1b2a31b91974c5]::vec::Vec<u8> as core[a373ad73a504971]::io::write::Write>::write_fmt
[INFO] [stdout]    3:     0x630e1bacbef6 - std[617be2ca0a6fd877]::panicking::default_hook::{closure#0}
[INFO] [stdout]    4:     0x630e1bae88b9 - std[617be2ca0a6fd877]::panicking::default_hook
[INFO] [stdout]    5:     0x630e1ba3ebe0 - test[aada8e7e76ba119b]::test_main_inner::{closure#0}
[INFO] [stdout]    6:     0x630e1bae8a72 - std[617be2ca0a6fd877]::panicking::panic_with_hook
[INFO] [stdout]    7:     0x630e1bacbfa2 - std[617be2ca0a6fd877]::panicking::panic_handler::{closure#0}
[INFO] [stdout]    8:     0x630e1bac4a79 - std[617be2ca0a6fd877]::sys::backtrace::__rust_end_short_backtrace::<std[617be2ca0a6fd877]::panicking::panic_handler::{closure#0}, !>
[INFO] [stdout]    9:     0x630e1baccbad - __rustc[ea4f61d10b84890b]::rust_begin_unwind
[INFO] [stdout]   10:     0x630e1bb0730c - core[a373ad73a504971]::panicking::panic_fmt
[INFO] [stdout]   11:     0x630e1bb070e2 - core[a373ad73a504971]::result::unwrap_failed
[INFO] [stdout]   12:     0x630e1ba15be8 - <decibri[6a88e457a15c3e]::denoise::tests::every_channel_runs_through_its_own_cache_set::{closure#0} as core[a373ad73a504971]::ops::function::FnOnce<()>>::call_once
[INFO] [stdout]   13:     0x630e1ba3202b - test[aada8e7e76ba119b]::__rust_begin_short_backtrace::<core[a373ad73a504971]::result::Result<(), alloc[2e1b2a31b91974c5]::string::String>, fn() -> core[a373ad73a504971]::result::Result<(), alloc[2e1b2a31b91974c5]::string::String>>
[INFO] [stdout]   14:     0x630e1ba3f205 - test[aada8e7e76ba119b]::run_test::{closure#0}
[INFO] [stdout]   15:     0x630e1ba38af4 - std[617be2ca0a6fd877]::sys::backtrace::__rust_begin_short_backtrace::<test[aada8e7e76ba119b]::run_test::{closure#1}, ()>
[INFO] [stdout]   16:     0x630e1ba42292 - <std[617be2ca0a6fd877]::thread::lifecycle::spawn_unchecked<test[aada8e7e76ba119b]::run_test::{closure#1}, ()>::{closure#1} as core[a373ad73a504971]::ops::function::FnOnce<()>>::call_once::{shim:vtable#0}
[INFO] [stdout]   17:     0x630e1baefc1f - <std[617be2ca0a6fd877]::sys::thread::unix::Thread>::new::thread_start
[INFO] [stdout]   18:     0x72593c422dfa - <unknown>
[INFO] [stdout]   19:     0x72593c4b63d4 - clone
[INFO] [stdout]   20:                0x0 - <unknown>
[INFO] [stdout] 
[INFO] [stdout] ---- denoise::tests::unfed_flush_emits_nothing stdout ----
[INFO] [stdout] 
[INFO] [stdout] thread 'denoise::tests::unfed_flush_emits_nothing' (563) panicked at src/denoise.rs:556:14:
[INFO] [stdout] bundled FastEnhancer-T model loads: OrtPathInvalid { path: "libonnxruntime.so", reason: "no ONNX Runtime is resolvable: ORT_DYLIB_PATH is not set and the system loader cannot find the runtime library" }
[INFO] [stdout] stack backtrace:
[INFO] [stdout]    0:     0x630e1baf08b1 - <<std[617be2ca0a6fd877]::sys::backtrace::BacktraceLock>::print::DisplayBacktrace as core[a373ad73a504971]::fmt::Display>::fmt
[INFO] [stdout]    1:     0x630e1bb06bda - core[a373ad73a504971]::fmt::write
[INFO] [stdout]    2:     0x630e1baf4aec - <alloc[2e1b2a31b91974c5]::vec::Vec<u8> as core[a373ad73a504971]::io::write::Write>::write_fmt
[INFO] [stdout]    3:     0x630e1bacbef6 - std[617be2ca0a6fd877]::panicking::default_hook::{closure#0}
[INFO] [stdout]    4:     0x630e1bae88b9 - std[617be2ca0a6fd877]::panicking::default_hook
[INFO] [stdout]    5:     0x630e1ba3ebe0 - test[aada8e7e76ba119b]::test_main_inner::{closure#0}
[INFO] [stdout]    6:     0x630e1bae8a72 - std[617be2ca0a6fd877]::panicking::panic_with_hook
[INFO] [stdout]    7:     0x630e1bacbfa2 - std[617be2ca0a6fd877]::panicking::panic_handler::{closure#0}
[INFO] [stdout]    8:     0x630e1bac4a79 - std[617be2ca0a6fd877]::sys::backtrace::__rust_end_short_backtrace::<std[617be2ca0a6fd877]::panicking::panic_handler::{closure#0}, !>
[INFO] [stdout]    9:     0x630e1baccbad - __rustc[ea4f61d10b84890b]::rust_begin_unwind
[INFO] [stdout]   10:     0x630e1bb0730c - core[a373ad73a504971]::panicking::panic_fmt
[INFO] [stdout]   11:     0x630e1bb070e2 - core[a373ad73a504971]::result::unwrap_failed
[INFO] [stdout]   12:     0x630e1ba10fc8 - <decibri[6a88e457a15c3e]::denoise::tests::unfed_flush_emits_nothing::{closure#0} as core[a373ad73a504971]::ops::function::FnOnce<()>>::call_once
[INFO] [stdout]   13:     0x630e1ba3202b - test[aada8e7e76ba119b]::__rust_begin_short_backtrace::<core[a373ad73a504971]::result::Result<(), alloc[2e1b2a31b91974c5]::string::String>, fn() -> core[a373ad73a504971]::result::Result<(), alloc[2e1b2a31b91974c5]::string::String>>
[INFO] [stdout]   14:     0x630e1ba3f205 - test[aada8e7e76ba119b]::run_test::{closure#0}
[INFO] [stdout]   15:     0x630e1ba38af4 - std[617be2ca0a6fd877]::sys::backtrace::__rust_begin_short_backtrace::<test[aada8e7e76ba119b]::run_test::{closure#1}, ()>
[INFO] [stdout]   16:     0x630e1ba42292 - <std[617be2ca0a6fd877]::thread::lifecycle::spawn_unchecked<test[aada8e7e76ba119b]::run_test::{closure#1}, ()>::{closure#1} as core[a373ad73a504971]::ops::function::FnOnce<()>>::call_once::{shim:vtable#0}
[INFO] [stdout]   17:     0x630e1baefc1f - <std[617be2ca0a6fd877]::sys::thread::unix::Thread>::new::thread_start
[INFO] [stdout]   18:     0x72593c422dfa - <unknown>
[INFO] [stdout]   19:     0x72593c4b63d4 - clone
[INFO] [stdout]   20:                0x0 - <unknown>
[INFO] [stdout] 
[INFO] [stdout] ---- denoise::tests::a_stage_fed_a_little_audio_still_drains_its_tail stdout ----
[INFO] [stdout] 
[INFO] [stdout] thread 'denoise::tests::a_stage_fed_a_little_audio_still_drains_its_tail' (558) panicked at src/denoise.rs:587:14:
[INFO] [stdout] bundled FastEnhancer-T model loads: OrtPathInvalid { path: "libonnxruntime.so", reason: "no ONNX Runtime is resolvable: ORT_DYLIB_PATH is not set and the system loader cannot find the runtime library" }
[INFO] [stdout] stack backtrace:
[INFO] [stdout]    0:     0x630e1baf08b1 - <<std[617be2ca0a6fd877]::sys::backtrace::BacktraceLock>::print::DisplayBacktrace as core[a373ad73a504971]::fmt::Display>::fmt
[INFO] [stdout]    1:     0x630e1bb06bda - core[a373ad73a504971]::fmt::write
[INFO] [stdout]    2:     0x630e1baf4aec - <alloc[2e1b2a31b91974c5]::vec::Vec<u8> as core[a373ad73a504971]::io::write::Write>::write_fmt
[INFO] [stdout]    3:     0x630e1bacbef6 - std[617be2ca0a6fd877]::panicking::default_hook::{closure#0}
[INFO] [stdout]    4:     0x630e1bae88b9 - std[617be2ca0a6fd877]::panicking::default_hook
[INFO] [stdout]    5:     0x630e1ba3ebe0 - test[aada8e7e76ba119b]::test_main_inner::{closure#0}
[INFO] [stdout]    6:     0x630e1bae8a72 - std[617be2ca0a6fd877]::panicking::panic_with_hook
[INFO] [stdout]    7:     0x630e1bacbfa2 - std[617be2ca0a6fd877]::panicking::panic_handler::{closure#0}
[INFO] [stdout]    8:     0x630e1bac4a79 - std[617be2ca0a6fd877]::sys::backtrace::__rust_end_short_backtrace::<std[617be2ca0a6fd877]::panicking::panic_handler::{closure#0}, !>
[INFO] [stdout]    9:     0x630e1baccbad - __rustc[ea4f61d10b84890b]::rust_begin_unwind
[INFO] [stdout]   10:     0x630e1bb0730c - core[a373ad73a504971]::panicking::panic_fmt
[INFO] [stdout]   11:     0x630e1bb070e2 - core[a373ad73a504971]::result::unwrap_failed
[INFO] [stdout]   12:     0x630e1ba1639d - <decibri[6a88e457a15c3e]::denoise::tests::a_stage_fed_a_little_audio_still_drains_its_tail::{closure#0} as core[a373ad73a504971]::ops::function::FnOnce<()>>::call_once
[INFO] [stdout]   13:     0x630e1ba3202b - test[aada8e7e76ba119b]::__rust_begin_short_backtrace::<core[a373ad73a504971]::result::Result<(), alloc[2e1b2a31b91974c5]::string::String>, fn() -> core[a373ad73a504971]::result::Result<(), alloc[2e1b2a31b91974c5]::string::String>>
[INFO] [stdout]   14:     0x630e1ba3f205 - test[aada8e7e76ba119b]::run_test::{closure#0}
[INFO] [stdout]   15:     0x630e1ba38af4 - std[617be2ca0a6fd877]::sys::backtrace::__rust_begin_short_backtrace::<test[aada8e7e76ba119b]::run_test::{closure#1}, ()>
[INFO] [stdout]   16:     0x630e1ba42292 - <std[617be2ca0a6fd877]::thread::lifecycle::spawn_unchecked<test[aada8e7e76ba119b]::run_test::{closure#1}, ()>::{closure#1} as core[a373ad73a504971]::ops::function::FnOnce<()>>::call_once::{shim:vtable#0}
[INFO] [stdout]   17:     0x630e1baefc1f - <std[617be2ca0a6fd877]::sys::thread::unix::Thread>::new::thread_start
[INFO] [stdout]   18:     0x72593c422dfa - <unknown>
[INFO] [stdout]   19:     0x72593c4b63d4 - clone
[INFO] [stdout]   20:                0x0 - <unknown>
[INFO] [stdout] 
[INFO] [stdout] ---- file::tests::analyze_on_a_pristine_file_still_succeeds stdout ----
[INFO] [stdout] 
[INFO] [stdout] thread 'file::tests::analyze_on_a_pristine_file_still_succeeds' (606) panicked at src/file.rs:2803:14:
[INFO] [stdout] called `Result::unwrap()` on an `Err` value: FileReadFailed { path: "/opt/rustwide/workdir/tests/assets/vad-golden-tts-speech-16k.wav", source: Os { code: 2, kind: NotFound, message: "No such file or directory" } }
[INFO] [stdout] stack backtrace:
[INFO] [stdout]    0:     0x630e1baf08b1 - <<std[617be2ca0a6fd877]::sys::backtrace::BacktraceLock>::print::DisplayBacktrace as core[a373ad73a504971]::fmt::Display>::fmt
[INFO] [stdout]    1:     0x630e1bb06bda - core[a373ad73a504971]::fmt::write
[INFO] [stdout]    2:     0x630e1baf4aec - <alloc[2e1b2a31b91974c5]::vec::Vec<u8> as core[a373ad73a504971]::io::write::Write>::write_fmt
[INFO] [stdout]    3:     0x630e1bacbef6 - std[617be2ca0a6fd877]::panicking::default_hook::{closure#0}
[INFO] [stdout]    4:     0x630e1bae88b9 - std[617be2ca0a6fd877]::panicking::default_hook
[INFO] [stdout]    5:     0x630e1ba3ebe0 - test[aada8e7e76ba119b]::test_main_inner::{closure#0}
[INFO] [stdout]    6:     0x630e1bae8a72 - std[617be2ca0a6fd877]::panicking::panic_with_hook
[INFO] [stdout]    7:     0x630e1bacbfa2 - std[617be2ca0a6fd877]::panicking::panic_handler::{closure#0}
[INFO] [stdout]    8:     0x630e1bac4a79 - std[617be2ca0a6fd877]::sys::backtrace::__rust_end_short_backtrace::<std[617be2ca0a6fd877]::panicking::panic_handler::{closure#0}, !>
[INFO] [stdout]    9:     0x630e1baccbad - __rustc[ea4f61d10b84890b]::rust_begin_unwind
[INFO] [stdout]   10:     0x630e1bb0730c - core[a373ad73a504971]::panicking::panic_fmt
[INFO] [stdout]   11:     0x630e1bb070e2 - core[a373ad73a504971]::result::unwrap_failed
[INFO] [stdout]   12:     0x630e1b96a771 - <decibri[6a88e457a15c3e]::file::tests::analyze_on_a_pristine_file_still_succeeds::{closure#0} as core[a373ad73a504971]::ops::function::FnOnce<()>>::call_once
[INFO] [stdout]   13:     0x630e1ba3202b - test[aada8e7e76ba119b]::__rust_begin_short_backtrace::<core[a373ad73a504971]::result::Result<(), alloc[2e1b2a31b91974c5]::string::String>, fn() -> core[a373ad73a504971]::result::Result<(), alloc[2e1b2a31b91974c5]::string::String>>
[INFO] [stdout]   14:     0x630e1ba3f205 - test[aada8e7e76ba119b]::run_test::{closure#0}
[INFO] [stdout]   15:     0x630e1ba38af4 - std[617be2ca0a6fd877]::sys::backtrace::__rust_begin_short_backtrace::<test[aada8e7e76ba119b]::run_test::{closure#1}, ()>
[INFO] [stdout]   16:     0x630e1ba42292 - <std[617be2ca0a6fd877]::thread::lifecycle::spawn_unchecked<test[aada8e7e76ba119b]::run_test::{closure#1}, ()>::{closure#1} as core[a373ad73a504971]::ops::function::FnOnce<()>>::call_once::{shim:vtable#0}
[INFO] [stdout]   17:     0x630e1baefc1f - <std[617be2ca0a6fd877]::sys::thread::unix::Thread>::new::thread_start
[INFO] [stdout]   18:     0x72593c422dfa - <unknown>
[INFO] [stdout]   19:     0x72593c4b63d4 - clone
[INFO] [stdout]   20:                0x0 - <unknown>
[INFO] [stdout] 
[INFO] [stdout] ---- file::tests::analyze_report_is_independent_of_the_dsp_tier stdout ----
[INFO] [stdout] 
[INFO] [stdout] thread 'file::tests::analyze_report_is_independent_of_the_dsp_tier' (608) panicked at src/file.rs:2916:14:
[INFO] [stdout] called `Result::unwrap()` on an `Err` value: FileReadFailed { path: "/opt/rustwide/workdir/tests/assets/vad-golden-tts-speech-16k.wav", source: Os { code: 2, kind: NotFound, message: "No such file or directory" } }
[INFO] [stdout] stack backtrace:
[INFO] [stdout]    0:     0x630e1baf08b1 - <<std[617be2ca0a6fd877]::sys::backtrace::BacktraceLock>::print::DisplayBacktrace as core[a373ad73a504971]::fmt::Display>::fmt
[INFO] [stdout]    1:     0x630e1bb06bda - core[a373ad73a504971]::fmt::write
[INFO] [stdout]    2:     0x630e1baf4aec - <alloc[2e1b2a31b91974c5]::vec::Vec<u8> as core[a373ad73a504971]::io::write::Write>::write_fmt
[INFO] [stdout]    3:     0x630e1bacbef6 - std[617be2ca0a6fd877]::panicking::default_hook::{closure#0}
[INFO] [stdout]    4:     0x630e1bae88b9 - std[617be2ca0a6fd877]::panicking::default_hook
[INFO] [stdout]    5:     0x630e1ba3ebe0 - test[aada8e7e76ba119b]::test_main_inner::{closure#0}
[INFO] [stdout]    6:     0x630e1bae8a72 - std[617be2ca0a6fd877]::panicking::panic_with_hook
[INFO] [stdout]    7:     0x630e1bacbfa2 - std[617be2ca0a6fd877]::panicking::panic_handler::{closure#0}
[INFO] [stdout]    8:     0x630e1bac4a79 - std[617be2ca0a6fd877]::sys::backtrace::__rust_end_short_backtrace::<std[617be2ca0a6fd877]::panicking::panic_handler::{closure#0}, !>
[INFO] [stdout]    9:     0x630e1baccbad - __rustc[ea4f61d10b84890b]::rust_begin_unwind
[INFO] [stdout]   10:     0x630e1bb0730c - core[a373ad73a504971]::panicking::panic_fmt
[INFO] [stdout]   11:     0x630e1bb070e2 - core[a373ad73a504971]::result::unwrap_failed
[INFO] [stdout]   12:     0x630e1b9733c1 - <decibri[6a88e457a15c3e]::file::tests::analyze_report_is_independent_of_the_dsp_tier::{closure#0} as core[a373ad73a504971]::ops::function::FnOnce<()>>::call_once
[INFO] [stdout]   13:     0x630e1ba3202b - test[aada8e7e76ba119b]::__rust_begin_short_backtrace::<core[a373ad73a504971]::result::Result<(), alloc[2e1b2a31b91974c5]::string::String>, fn() -> core[a373ad73a504971]::result::Result<(), alloc[2e1b2a31b91974c5]::string::String>>
[INFO] [stdout]   14:     0x630e1ba3f205 - test[aada8e7e76ba119b]::run_test::{closure#0}
[INFO] [stdout]   15:     0x630e1ba38af4 - std[617be2ca0a6fd877]::sys::backtrace::__rust_begin_short_backtrace::<test[aada8e7e76ba119b]::run_test::{closure#1}, ()>
[INFO] [stdout]   16:     0x630e1ba42292 - <std[617be2ca0a6fd877]::thread::lifecycle::spawn_unchecked<test[aada8e7e76ba119b]::run_test::{closure#1}, ()>::{closure#1} as core[a373ad73a504971]::ops::function::FnOnce<()>>::call_once::{shim:vtable#0}
[INFO] [stdout]   17:     0x630e1baefc1f - <std[617be2ca0a6fd877]::sys::thread::unix::Thread>::new::thread_start
[INFO] [stdout]   18:     0x72593c422dfa - <unknown>
[INFO] [stdout]   19:     0x72593c4b63d4 - clone
[INFO] [stdout]   20:                0x0 - <unknown>
[INFO] [stdout] 
[INFO] [stdout] ---- file::tests::analyze_resamples_feed_for_non_detector_rate stdout ----
[INFO] [stdout] 
[INFO] [stdout] thread 'file::tests::analyze_resamples_feed_for_non_detector_rate' (609) panicked at src/file.rs:2986:58:
[INFO] [stdout] called `Result::unwrap()` on an `Err` value: FileReadFailed { path: "/opt/rustwide/workdir/tests/assets/vad-golden-tts-speech-16k.wav", source: Os { code: 2, kind: NotFound, message: "No such file or directory" } }
[INFO] [stdout] stack backtrace:
[INFO] [stdout]    0:     0x630e1baf08b1 - <<std[617be2ca0a6fd877]::sys::backtrace::BacktraceLock>::print::DisplayBacktrace as core[a373ad73a504971]::fmt::Display>::fmt
[INFO] [stdout]    1:     0x630e1bb06bda - core[a373ad73a504971]::fmt::write
[INFO] [stdout]    2:     0x630e1baf4aec - <alloc[2e1b2a31b91974c5]::vec::Vec<u8> as core[a373ad73a504971]::io::write::Write>::write_fmt
[INFO] [stdout]    3:     0x630e1bacbef6 - std[617be2ca0a6fd877]::panicking::default_hook::{closure#0}
[INFO] [stdout]    4:     0x630e1bae88b9 - std[617be2ca0a6fd877]::panicking::default_hook
[INFO] [stdout]    5:     0x630e1ba3ebe0 - test[aada8e7e76ba119b]::test_main_inner::{closure#0}
[INFO] [stdout]    6:     0x630e1bae8a72 - std[617be2ca0a6fd877]::panicking::panic_with_hook
[INFO] [stdout]    7:     0x630e1bacbfa2 - std[617be2ca0a6fd877]::panicking::panic_handler::{closure#0}
[INFO] [stdout]    8:     0x630e1bac4a79 - std[617be2ca0a6fd877]::sys::backtrace::__rust_end_short_backtrace::<std[617be2ca0a6fd877]::panicking::panic_handler::{closure#0}, !>
[INFO] [stdout]    9:     0x630e1baccbad - __rustc[ea4f61d10b84890b]::rust_begin_unwind
[INFO] [stdout]   10:     0x630e1bb0730c - core[a373ad73a504971]::panicking::panic_fmt
[INFO] [stdout]   11:     0x630e1bb070e2 - core[a373ad73a504971]::result::unwrap_failed
[INFO] [stdout]   12:     0x630e1b970c09 - <decibri[6a88e457a15c3e]::file::tests::analyze_resamples_feed_for_non_detector_rate::{closure#0} as core[a373ad73a504971]::ops::function::FnOnce<()>>::call_once
[INFO] [stdout]   13:     0x630e1ba3202b - test[aada8e7e76ba119b]::__rust_begin_short_backtrace::<core[a373ad73a504971]::result::Result<(), alloc[2e1b2a31b91974c5]::string::String>, fn() -> core[a373ad73a504971]::result::Result<(), alloc[2e1b2a31b91974c5]::string::String>>
[INFO] [stdout]   14:     0x630e1ba3f205 - test[aada8e7e76ba119b]::run_test::{closure#0}
[INFO] [stdout]   15:     0x630e1ba38af4 - std[617be2ca0a6fd877]::sys::backtrace::__rust_begin_short_backtrace::<test[aada8e7e76ba119b]::run_test::{closure#1}, ()>
[INFO] [stdout]   16:     0x630e1ba42292 - <std[617be2ca0a6fd877]::thread::lifecycle::spawn_unchecked<test[aada8e7e76ba119b]::run_test::{closure#1}, ()>::{closure#1} as core[a373ad73a504971]::ops::function::FnOnce<()>>::call_once::{shim:vtable#0}
[INFO] [stdout]   17:     0x630e1baefc1f - <std[617be2ca0a6fd877]::sys::thread::unix::Thread>::new::thread_start
[INFO] [stdout]   18:     0x72593c422dfa - <unknown>
[INFO] [stdout]   19:     0x72593c4b63d4 - clone
[INFO] [stdout]   20:                0x0 - <unknown>
[INFO] [stdout] 
[INFO] [stdout] ---- file::tests::empty_buffer_with_denoise_delivers_nothing stdout ----
[INFO] [stdout] 
[INFO] [stdout] thread 'file::tests::empty_buffer_with_denoise_delivers_nothing' (618) panicked at src/file.rs:1759:63:
[INFO] [stdout] called `Result::unwrap()` on an `Err` value: OrtPathInvalid { path: "libonnxruntime.so", reason: "no ONNX Runtime is resolvable: ORT_DYLIB_PATH is not set and the system loader cannot find the runtime library" }
[INFO] [stdout] stack backtrace:
[INFO] [stdout]    0:     0x630e1baf08b1 - <<std[617be2ca0a6fd877]::sys::backtrace::BacktraceLock>::print::DisplayBacktrace as core[a373ad73a504971]::fmt::Display>::fmt
[INFO] [stdout]    1:     0x630e1bb06bda - core[a373ad73a504971]::fmt::write
[INFO] [stdout]    2:     0x630e1baf4aec - <alloc[2e1b2a31b91974c5]::vec::Vec<u8> as core[a373ad73a504971]::io::write::Write>::write_fmt
[INFO] [stdout]    3:     0x630e1bacbef6 - std[617be2ca0a6fd877]::panicking::default_hook::{closure#0}
[INFO] [stdout]    4:     0x630e1bae88b9 - std[617be2ca0a6fd877]::panicking::default_hook
[INFO] [stdout]    5:     0x630e1ba3ebe0 - test[aada8e7e76ba119b]::test_main_inner::{closure#0}
[INFO] [stdout]    6:     0x630e1bae8a72 - std[617be2ca0a6fd877]::panicking::panic_with_hook
[INFO] [stdout]    7:     0x630e1bacbfa2 - std[617be2ca0a6fd877]::panicking::panic_handler::{closure#0}
[INFO] [stdout]    8:     0x630e1bac4a79 - std[617be2ca0a6fd877]::sys::backtrace::__rust_end_short_backtrace::<std[617be2ca0a6fd877]::panicking::panic_handler::{closure#0}, !>
[INFO] [stdout]    9:     0x630e1baccbad - __rustc[ea4f61d10b84890b]::rust_begin_unwind
[INFO] [stdout]   10:     0x630e1bb0730c - core[a373ad73a504971]::panicking::panic_fmt
[INFO] [stdout]   11:     0x630e1bb070e2 - core[a373ad73a504971]::result::unwrap_failed
[INFO] [stdout]   12:     0x630e1b96ec8f - <decibri[6a88e457a15c3e]::file::tests::empty_buffer_with_denoise_delivers_nothing::{closure#0} as core[a373ad73a504971]::ops::function::FnOnce<()>>::call_once
[INFO] [stdout]   13:     0x630e1ba3202b - test[aada8e7e76ba119b]::__rust_begin_short_backtrace::<core[a373ad73a504971]::result::Result<(), alloc[2e1b2a31b91974c5]::string::String>, fn() -> core[a373ad73a504971]::result::Result<(), alloc[2e1b2a31b91974c5]::string::String>>
[INFO] [stdout]   14:     0x630e1ba3f205 - test[aada8e7e76ba119b]::run_test::{closure#0}
[INFO] [stdout]   15:     0x630e1ba38af4 - std[617be2ca0a6fd877]::sys::backtrace::__rust_begin_short_backtrace::<test[aada8e7e76ba119b]::run_test::{closure#1}, ()>
[INFO] [stdout]   16:     0x630e1ba42292 - <std[617be2ca0a6fd877]::thread::lifecycle::spawn_unchecked<test[aada8e7e76ba119b]::run_test::{closure#1}, ()>::{closure#1} as core[a373ad73a504971]::ops::function::FnOnce<()>>::call_once::{shim:vtable#0}
[INFO] [stdout]   17:     0x630e1baefc1f - <std[617be2ca0a6fd877]::sys::thread::unix::Thread>::new::thread_start
[INFO] [stdout]   18:     0x72593c422dfa - <unknown>
[INFO] [stdout]   19:     0x72593c4b63d4 - clone
[INFO] [stdout]   20:                0x0 - <unknown>
[INFO] [stdout] 
[INFO] [stdout] ---- file::tests::each_read_failure_reports_its_own_variant stdout ----
[INFO] [stdout] 
[INFO] [stdout] thread 'file::tests::each_read_failure_reports_its_own_variant' (615) panicked at src/file.rs:2253:62:
[INFO] [stdout] the committed FLAC reads: Os { code: 2, kind: NotFound, message: "No such file or directory" }
[INFO] [stdout] stack backtrace:
[INFO] [stdout]    0:     0x630e1baf08b1 - <<std[617be2ca0a6fd877]::sys::backtrace::BacktraceLock>::print::DisplayBacktrace as core[a373ad73a504971]::fmt::Display>::fmt
[INFO] [stdout]    1:     0x630e1bb06bda - core[a373ad73a504971]::fmt::write
[INFO] [stdout]    2:     0x630e1baf4aec - <alloc[2e1b2a31b91974c5]::vec::Vec<u8> as core[a373ad73a504971]::io::write::Write>::write_fmt
[INFO] [stdout]    3:     0x630e1bacbef6 - std[617be2ca0a6fd877]::panicking::default_hook::{closure#0}
[INFO] [stdout]    4:     0x630e1bae88b9 - std[617be2ca0a6fd877]::panicking::default_hook
[INFO] [stdout]    5:     0x630e1ba3ebe0 - test[aada8e7e76ba119b]::test_main_inner::{closure#0}
[INFO] [stdout]    6:     0x630e1bae8a72 - std[617be2ca0a6fd877]::panicking::panic_with_hook
[INFO] [stdout]    7:     0x630e1bacbfa2 - std[617be2ca0a6fd877]::panicking::panic_handler::{closure#0}
[INFO] [stdout]    8:     0x630e1bac4a79 - std[617be2ca0a6fd877]::sys::backtrace::__rust_end_short_backtrace::<std[617be2ca0a6fd877]::panicking::panic_handler::{closure#0}, !>
[INFO] [stdout]    9:     0x630e1baccbad - __rustc[ea4f61d10b84890b]::rust_begin_unwind
[INFO] [stdout]   10:     0x630e1bb0730c - core[a373ad73a504971]::panicking::panic_fmt
[INFO] [stdout]   11:     0x630e1bb070e2 - core[a373ad73a504971]::result::unwrap_failed
[INFO] [stdout]   12:     0x630e1b96bc68 - <decibri[6a88e457a15c3e]::file::tests::each_read_failure_reports_its_own_variant::{closure#0} as core[a373ad73a504971]::ops::function::FnOnce<()>>::call_once
[INFO] [stdout]   13:     0x630e1ba3202b - test[aada8e7e76ba119b]::__rust_begin_short_backtrace::<core[a373ad73a504971]::result::Result<(), alloc[2e1b2a31b91974c5]::string::String>, fn() -> core[a373ad73a504971]::result::Result<(), alloc[2e1b2a31b91974c5]::string::String>>
[INFO] [stdout]   14:     0x630e1ba3f205 - test[aada8e7e76ba119b]::run_test::{closure#0}
[INFO] [stdout]   15:     0x630e1ba38af4 - std[617be2ca0a6fd877]::sys::backtrace::__rust_begin_short_backtrace::<test[aada8e7e76ba119b]::run_test::{closure#1}, ()>
[INFO] [stdout]   16:     0x630e1ba42292 - <std[617be2ca0a6fd877]::thread::lifecycle::spawn_unchecked<test[aada8e7e76ba119b]::run_test::{closure#1}, ()>::{closure#1} as core[a373ad73a504971]::ops::function::FnOnce<()>>::call_once::{shim:vtable#0}
[INFO] [stdout]   17:     0x630e1baefc1f - <std[617be2ca0a6fd877]::sys::thread::unix::Thread>::new::thread_start
[INFO] [stdout]   18:     0x72593c422dfa - <unknown>
[INFO] [stdout]   19:     0x72593c4b63d4 - clone
[INFO] [stdout]   20:                0x0 - <unknown>
[INFO] [stdout] 
[INFO] [stdout] ---- file::tests::one_recording_in_two_containers_analyzes_to_one_answer stdout ----
[INFO] [stdout] 
[INFO] [stdout] thread 'file::tests::one_recording_in_two_containers_analyzes_to_one_answer' (626) panicked at src/file.rs:2840:14:
[INFO] [stdout] called `Result::unwrap()` on an `Err` value: FileReadFailed { path: "/opt/rustwide/workdir/tests/assets/vad-golden-tts-speech-16k.wav", source: Os { code: 2, kind: NotFound, message: "No such file or directory" } }
[INFO] [stdout] stack backtrace:
[INFO] [stdout]    0:     0x630e1baf08b1 - <<std[617be2ca0a6fd877]::sys::backtrace::BacktraceLock>::print::DisplayBacktrace as core[a373ad73a504971]::fmt::Display>::fmt
[INFO] [stdout]    1:     0x630e1bb06bda - core[a373ad73a504971]::fmt::write
[INFO] [stdout]    2:     0x630e1baf4aec - <alloc[2e1b2a31b91974c5]::vec::Vec<u8> as core[a373ad73a504971]::io::write::Write>::write_fmt
[INFO] [stdout]    3:     0x630e1bacbef6 - std[617be2ca0a6fd877]::panicking::default_hook::{closure#0}
[INFO] [stdout]    4:     0x630e1bae88b9 - std[617be2ca0a6fd877]::panicking::default_hook
[INFO] [stdout]    5:     0x630e1ba3ebe0 - test[aada8e7e76ba119b]::test_main_inner::{closure#0}
[INFO] [stdout]    6:     0x630e1bae8a72 - std[617be2ca0a6fd877]::panicking::panic_with_hook
[INFO] [stdout]    7:     0x630e1bacbfa2 - std[617be2ca0a6fd877]::panicking::panic_handler::{closure#0}
[INFO] [stdout]    8:     0x630e1bac4a79 - std[617be2ca0a6fd877]::sys::backtrace::__rust_end_short_backtrace::<std[617be2ca0a6fd877]::panicking::panic_handler::{closure#0}, !>
[INFO] [stdout]    9:     0x630e1baccbad - __rustc[ea4f61d10b84890b]::rust_begin_unwind
[INFO] [stdout]   10:     0x630e1bb0730c - core[a373ad73a504971]::panicking::panic_fmt
[INFO] [stdout]   11:     0x630e1bb070e2 - core[a373ad73a504971]::result::unwrap_failed
[INFO] [stdout]   12:     0x630e1b97a7f8 - <decibri[6a88e457a15c3e]::file::tests::one_recording_in_two_containers_analyzes_to_one_answer::{closure#0} as core[a373ad73a504971]::ops::function::FnOnce<()>>::call_once
[INFO] [stdout]   13:     0x630e1ba3202b - test[aada8e7e76ba119b]::__rust_begin_short_backtrace::<core[a373ad73a504971]::result::Result<(), alloc[2e1b2a31b91974c5]::string::String>, fn() -> core[a373ad73a504971]::result::Result<(), alloc[2e1b2a31b91974c5]::string::String>>
[INFO] [stdout]   14:     0x630e1ba3f205 - test[aada8e7e76ba119b]::run_test::{closure#0}
[INFO] [stdout]   15:     0x630e1ba38af4 - std[617be2ca0a6fd877]::sys::backtrace::__rust_begin_short_backtrace::<test[aada8e7e76ba119b]::run_test::{closure#1}, ()>
[INFO] [stdout]   16:     0x630e1ba42292 - <std[617be2ca0a6fd877]::thread::lifecycle::spawn_unchecked<test[aada8e7e76ba119b]::run_test::{closure#1}, ()>::{closure#1} as core[a373ad73a504971]::ops::function::FnOnce<()>>::call_once::{shim:vtable#0}
[INFO] [stdout]   17:     0x630e1baefc1f - <std[617be2ca0a6fd877]::sys::thread::unix::Thread>::new::thread_start
[INFO] [stdout]   18:     0x72593c422dfa - <unknown>
[INFO] [stdout]   19:     0x72593c4b63d4 - clone
[INFO] [stdout]   20:                0x0 - <unknown>
[INFO] [stdout] 
[INFO] [stdout] ---- file::tests::one_span_of_speech_in_three_containers_decodes_to_one_set_of_samples stdout ----
[INFO] [stdout] 
[INFO] [stdout] thread 'file::tests::one_span_of_speech_in_three_containers_decodes_to_one_set_of_samples' (627) panicked at src/file.rs:1842:54:
[INFO] [stdout] the golden recording reads: Os { code: 2, kind: NotFound, message: "No such file or directory" }
[INFO] [stdout] stack backtrace:
[INFO] [stdout]    0:     0x630e1baf08b1 - <<std[617be2ca0a6fd877]::sys::backtrace::BacktraceLock>::print::DisplayBacktrace as core[a373ad73a504971]::fmt::Display>::fmt
[INFO] [stdout]    1:     0x630e1bb06bda - core[a373ad73a504971]::fmt::write
[INFO] [stdout]    2:     0x630e1baf4aec - <alloc[2e1b2a31b91974c5]::vec::Vec<u8> as core[a373ad73a504971]::io::write::Write>::write_fmt
[INFO] [stdout]    3:     0x630e1bacbef6 - std[617be2ca0a6fd877]::panicking::default_hook::{closure#0}
[INFO] [stdout]    4:     0x630e1bae88b9 - std[617be2ca0a6fd877]::panicking::default_hook
[INFO] [stdout]    5:     0x630e1ba3ebe0 - test[aada8e7e76ba119b]::test_main_inner::{closure#0}
[INFO] [stdout]    6:     0x630e1bae8a72 - std[617be2ca0a6fd877]::panicking::panic_with_hook
[INFO] [stdout]    7:     0x630e1bacbfa2 - std[617be2ca0a6fd877]::panicking::panic_handler::{closure#0}
[INFO] [stdout]    8:     0x630e1bac4a79 - std[617be2ca0a6fd877]::sys::backtrace::__rust_end_short_backtrace::<std[617be2ca0a6fd877]::panicking::panic_handler::{closure#0}, !>
[INFO] [stdout]    9:     0x630e1baccbad - __rustc[ea4f61d10b84890b]::rust_begin_unwind
[INFO] [stdout]   10:     0x630e1bb0730c - core[a373ad73a504971]::panicking::panic_fmt
[INFO] [stdout]   11:     0x630e1bb070e2 - core[a373ad73a504971]::result::unwrap_failed
[INFO] [stdout]   12:     0x630e1b9554d4 - decibri[6a88e457a15c3e]::file::tests::golden_samples
[INFO] [stdout]   13:     0x630e1b9544c2 - decibri[6a88e457a15c3e]::file::tests::clip_samples
[INFO] [stdout]   14:     0x630e1b97ff2c - <decibri[6a88e457a15c3e]::file::tests::one_span_of_speech_in_three_containers_decodes_to_one_set_of_samples::{closure#0} as core[a373ad73a504971]::ops::function::FnOnce<()>>::call_once
[INFO] [stdout]   15:     0x630e1ba3202b - test[aada8e7e76ba119b]::__rust_begin_short_backtrace::<core[a373ad73a504971]::result::Result<(), alloc[2e1b2a31b91974c5]::string::String>, fn() -> core[a373ad73a504971]::result::Result<(), alloc[2e1b2a31b91974c5]::string::String>>
[INFO] [stdout]   16:     0x630e1ba3f205 - test[aada8e7e76ba119b]::run_test::{closure#0}
[INFO] [stdout]   17:     0x630e1ba38af4 - std[617be2ca0a6fd877]::sys::backtrace::__rust_begin_short_backtrace::<test[aada8e7e76ba119b]::run_test::{closure#1}, ()>
[INFO] [stdout]   18:     0x630e1ba42292 - <std[617be2ca0a6fd877]::thread::lifecycle::spawn_unchecked<test[aada8e7e76ba119b]::run_test::{closure#1}, ()>::{closure#1} as core[a373ad73a504971]::ops::function::FnOnce<()>>::call_once::{shim:vtable#0}
[INFO] [stdout]   19:     0x630e1baefc1f - <std[617be2ca0a6fd877]::sys::thread::unix::Thread>::new::thread_start
[INFO] [stdout]   20:     0x72593c422dfa - <unknown>
[INFO] [stdout]   21:     0x72593c4b63d4 - clone
[INFO] [stdout]   22:                0x0 - <unknown>
[INFO] [stdout] 
[INFO] [stdout] ---- file::tests::save_flac_compression_range_and_losslessness stdout ----
[INFO] [stdout] 
[INFO] [stdout] thread 'file::tests::save_flac_compression_range_and_losslessness' (635) panicked at src/file.rs:3280:88:
[INFO] [stdout] called `Result::unwrap()` on an `Err` value: FileReadFailed { path: "/opt/rustwide/workdir/tests/assets/libflac-speech-clip-16k.flac", source: Os { code: 2, kind: NotFound, message: "No such file or directory" } }
[INFO] [stdout] stack backtrace:
[INFO] [stdout]    0:     0x630e1baf08b1 - <<std[617be2ca0a6fd877]::sys::backtrace::BacktraceLock>::print::DisplayBacktrace as core[a373ad73a504971]::fmt::Display>::fmt
[INFO] [stdout]    1:     0x630e1bb06bda - core[a373ad73a504971]::fmt::write
[INFO] [stdout]    2:     0x630e1baf4aec - <alloc[2e1b2a31b91974c5]::vec::Vec<u8> as core[a373ad73a504971]::io::write::Write>::write_fmt
[INFO] [stdout]    3:     0x630e1bacbef6 - std[617be2ca0a6fd877]::panicking::default_hook::{closure#0}
[INFO] [stdout]    4:     0x630e1bae88b9 - std[617be2ca0a6fd877]::panicking::default_hook
[INFO] [stdout]    5:     0x630e1ba3ebe0 - test[aada8e7e76ba119b]::test_main_inner::{closure#0}
[INFO] [stdout]    6:     0x630e1bae8a72 - std[617be2ca0a6fd877]::panicking::panic_with_hook
[INFO] [stdout]    7:     0x630e1bacbfa2 - std[617be2ca0a6fd877]::panicking::panic_handler::{closure#0}
[INFO] [stdout]    8:     0x630e1bac4a79 - std[617be2ca0a6fd877]::sys::backtrace::__rust_end_short_backtrace::<std[617be2ca0a6fd877]::panicking::panic_handler::{closure#0}, !>
[INFO] [stdout]    9:     0x630e1baccbad - __rustc[ea4f61d10b84890b]::rust_begin_unwind
[INFO] [stdout]   10:     0x630e1bb0730c - core[a373ad73a504971]::panicking::panic_fmt
[INFO] [stdout]   11:     0x630e1bb070e2 - core[a373ad73a504971]::result::unwrap_failed
[INFO] [stdout]   12:     0x630e1b971cfc - <decibri[6a88e457a15c3e]::file::tests::save_flac_compression_range_and_losslessness::{closure#0} as core[a373ad73a504971]::ops::function::FnOnce<()>>::call_once
[INFO] [stdout]   13:     0x630e1ba3202b - test[aada8e7e76ba119b]::__rust_begin_short_backtrace::<core[a373ad73a504971]::result::Result<(), alloc[2e1b2a31b91974c5]::string::String>, fn() -> core[a373ad73a504971]::result::Result<(), alloc[2e1b2a31b91974c5]::string::String>>
[INFO] [stdout]   14:     0x630e1ba3f205 - test[aada8e7e76ba119b]::run_test::{closure#0}
[INFO] [stdout]   15:     0x630e1ba38af4 - std[617be2ca0a6fd877]::sys::backtrace::__rust_begin_short_backtrace::<test[aada8e7e76ba119b]::run_test::{closure#1}, ()>
[INFO] [stdout]   16:     0x630e1ba42292 - <std[617be2ca0a6fd877]::thread::lifecycle::spawn_unchecked<test[aada8e7e76ba119b]::run_test::{closure#1}, ()>::{closure#1} as core[a373ad73a504971]::ops::function::FnOnce<()>>::call_once::{shim:vtable#0}
[INFO] [stdout]   17:     0x630e1baefc1f - <std[617be2ca0a6fd877]::sys::thread::unix::Thread>::new::thread_start
[INFO] [stdout]   18:     0x72593c422dfa - <unknown>
[INFO] [stdout]   19:     0x72593c4b63d4 - clone
[INFO] [stdout]   20:                0x0 - <unknown>
[INFO] [stdout] 
[INFO] [stdout] ---- file::tests::the_conditioning_chain_runs_on_a_flac_at_a_resampled_rate stdout ----
[INFO] [stdout] 
[INFO] [stdout] thread 'file::tests::the_conditioning_chain_runs_on_a_flac_at_a_resampled_rate' (646) panicked at src/file.rs:1842:54:
[INFO] [stdout] the golden recording reads: Os { code: 2, kind: NotFound, message: "No such file or directory" }
[INFO] [stdout] stack backtrace:
[INFO] [stdout]    0:     0x630e1baf08b1 - <<std[617be2ca0a6fd877]::sys::backtrace::BacktraceLock>::print::DisplayBacktrace as core[a373ad73a504971]::fmt::Display>::fmt
[INFO] [stdout]    1:     0x630e1bb06bda - core[a373ad73a504971]::fmt::write
[INFO] [stdout]    2:     0x630e1baf4aec - <alloc[2e1b2a31b91974c5]::vec::Vec<u8> as core[a373ad73a504971]::io::write::Write>::write_fmt
[INFO] [stdout]    3:     0x630e1bacbef6 - std[617be2ca0a6fd877]::panicking::default_hook::{closure#0}
[INFO] [stdout]    4:     0x630e1bae88b9 - std[617be2ca0a6fd877]::panicking::default_hook
[INFO] [stdout]    5:     0x630e1ba3ebe0 - test[aada8e7e76ba119b]::test_main_inner::{closure#0}
[INFO] [stdout]    6:     0x630e1bae8a72 - std[617be2ca0a6fd877]::panicking::panic_with_hook
[INFO] [stdout]    7:     0x630e1bacbfa2 - std[617be2ca0a6fd877]::panicking::panic_handler::{closure#0}
[INFO] [stdout]    8:     0x630e1bac4a79 - std[617be2ca0a6fd877]::sys::backtrace::__rust_end_short_backtrace::<std[617be2ca0a6fd877]::panicking::panic_handler::{closure#0}, !>
[INFO] [stdout]    9:     0x630e1baccbad - __rustc[ea4f61d10b84890b]::rust_begin_unwind
[INFO] [stdout]   10:     0x630e1bb0730c - core[a373ad73a504971]::panicking::panic_fmt
[INFO] [stdout]   11:     0x630e1bb070e2 - core[a373ad73a504971]::result::unwrap_failed
[INFO] [stdout]   12:     0x630e1b9554d4 - decibri[6a88e457a15c3e]::file::tests::golden_samples
[INFO] [stdout]   13:     0x630e1b9544c2 - decibri[6a88e457a15c3e]::file::tests::clip_samples
[INFO] [stdout]   14:     0x630e1b97c3be - <decibri[6a88e457a15c3e]::file::tests::the_conditioning_chain_runs_on_a_flac_at_a_resampled_rate::{closure#0} as core[a373ad73a504971]::ops::function::FnOnce<()>>::call_once
[INFO] [stdout]   15:     0x630e1ba3202b - test[aada8e7e76ba119b]::__rust_begin_short_backtrace::<core[a373ad73a504971]::result::Result<(), alloc[2e1b2a31b91974c5]::string::String>, fn() -> core[a373ad73a504971]::result::Result<(), alloc[2e1b2a31b91974c5]::string::String>>
[INFO] [stdout]   16:     0x630e1ba3f205 - test[aada8e7e76ba119b]::run_test::{closure#0}
[INFO] [stdout]   17:     0x630e1ba38af4 - std[617be2ca0a6fd877]::sys::backtrace::__rust_begin_short_backtrace::<test[aada8e7e76ba119b]::run_test::{closure#1}, ()>
[INFO] [stdout]   18:     0x630e1ba42292 - <std[617be2ca0a6fd877]::thread::lifecycle::spawn_unchecked<test[aada8e7e76ba119b]::run_test::{closure#1}, ()>::{closure#1} as core[a373ad73a504971]::ops::function::FnOnce<()>>::call_once::{shim:vtable#0}
[INFO] [stdout]   19:     0x630e1baefc1f - <std[617be2ca0a6fd877]::sys::thread::unix::Thread>::new::thread_start
[INFO] [stdout]   20:     0x72593c422dfa - <unknown>
[INFO] [stdout]   21:     0x72593c4b63d4 - clone
[INFO] [stdout]   22:                0x0 - <unknown>
[INFO] [stdout] 
[INFO] [stdout] ---- file::tests::the_feed_collapse_averages_above_one stdout ----
[INFO] [stdout] 
[INFO] [stdout] thread 'file::tests::the_feed_collapse_averages_above_one' (647) panicked at src/file.rs:1842:54:
[INFO] [stdout] the golden recording reads: Os { code: 2, kind: NotFound, message: "No such file or directory" }
[INFO] [stdout] stack backtrace:
[INFO] [stdout]    0:     0x630e1baf08b1 - <<std[617be2ca0a6fd877]::sys::backtrace::BacktraceLock>::print::DisplayBacktrace as core[a373ad73a504971]::fmt::Display>::fmt
[INFO] [stdout]    1:     0x630e1bb06bda - core[a373ad73a504971]::fmt::write
[INFO] [stdout]    2:     0x630e1baf4aec - <alloc[2e1b2a31b91974c5]::vec::Vec<u8> as core[a373ad73a504971]::io::write::Write>::write_fmt
[INFO] [stdout]    3:     0x630e1bacbef6 - std[617be2ca0a6fd877]::panicking::default_hook::{closure#0}
[INFO] [stdout]    4:     0x630e1bae88b9 - std[617be2ca0a6fd877]::panicking::default_hook
[INFO] [stdout]    5:     0x630e1ba3ebe0 - test[aada8e7e76ba119b]::test_main_inner::{closure#0}
[INFO] [stdout]    6:     0x630e1bae8a72 - std[617be2ca0a6fd877]::panicking::panic_with_hook
[INFO] [stdout]    7:     0x630e1bacbfa2 - std[617be2ca0a6fd877]::panicking::panic_handler::{closure#0}
[INFO] [stdout]    8:     0x630e1bac4a79 - std[617be2ca0a6fd877]::sys::backtrace::__rust_end_short_backtrace::<std[617be2ca0a6fd877]::panicking::panic_handler::{closure#0}, !>
[INFO] [stdout]    9:     0x630e1baccbad - __rustc[ea4f61d10b84890b]::rust_begin_unwind
[INFO] [stdout]   10:     0x630e1bb0730c - core[a373ad73a504971]::panicking::panic_fmt
[INFO] [stdout]   11:     0x630e1bb070e2 - core[a373ad73a504971]::result::unwrap_failed
[INFO] [stdout]   12:     0x630e1b9554d4 - decibri[6a88e457a15c3e]::file::tests::golden_samples
[INFO] [stdout]   13:     0x630e1b961573 - <decibri[6a88e457a15c3e]::file::tests::the_feed_collapse_averages_above_one::{closure#0} as core[a373ad73a504971]::ops::function::FnOnce<()>>::call_once
[INFO] [stdout]   14:     0x630e1ba3202b - test[aada8e7e76ba119b]::__rust_begin_short_backtrace::<core[a373ad73a504971]::result::Result<(), alloc[2e1b2a31b91974c5]::string::String>, fn() -> core[a373ad73a504971]::result::Result<(), alloc[2e1b2a31b91974c5]::string::String>>
[INFO] [stdout]   15:     0x630e1ba3f205 - test[aada8e7e76ba119b]::run_test::{closure#0}
[INFO] [stdout]   16:     0x630e1ba38af4 - std[617be2ca0a6fd877]::sys::backtrace::__rust_begin_short_backtrace::<test[aada8e7e76ba119b]::run_test::{closure#1}, ()>
[INFO] [stdout]   17:     0x630e1ba42292 - <std[617be2ca0a6fd877]::thread::lifecycle::spawn_unchecked<test[aada8e7e76ba119b]::run_test::{closure#1}, ()>::{closure#1} as core[a373ad73a504971]::ops::function::FnOnce<()>>::call_once::{shim:vtable#0}
[INFO] [stdout]   18:     0x630e1baefc1f - <std[617be2ca0a6fd877]::sys::thread::unix::Thread>::new::thread_start
[INFO] [stdout]   19:     0x72593c422dfa - <unknown>
[INFO] [stdout]   20:     0x72593c4b63d4 - clone
[INFO] [stdout]   21:                0x0 - <unknown>
[INFO] [stdout] 
[INFO] [stdout] ---- file::tests::the_wav_encodings_that_newly_open_deliver_what_their_format_defines stdout ----
[INFO] [stdout] 
[INFO] [stdout] thread 'file::tests::the_wav_encodings_that_newly_open_deliver_what_their_format_defines' (654) panicked at src/file.rs:1842:54:
[INFO] [stdout] the golden recording reads: Os { code: 2, kind: NotFound, message: "No such file or directory" }
[INFO] [stdout] stack backtrace:
[INFO] [stdout]    0:     0x630e1baf08b1 - <<std[617be2ca0a6fd877]::sys::backtrace::BacktraceLock>::print::DisplayBacktrace as core[a373ad73a504971]::fmt::Display>::fmt
[INFO] [stdout]    1:     0x630e1bb06bda - core[a373ad73a504971]::fmt::write
[INFO] [stdout]    2:     0x630e1baf4aec - <alloc[2e1b2a31b91974c5]::vec::Vec<u8> as core[a373ad73a504971]::io::write::Write>::write_fmt
[INFO] [stdout]    3:     0x630e1bacbef6 - std[617be2ca0a6fd877]::panicking::default_hook::{closure#0}
[INFO] [stdout]    4:     0x630e1bae88b9 - std[617be2ca0a6fd877]::panicking::default_hook
[INFO] [stdout]    5:     0x630e1ba3ebe0 - test[aada8e7e76ba119b]::test_main_inner::{closure#0}
[INFO] [stdout]    6:     0x630e1bae8a72 - std[617be2ca0a6fd877]::panicking::panic_with_hook
[INFO] [stdout]    7:     0x630e1bacbfa2 - std[617be2ca0a6fd877]::panicking::panic_handler::{closure#0}
[INFO] [stdout]    8:     0x630e1bac4a79 - std[617be2ca0a6fd877]::sys::backtrace::__rust_end_short_backtrace::<std[617be2ca0a6fd877]::panicking::panic_handler::{closure#0}, !>
[INFO] [stdout]    9:     0x630e1baccbad - __rustc[ea4f61d10b84890b]::rust_begin_unwind
[INFO] [stdout]   10:     0x630e1bb0730c - core[a373ad73a504971]::panicking::panic_fmt
[INFO] [stdout]   11:     0x630e1bb070e2 - core[a373ad73a504971]::result::unwrap_failed
[INFO] [stdout]   12:     0x630e1b9554d4 - decibri[6a88e457a15c3e]::file::tests::golden_samples
[INFO] [stdout]   13:     0x630e1b9544c2 - decibri[6a88e457a15c3e]::file::tests::clip_samples
[INFO] [stdout]   14:     0x630e1b97f12e - <decibri[6a88e457a15c3e]::file::tests::the_wav_encodings_that_newly_open_deliver_what_their_format_defines::{closure#0} as core[a373ad73a504971]::ops::function::FnOnce<()>>::call_once
[INFO] [stdout]   15:     0x630e1ba3202b - test[aada8e7e76ba119b]::__rust_begin_short_backtrace::<core[a373ad73a504971]::result::Result<(), alloc[2e1b2a31b91974c5]::string::String>, fn() -> core[a373ad73a504971]::result::Result<(), alloc[2e1b2a31b91974c5]::string::String>>
[INFO] [stdout]   16:     0x630e1ba3f205 - test[aada8e7e76ba119b]::run_test::{closure#0}
[INFO] [stdout]   17:     0x630e1ba38af4 - std[617be2ca0a6fd877]::sys::backtrace::__rust_begin_short_backtrace::<test[aada8e7e76ba119b]::run_test::{closure#1}, ()>
[INFO] [stdout]   18:     0x630e1ba42292 - <std[617be2ca0a6fd877]::thread::lifecycle::spawn_unchecked<test[aada8e7e76ba119b]::run_test::{closure#1}, ()>::{closure#1} as core[a373ad73a504971]::ops::function::FnOnce<()>>::call_once::{shim:vtable#0}
[INFO] [stdout]   19:     0x630e1baefc1f - <std[617be2ca0a6fd877]::sys::thread::unix::Thread>::new::thread_start
[INFO] [stdout]   20:     0x72593c422dfa - <unknown>
[INFO] [stdout]   21:     0x72593c4b63d4 - clone
[INFO] [stdout]   22:                0x0 - <unknown>
[INFO] [stdout] 
[INFO] [stdout] ---- file::tests::short_buffer_with_denoise_still_delivers_its_tail stdout ----
[INFO] [stdout] 
[INFO] [stdout] thread 'file::tests::short_buffer_with_denoise_still_delivers_its_tail' (645) panicked at src/file.rs:1783:59:
[INFO] [stdout] called `Result::unwrap()` on an `Err` value: OrtPathInvalid { path: "libonnxruntime.so", reason: "no ONNX Runtime is resolvable: ORT_DYLIB_PATH is not set and the system loader cannot find the runtime library" }
[INFO] [stdout] stack backtrace:
[INFO] [stdout]    0:     0x630e1baf08b1 - <<std[617be2ca0a6fd877]::sys::backtrace::BacktraceLock>::print::DisplayBacktrace as core[a373ad73a504971]::fmt::Display>::fmt
[INFO] [stdout]    1:     0x630e1bb06bda - core[a373ad73a504971]::fmt::write
[INFO] [stdout]    2:     0x630e1baf4aec - <alloc[2e1b2a31b91974c5]::vec::Vec<u8> as core[a373ad73a504971]::io::write::Write>::write_fmt
[INFO] [stdout]    3:     0x630e1bacbef6 - std[617be2ca0a6fd877]::panicking::default_hook::{closure#0}
[INFO] [stdout]    4:     0x630e1bae88b9 - std[617be2ca0a6fd877]::panicking::default_hook
[INFO] [stdout]    5:     0x630e1ba3ebe0 - test[aada8e7e76ba119b]::test_main_inner::{closure#0}
[INFO] [stdout]    6:     0x630e1bae8a72 - std[617be2ca0a6fd877]::panicking::panic_with_hook
[INFO] [stdout]    7:     0x630e1bacbfa2 - std[617be2ca0a6fd877]::panicking::panic_handler::{closure#0}
[INFO] [stdout]    8:     0x630e1bac4a79 - std[617be2ca0a6fd877]::sys::backtrace::__rust_end_short_backtrace::<std[617be2ca0a6fd877]::panicking::panic_handler::{closure#0}, !>
[INFO] [stdout]    9:     0x630e1baccbad - __rustc[ea4f61d10b84890b]::rust_begin_unwind
[INFO] [stdout]   10:     0x630e1bb0730c - core[a373ad73a504971]::panicking::panic_fmt
[INFO] [stdout]   11:     0x630e1bb070e2 - core[a373ad73a504971]::result::unwrap_failed
[INFO] [stdout]   12:     0x630e1b976f0a - <decibri[6a88e457a15c3e]::file::tests::short_buffer_with_denoise_still_delivers_its_tail::{closure#0} as core[a373ad73a504971]::ops::function::FnOnce<()>>::call_once
[INFO] [stdout]   13:     0x630e1ba3202b - test[aada8e7e76ba119b]::__rust_begin_short_backtrace::<core[a373ad73a504971]::result::Result<(), alloc[2e1b2a31b91974c5]::string::String>, fn() -> core[a373ad73a504971]::result::Result<(), alloc[2e1b2a31b91974c5]::string::String>>
[INFO] [stdout]   14:     0x630e1ba3f205 - test[aada8e7e76ba119b]::run_test::{closure#0}
[INFO] [stdout]   15:     0x630e1ba38af4 - std[617be2ca0a6fd877]::sys::backtrace::__rust_begin_short_backtrace::<test[aada8e7e76ba119b]::run_test::{closure#1}, ()>
[INFO] [stdout]   16:     0x630e1ba42292 - <std[617be2ca0a6fd877]::thread::lifecycle::spawn_unchecked<test[aada8e7e76ba119b]::run_test::{closure#1}, ()>::{closure#1} as core[a373ad73a504971]::ops::function::FnOnce<()>>::call_once::{shim:vtable#0}
[INFO] [stdout]   17:     0x630e1baefc1f - <std[617be2ca0a6fd877]::sys::thread::unix::Thread>::new::thread_start
[INFO] [stdout]   18:     0x72593c422dfa - <unknown>
[INFO] [stdout]   19:     0x72593c4b63d4 - clone
[INFO] [stdout]   20:                0x0 - <unknown>
[INFO] [stdout] 
[INFO] [stdout] ---- microphone::tests::a_capture_closed_before_any_buffer_delivers_nothing stdout ----
[INFO] [stdout] 
[INFO] [stdout] thread 'microphone::tests::a_capture_closed_before_any_buffer_delivers_nothing' (679) panicked at src/microphone.rs:3780:10:
[INFO] [stdout] called `Result::unwrap()` on an `Err` value: OrtPathInvalid { path: "libonnxruntime.so", reason: "no ONNX Runtime is resolvable: ORT_DYLIB_PATH is not set and the system loader cannot find the runtime library" }
[INFO] [stdout] stack backtrace:
[INFO] [stdout]    0:     0x630e1baf08b1 - <<std[617be2ca0a6fd877]::sys::backtrace::BacktraceLock>::print::DisplayBacktrace as core[a373ad73a504971]::fmt::Display>::fmt
[INFO] [stdout]    1:     0x630e1bb06bda - core[a373ad73a504971]::fmt::write
[INFO] [stdout]    2:     0x630e1baf4aec - <alloc[2e1b2a31b91974c5]::vec::Vec<u8> as core[a373ad73a504971]::io::write::Write>::write_fmt
[INFO] [stdout]    3:     0x630e1bacbef6 - std[617be2ca0a6fd877]::panicking::default_hook::{closure#0}
[INFO] [stdout]    4:     0x630e1bae88b9 - std[617be2ca0a6fd877]::panicking::default_hook
[INFO] [stdout]    5:     0x630e1ba3ebe0 - test[aada8e7e76ba119b]::test_main_inner::{closure#0}
[INFO] [stdout]    6:     0x630e1bae8a72 - std[617be2ca0a6fd877]::panicking::panic_with_hook
[INFO] [stdout]    7:     0x630e1bacbfa2 - std[617be2ca0a6fd877]::panicking::panic_handler::{closure#0}
[INFO] [stdout]    8:     0x630e1bac4a79 - std[617be2ca0a6fd877]::sys::backtrace::__rust_end_short_backtrace::<std[617be2ca0a6fd877]::panicking::panic_handler::{closure#0}, !>
[INFO] [stdout]    9:     0x630e1baccbad - __rustc[ea4f61d10b84890b]::rust_begin_unwind
[INFO] [stdout]   10:     0x630e1bb0730c - core[a373ad73a504971]::panicking::panic_fmt
[INFO] [stdout]   11:     0x630e1bb070e2 - core[a373ad73a504971]::result::unwrap_failed
[INFO] [stdout]   12:     0x630e1b9ad887 - decibri[6a88e457a15c3e]::microphone::tests::denoise_stage
[INFO] [stdout]   13:     0x630e1b9bb16f - <decibri[6a88e457a15c3e]::microphone::tests::a_capture_closed_before_any_buffer_delivers_nothing::{closure#0} as core[a373ad73a504971]::ops::function::FnOnce<()>>::call_once
[INFO] [stdout]   14:     0x630e1ba3202b - test[aada8e7e76ba119b]::__rust_begin_short_backtrace::<core[a373ad73a504971]::result::Result<(), alloc[2e1b2a31b91974c5]::string::String>, fn() -> core[a373ad73a504971]::result::Result<(), alloc[2e1b2a31b91974c5]::string::String>>
[INFO] [stdout]   15:     0x630e1ba3f205 - test[aada8e7e76ba119b]::run_test::{closure#0}
[INFO] [stdout]   16:     0x630e1ba38af4 - std[617be2ca0a6fd877]::sys::backtrace::__rust_begin_short_backtrace::<test[aada8e7e76ba119b]::run_test::{closure#1}, ()>
[INFO] [stdout]   17:     0x630e1ba42292 - <std[617be2ca0a6fd877]::thread::lifecycle::spawn_unchecked<test[aada8e7e76ba119b]::run_test::{closure#1}, ()>::{closure#1} as core[a373ad73a504971]::ops::function::FnOnce<()>>::call_once::{shim:vtable#0}
[INFO] [stdout]   18:     0x630e1baefc1f - <std[617be2ca0a6fd877]::sys::thread::unix::Thread>::new::thread_start
[INFO] [stdout]   19:     0x72593c422dfa - <unknown>
[INFO] [stdout]   20:     0x72593c4b63d4 - clone
[INFO] [stdout]   21:                0x0 - <unknown>
[INFO] [stdout] 
[INFO] [stdout] ---- microphone::tests::a_capture_fed_a_little_audio_still_delivers_its_tail stdout ----
[INFO] [stdout] 
[INFO] [stdout] thread 'microphone::tests::a_capture_fed_a_little_audio_still_delivers_its_tail' (680) panicked at src/microphone.rs:3780:10:
[INFO] [stdout] called `Result::unwrap()` on an `Err` value: OrtPathInvalid { path: "libonnxruntime.so", reason: "no ONNX Runtime is resolvable: ORT_DYLIB_PATH is not set and the system loader cannot find the runtime library" }
[INFO] [stdout] stack backtrace:
[INFO] [stdout]    0:     0x630e1baf08b1 - <<std[617be2ca0a6fd877]::sys::backtrace::BacktraceLock>::print::DisplayBacktrace as core[a373ad73a504971]::fmt::Display>::fmt
[INFO] [stdout]    1:     0x630e1bb06bda - core[a373ad73a504971]::fmt::write
[INFO] [stdout]    2:     0x630e1baf4aec - <alloc[2e1b2a31b91974c5]::vec::Vec<u8> as core[a373ad73a504971]::io::write::Write>::write_fmt
[INFO] [stdout]    3:     0x630e1bacbef6 - std[617be2ca0a6fd877]::panicking::default_hook::{closure#0}
[INFO] [stdout]    4:     0x630e1bae88b9 - std[617be2ca0a6fd877]::panicking::default_hook
[INFO] [stdout]    5:     0x630e1ba3ebe0 - test[aada8e7e76ba119b]::test_main_inner::{closure#0}
[INFO] [stdout]    6:     0x630e1bae8a72 - std[617be2ca0a6fd877]::panicking::panic_with_hook
[INFO] [stdout]    7:     0x630e1bacbfa2 - std[617be2ca0a6fd877]::panicking::panic_handler::{closure#0}
[INFO] [stdout]    8:     0x630e1bac4a79 - std[617be2ca0a6fd877]::sys::backtrace::__rust_end_short_backtrace::<std[617be2ca0a6fd877]::panicking::panic_handler::{closure#0}, !>
[INFO] [stdout]    9:     0x630e1baccbad - __rustc[ea4f61d10b84890b]::rust_begin_unwind
[INFO] [stdout]   10:     0x630e1bb0730c - core[a373ad73a504971]::panicking::panic_fmt
[INFO] [stdout]   11:     0x630e1bb070e2 - core[a373ad73a504971]::result::unwrap_failed
[INFO] [stdout]   12:     0x630e1b9ad887 - decibri[6a88e457a15c3e]::microphone::tests::denoise_stage
[INFO] [stdout]   13:     0x630e1b9bc246 - <decibri[6a88e457a15c3e]::microphone::tests::a_capture_fed_a_little_audio_still_delivers_its_tail::{closure#0} as core[a373ad73a504971]::ops::function::FnOnce<()>>::call_once
[INFO] [stdout]   14:     0x630e1ba3202b - test[aada8e7e76ba119b]::__rust_begin_short_backtrace::<core[a373ad73a504971]::result::Result<(), alloc[2e1b2a31b91974c5]::string::String>, fn() -> core[a373ad73a504971]::result::Result<(), alloc[2e1b2a31b91974c5]::string::String>>
[INFO] [stdout]   15:     0x630e1ba3f205 - test[aada8e7e76ba119b]::run_test::{closure#0}
[INFO] [stdout]   16:     0x630e1ba38af4 - std[617be2ca0a6fd877]::sys::backtrace::__rust_begin_short_backtrace::<test[aada8e7e76ba119b]::run_test::{closure#1}, ()>
[INFO] [stdout]   17:     0x630e1ba42292 - <std[617be2ca0a6fd877]::thread::lifecycle::spawn_unchecked<test[aada8e7e76ba119b]::run_test::{closure#1}, ()>::{closure#1} as core[a373ad73a504971]::ops::function::FnOnce<()>>::call_once::{shim:vtable#0}
[INFO] [stdout]   18:     0x630e1baefc1f - <std[617be2ca0a6fd877]::sys::thread::unix::Thread>::new::thread_start
[INFO] [stdout]   19:     0x72593c422dfa - <unknown>
[INFO] [stdout]   20:     0x72593c4b63d4 - clone
[INFO] [stdout]   21:                0x0 - <unknown>
[INFO] [stdout] 
[INFO] [stdout] ---- onnx::tests::ort_error_source_chain_preserved stdout ----
[INFO] [stdout] 
[INFO] [stdout] thread 'onnx::tests::ort_error_source_chain_preserved' (751) panicked at /opt/rustwide/cargo-home/registry/src/index.crates.io-1949cf8c6b5b557f/ort-2.0.0-rc.13/src/lib.rs:234:39:
[INFO] [stdout] Failed to load ONNX Runtime dylib: Dlopen { error: DlOpen { source: "libonnxruntime.so: cannot open shared object file: No such file or directory" }, path: "libonnxruntime.so" }
[INFO] [stdout] stack backtrace:
[INFO] [stdout]    0:     0x630e1baf08b1 - <<std[617be2ca0a6fd877]::sys::backtrace::BacktraceLock>::print::DisplayBacktrace as core[a373ad73a504971]::fmt::Display>::fmt
[INFO] [stdout]    1:     0x630e1bb06bda - core[a373ad73a504971]::fmt::write
[INFO] [stdout]    2:     0x630e1baf4aec - <alloc[2e1b2a31b91974c5]::vec::Vec<u8> as core[a373ad73a504971]::io::write::Write>::write_fmt
[INFO] [stdout]    3:     0x630e1bacbef6 - std[617be2ca0a6fd877]::panicking::default_hook::{closure#0}
[INFO] [stdout]    4:     0x630e1bae88b9 - std[617be2ca0a6fd877]::panicking::default_hook
[INFO] [stdout]    5:     0x630e1ba3ebe0 - test[aada8e7e76ba119b]::test_main_inner::{closure#0}
[INFO] [stdout]    6:     0x630e1bae8a72 - std[617be2ca0a6fd877]::panicking::panic_with_hook
[INFO] [stdout]    7:     0x630e1bacbfa2 - std[617be2ca0a6fd877]::panicking::panic_handler::{closure#0}
[INFO] [stdout]    8:     0x630e1bac4a79 - std[617be2ca0a6fd877]::sys::backtrace::__rust_end_short_backtrace::<std[617be2ca0a6fd877]::panicking::panic_handler::{closure#0}, !>
[INFO] [stdout]    9:     0x630e1baccbad - __rustc[ea4f61d10b84890b]::rust_begin_unwind
[INFO] [stdout]   10:     0x630e1bb0730c - core[a373ad73a504971]::panicking::panic_fmt
[INFO] [stdout]   11:     0x630e1bb070e2 - core[a373ad73a504971]::result::unwrap_failed
[INFO] [stdout]   12:     0x630e1ba9142b - ort[61c67e600673597c]::setup_api
[INFO] [stdout]   13:     0x630e1b9f60b9 - <std[617be2ca0a6fd877]::sync::once::Once>::call_once_force::<<ort[61c67e600673597c]::util::once_lock_std::OnceLock<ort[61c67e600673597c]::ApiPointer>>::try_init_inner<<ort[61c67e600673597c]::util::once_lock_std::OnceLock<ort[61c67e600673597c]::ApiPointer>>::get_or_init<ort[61c67e600673597c]::setup_api>::{closure#0}, !>::{closure#0}>::{closure#0}
[INFO] [stdout]   14:     0x630e1bad1cc9 - <std[617be2ca0a6fd877]::sys::sync::once::futex::Once>::call
[INFO] [stdout]   15:     0x630e1b9f507e - <ort[61c67e600673597c]::util::once_lock_std::OnceLock<ort[61c67e600673597c]::ApiPointer>>::try_init_inner::<<ort[61c67e600673597c]::util::once_lock_std::OnceLock<ort[61c67e600673597c]::ApiPointer>>::get_or_init<ort[61c67e600673597c]::setup_api>::{closure#0}, !>
[INFO] [stdout]   16:     0x630e1b9fe4a3 - <ort[61c67e600673597c]::error::Error>::new_internal::<&str>
[INFO] [stdout]   17:     0x630e1b9d8557 - <decibri[6a88e457a15c3e]::onnx::tests::ort_error_source_chain_preserved::{closure#0} as core[a373ad73a504971]::ops::function::FnOnce<()>>::call_once
[INFO] [stdout]   18:     0x630e1ba3202b - test[aada8e7e76ba119b]::__rust_begin_short_backtrace::<core[a373ad73a504971]::result::Result<(), alloc[2e1b2a31b91974c5]::string::String>, fn() -> core[a373ad73a504971]::result::Result<(), alloc[2e1b2a31b91974c5]::string::String>>
[INFO] [stdout]   19:     0x630e1ba3f205 - test[aada8e7e76ba119b]::run_test::{closure#0}
[INFO] [stdout]   20:     0x630e1ba38af4 - std[617be2ca0a6fd877]::sys::backtrace::__rust_begin_short_backtrace::<test[aada8e7e76ba119b]::run_test::{closure#1}, ()>
[INFO] [stdout]   21:     0x630e1ba42292 - <std[617be2ca0a6fd877]::thread::lifecycle::spawn_unchecked<test[aada8e7e76ba119b]::run_test::{closure#1}, ()>::{closure#1} as core[a373ad73a504971]::ops::function::FnOnce<()>>::call_once::{shim:vtable#0}
[INFO] [stdout]   22:     0x630e1baefc1f - <std[617be2ca0a6fd877]::sys::thread::unix::Thread>::new::thread_start
[INFO] [stdout]   23:     0x72593c422dfa - <unknown>
[INFO] [stdout]   24:     0x72593c4b63d4 - clone
[INFO] [stdout]   25:                0x0 - <unknown>
[INFO] [stdout] 
[INFO] [stdout] ---- onnx::tests::wrap_init_error_with_path_is_load_failed stdout ----
[INFO] [stdout] 
[INFO] [stdout] thread 'onnx::tests::wrap_init_error_with_path_is_load_failed' (757) panicked at /opt/rustwide/cargo-home/registry/src/index.crates.io-1949cf8c6b5b557f/ort-2.0.0-rc.13/src/lib.rs:239:14:
[INFO] [stdout] `OrtGetApiBase` must be present in ONNX Runtime dylib: DlSym { source: "/opt/rustwide/target/release/build/decibri/d67ee08fbc6fe96d/out/decibri-d67ee08fbc6fe96d: undefined symbol: OrtGetApiBase" }
[INFO] [stdout] stack backtrace:
[INFO] [stdout]    0:     0x630e1baf08b1 - <<std[617be2ca0a6fd877]::sys::backtrace::BacktraceLock>::print::DisplayBacktrace as core[a373ad73a504971]::fmt::Display>::fmt
[INFO] [stdout]    1:     0x630e1bb06bda - core[a373ad73a504971]::fmt::write
[INFO] [stdout]    2:     0x630e1baf4aec - <alloc[2e1b2a31b91974c5]::vec::Vec<u8> as core[a373ad73a504971]::io::write::Write>::write_fmt
[INFO] [stdout]    3:     0x630e1bacbef6 - std[617be2ca0a6fd877]::panicking::default_hook::{closure#0}
[INFO] [stdout]    4:     0x630e1bae88b9 - std[617be2ca0a6fd877]::panicking::default_hook
[INFO] [stdout]    5:     0x630e1ba3ebe0 - test[aada8e7e76ba119b]::test_main_inner::{closure#0}
[INFO] [stdout]    6:     0x630e1bae8a72 - std[617be2ca0a6fd877]::panicking::panic_with_hook
[INFO] [stdout]    7:     0x630e1bacbfa2 - std[617be2ca0a6fd877]::panicking::panic_handler::{closure#0}
[INFO] [stdout]    8:     0x630e1bac4a79 - std[617be2ca0a6fd877]::sys::backtrace::__rust_end_short_backtrace::<std[617be2ca0a6fd877]::panicking::panic_handler::{closure#0}, !>
[INFO] [stdout]    9:     0x630e1baccbad - __rustc[ea4f61d10b84890b]::rust_begin_unwind
[INFO] [stdout]   10:     0x630e1bb0730c - core[a373ad73a504971]::panicking::panic_fmt
[INFO] [stdout]   11:     0x630e1bb070e2 - core[a373ad73a504971]::result::unwrap_failed
[INFO] [stdout]   12:     0x630e1ba91468 - ort[61c67e600673597c]::setup_api
[INFO] [stdout]   13:     0x630e1b9f60b9 - <std[617be2ca0a6fd877]::sync::once::Once>::call_once_force::<<ort[61c67e600673597c]::util::once_lock_std::OnceLock<ort[61c67e600673597c]::ApiPointer>>::try_init_inner<<ort[61c67e600673597c]::util::once_lock_std::OnceLock<ort[61c67e600673597c]::ApiPointer>>::get_or_init<ort[61c67e600673597c]::setup_api>::{closure#0}, !>::{closure#0}>::{closure#0}
[INFO] [stdout]   14:     0x630e1bad1cc9 - <std[617be2ca0a6fd877]::sys::sync::once::futex::Once>::call
[INFO] [stdout]   15:     0x630e1b9f507e - <ort[61c67e600673597c]::util::once_lock_std::OnceLock<ort[61c67e600673597c]::ApiPointer>>::try_init_inner::<<ort[61c67e600673597c]::util::once_lock_std::OnceLock<ort[61c67e600673597c]::ApiPointer>>::get_or_init<ort[61c67e600673597c]::setup_api>::{closure#0}, !>
[INFO] [stdout]   16:     0x630e1b9fe4a3 - <ort[61c67e600673597c]::error::Error>::new_internal::<&str>
[INFO] [stdout]   17:     0x630e1b9d9a99 - <decibri[6a88e457a15c3e]::onnx::tests::wrap_init_error_with_path_is_load_failed::{closure#0} as core[a373ad73a504971]::ops::function::FnOnce<()>>::call_once
[INFO] [stdout]   18:     0x630e1ba3202b - test[aada8e7e76ba119b]::__rust_begin_short_backtrace::<core[a373ad73a504971]::result::Result<(), alloc[2e1b2a31b91974c5]::string::String>, fn() -> core[a373ad73a504971]::result::Result<(), alloc[2e1b2a31b91974c5]::string::String>>
[INFO] [stdout]   19:     0x630e1ba3f205 - test[aada8e7e76ba119b]::run_test::{closure#0}
[INFO] [stdout]   20:     0x630e1ba38af4 - std[617be2ca0a6fd877]::sys::backtrace::__rust_begin_short_backtrace::<test[aada8e7e76ba119b]::run_test::{closure#1}, ()>
[INFO] [stdout]   21:     0x630e1ba42292 - <std[617be2ca0a6fd877]::thread::lifecycle::spawn_unchecked<test[aada8e7e76ba119b]::run_test::{closure#1}, ()>::{closure#1} as core[a373ad73a504971]::ops::function::FnOnce<()>>::call_once::{shim:vtable#0}
[INFO] [stdout]   22:     0x630e1baefc1f - <std[617be2ca0a6fd877]::sys::thread::unix::Thread>::new::thread_start
[INFO] [stdout]   23:     0x72593c422dfa - <unknown>
[INFO] [stdout]   24:     0x72593c4b63d4 - clone
[INFO] [stdout]   25:                0x0 - <unknown>
[INFO] [stdout] 
[INFO] [stdout] ---- onnx::tests::wrap_init_error_without_path_is_init_failed stdout ----
[INFO] [stdout] 
[INFO] [stdout] thread 'onnx::tests::wrap_init_error_without_path_is_init_failed' (758) panicked at /opt/rustwide/cargo-home/registry/src/index.crates.io-1949cf8c6b5b557f/ort-2.0.0-rc.13/src/lib.rs:239:14:
[INFO] [stdout] `OrtGetApiBase` must be present in ONNX Runtime dylib: DlSym { source: "/opt/rustwide/target/release/build/decibri/d67ee08fbc6fe96d/out/decibri-d67ee08fbc6fe96d: undefined symbol: OrtGetApiBase" }
[INFO] [stdout] stack backtrace:
[INFO] [stdout]    0:     0x630e1baf08b1 - <<std[617be2ca0a6fd877]::sys::backtrace::BacktraceLock>::print::DisplayBacktrace as core[a373ad73a504971]::fmt::Display>::fmt
[INFO] [stdout]    1:     0x630e1bb06bda - core[a373ad73a504971]::fmt::write
[INFO] [stdout]    2:     0x630e1baf4aec - <alloc[2e1b2a31b91974c5]::vec::Vec<u8> as core[a373ad73a504971]::io::write::Write>::write_fmt
[INFO] [stdout]    3:     0x630e1bacbef6 - std[617be2ca0a6fd877]::panicking::default_hook::{closure#0}
[INFO] [stdout]    4:     0x630e1bae88b9 - std[617be2ca0a6fd877]::panicking::default_hook
[INFO] [stdout]    5:     0x630e1ba3ebe0 - test[aada8e7e76ba119b]::test_main_inner::{closure#0}
[INFO] [stdout]    6:     0x630e1bae8a72 - std[617be2ca0a6fd877]::panicking::panic_with_hook
[INFO] [stdout]    7:     0x630e1bacbfa2 - std[617be2ca0a6fd877]::panicking::panic_handler::{closure#0}
[INFO] [stdout]    8:     0x630e1bac4a79 - std[617be2ca0a6fd877]::sys::backtrace::__rust_end_short_backtrace::<std[617be2ca0a6fd877]::panicking::panic_handler::{closure#0}, !>
[INFO] [stdout]    9:     0x630e1baccbad - __rustc[ea4f61d10b84890b]::rust_begin_unwind
[INFO] [stdout]   10:     0x630e1bb0730c - core[a373ad73a504971]::panicking::panic_fmt
[INFO] [stdout]   11:     0x630e1bb070e2 - core[a373ad73a504971]::result::unwrap_failed
[INFO] [stdout]   12:     0x630e1ba91468 - ort[61c67e600673597c]::setup_api
[INFO] [stdout]   13:     0x630e1b9f60b9 - <std[617be2ca0a6fd877]::sync::once::Once>::call_once_force::<<ort[61c67e600673597c]::util::once_lock_std::OnceLock<ort[61c67e600673597c]::ApiPointer>>::try_init_inner<<ort[61c67e600673597c]::util::once_lock_std::OnceLock<ort[61c67e600673597c]::ApiPointer>>::get_or_init<ort[61c67e600673597c]::setup_api>::{closure#0}, !>::{closure#0}>::{closure#0}
[INFO] [stdout]   14:     0x630e1bad1cc9 - <std[617be2ca0a6fd877]::sys::sync::once::futex::Once>::call
[INFO] [stdout]   15:     0x630e1b9f507e - <ort[61c67e600673597c]::util::once_lock_std::OnceLock<ort[61c67e600673597c]::ApiPointer>>::try_init_inner::<<ort[61c67e600673597c]::util::once_lock_std::OnceLock<ort[61c67e600673597c]::ApiPointer>>::get_or_init<ort[61c67e600673597c]::setup_api>::{closure#0}, !>
[INFO] [stdout]   16:     0x630e1b9fe4a3 - <ort[61c67e600673597c]::error::Error>::new_internal::<&str>
[INFO] [stdout]   17:     0x630e1b9da209 - <decibri[6a88e457a15c3e]::onnx::tests::wrap_init_error_without_path_is_init_failed::{closure#0} as core[a373ad73a504971]::ops::function::FnOnce<()>>::call_once
[INFO] [stdout]   18:     0x630e1ba3202b - test[aada8e7e76ba119b]::__rust_begin_short_backtrace::<core[a373ad73a504971]::result::Result<(), alloc[2e1b2a31b91974c5]::string::String>, fn() -> core[a373ad73a504971]::result::Result<(), alloc[2e1b2a31b91974c5]::string::String>>
[INFO] [stdout]   19:     0x630e1ba3f205 - test[aada8e7e76ba119b]::run_test::{closure#0}
[INFO] [stdout]   20:     0x630e1ba38af4 - std[617be2ca0a6fd877]::sys::backtrace::__rust_begin_short_backtrace::<test[aada8e7e76ba119b]::run_test::{closure#1}, ()>
[INFO] [stdout]   21:     0x630e1ba42292 - <std[617be2ca0a6fd877]::thread::lifecycle::spawn_unchecked<test[aada8e7e76ba119b]::run_test::{closure#1}, ()>::{closure#1} as core[a373ad73a504971]::ops::function::FnOnce<()>>::call_once::{shim:vtable#0}
[INFO] [stdout]   22:     0x630e1baefc1f - <std[617be2ca0a6fd877]::sys::thread::unix::Thread>::new::thread_start
[INFO] [stdout]   23:     0x72593c422dfa - <unknown>
[INFO] [stdout]   24:     0x72593c4b63d4 - clone
[INFO] [stdout]   25:                0x0 - <unknown>
[INFO] [stdout] 
[INFO] [stdout] ---- stage::tests::aec_without_a_reference_is_bit_identical_on_the_golden_recording stdout ----
[INFO] [stdout] 
[INFO] [stdout] thread 'stage::tests::aec_without_a_reference_is_bit_identical_on_the_golden_recording' (830) panicked at src/stage.rs:4694:14:
[INFO] [stdout] the golden recording opens: FileReadFailed { path: "/opt/rustwide/workdir/tests/assets/vad-golden-tts-speech-16k.wav", source: Os { code: 2, kind: NotFound, message: "No such file or directory" } }
[INFO] [stdout] stack backtrace:
[INFO] [stdout]    0:     0x630e1baf08b1 - <<std[617be2ca0a6fd877]::sys::backtrace::BacktraceLock>::print::DisplayBacktrace as core[a373ad73a504971]::fmt::Display>::fmt
[INFO] [stdout]    1:     0x630e1bb06bda - core[a373ad73a504971]::fmt::write
[INFO] [stdout]    2:     0x630e1baf4aec - <alloc[2e1b2a31b91974c5]::vec::Vec<u8> as core[a373ad73a504971]::io::write::Write>::write_fmt
[INFO] [stdout]    3:     0x630e1bacbef6 - std[617be2ca0a6fd877]::panicking::default_hook::{closure#0}
[INFO] [stdout]    4:     0x630e1bae88b9 - std[617be2ca0a6fd877]::panicking::default_hook
[INFO] [stdout]    5:     0x630e1ba3ebe0 - test[aada8e7e76ba119b]::test_main_inner::{closure#0}
[INFO] [stdout]    6:     0x630e1bae8a72 - std[617be2ca0a6fd877]::panicking::panic_with_hook
[INFO] [stdout]    7:     0x630e1bacbfa2 - std[617be2ca0a6fd877]::panicking::panic_handler::{closure#0}
[INFO] [stdout]    8:     0x630e1bac4a79 - std[617be2ca0a6fd877]::sys::backtrace::__rust_end_short_backtrace::<std[617be2ca0a6fd877]::panicking::panic_handler::{closure#0}, !>
[INFO] [stdout]    9:     0x630e1baccbad - __rustc[ea4f61d10b84890b]::rust_begin_unwind
[INFO] [stdout]   10:     0x630e1bb0730c - core[a373ad73a504971]::panicking::panic_fmt
[INFO] [stdout]   11:     0x630e1bb070e2 - core[a373ad73a504971]::result::unwrap_failed
[INFO] [stdout]   12:     0x630e1b9a8bd6 - <decibri[6a88e457a15c3e]::stage::tests::aec_without_a_reference_is_bit_identical_on_the_golden_recording::{closure#0} as core[a373ad73a504971]::ops::function::FnOnce<()>>::call_once
[INFO] [stdout]   13:     0x630e1ba3202b - test[aada8e7e76ba119b]::__rust_begin_short_backtrace::<core[a373ad73a504971]::result::Result<(), alloc[2e1b2a31b91974c5]::string::String>, fn() -> core[a373ad73a504971]::result::Result<(), alloc[2e1b2a31b91974c5]::string::String>>
[INFO] [stdout]   14:     0x630e1ba3f205 - test[aada8e7e76ba119b]::run_test::{closure#0}
[INFO] [stdout]   15:     0x630e1ba38af4 - std[617be2ca0a6fd877]::sys::backtrace::__rust_begin_short_backtrace::<test[aada8e7e76ba119b]::run_test::{closure#1}, ()>
[INFO] [stdout]   16:     0x630e1ba42292 - <std[617be2ca0a6fd877]::thread::lifecycle::spawn_unchecked<test[aada8e7e76ba119b]::run_test::{closure#1}, ()>::{closure#1} as core[a373ad73a504971]::ops::function::FnOnce<()>>::call_once::{shim:vtable#0}
[INFO] [stdout]   17:     0x630e1baefc1f - <std[617be2ca0a6fd877]::sys::thread::unix::Thread>::new::thread_start
[INFO] [stdout]   18:     0x72593c422dfa - <unknown>
[INFO] [stdout]   19:     0x72593c4b63d4 - clone
[INFO] [stdout]   20:                0x0 - <unknown>
[INFO] [stdout] 
[INFO] [stdout] ---- stage::tests::barely_fed_denoise_chain_still_drains_its_tail stdout ----
[INFO] [stdout] 
[INFO] [stdout] thread 'stage::tests::barely_fed_denoise_chain_still_drains_its_tail' (838) panicked at src/stage.rs:3457:10:
[INFO] [stdout] called `Result::unwrap()` on an `Err` value: OrtPathInvalid { path: "libonnxruntime.so", reason: "no ONNX Runtime is resolvable: ORT_DYLIB_PATH is not set and the system loader cannot find the runtime library" }
[INFO] [stdout] stack backtrace:
[INFO] [stdout]    0:     0x630e1baf08b1 - <<std[617be2ca0a6fd877]::sys::backtrace::BacktraceLock>::print::DisplayBacktrace as core[a373ad73a504971]::fmt::Display>::fmt
[INFO] [stdout]    1:     0x630e1bb06bda - core[a373ad73a504971]::fmt::write
[INFO] [stdout]    2:     0x630e1baf4aec - <alloc[2e1b2a31b91974c5]::vec::Vec<u8> as core[a373ad73a504971]::io::write::Write>::write_fmt
[INFO] [stdout]    3:     0x630e1bacbef6 - std[617be2ca0a6fd877]::panicking::default_hook::{closure#0}
[INFO] [stdout]    4:     0x630e1bae88b9 - std[617be2ca0a6fd877]::panicking::default_hook
[INFO] [stdout]    5:     0x630e1ba3ebe0 - test[aada8e7e76ba119b]::test_main_inner::{closure#0}
[INFO] [stdout]    6:     0x630e1bae8a72 - std[617be2ca0a6fd877]::panicking::panic_with_hook
[INFO] [stdout]    7:     0x630e1bacbfa2 - std[617be2ca0a6fd877]::panicking::panic_handler::{closure#0}
[INFO] [stdout]    8:     0x630e1bac4a79 - std[617be2ca0a6fd877]::sys::backtrace::__rust_end_short_backtrace::<std[617be2ca0a6fd877]::panicking::panic_handler::{closure#0}, !>
[INFO] [stdout]    9:     0x630e1baccbad - __rustc[ea4f61d10b84890b]::rust_begin_unwind
[INFO] [stdout]   10:     0x630e1bb0730c - core[a373ad73a504971]::panicking::panic_fmt
[INFO] [stdout]   11:     0x630e1bb070e2 - core[a373ad73a504971]::result::unwrap_failed
[INFO] [stdout]   12:     0x630e1b996c23 - <decibri[6a88e457a15c3e]::stage::tests::barely_fed_denoise_chain_still_drains_its_tail::{closure#0} as core[a373ad73a504971]::ops::function::FnOnce<()>>::call_once
[INFO] [stdout]   13:     0x630e1ba3202b - test[aada8e7e76ba119b]::__rust_begin_short_backtrace::<core[a373ad73a504971]::result::Result<(), alloc[2e1b2a31b91974c5]::string::String>, fn() -> core[a373ad73a504971]::result::Result<(), alloc[2e1b2a31b91974c5]::string::String>>
[INFO] [stdout]   14:     0x630e1ba3f205 - test[aada8e7e76ba119b]::run_test::{closure#0}
[INFO] [stdout]   15:     0x630e1ba38af4 - std[617be2ca0a6fd877]::sys::backtrace::__rust_begin_short_backtrace::<test[aada8e7e76ba119b]::run_test::{closure#1}, ()>
[INFO] [stdout]   16:     0x630e1ba42292 - <std[617be2ca0a6fd877]::thread::lifecycle::spawn_unchecked<test[aada8e7e76ba119b]::run_test::{closure#1}, ()>::{closure#1} as core[a373ad73a504971]::ops::function::FnOnce<()>>::call_once::{shim:vtable#0}
[INFO] [stdout]   17:     0x630e1baefc1f - <std[617be2ca0a6fd877]::sys::thread::unix::Thread>::new::thread_start
[INFO] [stdout]   18:     0x72593c422dfa - <unknown>
[INFO] [stdout]   19:     0x72593c4b63d4 - clone
[INFO] [stdout]   20:                0x0 - <unknown>
[INFO] [stdout] 
[INFO] [stdout] ---- stage::tests::build_orders_denoise_after_dc stdout ----
[INFO] [stdout] 
[INFO] [stdout] thread 'stage::tests::build_orders_denoise_after_dc' (842) panicked at src/stage.rs:3316:10:
[INFO] [stdout] called `Result::unwrap()` on an `Err` value: OrtPathInvalid { path: "libonnxruntime.so", reason: "no ONNX Runtime is resolvable: ORT_DYLIB_PATH is not set and the system loader cannot find the runtime library" }
[INFO] [stdout] stack backtrace:
[INFO] [stdout]    0:     0x630e1baf08b1 - <<std[617be2ca0a6fd877]::sys::backtrace::BacktraceLock>::print::DisplayBacktrace as core[a373ad73a504971]::fmt::Display>::fmt
[INFO] [stdout]    1:     0x630e1bb06bda - core[a373ad73a504971]::fmt::write
[INFO] [stdout]    2:     0x630e1baf4aec - <alloc[2e1b2a31b91974c5]::vec::Vec<u8> as core[a373ad73a504971]::io::write::Write>::write_fmt
[INFO] [stdout]    3:     0x630e1bacbef6 - std[617be2ca0a6fd877]::panicking::default_hook::{closure#0}
[INFO] [stdout]    4:     0x630e1bae88b9 - std[617be2ca0a6fd877]::panicking::default_hook
[INFO] [stdout]    5:     0x630e1ba3ebe0 - test[aada8e7e76ba119b]::test_main_inner::{closure#0}
[INFO] [stdout]    6:     0x630e1bae8a72 - std[617be2ca0a6fd877]::panicking::panic_with_hook
[INFO] [stdout]    7:     0x630e1bacbfa2 - std[617be2ca0a6fd877]::panicking::panic_handler::{closure#0}
[INFO] [stdout]    8:     0x630e1bac4a79 - std[617be2ca0a6fd877]::sys::backtrace::__rust_end_short_backtrace::<std[617be2ca0a6fd877]::panicking::panic_handler::{closure#0}, !>
[INFO] [stdout]    9:     0x630e1baccbad - __rustc[ea4f61d10b84890b]::rust_begin_unwind
[INFO] [stdout]   10:     0x630e1bb0730c - core[a373ad73a504971]::panicking::panic_fmt
[INFO] [stdout]   11:     0x630e1bb070e2 - core[a373ad73a504971]::result::unwrap_failed
[INFO] [stdout]   12:     0x630e1b987de8 - <decibri[6a88e457a15c3e]::stage::tests::build_orders_denoise_after_dc::{closure#0} as core[a373ad73a504971]::ops::function::FnOnce<()>>::call_once
[INFO] [stdout]   13:     0x630e1ba3202b - test[aada8e7e76ba119b]::__rust_begin_short_backtrace::<core[a373ad73a504971]::result::Result<(), alloc[2e1b2a31b91974c5]::string::String>, fn() -> core[a373ad73a504971]::result::Result<(), alloc[2e1b2a31b91974c5]::string::String>>
[INFO] [stdout]   14:     0x630e1ba3f205 - test[aada8e7e76ba119b]::run_test::{closure#0}
[INFO] [stdout]   15:     0x630e1ba38af4 - std[617be2ca0a6fd877]::sys::backtrace::__rust_begin_short_backtrace::<test[aada8e7e76ba119b]::run_test::{closure#1}, ()>
[INFO] [stdout]   16:     0x630e1ba42292 - <std[617be2ca0a6fd877]::thread::lifecycle::spawn_unchecked<test[aada8e7e76ba119b]::run_test::{closure#1}, ()>::{closure#1} as core[a373ad73a504971]::ops::function::FnOnce<()>>::call_once::{shim:vtable#0}
[INFO] [stdout]   17:     0x630e1baefc1f - <std[617be2ca0a6fd877]::sys::thread::unix::Thread>::new::thread_start
[INFO] [stdout]   18:     0x72593c422dfa - <unknown>
[INFO] [stdout]   19:     0x72593c4b63d4 - clone
[INFO] [stdout]   20:                0x0 - <unknown>
[INFO] [stdout] 
[INFO] [stdout] ---- stage::tests::build_orders_highpass_after_denoise stdout ----
[INFO] [stdout] 
[INFO] [stdout] thread 'stage::tests::build_orders_highpass_after_denoise' (844) panicked at src/stage.rs:4002:10:
[INFO] [stdout] called `Result::unwrap()` on an `Err` value: OrtPathInvalid { path: "libonnxruntime.so", reason: "no ONNX Runtime is resolvable: ORT_DYLIB_PATH is not set and the system loader cannot find the runtime library" }
[INFO] [stdout] stack backtrace:
[INFO] [stdout]    0:     0x630e1baf08b1 - <<std[617be2ca0a6fd877]::sys::backtrace::BacktraceLock>::print::DisplayBacktrace as core[a373ad73a504971]::fmt::Display>::fmt
[INFO] [stdout]    1:     0x630e1bb06bda - core[a373ad73a504971]::fmt::write
[INFO] [stdout]    2:     0x630e1baf4aec - <alloc[2e1b2a31b91974c5]::vec::Vec<u8> as core[a373ad73a504971]::io::write::Write>::write_fmt
[INFO] [stdout]    3:     0x630e1bacbef6 - std[617be2ca0a6fd877]::panicking::default_hook::{closure#0}
[INFO] [stdout]    4:     0x630e1bae88b9 - std[617be2ca0a6fd877]::panicking::default_hook
[INFO] [stdout]    5:     0x630e1ba3ebe0 - test[aada8e7e76ba119b]::test_main_inner::{closure#0}
[INFO] [stdout]    6:     0x630e1bae8a72 - std[617be2ca0a6fd877]::panicking::panic_with_hook
[INFO] [stdout]    7:     0x630e1bacbfa2 - std[617be2ca0a6fd877]::panicking::panic_handler::{closure#0}
[INFO] [stdout]    8:     0x630e1bac4a79 - std[617be2ca0a6fd877]::sys::backtrace::__rust_end_short_backtrace::<std[617be2ca0a6fd877]::panicking::panic_handler::{closure#0}, !>
[INFO] [stdout]    9:     0x630e1baccbad - __rustc[ea4f61d10b84890b]::rust_begin_unwind
[INFO] [stdout]   10:     0x630e1bb0730c - core[a373ad73a504971]::panicking::panic_fmt
[INFO] [stdout]   11:     0x630e1bb070e2 - core[a373ad73a504971]::result::unwrap_failed
[INFO] [stdout]   12:     0x630e1b98b379 - <decibri[6a88e457a15c3e]::stage::tests::build_orders_highpass_after_denoise::{closure#0} as core[a373ad73a504971]::ops::function::FnOnce<()>>::call_once
[INFO] [stdout]   13:     0x630e1ba3202b - test[aada8e7e76ba119b]::__rust_begin_short_backtrace::<core[a373ad73a504971]::result::Result<(), alloc[2e1b2a31b91974c5]::string::String>, fn() -> core[a373ad73a504971]::result::Result<(), alloc[2e1b2a31b91974c5]::string::String>>
[INFO] [stdout]   14:     0x630e1ba3f205 - test[aada8e7e76ba119b]::run_test::{closure#0}
[INFO] [stdout]   15:     0x630e1ba38af4 - std[617be2ca0a6fd877]::sys::backtrace::__rust_begin_short_backtrace::<test[aada8e7e76ba119b]::run_test::{closure#1}, ()>
[INFO] [stdout]   16:     0x630e1ba42292 - <std[617be2ca0a6fd877]::thread::lifecycle::spawn_unchecked<test[aada8e7e76ba119b]::run_test::{closure#1}, ()>::{closure#1} as core[a373ad73a504971]::ops::function::FnOnce<()>>::call_once::{shim:vtable#0}
[INFO] [stdout]   17:     0x630e1baefc1f - <std[617be2ca0a6fd877]::sys::thread::unix::Thread>::new::thread_start
[INFO] [stdout]   18:     0x72593c422dfa - <unknown>
[INFO] [stdout]   19:     0x72593c4b63d4 - clone
[INFO] [stdout]   20:                0x0 - <unknown>
[INFO] [stdout] 
[INFO] [stdout] ---- stage::tests::denoise_chain_is_framed_with_latency_tail stdout ----
[INFO] [stdout] 
[INFO] [stdout] thread 'stage::tests::denoise_chain_is_framed_with_latency_tail' (854) panicked at src/stage.rs:3374:10:
[INFO] [stdout] called `Result::unwrap()` on an `Err` value: OrtPathInvalid { path: "libonnxruntime.so", reason: "no ONNX Runtime is resolvable: ORT_DYLIB_PATH is not set and the system loader cannot find the runtime library" }
[INFO] [stdout] stack backtrace:
[INFO] [stdout]    0:     0x630e1baf08b1 - <<std[617be2ca0a6fd877]::sys::backtrace::BacktraceLock>::print::DisplayBacktrace as core[a373ad73a504971]::fmt::Display>::fmt
[INFO] [stdout]    1:     0x630e1bb06bda - core[a373ad73a504971]::fmt::write
[INFO] [stdout]    2:     0x630e1baf4aec - <alloc[2e1b2a31b91974c5]::vec::Vec<u8> as core[a373ad73a504971]::io::write::Write>::write_fmt
[INFO] [stdout]    3:     0x630e1bacbef6 - std[617be2ca0a6fd877]::panicking::default_hook::{closure#0}
[INFO] [stdout]    4:     0x630e1bae88b9 - std[617be2ca0a6fd877]::panicking::default_hook
[INFO] [stdout]    5:     0x630e1ba3ebe0 - test[aada8e7e76ba119b]::test_main_inner::{closure#0}
[INFO] [stdout]    6:     0x630e1bae8a72 - std[617be2ca0a6fd877]::panicking::panic_with_hook
[INFO] [stdout]    7:     0x630e1bacbfa2 - std[617be2ca0a6fd877]::panicking::panic_handler::{closure#0}
[INFO] [stdout]    8:     0x630e1bac4a79 - std[617be2ca0a6fd877]::sys::backtrace::__rust_end_short_backtrace::<std[617be2ca0a6fd877]::panicking::panic_handler::{closure#0}, !>
[INFO] [stdout]    9:     0x630e1baccbad - __rustc[ea4f61d10b84890b]::rust_begin_unwind
[INFO] [stdout]   10:     0x630e1bb0730c - core[a373ad73a504971]::panicking::panic_fmt
[INFO] [stdout]   11:     0x630e1bb070e2 - core[a373ad73a504971]::result::unwrap_failed
[INFO] [stdout]   12:     0x630e1b99043b - <decibri[6a88e457a15c3e]::stage::tests::denoise_chain_is_framed_with_latency_tail::{closure#0} as core[a373ad73a504971]::ops::function::FnOnce<()>>::call_once
[INFO] [stdout]   13:     0x630e1ba3202b - test[aada8e7e76ba119b]::__rust_begin_short_backtrace::<core[a373ad73a504971]::result::Result<(), alloc[2e1b2a31b91974c5]::string::String>, fn() -> core[a373ad73a504971]::result::Result<(), alloc[2e1b2a31b91974c5]::string::String>>
[INFO] [stdout]   14:     0x630e1ba3f205 - test[aada8e7e76ba119b]::run_test::{closure#0}
[INFO] [stdout]   15:     0x630e1ba38af4 - std[617be2ca0a6fd877]::sys::backtrace::__rust_begin_short_backtrace::<test[aada8e7e76ba119b]::run_test::{closure#1}, ()>
[INFO] [stdout]   16:     0x630e1ba42292 - <std[617be2ca0a6fd877]::thread::lifecycle::spawn_unchecked<test[aada8e7e76ba119b]::run_test::{closure#1}, ()>::{closure#1} as core[a373ad73a504971]::ops::function::FnOnce<()>>::call_once::{shim:vtable#0}
[INFO] [stdout]   17:     0x630e1baefc1f - <std[617be2ca0a6fd877]::sys::thread::unix::Thread>::new::thread_start
[INFO] [stdout]   18:     0x72593c422dfa - <unknown>
[INFO] [stdout]   19:     0x72593c4b63d4 - clone
[INFO] [stdout]   20:                0x0 - <unknown>
[INFO] [stdout] 
[INFO] [stdout] ---- stage::tests::denoise_tap_leads_delivered_by_bounded_amount stdout ----
[INFO] [stdout] 
[INFO] [stdout] thread 'stage::tests::denoise_tap_leads_delivered_by_bounded_amount' (855) panicked at src/stage.rs:3497:10:
[INFO] [stdout] called `Result::unwrap()` on an `Err` value: OrtPathInvalid { path: "libonnxruntime.so", reason: "no ONNX Runtime is resolvable: ORT_DYLIB_PATH is not set and the system loader cannot find the runtime library" }
[INFO] [stdout] stack backtrace:
[INFO] [stdout]    0:     0x630e1baf08b1 - <<std[617be2ca0a6fd877]::sys::backtrace::BacktraceLock>::print::DisplayBacktrace as core[a373ad73a504971]::fmt::Display>::fmt
[INFO] [stdout]    1:     0x630e1bb06bda - core[a373ad73a504971]::fmt::write
[INFO] [stdout]    2:     0x630e1baf4aec - <alloc[2e1b2a31b91974c5]::vec::Vec<u8> as core[a373ad73a504971]::io::write::Write>::write_fmt
[INFO] [stdout]    3:     0x630e1bacbef6 - std[617be2ca0a6fd877]::panicking::default_hook::{closure#0}
[INFO] [stdout]    4:     0x630e1bae88b9 - std[617be2ca0a6fd877]::panicking::default_hook
[INFO] [stdout]    5:     0x630e1ba3ebe0 - test[aada8e7e76ba119b]::test_main_inner::{closure#0}
[INFO] [stdout]    6:     0x630e1bae8a72 - std[617be2ca0a6fd877]::panicking::panic_with_hook
[INFO] [stdout]    7:     0x630e1bacbfa2 - std[617be2ca0a6fd877]::panicking::panic_handler::{closure#0}
[INFO] [stdout]    8:     0x630e1bac4a79 - std[617be2ca0a6fd877]::sys::backtrace::__rust_end_short_backtrace::<std[617be2ca0a6fd877]::panicking::panic_handler::{closure#0}, !>
[INFO] [stdout]    9:     0x630e1baccbad - __rustc[ea4f61d10b84890b]::rust_begin_unwind
[INFO] [stdout]   10:     0x630e1bb0730c - core[a373ad73a504971]::panicking::panic_fmt
[INFO] [stdout]   11:     0x630e1bb070e2 - core[a373ad73a504971]::result::unwrap_failed
[INFO] [stdout]   12:     0x630e1b995004 - <decibri[6a88e457a15c3e]::stage::tests::denoise_tap_leads_delivered_by_bounded_amount::{closure#0} as core[a373ad73a504971]::ops::function::FnOnce<()>>::call_once
[INFO] [stdout]   13:     0x630e1ba3202b - test[aada8e7e76ba119b]::__rust_begin_short_backtrace::<core[a373ad73a504971]::result::Result<(), alloc[2e1b2a31b91974c5]::string::String>, fn() -> core[a373ad73a504971]::result::Result<(), alloc[2e1b2a31b91974c5]::string::String>>
[INFO] [stdout]   14:     0x630e1ba3f205 - test[aada8e7e76ba119b]::run_test::{closure#0}
[INFO] [stdout]   15:     0x630e1ba38af4 - std[617be2ca0a6fd877]::sys::backtrace::__rust_begin_short_backtrace::<test[aada8e7e76ba119b]::run_test::{closure#1}, ()>
[INFO] [stdout]   16:     0x630e1ba42292 - <std[617be2ca0a6fd877]::thread::lifecycle::spawn_unchecked<test[aada8e7e76ba119b]::run_test::{closure#1}, ()>::{closure#1} as core[a373ad73a504971]::ops::function::FnOnce<()>>::call_once::{shim:vtable#0}
[INFO] [stdout]   17:     0x630e1baefc1f - <std[617be2ca0a6fd877]::sys::thread::unix::Thread>::new::thread_start
[INFO] [stdout]   18:     0x72593c422dfa - <unknown>
[INFO] [stdout]   19:     0x72593c4b63d4 - clone
[INFO] [stdout]   20:                0x0 - <unknown>
[INFO] [stdout] 
[INFO] [stdout] ---- stage::tests::non_finite_input_does_not_poison_denoise stdout ----
[INFO] [stdout] 
[INFO] [stdout] thread 'stage::tests::non_finite_input_does_not_poison_denoise' (873) panicked at src/stage.rs:4531:10:
[INFO] [stdout] called `Result::unwrap()` on an `Err` value: OrtPathInvalid { path: "libonnxruntime.so", reason: "no ONNX Runtime is resolvable: ORT_DYLIB_PATH is not set and the system loader cannot find the runtime library" }
[INFO] [stdout] stack backtrace:
[INFO] [stdout]    0:     0x630e1baf08b1 - <<std[617be2ca0a6fd877]::sys::backtrace::BacktraceLock>::print::DisplayBacktrace as core[a373ad73a504971]::fmt::Display>::fmt
[INFO] [stdout]    1:     0x630e1bb06bda - core[a373ad73a504971]::fmt::write
[INFO] [stdout]    2:     0x630e1baf4aec - <alloc[2e1b2a31b91974c5]::vec::Vec<u8> as core[a373ad73a504971]::io::write::Write>::write_fmt
[INFO] [stdout]    3:     0x630e1bacbef6 - std[617be2ca0a6fd877]::panicking::default_hook::{closure#0}
[INFO] [stdout]    4:     0x630e1bae88b9 - std[617be2ca0a6fd877]::panicking::default_hook
[INFO] [stdout]    5:     0x630e1ba3ebe0 - test[aada8e7e76ba119b]::test_main_inner::{closure#0}
[INFO] [stdout]    6:     0x630e1bae8a72 - std[617be2ca0a6fd877]::panicking::panic_with_hook
[INFO] [stdout]    7:     0x630e1bacbfa2 - std[617be2ca0a6fd877]::panicking::panic_handler::{closure#0}
[INFO] [stdout]    8:     0x630e1bac4a79 - std[617be2ca0a6fd877]::sys::backtrace::__rust_end_short_backtrace::<std[617be2ca0a6fd877]::panicking::panic_handler::{closure#0}, !>
[INFO] [stdout]    9:     0x630e1baccbad - __rustc[ea4f61d10b84890b]::rust_begin_unwind
[INFO] [stdout]   10:     0x630e1bb0730c - core[a373ad73a504971]::panicking::panic_fmt
[INFO] [stdout]   11:     0x630e1bb070e2 - core[a373ad73a504971]::result::unwrap_failed
[INFO] [stdout]   12:     0x630e1b98ef1f - <decibri[6a88e457a15c3e]::stage::tests::non_finite_input_does_not_poison_denoise::{closure#0} as core[a373ad73a504971]::ops::function::FnOnce<()>>::call_once
[INFO] [stdout]   13:     0x630e1ba3202b - test[aada8e7e76ba119b]::__rust_begin_short_backtrace::<core[a373ad73a504971]::result::Result<(), alloc[2e1b2a31b91974c5]::string::String>, fn() -> core[a373ad73a504971]::result::Result<(), alloc[2e1b2a31b91974c5]::string::String>>
[INFO] [stdout]   14:     0x630e1ba3f205 - test[aada8e7e76ba119b]::run_test::{closure#0}
[INFO] [stdout]   15:     0x630e1ba38af4 - std[617be2ca0a6fd877]::sys::backtrace::__rust_begin_short_backtrace::<test[aada8e7e76ba119b]::run_test::{closure#1}, ()>
[INFO] [stdout]   16:     0x630e1ba42292 - <std[617be2ca0a6fd877]::thread::lifecycle::spawn_unchecked<test[aada8e7e76ba119b]::run_test::{closure#1}, ()>::{closure#1} as core[a373ad73a504971]::ops::function::FnOnce<()>>::call_once::{shim:vtable#0}
[INFO] [stdout]   17:     0x630e1baefc1f - <std[617be2ca0a6fd877]::sys::thread::unix::Thread>::new::thread_start
[INFO] [stdout]   18:     0x72593c422dfa - <unknown>
[INFO] [stdout]   19:     0x72593c4b63d4 - clone
[INFO] [stdout]   20:                0x0 - <unknown>
[INFO] [stdout] 
[INFO] [stdout] ---- stage::tests::transform_latency_reports_denoise_lead stdout ----
[INFO] [stdout] 
[INFO] [stdout] thread 'stage::tests::transform_latency_reports_denoise_lead' (894) panicked at src/stage.rs:3651:10:
[INFO] [stdout] called `Result::unwrap()` on an `Err` value: OrtPathInvalid { path: "libonnxruntime.so", reason: "no ONNX Runtime is resolvable: ORT_DYLIB_PATH is not set and the system loader cannot find the runtime library" }
[INFO] [stdout] stack backtrace:
[INFO] [stdout]    0:     0x630e1baf08b1 - <<std[617be2ca0a6fd877]::sys::backtrace::BacktraceLock>::print::DisplayBacktrace as core[a373ad73a504971]::fmt::Display>::fmt
[INFO] [stdout]    1:     0x630e1bb06bda - core[a373ad73a504971]::fmt::write
[INFO] [stdout]    2:     0x630e1baf4aec - <alloc[2e1b2a31b91974c5]::vec::Vec<u8> as core[a373ad73a504971]::io::write::Write>::write_fmt
[INFO] [stdout]    3:     0x630e1bacbef6 - std[617be2ca0a6fd877]::panicking::default_hook::{closure#0}
[INFO] [stdout]    4:     0x630e1bae88b9 - std[617be2ca0a6fd877]::panicking::default_hook
[INFO] [stdout]    5:     0x630e1ba3ebe0 - test[aada8e7e76ba119b]::test_main_inner::{closure#0}
[INFO] [stdout]    6:     0x630e1bae8a72 - std[617be2ca0a6fd877]::panicking::panic_with_hook
[INFO] [stdout]    7:     0x630e1bacbfa2 - std[617be2ca0a6fd877]::panicking::panic_handler::{closure#0}
[INFO] [stdout]    8:     0x630e1bac4a79 - std[617be2ca0a6fd877]::sys::backtrace::__rust_end_short_backtrace::<std[617be2ca0a6fd877]::panicking::panic_handler::{closure#0}, !>
[INFO] [stdout]    9:     0x630e1baccbad - __rustc[ea4f61d10b84890b]::rust_begin_unwind
[INFO] [stdout]   10:     0x630e1bb0730c - core[a373ad73a504971]::panicking::panic_fmt
[INFO] [stdout]   11:     0x630e1bb070e2 - core[a373ad73a504971]::result::unwrap_failed
[INFO] [stdout]   12:     0x630e1b98e2b2 - <decibri[6a88e457a15c3e]::stage::tests::transform_latency_reports_denoise_lead::{closure#0} as core[a373ad73a504971]::ops::function::FnOnce<()>>::call_once
[INFO] [stdout]   13:     0x630e1ba3202b - test[aada8e7e76ba119b]::__rust_begin_short_backtrace::<core[a373ad73a504971]::result::Result<(), alloc[2e1b2a31b91974c5]::string::String>, fn() -> core[a373ad73a504971]::result::Result<(), alloc[2e1b2a31b91974c5]::string::String>>
[INFO] [stdout]   14:     0x630e1ba3f205 - test[aada8e7e76ba119b]::run_test::{closure#0}
[INFO] [stdout]   15:     0x630e1ba38af4 - std[617be2ca0a6fd877]::sys::backtrace::__rust_begin_short_backtrace::<test[aada8e7e76ba119b]::run_test::{closure#1}, ()>
[INFO] [stdout]   16:     0x630e1ba42292 - <std[617be2ca0a6fd877]::thread::lifecycle::spawn_unchecked<test[aada8e7e76ba119b]::run_test::{closure#1}, ()>::{closure#1} as core[a373ad73a504971]::ops::function::FnOnce<()>>::call_once::{shim:vtable#0}
[INFO] [stdout]   17:     0x630e1baefc1f - <std[617be2ca0a6fd877]::sys::thread::unix::Thread>::new::thread_start
[INFO] [stdout]   18:     0x72593c422dfa - <unknown>
[INFO] [stdout]   19:     0x72593c4b63d4 - clone
[INFO] [stdout]   20:                0x0 - <unknown>
[INFO] [stdout] 
[INFO] [stdout] ---- stage::tests::unfed_denoise_chain_flush_appends_nothing stdout ----
[INFO] [stdout] 
[INFO] [stdout] thread 'stage::tests::unfed_denoise_chain_flush_appends_nothing' (897) panicked at src/stage.rs:3425:14:
[INFO] [stdout] called `Result::unwrap()` on an `Err` value: OrtPathInvalid { path: "libonnxruntime.so", reason: "no ONNX Runtime is resolvable: ORT_DYLIB_PATH is not set and the system loader cannot find the runtime library" }
[INFO] [stdout] stack backtrace:
[INFO] [stdout]    0:     0x630e1baf08b1 - <<std[617be2ca0a6fd877]::sys::backtrace::BacktraceLock>::print::DisplayBacktrace as core[a373ad73a504971]::fmt::Display>::fmt
[INFO] [stdout]    1:     0x630e1bb06bda - core[a373ad73a504971]::fmt::write
[INFO] [stdout]    2:     0x630e1baf4aec - <alloc[2e1b2a31b91974c5]::vec::Vec<u8> as core[a373ad73a504971]::io::write::Write>::write_fmt
[INFO] [stdout]    3:     0x630e1bacbef6 - std[617be2ca0a6fd877]::panicking::default_hook::{closure#0}
[INFO] [stdout]    4:     0x630e1bae88b9 - std[617be2ca0a6fd877]::panicking::default_hook
[INFO] [stdout]    5:     0x630e1ba3ebe0 - test[aada8e7e76ba119b]::test_main_inner::{closure#0}
[INFO] [stdout]    6:     0x630e1bae8a72 - std[617be2ca0a6fd877]::panicking::panic_with_hook
[INFO] [stdout]    7:     0x630e1bacbfa2 - std[617be2ca0a6fd877]::panicking::panic_handler::{closure#0}
[INFO] [stdout]    8:     0x630e1bac4a79 - std[617be2ca0a6fd877]::sys::backtrace::__rust_end_short_backtrace::<std[617be2ca0a6fd877]::panicking::panic_handler::{closure#0}, !>
[INFO] [stdout]    9:     0x630e1baccbad - __rustc[ea4f61d10b84890b]::rust_begin_unwind
[INFO] [stdout]   10:     0x630e1bb0730c - core[a373ad73a504971]::panicking::panic_fmt
[INFO] [stdout]   11:     0x630e1bb070e2 - core[a373ad73a504971]::result::unwrap_failed
[INFO] [stdout]   12:     0x630e1b9912d3 - <decibri[6a88e457a15c3e]::stage::tests::unfed_denoise_chain_flush_appends_nothing::{closure#0} as core[a373ad73a504971]::ops::function::FnOnce<()>>::call_once
[INFO] [stdout]   13:     0x630e1ba3202b - test[aada8e7e76ba119b]::__rust_begin_short_backtrace::<core[a373ad73a504971]::result::Result<(), alloc[2e1b2a31b91974c5]::string::String>, fn() -> core[a373ad73a504971]::result::Result<(), alloc[2e1b2a31b91974c5]::string::String>>
[INFO] [stdout]   14:     0x630e1ba3f205 - test[aada8e7e76ba119b]::run_test::{closure#0}
[INFO] [stdout]   15:     0x630e1ba38af4 - std[617be2ca0a6fd877]::sys::backtrace::__rust_begin_short_backtrace::<test[aada8e7e76ba119b]::run_test::{closure#1}, ()>
[INFO] [stdout]   16:     0x630e1ba42292 - <std[617be2ca0a6fd877]::thread::lifecycle::spawn_unchecked<test[aada8e7e76ba119b]::run_test::{closure#1}, ()>::{closure#1} as core[a373ad73a504971]::ops::function::FnOnce<()>>::call_once::{shim:vtable#0}
[INFO] [stdout]   17:     0x630e1baefc1f - <std[617be2ca0a6fd877]::sys::thread::unix::Thread>::new::thread_start
[INFO] [stdout]   18:     0x72593c422dfa - <unknown>
[INFO] [stdout]   19:     0x72593c4b63d4 - clone
[INFO] [stdout]   20:                0x0 - <unknown>
[INFO] [stdout] 
[INFO] [stdout] ---- vad::tests::multichannel_is_downmixed_to_mono_before_vad stdout ----
[INFO] [stdout] 
[INFO] [stdout] thread 'vad::tests::multichannel_is_downmixed_to_mono_before_vad' (900) panicked at src/vad.rs:1164:41:
[INFO] [stdout] read fixture wav: Os { code: 2, kind: NotFound, message: "No such file or directory" }
[INFO] [stdout] stack backtrace:
[INFO] [stdout]    0:     0x630e1baf08b1 - <<std[617be2ca0a6fd877]::sys::backtrace::BacktraceLock>::print::DisplayBacktrace as core[a373ad73a504971]::fmt::Display>::fmt
[INFO] [stdout]    1:     0x630e1bb06bda - core[a373ad73a504971]::fmt::write
[INFO] [stdout]    2:     0x630e1baf4aec - <alloc[2e1b2a31b91974c5]::vec::Vec<u8> as core[a373ad73a504971]::io::write::Write>::write_fmt
[INFO] [stdout]    3:     0x630e1bacbef6 - std[617be2ca0a6fd877]::panicking::default_hook::{closure#0}
[INFO] [stdout]    4:     0x630e1bae88b9 - std[617be2ca0a6fd877]::panicking::default_hook
[INFO] [stdout]    5:     0x630e1ba3ebe0 - test[aada8e7e76ba119b]::test_main_inner::{closure#0}
[INFO] [stdout]    6:     0x630e1bae8a72 - std[617be2ca0a6fd877]::panicking::panic_with_hook
[INFO] [stdout]    7:     0x630e1bacbfa2 - std[617be2ca0a6fd877]::panicking::panic_handler::{closure#0}
[INFO] [stdout]    8:     0x630e1bac4a79 - std[617be2ca0a6fd877]::sys::backtrace::__rust_end_short_backtrace::<std[617be2ca0a6fd877]::panicking::panic_handler::{closure#0}, !>
[INFO] [stdout]    9:     0x630e1baccbad - __rustc[ea4f61d10b84890b]::rust_begin_unwind
[INFO] [stdout]   10:     0x630e1bb0730c - core[a373ad73a504971]::panicking::panic_fmt
[INFO] [stdout]   11:     0x630e1bb070e2 - core[a373ad73a504971]::result::unwrap_failed
[INFO] [stdout]   12:     0x630e1ba228a7 - decibri[6a88e457a15c3e]::vad::tests::read_golden_wav
[INFO] [stdout]   13:     0x630e1ba28636 - <decibri[6a88e457a15c3e]::vad::tests::multichannel_is_downmixed_to_mono_before_vad::{closure#0} as core[a373ad73a504971]::ops::function::FnOnce<()>>::call_once
[INFO] [stdout]   14:     0x630e1ba3202b - test[aada8e7e76ba119b]::__rust_begin_short_backtrace::<core[a373ad73a504971]::result::Result<(), alloc[2e1b2a31b91974c5]::string::String>, fn() -> core[a373ad73a504971]::result::Result<(), alloc[2e1b2a31b91974c5]::string::String>>
[INFO] [stdout]   15:     0x630e1ba3f205 - test[aada8e7e76ba119b]::run_test::{closure#0}
[INFO] [stdout]   16:     0x630e1ba38af4 - std[617be2ca0a6fd877]::sys::backtrace::__rust_begin_short_backtrace::<test[aada8e7e76ba119b]::run_test::{closure#1}, ()>
[INFO] [stdout]   17:     0x630e1ba42292 - <std[617be2ca0a6fd877]::thread::lifecycle::spawn_unchecked<test[aada8e7e76ba119b]::run_test::{closure#1}, ()>::{closure#1} as core[a373ad73a504971]::ops::function::FnOnce<()>>::call_once::{shim:vtable#0}
[INFO] [stdout]   18:     0x630e1baefc1f - <std[617be2ca0a6fd877]::sys::thread::unix::Thread>::new::thread_start
[INFO] [stdout]   19:     0x72593c422dfa - <unknown>
[INFO] [stdout]   20:     0x72593c4b63d4 - clone
[INFO] [stdout]   21:                0x0 - <unknown>
[INFO] [stdout] 
[INFO] [stdout] ---- vad::tests::test_is_ort_path_error stdout ----
[INFO] [stdout] 
[INFO] [stdout] thread 'vad::tests::test_is_ort_path_error' (901) panicked at /opt/rustwide/cargo-home/registry/src/index.crates.io-1949cf8c6b5b557f/ort-2.0.0-rc.13/src/lib.rs:239:14:
[INFO] [stdout] `OrtGetApiBase` must be present in ONNX Runtime dylib: DlSym { source: "/opt/rustwide/target/release/build/decibri/d67ee08fbc6fe96d/out/decibri-d67ee08fbc6fe96d: undefined symbol: OrtGetApiBase" }
[INFO] [stdout] stack backtrace:
[INFO] [stdout]    0:     0x630e1baf08b1 - <<std[617be2ca0a6fd877]::sys::backtrace::BacktraceLock>::print::DisplayBacktrace as core[a373ad73a504971]::fmt::Display>::fmt
[INFO] [stdout]    1:     0x630e1bb06bda - core[a373ad73a504971]::fmt::write
[INFO] [stdout]    2:     0x630e1baf4aec - <alloc[2e1b2a31b91974c5]::vec::Vec<u8> as core[a373ad73a504971]::io::write::Write>::write_fmt
[INFO] [stdout]    3:     0x630e1bacbef6 - std[617be2ca0a6fd877]::panicking::default_hook::{closure#0}
[INFO] [stdout]    4:     0x630e1bae88b9 - std[617be2ca0a6fd877]::panicking::default_hook
[INFO] [stdout]    5:     0x630e1ba3ebe0 - test[aada8e7e76ba119b]::test_main_inner::{closure#0}
[INFO] [stdout]    6:     0x630e1bae8a72 - std[617be2ca0a6fd877]::panicking::panic_with_hook
[INFO] [stdout]    7:     0x630e1bacbfa2 - std[617be2ca0a6fd877]::panicking::panic_handler::{closure#0}
[INFO] [stdout]    8:     0x630e1bac4a79 - std[617be2ca0a6fd877]::sys::backtrace::__rust_end_short_backtrace::<std[617be2ca0a6fd877]::panicking::panic_handler::{closure#0}, !>
[INFO] [stdout]    9:     0x630e1baccbad - __rustc[ea4f61d10b84890b]::rust_begin_unwind
[INFO] [stdout]   10:     0x630e1bb0730c - core[a373ad73a504971]::panicking::panic_fmt
[INFO] [stdout]   11:     0x630e1bb070e2 - core[a373ad73a504971]::result::unwrap_failed
[INFO] [stdout]   12:     0x630e1ba91468 - ort[61c67e600673597c]::setup_api
[INFO] [stdout]   13:     0x630e1b9f60b9 - <std[617be2ca0a6fd877]::sync::once::Once>::call_once_force::<<ort[61c67e600673597c]::util::once_lock_std::OnceLock<ort[61c67e600673597c]::ApiPointer>>::try_init_inner<<ort[61c67e600673597c]::util::once_lock_std::OnceLock<ort[61c67e600673597c]::ApiPointer>>::get_or_init<ort[61c67e600673597c]::setup_api>::{closure#0}, !>::{closure#0}>::{closure#0}
[INFO] [stdout]   14:     0x630e1bad1cc9 - <std[617be2ca0a6fd877]::sys::sync::once::futex::Once>::call
[INFO] [stdout]   15:     0x630e1b9f507e - <ort[61c67e600673597c]::util::once_lock_std::OnceLock<ort[61c67e600673597c]::ApiPointer>>::try_init_inner::<<ort[61c67e600673597c]::util::once_lock_std::OnceLock<ort[61c67e600673597c]::ApiPointer>>::get_or_init<ort[61c67e600673597c]::setup_api>::{closure#0}, !>
[INFO] [stdout]   16:     0x630e1b9fe4a3 - <ort[61c67e600673597c]::error::Error>::new_internal::<&str>
[INFO] [stdout]   17:     0x630e1ba24e4c - <decibri[6a88e457a15c3e]::vad::tests::test_is_ort_path_error::{closure#0} as core[a373ad73a504971]::ops::function::FnOnce<()>>::call_once
[INFO] [stdout]   18:     0x630e1ba3202b - test[aada8e7e76ba119b]::__rust_begin_short_backtrace::<core[a373ad73a504971]::result::Result<(), alloc[2e1b2a31b91974c5]::string::String>, fn() -> core[a373ad73a504971]::result::Result<(), alloc[2e1b2a31b91974c5]::string::String>>
[INFO] [stdout]   19:     0x630e1ba3f205 - test[aada8e7e76ba119b]::run_test::{closure#0}
[INFO] [stdout]   20:     0x630e1ba38af4 - std[617be2ca0a6fd877]::sys::backtrace::__rust_begin_short_backtrace::<test[aada8e7e76ba119b]::run_test::{closure#1}, ()>
[INFO] [stdout]   21:     0x630e1ba42292 - <std[617be2ca0a6fd877]::thread::lifecycle::spawn_unchecked<test[aada8e7e76ba119b]::run_test::{closure#1}, ()>::{closure#1} as core[a373ad73a504971]::ops::function::FnOnce<()>>::call_once::{shim:vtable#0}
[INFO] [stdout]   22:     0x630e1baefc1f - <std[617be2ca0a6fd877]::sys::thread::unix::Thread>::new::thread_start
[INFO] [stdout]   23:     0x72593c422dfa - <unknown>
[INFO] [stdout]   24:     0x72593c4b63d4 - clone
[INFO] [stdout]   25:                0x0 - <unknown>
[INFO] [stdout] 
[INFO] [stdout] ---- vad::tests::test_vad_accumulator_carry stdout ----
[INFO] [stdout] 
[INFO] [stdout] thread 'vad::tests::test_vad_accumulator_carry' (902) panicked at src/vad.rs:549:56:
[INFO] [stdout] called `Result::unwrap()` on an `Err` value: OrtPathInvalid { path: "libonnxruntime.so", reason: "no ONNX Runtime is resolvable: ORT_DYLIB_PATH is not set and the system loader cannot find the runtime library" }
[INFO] [stdout] stack backtrace:
[INFO] [stdout]    0:     0x630e1baf08b1 - <<std[617be2ca0a6fd877]::sys::backtrace::BacktraceLock>::print::DisplayBacktrace as core[a373ad73a504971]::fmt::Display>::fmt
[INFO] [stdout]    1:     0x630e1bb06bda - core[a373ad73a504971]::fmt::write
[INFO] [stdout]    2:     0x630e1baf4aec - <alloc[2e1b2a31b91974c5]::vec::Vec<u8> as core[a373ad73a504971]::io::write::Write>::write_fmt
[INFO] [stdout]    3:     0x630e1bacbef6 - std[617be2ca0a6fd877]::panicking::default_hook::{closure#0}
[INFO] [stdout]    4:     0x630e1bae88b9 - std[617be2ca0a6fd877]::panicking::default_hook
[INFO] [stdout]    5:     0x630e1ba3ebe0 - test[aada8e7e76ba119b]::test_main_inner::{closure#0}
[INFO] [stdout]    6:     0x630e1bae8a72 - std[617be2ca0a6fd877]::panicking::panic_with_hook
[INFO] [stdout]    7:     0x630e1bacbfa2 - std[617be2ca0a6fd877]::panicking::panic_handler::{closure#0}
[INFO] [stdout]    8:     0x630e1bac4a79 - std[617be2ca0a6fd877]::sys::backtrace::__rust_end_short_backtrace::<std[617be2ca0a6fd877]::panicking::panic_handler::{closure#0}, !>
[INFO] [stdout]    9:     0x630e1baccbad - __rustc[ea4f61d10b84890b]::rust_begin_unwind
[INFO] [stdout]   10:     0x630e1bb0730c - core[a373ad73a504971]::panicking::panic_fmt
[INFO] [stdout]   11:     0x630e1bb070e2 - core[a373ad73a504971]::result::unwrap_failed
[INFO] [stdout]   12:     0x630e1ba2529b - <decibri[6a88e457a15c3e]::vad::tests::test_vad_accumulator_carry::{closure#0} as core[a373ad73a504971]::ops::function::FnOnce<()>>::call_once
[INFO] [stdout]   13:     0x630e1ba3202b - test[aada8e7e76ba119b]::__rust_begin_short_backtrace::<core[a373ad73a504971]::result::Result<(), alloc[2e1b2a31b91974c5]::string::String>, fn() -> core[a373ad73a504971]::result::Result<(), alloc[2e1b2a31b91974c5]::string::String>>
[INFO] [stdout]   14:     0x630e1ba3f205 - test[aada8e7e76ba119b]::run_test::{closure#0}
[INFO] [stdout]   15:     0x630e1ba38af4 - std[617be2ca0a6fd877]::sys::backtrace::__rust_begin_short_backtrace::<test[aada8e7e76ba119b]::run_test::{closure#1}, ()>
[INFO] [stdout]   16:     0x630e1ba42292 - <std[617be2ca0a6fd877]::thread::lifecycle::spawn_unchecked<test[aada8e7e76ba119b]::run_test::{closure#1}, ()>::{closure#1} as core[a373ad73a504971]::ops::function::FnOnce<()>>::call_once::{shim:vtable#0}
[INFO] [stdout]   17:     0x630e1baefc1f - <std[617be2ca0a6fd877]::sys::thread::unix::Thread>::new::thread_start
[INFO] [stdout]   18:     0x72593c422dfa - <unknown>
[INFO] [stdout]   19:     0x72593c4b63d4 - clone
[INFO] [stdout]   20:                0x0 - <unknown>
[INFO] [stdout] 
[INFO] [stdout] ---- vad::tests::test_vad_accumulator_windows stdout ----
[INFO] [stdout] 
[INFO] [stdout] thread 'vad::tests::test_vad_accumulator_windows' (903) panicked at src/vad.rs:536:56:
[INFO] [stdout] called `Result::unwrap()` on an `Err` value: OrtPathInvalid { path: "libonnxruntime.so", reason: "no ONNX Runtime is resolvable: ORT_DYLIB_PATH is not set and the system loader cannot find the runtime library" }
[INFO] [stdout] stack backtrace:
[INFO] [stdout]    0:     0x630e1baf08b1 - <<std[617be2ca0a6fd877]::sys::backtrace::BacktraceLock>::print::DisplayBacktrace as core[a373ad73a504971]::fmt::Display>::fmt
[INFO] [stdout]    1:     0x630e1bb06bda - core[a373ad73a504971]::fmt::write
[INFO] [stdout]    2:     0x630e1baf4aec - <alloc[2e1b2a31b91974c5]::vec::Vec<u8> as core[a373ad73a504971]::io::write::Write>::write_fmt
[INFO] [stdout]    3:     0x630e1bacbef6 - std[617be2ca0a6fd877]::panicking::default_hook::{closure#0}
[INFO] [stdout]    4:     0x630e1bae88b9 - std[617be2ca0a6fd877]::panicking::default_hook
[INFO] [stdout]    5:     0x630e1ba3ebe0 - test[aada8e7e76ba119b]::test_main_inner::{closure#0}
[INFO] [stdout]    6:     0x630e1bae8a72 - std[617be2ca0a6fd877]::panicking::panic_with_hook
[INFO] [stdout]    7:     0x630e1bacbfa2 - std[617be2ca0a6fd877]::panicking::panic_handler::{closure#0}
[INFO] [stdout]    8:     0x630e1bac4a79 - std[617be2ca0a6fd877]::sys::backtrace::__rust_end_short_backtrace::<std[617be2ca0a6fd877]::panicking::panic_handler::{closure#0}, !>
[INFO] [stdout]    9:     0x630e1baccbad - __rustc[ea4f61d10b84890b]::rust_begin_unwind
[INFO] [stdout]   10:     0x630e1bb0730c - core[a373ad73a504971]::panicking::panic_fmt
[INFO] [stdout]   11:     0x630e1bb070e2 - core[a373ad73a504971]::result::unwrap_failed
[INFO] [stdout]   12:     0x630e1ba259b8 - <decibri[6a88e457a15c3e]::vad::tests::test_vad_accumulator_windows::{closure#0} as core[a373ad73a504971]::ops::function::FnOnce<()>>::call_once
[INFO] [stdout]   13:     0x630e1ba3202b - test[aada8e7e76ba119b]::__rust_begin_short_backtrace::<core[a373ad73a504971]::result::Result<(), alloc[2e1b2a31b91974c5]::string::String>, fn() -> core[a373ad73a504971]::result::Result<(), alloc[2e1b2a31b91974c5]::string::String>>
[INFO] [stdout]   14:     0x630e1ba3f205 - test[aada8e7e76ba119b]::run_test::{closure#0}
[INFO] [stdout]   15:     0x630e1ba38af4 - std[617be2ca0a6fd877]::sys::backtrace::__rust_begin_short_backtrace::<test[aada8e7e76ba119b]::run_test::{closure#1}, ()>
[INFO] [stdout]   16:     0x630e1ba42292 - <std[617be2ca0a6fd877]::thread::lifecycle::spawn_unchecked<test[aada8e7e76ba119b]::run_test::{closure#1}, ()>::{closure#1} as core[a373ad73a504971]::ops::function::FnOnce<()>>::call_once::{shim:vtable#0}
[INFO] [stdout]   17:     0x630e1baefc1f - <std[617be2ca0a6fd877]::sys::thread::unix::Thread>::new::thread_start
[INFO] [stdout]   18:     0x72593c422dfa - <unknown>
[INFO] [stdout]   19:     0x72593c4b63d4 - clone
[INFO] [stdout]   20:                0x0 - <unknown>
[INFO] [stdout] 
[INFO] [stdout] ---- vad::tests::test_vad_loads_model stdout ----
[INFO] [stdout] 
[INFO] [stdout] thread 'vad::tests::test_vad_loads_model' (905) panicked at src/vad.rs:503:9:
[INFO] [stdout] Model should load: Some(OrtPathInvalid { path: "libonnxruntime.so", reason: "no ONNX Runtime is resolvable: ORT_DYLIB_PATH is not set and the system loader cannot find the runtime library" })
[INFO] [stdout] stack backtrace:
[INFO] [stdout]    0:     0x630e1baf08b1 - <<std[617be2ca0a6fd877]::sys::backtrace::BacktraceLock>::print::DisplayBacktrace as core[a373ad73a504971]::fmt::Display>::fmt
[INFO] [stdout]    1:     0x630e1bb06bda - core[a373ad73a504971]::fmt::write
[INFO] [stdout]    2:     0x630e1baf4aec - <alloc[2e1b2a31b91974c5]::vec::Vec<u8> as core[a373ad73a504971]::io::write::Write>::write_fmt
[INFO] [stdout]    3:     0x630e1bacbef6 - std[617be2ca0a6fd877]::panicking::default_hook::{closure#0}
[INFO] [stdout]    4:     0x630e1bae88b9 - std[617be2ca0a6fd877]::panicking::default_hook
[INFO] [stdout]    5:     0x630e1ba3ebe0 - test[aada8e7e76ba119b]::test_main_inner::{closure#0}
[INFO] [stdout]    6:     0x630e1bae8a72 - std[617be2ca0a6fd877]::panicking::panic_with_hook
[INFO] [stdout]    7:     0x630e1bacbfa2 - std[617be2ca0a6fd877]::panicking::panic_handler::{closure#0}
[INFO] [stdout]    8:     0x630e1bac4a79 - std[617be2ca0a6fd877]::sys::backtrace::__rust_end_short_backtrace::<std[617be2ca0a6fd877]::panicking::panic_handler::{closure#0}, !>
[INFO] [stdout]    9:     0x630e1baccbad - __rustc[ea4f61d10b84890b]::rust_begin_unwind
[INFO] [stdout]   10:     0x630e1bb0730c - core[a373ad73a504971]::panicking::panic_fmt
[INFO] [stdout]   11:     0x630e1ba24b17 - <decibri[6a88e457a15c3e]::vad::tests::test_vad_loads_model::{closure#0} as core[a373ad73a504971]::ops::function::FnOnce<()>>::call_once
[INFO] [stdout]   12:     0x630e1ba3202b - test[aada8e7e76ba119b]::__rust_begin_short_backtrace::<core[a373ad73a504971]::result::Result<(), alloc[2e1b2a31b91974c5]::string::String>, fn() -> core[a373ad73a504971]::result::Result<(), alloc[2e1b2a31b91974c5]::string::String>>
[INFO] [stdout]   13:     0x630e1ba3f205 - test[aada8e7e76ba119b]::run_test::{closure#0}
[INFO] [stdout]   14:     0x630e1ba38af4 - std[617be2ca0a6fd877]::sys::backtrace::__rust_begin_short_backtrace::<test[aada8e7e76ba119b]::run_test::{closure#1}, ()>
[INFO] [stdout]   15:     0x630e1ba42292 - <std[617be2ca0a6fd877]::thread::lifecycle::spawn_unchecked<test[aada8e7e76ba119b]::run_test::{closure#1}, ()>::{closure#1} as core[a373ad73a504971]::ops::function::FnOnce<()>>::call_once::{shim:vtable#0}
[INFO] [stdout]   16:     0x630e1baefc1f - <std[617be2ca0a6fd877]::sys::thread::unix::Thread>::new::thread_start
[INFO] [stdout]   17:     0x72593c422dfa - <unknown>
[INFO] [stdout]   18:     0x72593c4b63d4 - clone
[INFO] [stdout]   19:                0x0 - <unknown>
[INFO] [stdout] 
[INFO] [stdout] ---- vad::tests::test_vad_silence stdout ----
[INFO] [stdout] 
[INFO] [stdout] thread 'vad::tests::test_vad_silence' (907) panicked at src/vad.rs:508:56:
[INFO] [stdout] called `Result::unwrap()` on an `Err` value: OrtPathInvalid { path: "libonnxruntime.so", reason: "no ONNX Runtime is resolvable: ORT_DYLIB_PATH is not set and the system loader cannot find the runtime library" }
[INFO] [stdout] stack backtrace:
[INFO] [stdout]    0:     0x630e1baf08b1 - <<std[617be2ca0a6fd877]::sys::backtrace::BacktraceLock>::print::DisplayBacktrace as core[a373ad73a504971]::fmt::Display>::fmt
[INFO] [stdout]    1:     0x630e1bb06bda - core[a373ad73a504971]::fmt::write
[INFO] [stdout]    2:     0x630e1baf4aec - <alloc[2e1b2a31b91974c5]::vec::Vec<u8> as core[a373ad73a504971]::io::write::Write>::write_fmt
[INFO] [stdout]    3:     0x630e1bacbef6 - std[617be2ca0a6fd877]::panicking::default_hook::{closure#0}
[INFO] [stdout]    4:     0x630e1bae88b9 - std[617be2ca0a6fd877]::panicking::default_hook
[INFO] [stdout]    5:     0x630e1ba3ebe0 - test[aada8e7e76ba119b]::test_main_inner::{closure#0}
[INFO] [stdout]    6:     0x630e1bae8a72 - std[617be2ca0a6fd877]::panicking::panic_with_hook
[INFO] [stdout]    7:     0x630e1bacbfa2 - std[617be2ca0a6fd877]::panicking::panic_handler::{closure#0}
[INFO] [stdout]    8:     0x630e1bac4a79 - std[617be2ca0a6fd877]::sys::backtrace::__rust_end_short_backtrace::<std[617be2ca0a6fd877]::panicking::panic_handler::{closure#0}, !>
[INFO] [stdout]    9:     0x630e1baccbad - __rustc[ea4f61d10b84890b]::rust_begin_unwind
[INFO] [stdout]   10:     0x630e1bb0730c - core[a373ad73a504971]::panicking::panic_fmt
[INFO] [stdout]   11:     0x630e1bb070e2 - core[a373ad73a504971]::result::unwrap_failed
[INFO] [stdout]   12:     0x630e1ba248ef - <decibri[6a88e457a15c3e]::vad::tests::test_vad_silence::{closure#0} as core[a373ad73a504971]::ops::function::FnOnce<()>>::call_once
[INFO] [stdout]   13:     0x630e1ba3202b - test[aada8e7e76ba119b]::__rust_begin_short_backtrace::<core[a373ad73a504971]::result::Result<(), alloc[2e1b2a31b91974c5]::string::String>, fn() -> core[a373ad73a504971]::result::Result<(), alloc[2e1b2a31b91974c5]::string::String>>
[INFO] [stdout]   14:     0x630e1ba3f205 - test[aada8e7e76ba119b]::run_test::{closure#0}
[INFO] [stdout]   15:     0x630e1ba38af4 - std[617be2ca0a6fd877]::sys::backtrace::__rust_begin_short_backtrace::<test[aada8e7e76ba119b]::run_test::{closure#1}, ()>
[INFO] [stdout]   16:     0x630e1ba42292 - <std[617be2ca0a6fd877]::thread::lifecycle::spawn_unchecked<test[aada8e7e76ba119b]::run_test::{closure#1}, ()>::{closure#1} as core[a373ad73a504971]::ops::function::FnOnce<()>>::call_once::{shim:vtable#0}
[INFO] [stdout]   17:     0x630e1baefc1f - <std[617be2ca0a6fd877]::sys::thread::unix::Thread>::new::thread_start
[INFO] [stdout]   18:     0x72593c422dfa - <unknown>
[INFO] [stdout]   19:     0x72593c4b63d4 - clone
[INFO] [stdout]   20:                0x0 - <unknown>
[INFO] [stdout] 
[INFO] [stdout] ---- vad::tests::test_vad_reset stdout ----
[INFO] [stdout] 
[INFO] [stdout] thread 'vad::tests::test_vad_reset' (906) panicked at src/vad.rs:575:56:
[INFO] [stdout] called `Result::unwrap()` on an `Err` value: OrtPathInvalid { path: "libonnxruntime.so", reason: "no ONNX Runtime is resolvable: ORT_DYLIB_PATH is not set and the system loader cannot find the runtime library" }
[INFO] [stdout] stack backtrace:
[INFO] [stdout]    0:     0x630e1baf08b1 - <<std[617be2ca0a6fd877]::sys::backtrace::BacktraceLock>::print::DisplayBacktrace as core[a373ad73a504971]::fmt::Display>::fmt
[INFO] [stdout]    1:     0x630e1bb06bda - core[a373ad73a504971]::fmt::write
[INFO] [stdout]    2:     0x630e1baf4aec - <alloc[2e1b2a31b91974c5]::vec::Vec<u8> as core[a373ad73a504971]::io::write::Write>::write_fmt
[INFO] [stdout]    3:     0x630e1bacbef6 - std[617be2ca0a6fd877]::panicking::default_hook::{closure#0}
[INFO] [stdout]    4:     0x630e1bae88b9 - std[617be2ca0a6fd877]::panicking::default_hook
[INFO] [stdout]    5:     0x630e1ba3ebe0 - test[aada8e7e76ba119b]::test_main_inner::{closure#0}
[INFO] [stdout]    6:     0x630e1bae8a72 - std[617be2ca0a6fd877]::panicking::panic_with_hook
[INFO] [stdout]    7:     0x630e1bacbfa2 - std[617be2ca0a6fd877]::panicking::panic_handler::{closure#0}
[INFO] [stdout]    8:     0x630e1bac4a79 - std[617be2ca0a6fd877]::sys::backtrace::__rust_end_short_backtrace::<std[617be2ca0a6fd877]::panicking::panic_handler::{closure#0}, !>
[INFO] [stdout]    9:     0x630e1baccbad - __rustc[ea4f61d10b84890b]::rust_begin_unwind
[INFO] [stdout]   10:     0x630e1bb0730c - core[a373ad73a504971]::panicking::panic_fmt
[INFO] [stdout]   11:     0x630e1bb070e2 - core[a373ad73a504971]::result::unwrap_failed
[INFO] [stdout]   12:     0x630e1ba2464f - <decibri[6a88e457a15c3e]::vad::tests::test_vad_reset::{closure#0} as core[a373ad73a504971]::ops::function::FnOnce<()>>::call_once
[INFO] [stdout]   13:     0x630e1ba3202b - test[aada8e7e76ba119b]::__rust_begin_short_backtrace::<core[a373ad73a504971]::result::Result<(), alloc[2e1b2a31b91974c5]::string::String>, fn() -> core[a373ad73a504971]::result::Result<(), alloc[2e1b2a31b91974c5]::string::String>>
[INFO] [stdout]   14:     0x630e1ba3f205 - test[aada8e7e76ba119b]::run_test::{closure#0}
[INFO] [stdout]   15:     0x630e1ba38af4 - std[617be2ca0a6fd877]::sys::backtrace::__rust_begin_short_backtrace::<test[aada8e7e76ba119b]::run_test::{closure#1}, ()>
[INFO] [stdout]   16:     0x630e1ba42292 - <std[617be2ca0a6fd877]::thread::lifecycle::spawn_unchecked<test[aada8e7e76ba119b]::run_test::{closure#1}, ()>::{closure#1} as core[a373ad73a504971]::ops::function::FnOnce<()>>::call_once::{shim:vtable#0}
[INFO] [stdout]   17:     0x630e1baefc1f - <std[617be2ca0a6fd877]::sys::thread::unix::Thread>::new::thread_start
[INFO] [stdout]   18:     0x72593c422dfa - <unknown>
[INFO] [stdout]   19:     0x72593c4b63d4 - clone
[INFO] [stdout]   20:                0x0 - <unknown>
[INFO] [stdout] 
[INFO] [stdout] ---- vad::tests::test_vad_small_chunk stdout ----
[INFO] [stdout] 
[INFO] [stdout] thread 'vad::tests::test_vad_small_chunk' (908) panicked at src/vad.rs:564:56:
[INFO] [stdout] called `Result::unwrap()` on an `Err` value: OrtPathInvalid { path: "libonnxruntime.so", reason: "no ONNX Runtime is resolvable: ORT_DYLIB_PATH is not set and the system loader cannot find the runtime library" }
[INFO] [stdout] stack backtrace:
[INFO] [stdout]    0:     0x630e1baf08b1 - <<std[617be2ca0a6fd877]::sys::backtrace::BacktraceLock>::print::DisplayBacktrace as core[a373ad73a504971]::fmt::Display>::fmt
[INFO] [stdout]    1:     0x630e1bb06bda - core[a373ad73a504971]::fmt::write
[INFO] [stdout]    2:     0x630e1baf4aec - <alloc[2e1b2a31b91974c5]::vec::Vec<u8> as core[a373ad73a504971]::io::write::Write>::write_fmt
[INFO] [stdout]    3:     0x630e1bacbef6 - std[617be2ca0a6fd877]::panicking::default_hook::{closure#0}
[INFO] [stdout]    4:     0x630e1bae88b9 - std[617be2ca0a6fd877]::panicking::default_hook
[INFO] [stdout]    5:     0x630e1ba3ebe0 - test[aada8e7e76ba119b]::test_main_inner::{closure#0}
[INFO] [stdout]    6:     0x630e1bae8a72 - std[617be2ca0a6fd877]::panicking::panic_with_hook
[INFO] [stdout]    7:     0x630e1bacbfa2 - std[617be2ca0a6fd877]::panicking::panic_handler::{closure#0}
[INFO] [stdout]    8:     0x630e1bac4a79 - std[617be2ca0a6fd877]::sys::backtrace::__rust_end_short_backtrace::<std[617be2ca0a6fd877]::panicking::panic_handler::{closure#0}, !>
[INFO] [stdout]    9:     0x630e1baccbad - __rustc[ea4f61d10b84890b]::rust_begin_unwind
[INFO] [stdout]   10:     0x630e1bb0730c - core[a373ad73a504971]::panicking::panic_fmt
[INFO] [stdout]   11:     0x630e1bb070e2 - core[a373ad73a504971]::result::unwrap_failed
[INFO] [stdout]   12:     0x630e1ba24ce7 - <decibri[6a88e457a15c3e]::vad::tests::test_vad_small_chunk::{closure#0} as core[a373ad73a504971]::ops::function::FnOnce<()>>::call_once
[INFO] [stdout]   13:     0x630e1ba3202b - test[aada8e7e76ba119b]::__rust_begin_short_backtrace::<core[a373ad73a504971]::result::Result<(), alloc[2e1b2a31b91974c5]::string::String>, fn() -> core[a373ad73a504971]::result::Result<(), alloc[2e1b2a31b91974c5]::string::String>>
[INFO] [stdout]   14:     0x630e1ba3f205 - test[aada8e7e76ba119b]::run_test::{closure#0}
[INFO] [stdout]   15:     0x630e1ba38af4 - std[617be2ca0a6fd877]::sys::backtrace::__rust_begin_short_backtrace::<test[aada8e7e76ba119b]::run_test::{closure#1}, ()>
[INFO] [stdout]   16:     0x630e1ba42292 - <std[617be2ca0a6fd877]::thread::lifecycle::spawn_unchecked<test[aada8e7e76ba119b]::run_test::{closure#1}, ()>::{closure#1} as core[a373ad73a504971]::ops::function::FnOnce<()>>::call_once::{shim:vtable#0}
[INFO] [stdout]   17:     0x630e1baefc1f - <std[617be2ca0a6fd877]::sys::thread::unix::Thread>::new::thread_start
[INFO] [stdout]   18:     0x72593c422dfa - <unknown>
[INFO] [stdout]   19:     0x72593c4b63d4 - clone
[INFO] [stdout]   20:                0x0 - <unknown>
[INFO] [stdout] 
[INFO] [stdout] ---- vad::tests::test_vad_state_persistence stdout ----
[INFO] [stdout] 
[INFO] [stdout] thread 'vad::tests::test_vad_state_persistence' (909) panicked at src/vad.rs:521:56:
[INFO] [stdout] called `Result::unwrap()` on an `Err` value: OrtPathInvalid { path: "libonnxruntime.so", reason: "no ONNX Runtime is resolvable: ORT_DYLIB_PATH is not set and the system loader cannot find the runtime library" }
[INFO] [stdout] stack backtrace:
[INFO] [stdout]    0:     0x630e1baf08b1 - <<std[617be2ca0a6fd877]::sys::backtrace::BacktraceLock>::print::DisplayBacktrace as core[a373ad73a504971]::fmt::Display>::fmt
[INFO] [stdout]    1:     0x630e1bb06bda - core[a373ad73a504971]::fmt::write
[INFO] [stdout]    2:     0x630e1baf4aec - <alloc[2e1b2a31b91974c5]::vec::Vec<u8> as core[a373ad73a504971]::io::write::Write>::write_fmt
[INFO] [stdout]    3:     0x630e1bacbef6 - std[617be2ca0a6fd877]::panicking::default_hook::{closure#0}
[INFO] [stdout]    4:     0x630e1bae88b9 - std[617be2ca0a6fd877]::panicking::default_hook
[INFO] [stdout]    5:     0x630e1ba3ebe0 - test[aada8e7e76ba119b]::test_main_inner::{closure#0}
[INFO] [stdout]    6:     0x630e1bae8a72 - std[617be2ca0a6fd877]::panicking::panic_with_hook
[INFO] [stdout]    7:     0x630e1bacbfa2 - std[617be2ca0a6fd877]::panicking::panic_handler::{closure#0}
[INFO] [stdout]    8:     0x630e1bac4a79 - std[617be2ca0a6fd877]::sys::backtrace::__rust_end_short_backtrace::<std[617be2ca0a6fd877]::panicking::panic_handler::{closure#0}, !>
[INFO] [stdout]    9:     0x630e1baccbad - __rustc[ea4f61d10b84890b]::rust_begin_unwind
[INFO] [stdout]   10:     0x630e1bb0730c - core[a373ad73a504971]::panicking::panic_fmt
[INFO] [stdout]   11:     0x630e1bb070e2 - core[a373ad73a504971]::result::unwrap_failed
[INFO] [stdout]   12:     0x630e1ba25751 - <decibri[6a88e457a15c3e]::vad::tests::test_vad_state_persistence::{closure#0} as core[a373ad73a504971]::ops::function::FnOnce<()>>::call_once
[INFO] [stdout]   13:     0x630e1ba3202b - test[aada8e7e76ba119b]::__rust_begin_short_backtrace::<core[a373ad73a504971]::result::Result<(), alloc[2e1b2a31b91974c5]::string::String>, fn() -> core[a373ad73a504971]::result::Result<(), alloc[2e1b2a31b91974c5]::string::String>>
[INFO] [stdout]   14:     0x630e1ba3f205 - test[aada8e7e76ba119b]::run_test::{closure#0}
[INFO] [stdout]   15:     0x630e1ba38af4 - std[617be2ca0a6fd877]::sys::backtrace::__rust_begin_short_backtrace::<test[aada8e7e76ba119b]::run_test::{closure#1}, ()>
[INFO] [stdout]   16:     0x630e1ba42292 - <std[617be2ca0a6fd877]::thread::lifecycle::spawn_unchecked<test[aada8e7e76ba119b]::run_test::{closure#1}, ()>::{closure#1} as core[a373ad73a504971]::ops::function::FnOnce<()>>::call_once::{shim:vtable#0}
[INFO] [stdout]   17:     0x630e1baefc1f - <std[617be2ca0a6fd877]::sys::thread::unix::Thread>::new::thread_start
[INFO] [stdout]   18:     0x72593c422dfa - <unknown>
[INFO] [stdout]   19:     0x72593c4b63d4 - clone
[INFO] [stdout]   20:                0x0 - <unknown>
[INFO] [stdout] 
[INFO] [stdout] ---- vad::tests::vad_golden_output_regression stdout ----
[INFO] [stdout] 
[INFO] [stdout] thread 'vad::tests::vad_golden_output_regression' (910) panicked at src/vad.rs:840:56:
[INFO] [stdout] called `Result::unwrap()` on an `Err` value: OrtPathInvalid { path: "libonnxruntime.so", reason: "no ONNX Runtime is resolvable: ORT_DYLIB_PATH is not set and the system loader cannot find the runtime library" }
[INFO] [stdout] stack backtrace:
[INFO] [stdout]    0:     0x630e1baf08b1 - <<std[617be2ca0a6fd877]::sys::backtrace::BacktraceLock>::print::DisplayBacktrace as core[a373ad73a504971]::fmt::Display>::fmt
[INFO] [stdout]    1:     0x630e1bb06bda - core[a373ad73a504971]::fmt::write
[INFO] [stdout]    2:     0x630e1baf4aec - <alloc[2e1b2a31b91974c5]::vec::Vec<u8> as core[a373ad73a504971]::io::write::Write>::write_fmt
[INFO] [stdout]    3:     0x630e1bacbef6 - std[617be2ca0a6fd877]::panicking::default_hook::{closure#0}
[INFO] [stdout]    4:     0x630e1bae88b9 - std[617be2ca0a6fd877]::panicking::default_hook
[INFO] [stdout]    5:     0x630e1ba3ebe0 - test[aada8e7e76ba119b]::test_main_inner::{closure#0}
[INFO] [stdout]    6:     0x630e1bae8a72 - std[617be2ca0a6fd877]::panicking::panic_with_hook
[INFO] [stdout]    7:     0x630e1bacbfa2 - std[617be2ca0a6fd877]::panicking::panic_handler::{closure#0}
[INFO] [stdout]    8:     0x630e1bac4a79 - std[617be2ca0a6fd877]::sys::backtrace::__rust_end_short_backtrace::<std[617be2ca0a6fd877]::panicking::panic_handler::{closure#0}, !>
[INFO] [stdout]    9:     0x630e1baccbad - __rustc[ea4f61d10b84890b]::rust_begin_unwind
[INFO] [stdout]   10:     0x630e1bb0730c - core[a373ad73a504971]::panicking::panic_fmt
[INFO] [stdout]   11:     0x630e1bb070e2 - core[a373ad73a504971]::result::unwrap_failed
[INFO] [stdout]   12:     0x630e1ba26f57 - <decibri[6a88e457a15c3e]::vad::tests::vad_golden_output_regression::{closure#0} as core[a373ad73a504971]::ops::function::FnOnce<()>>::call_once
[INFO] [stdout]   13:     0x630e1ba3202b - test[aada8e7e76ba119b]::__rust_begin_short_backtrace::<core[a373ad73a504971]::result::Result<(), alloc[2e1b2a31b91974c5]::string::String>, fn() -> core[a373ad73a504971]::result::Result<(), alloc[2e1b2a31b91974c5]::string::String>>
[INFO] [stdout]   14:     0x630e1ba3f205 - test[aada8e7e76ba119b]::run_test::{closure#0}
[INFO] [stdout]   15:     0x630e1ba38af4 - std[617be2ca0a6fd877]::sys::backtrace::__rust_begin_short_backtrace::<test[aada8e7e76ba119b]::run_test::{closure#1}, ()>
[INFO] [stdout]   16:     0x630e1ba42292 - <std[617be2ca0a6fd877]::thread::lifecycle::spawn_unchecked<test[aada8e7e76ba119b]::run_test::{closure#1}, ()>::{closure#1} as core[a373ad73a504971]::ops::function::FnOnce<()>>::call_once::{shim:vtable#0}
[INFO] [stdout]   17:     0x630e1baefc1f - <std[617be2ca0a6fd877]::sys::thread::unix::Thread>::new::thread_start
[INFO] [stdout]   18:     0x72593c422dfa - <unknown>
[INFO] [stdout]   19:     0x72593c4b63d4 - clone
[INFO] [stdout]   20:                0x0 - <unknown>
[INFO] [stdout] 
[INFO] [stdout] ---- vad::tests::vad_golden_output_regression_tts_speech stdout ----
[INFO] [stdout] 
[INFO] [stdout] thread 'vad::tests::vad_golden_output_regression_tts_speech' (911) panicked at src/vad.rs:1164:41:
[INFO] [stdout] read fixture wav: Os { code: 2, kind: NotFound, message: "No such file or directory" }
[INFO] [stdout] stack backtrace:
[INFO] [stdout]    0:     0x630e1baf08b1 - <<std[617be2ca0a6fd877]::sys::backtrace::BacktraceLock>::print::DisplayBacktrace as core[a373ad73a504971]::fmt::Display>::fmt
[INFO] [stdout]    1:     0x630e1bb06bda - core[a373ad73a504971]::fmt::write
[INFO] [stdout]    2:     0x630e1baf4aec - <alloc[2e1b2a31b91974c5]::vec::Vec<u8> as core[a373ad73a504971]::io::write::Write>::write_fmt
[INFO] [stdout]    3:     0x630e1bacbef6 - std[617be2ca0a6fd877]::panicking::default_hook::{closure#0}
[INFO] [stdout]    4:     0x630e1bae88b9 - std[617be2ca0a6fd877]::panicking::default_hook
[INFO] [stdout]    5:     0x630e1ba3ebe0 - test[aada8e7e76ba119b]::test_main_inner::{closure#0}
[INFO] [stdout]    6:     0x630e1bae8a72 - std[617be2ca0a6fd877]::panicking::panic_with_hook
[INFO] [stdout]    7:     0x630e1bacbfa2 - std[617be2ca0a6fd877]::panicking::panic_handler::{closure#0}
[INFO] [stdout]    8:     0x630e1bac4a79 - std[617be2ca0a6fd877]::sys::backtrace::__rust_end_short_backtrace::<std[617be2ca0a6fd877]::panicking::panic_handler::{closure#0}, !>
[INFO] [stdout]    9:     0x630e1baccbad - __rustc[ea4f61d10b84890b]::rust_begin_unwind
[INFO] [stdout]   10:     0x630e1bb0730c - core[a373ad73a504971]::panicking::panic_fmt
[INFO] [stdout]   11:     0x630e1bb070e2 - core[a373ad73a504971]::result::unwrap_failed
[INFO] [stdout]   12:     0x630e1ba228a7 - decibri[6a88e457a15c3e]::vad::tests::read_golden_wav
[INFO] [stdout]   13:     0x630e1ba274ca - <decibri[6a88e457a15c3e]::vad::tests::vad_golden_output_regression_tts_speech::{closure#0} as core[a373ad73a504971]::ops::function::FnOnce<()>>::call_once
[INFO] [stdout]   14:     0x630e1ba3202b - test[aada8e7e76ba119b]::__rust_begin_short_backtrace::<core[a373ad73a504971]::result::Result<(), alloc[2e1b2a31b91974c5]::string::String>, fn() -> core[a373ad73a504971]::result::Result<(), alloc[2e1b2a31b91974c5]::string::String>>
[INFO] [stdout]   15:     0x630e1ba3f205 - test[aada8e7e76ba119b]::run_test::{closure#0}
[INFO] [stdout]   16:     0x630e1ba38af4 - std[617be2ca0a6fd877]::sys::backtrace::__rust_begin_short_backtrace::<test[aada8e7e76ba119b]::run_test::{closure#1}, ()>
[INFO] [stdout]   17:     0x630e1ba42292 - <std[617be2ca0a6fd877]::thread::lifecycle::spawn_unchecked<test[aada8e7e76ba119b]::run_test::{closure#1}, ()>::{closure#1} as core[a373ad73a504971]::ops::function::FnOnce<()>>::call_once::{shim:vtable#0}
[INFO] [stdout]   18:     0x630e1baefc1f - <std[617be2ca0a6fd877]::sys::thread::unix::Thread>::new::thread_start
[INFO] [stdout]   19:     0x72593c422dfa - <unknown>
[INFO] [stdout]   20:     0x72593c4b63d4 - clone
[INFO] [stdout]   21:                0x0 - <unknown>
[INFO] [stdout] 
[INFO] [stdout] 
[INFO] [stdout] failures:
[INFO] [stdout]     denoise::tests::a_stage_fed_a_little_audio_still_drains_its_tail
[INFO] [stdout]     denoise::tests::denoise_flush_drains_tail_and_resets
[INFO] [stdout]     denoise::tests::denoise_improves_noisy_speech_regression
[INFO] [stdout]     denoise::tests::denoise_stage_processes_and_advances_caches
[INFO] [stdout]     denoise::tests::every_channel_runs_through_its_own_cache_set
[INFO] [stdout]     denoise::tests::unfed_flush_emits_nothing
[INFO] [stdout]     file::tests::a_flac_named_wav_decodes_as_a_flac
[INFO] [stdout]     file::tests::analyse_equals_analyze
[INFO] [stdout]     file::tests::analyze_matches_direct_window_scoring
[INFO] [stdout]     file::tests::analyze_of_the_golden_recording_is_pinned
[INFO] [stdout]     file::tests::analyze_on_a_pristine_file_still_succeeds
[INFO] [stdout]     file::tests::analyze_report_is_independent_of_denoise
[INFO] [stdout]     file::tests::analyze_report_is_independent_of_the_dsp_tier
[INFO] [stdout]     file::tests::analyze_resamples_feed_for_non_detector_rate
[INFO] [stdout]     file::tests::each_read_failure_reports_its_own_variant
[INFO] [stdout]     file::tests::empty_buffer_with_denoise_delivers_nothing
[INFO] [stdout]     file::tests::one_recording_in_two_containers_analyzes_to_one_answer
[INFO] [stdout]     file::tests::one_span_of_speech_in_three_containers_decodes_to_one_set_of_samples
[INFO] [stdout]     file::tests::save_flac_compression_range_and_losslessness
[INFO] [stdout]     file::tests::short_buffer_with_denoise_still_delivers_its_tail
[INFO] [stdout]     file::tests::the_conditioning_chain_runs_on_a_flac_at_a_resampled_rate
[INFO] [stdout]     file::tests::the_feed_collapse_averages_above_one
[INFO] [stdout]     file::tests::the_wav_encodings_that_newly_open_deliver_what_their_format_defines
[INFO] [stdout]     microphone::tests::a_capture_closed_before_any_buffer_delivers_nothing
[INFO] [stdout]     microphone::tests::a_capture_fed_a_little_audio_still_delivers_its_tail
[INFO] [stdout]     onnx::tests::ort_error_source_chain_preserved
[INFO] [stdout]     onnx::tests::wrap_init_error_with_path_is_load_failed
[INFO] [stdout]     onnx::tests::wrap_init_error_without_path_is_init_failed
[INFO] [stdout]     stage::tests::aec_without_a_reference_is_bit_identical_on_the_golden_recording
[INFO] [stdout]     stage::tests::barely_fed_denoise_chain_still_drains_its_tail
[INFO] [stdout]     stage::tests::build_orders_denoise_after_dc
[INFO] [stdout]     stage::tests::build_orders_highpass_after_denoise
[INFO] [stdout]     stage::tests::denoise_chain_is_framed_with_latency_tail
[INFO] [stdout]     stage::tests::denoise_tap_leads_delivered_by_bounded_amount
[INFO] [stdout]     stage::tests::non_finite_input_does_not_poison_denoise
[INFO] [stdout]     stage::tests::transform_latency_reports_denoise_lead
[INFO] [stdout]     stage::tests::unfed_denoise_chain_flush_appends_nothing
[INFO] [stdout]     vad::tests::multichannel_is_downmixed_to_mono_before_vad
[INFO] [stdout]     vad::tests::test_is_ort_path_error
[INFO] [stdout]     vad::tests::test_vad_accumulator_carry
[INFO] [stdout]     vad::tests::test_vad_accumulator_windows
[INFO] [stdout]     vad::tests::test_vad_loads_model
[INFO] [stdout]     vad::tests::test_vad_reset
[INFO] [stdout]     vad::tests::test_vad_silence
[INFO] [stdout]     vad::tests::test_vad_small_chunk
[INFO] [stdout]     vad::tests::test_vad_state_persistence
[INFO] [stdout]     vad::tests::vad_golden_output_regression
[INFO] [stdout]     vad::tests::vad_golden_output_regression_tts_speech
[INFO] [stdout] 
[INFO] [stdout] test result: FAILED. 303 passed; 48 failed; 1 ignored; 0 measured; 0 filtered out; finished in 2.08s
[INFO] [stdout] 
[INFO] [stderr] error: test failed, to rerun pass `--lib`
[INFO] running `Command { std: "docker" "inspect" "6e47528c222bd3a45a95b72423a4a0e08885aad4effa5166ece2e5f1985dd695", kill_on_drop: false }`
[INFO] running `Command { std: "docker" "rm" "-f" "6e47528c222bd3a45a95b72423a4a0e08885aad4effa5166ece2e5f1985dd695", kill_on_drop: false }`
[INFO] [stdout] 6e47528c222bd3a45a95b72423a4a0e08885aad4effa5166ece2e5f1985dd695
