[INFO] fetching crate decibri-cli 0.4.0...
[INFO] testing decibri-cli-0.4.0 against 1.100.0-beta.1+cargoflags=--release for beta-release-1.100-2
[INFO] extracting crate decibri-cli 0.4.0 into /workspace/builds/worker-5-tc2/source
[INFO] started tweaking crates.io crate decibri-cli 0.4.0
[INFO] removed 0 missing tests
[INFO] finished tweaking crates.io crate decibri-cli 0.4.0
[INFO] tweaked toml for crates.io crate decibri-cli 0.4.0 written to /workspace/builds/worker-5-tc2/source/Cargo.toml
[INFO] validating manifest of crates.io crate decibri-cli 0.4.0 on toolchain 1.100.0-beta.1
[INFO] running `Command { std: CARGO_HOME="/workspace/cargo-home" RUSTUP_HOME="/workspace/rustup-home" "/workspace/cargo-home/bin/cargo" "+1.100.0-beta.1" "metadata" "--manifest-path" "Cargo.toml" "--no-deps", kill_on_drop: false }`
[INFO] crate crates.io crate decibri-cli 0.4.0 already has a lockfile, it will not be regenerated
[INFO] running `Command { std: CARGO_HOME="/workspace/cargo-home" RUSTUP_HOME="/workspace/rustup-home" "/workspace/cargo-home/bin/cargo" "+1.100.0-beta.1" "fetch" "--manifest-path" "Cargo.toml", kill_on_drop: false }`
[INFO] running `Command { std: "docker" "create" "-v" "/var/lib/crater-agent-workspace/builds/worker-5-tc2/source:/opt/rustwide/workdir:ro,Z" "-v" "/var/lib/crater-agent-workspace/builds/worker-5-tc2/target:/opt/rustwide/target:rw,Z" "-v" "/var/lib/crater-agent-workspace/cargo-home:/opt/rustwide/cargo-home:ro,Z" "-v" "/var/lib/crater-agent-workspace/rustup-home:/opt/rustwide/rustup-home:ro,Z" "-m" "1610612736" "--network" "none" "ghcr.io/rust-lang/crates-build-env/linux@sha256:77db811e55d90add9212f6832c23229e3de5f1c1f9905e8cb07319ea15df73ac" "sleep" "infinity", kill_on_drop: false }`
[INFO] [stdout] c6de2b360cebc906053379ad33f24d780474d4c9fa12fd048622795959fc8d1a
[INFO] running `Command { std: "docker" "start" "c6de2b360cebc906053379ad33f24d780474d4c9fa12fd048622795959fc8d1a", kill_on_drop: false }`
[INFO] running `Command { std: "docker" "inspect" "c6de2b360cebc906053379ad33f24d780474d4c9fa12fd048622795959fc8d1a", kill_on_drop: false }`
[INFO] running `Command { std: "docker" "exec" "-e" "SOURCE_DIR=/opt/rustwide/workdir" "-e" "CARGO_HOME=/opt/rustwide/cargo-home" "-e" "RUSTUP_HOME=/opt/rustwide/rustup-home" "-e" "CARGO_TARGET_DIR=/opt/rustwide/target" "-w" "/opt/rustwide/workdir" "--user" "0:0" "c6de2b360cebc906053379ad33f24d780474d4c9fa12fd048622795959fc8d1a" "/opt/rustwide/cargo-home/bin/cargo" "+1.100.0-beta.1" "metadata" "--no-deps" "--format-version=1", kill_on_drop: false }`
[INFO] running `Command { std: "docker" "inspect" "c6de2b360cebc906053379ad33f24d780474d4c9fa12fd048622795959fc8d1a", kill_on_drop: false }`
[INFO] running `Command { std: "docker" "exec" "-e" "SOURCE_DIR=/opt/rustwide/workdir" "-e" "CARGO_HOME=/opt/rustwide/cargo-home" "-e" "RUSTUP_HOME=/opt/rustwide/rustup-home" "-e" "CARGO_TARGET_DIR=/opt/rustwide/target" "-e" "CARGO_INCREMENTAL=0" "-e" "RUST_BACKTRACE=full" "-e" "RUSTFLAGS=--cap-lints=warn" "-e" "RUSTDOCFLAGS=--cap-lints=warn" "-w" "/opt/rustwide/workdir" "--user" "0:0" "c6de2b360cebc906053379ad33f24d780474d4c9fa12fd048622795959fc8d1a" "/opt/rustwide/cargo-home/bin/cargo" "+1.100.0-beta.1" "build" "--frozen" "--message-format=json" "--release", kill_on_drop: false }`
[INFO] [stderr]    Compiling libc v0.2.189
[INFO] [stderr]    Compiling proc-macro2 v1.0.107
[INFO] [stderr]    Compiling quote v1.0.47
[INFO] [stderr]    Compiling bitflags v2.13.1
[INFO] [stderr]    Compiling cfg-if v1.0.4
[INFO] [stderr]    Compiling rustix v1.1.4
[INFO] [stderr]    Compiling linux-raw-sys v0.12.1
[INFO] [stderr]    Compiling pkg-config v0.3.34
[INFO] [stderr]    Compiling thiserror v2.0.20
[INFO] [stderr]    Compiling utf8parse v0.2.2
[INFO] [stderr]    Compiling anstyle-query v1.1.5
[INFO] [stderr]    Compiling is_terminal_polyfill v1.70.2
[INFO] [stderr]    Compiling anstyle v1.0.14
[INFO] [stderr]    Compiling serde_core v1.0.229
[INFO] [stderr]    Compiling crossbeam-utils v0.8.22
[INFO] [stderr]    Compiling colorchoice v1.0.5
[INFO] [stderr]    Compiling scopeguard v1.2.0
[INFO] [stderr]    Compiling smallvec v1.16.0
[INFO] [stderr]    Compiling anstyle-parse v1.0.0
[INFO] [stderr]    Compiling cfg_aliases v0.2.2
[INFO] [stderr]    Compiling lock_api v0.4.14
[INFO] [stderr]    Compiling unicode-width v0.2.2
[INFO] [stderr]    Compiling nix v0.31.3
[INFO] [stderr]    Compiling clap_lex v1.1.0
[INFO] [stderr]    Compiling cpal v0.17.3
[INFO] [stderr]    Compiling anstream v1.0.0
[INFO] [stderr]    Compiling zmij v1.0.23
[INFO] [stderr]    Compiling strsim v0.11.1
[INFO] [stderr]    Compiling litrs v1.0.0
[INFO] [stderr]    Compiling portable-atomic v1.15.0
[INFO] [stderr]    Compiling decibri v6.3.0
[INFO] [stderr]    Compiling dasp_sample v0.11.0
[INFO] [stderr]    Compiling serde_json v1.0.151
[INFO] [stderr]    Compiling anyhow v1.0.104
[INFO] [stderr]    Compiling serde v1.0.229
[INFO] [stderr]    Compiling itoa v1.0.18
[INFO] [stderr]    Compiling decibri-cli v0.4.0 (/opt/rustwide/workdir)
[INFO] [stderr]    Compiling unicode-segmentation v1.13.3
[INFO] [stderr]    Compiling unit-prefix v0.5.2
[INFO] [stderr]    Compiling memchr v2.8.3
[INFO] [stderr]    Compiling humantime v2.4.0
[INFO] [stderr]    Compiling hound v3.5.1
[INFO] [stderr]    Compiling alsa-sys v0.4.0
[INFO] [stderr]    Compiling document-features v0.2.12
[INFO] [stderr]    Compiling crossbeam-channel v0.5.16
[INFO] [stderr]    Compiling syn v3.0.4
[INFO] [stderr]    Compiling terminal_size v0.4.4
[INFO] [stderr]    Compiling clap_builder v4.6.6
[INFO] [stderr]    Compiling parking_lot_core v0.9.12
[INFO] [stderr]    Compiling console v0.16.4
[INFO] [stderr]    Compiling parking_lot v0.12.5
[INFO] [stderr]    Compiling crossterm v0.29.0
[INFO] [stderr]    Compiling indicatif v0.18.6
[INFO] [stderr]    Compiling ctrlc v3.5.2
[INFO] [stderr]    Compiling comfy-table v8.0.0
[INFO] [stderr]    Compiling alsa v0.11.0
[INFO] [stderr]    Compiling thiserror-impl v2.0.20
[INFO] [stderr]    Compiling clap_derive v4.6.4
[INFO] [stderr]    Compiling serde_derive v1.0.229
[INFO] [stderr]    Compiling decibri-resampler v0.4.0
[INFO] [stderr]    Compiling decibri-decode v0.1.5
[INFO] [stderr]    Compiling clap v4.6.6
[INFO] [stderr]    Compiling clap_complete v4.6.9
[INFO] [stderr]     Finished `release` profile [optimized] target(s) in 43.73s
[INFO] running `Command { std: "docker" "inspect" "c6de2b360cebc906053379ad33f24d780474d4c9fa12fd048622795959fc8d1a", kill_on_drop: false }`
[INFO] running `Command { std: "docker" "exec" "-e" "SOURCE_DIR=/opt/rustwide/workdir" "-e" "CARGO_HOME=/opt/rustwide/cargo-home" "-e" "RUSTUP_HOME=/opt/rustwide/rustup-home" "-e" "CARGO_TARGET_DIR=/opt/rustwide/target" "-e" "CARGO_INCREMENTAL=0" "-e" "RUST_BACKTRACE=full" "-e" "RUSTFLAGS=--cap-lints=warn" "-e" "RUSTDOCFLAGS=--cap-lints=warn" "-w" "/opt/rustwide/workdir" "--user" "0:0" "c6de2b360cebc906053379ad33f24d780474d4c9fa12fd048622795959fc8d1a" "/opt/rustwide/cargo-home/bin/cargo" "+1.100.0-beta.1" "test" "--frozen" "--no-run" "--message-format=json" "--release", kill_on_drop: false }`
[INFO] [stderr]    Compiling rustix v1.1.4
[INFO] [stderr]    Compiling libc v0.2.189
[INFO] [stderr]    Compiling bitflags v2.13.1
[INFO] [stderr]    Compiling cfg-if v1.0.4
[INFO] [stderr]    Compiling linux-raw-sys v0.12.1
[INFO] [stderr]    Compiling utf8parse v0.2.2
[INFO] [stderr]    Compiling memchr v2.8.3
[INFO] [stderr]    Compiling ucd-trie v0.1.7
[INFO] [stderr]    Compiling is_terminal_polyfill v1.70.2
[INFO] [stderr]    Compiling anstyle v1.0.14
[INFO] [stderr]    Compiling colorchoice v1.0.5
[INFO] [stderr]    Compiling scopeguard v1.2.0
[INFO] [stderr]    Compiling unicode-width v0.2.2
[INFO] [stderr]    Compiling anstyle-query v1.1.5
[INFO] [stderr]    Compiling getrandom v0.4.3
[INFO] [stderr]    Compiling smallvec v1.16.0
[INFO] [stderr]    Compiling anstyle-parse v1.0.0
[INFO] [stderr]    Compiling thiserror v2.0.20
[INFO] [stderr]    Compiling syn v2.0.119
[INFO] [stderr]    Compiling serde_core v1.0.229
[INFO] [stderr]    Compiling lock_api v0.4.14
[INFO] [stderr]    Compiling strsim v0.11.1
[INFO] [stderr]    Compiling clap_lex v1.1.0
[INFO] [stderr]    Compiling decibri-resampler v0.4.0
[INFO] [stderr]    Compiling crossbeam-utils v0.8.22
[INFO] [stderr]    Compiling once_cell v1.21.4
[INFO] [stderr]    Compiling anstream v1.0.0
[INFO] [stderr]    Compiling dasp_sample v0.11.0
[INFO] [stderr]    Compiling pest v2.9.0
[INFO] [stderr]    Compiling fastrand v2.5.0
[INFO] [stderr]    Compiling decibri-decode v0.1.5
[INFO] [stderr]    Compiling portable-atomic v1.15.0
[INFO] [stderr]    Compiling zmij v1.0.23
[INFO] [stderr]    Compiling unit-prefix v0.5.2
[INFO] [stderr]    Compiling itoa v1.0.18
[INFO] [stderr]    Compiling similar v2.7.0
[INFO] [stderr]    Compiling unicode-segmentation v1.13.3
[INFO] [stderr]    Compiling crossbeam-channel v0.5.16
[INFO] [stderr]    Compiling anyhow v1.0.104
[INFO] [stderr]    Compiling humantime v2.4.0
[INFO] [stderr]    Compiling hound v3.5.1
[INFO] [stderr]    Compiling serde_json v1.0.151
[INFO] [stderr]    Compiling alsa-sys v0.4.0
[INFO] [stderr]    Compiling parking_lot_core v0.9.12
[INFO] [stderr]    Compiling console v0.16.4
[INFO] [stderr]    Compiling nix v0.31.3
[INFO] [stderr]    Compiling parking_lot v0.12.5
[INFO] [stderr]    Compiling indicatif v0.18.6
[INFO] [stderr]    Compiling pest_meta v2.9.0
[INFO] [stderr]    Compiling alsa v0.11.0
[INFO] [stderr]    Compiling terminal_size v0.4.4
[INFO] [stderr]    Compiling crossterm v0.29.0
[INFO] [stderr]    Compiling ctrlc v3.5.2
[INFO] [stderr]    Compiling clap_builder v4.6.6
[INFO] [stderr]    Compiling comfy-table v8.0.0
[INFO] [stderr]    Compiling pest_generator v2.9.0
[INFO] [stderr]    Compiling serde v1.0.229
[INFO] [stderr]    Compiling tempfile v3.27.0
[INFO] [stderr]    Compiling cpal v0.17.3
[INFO] [stderr]    Compiling pest_derive v2.9.0
[INFO] [stderr]    Compiling insta v1.48.0
[INFO] [stderr]    Compiling decibri v6.3.0
[INFO] [stderr]    Compiling clap v4.6.6
[INFO] [stderr]    Compiling clap_complete v4.6.9
[INFO] [stderr]    Compiling decibri-cli v0.4.0 (/opt/rustwide/workdir)
[INFO] [stderr]     Finished `release` profile [optimized] target(s) in 1m 23s
[INFO] running `Command { std: "docker" "inspect" "c6de2b360cebc906053379ad33f24d780474d4c9fa12fd048622795959fc8d1a", kill_on_drop: false }`
[INFO] running `Command { std: "docker" "exec" "-e" "SOURCE_DIR=/opt/rustwide/workdir" "-e" "CARGO_HOME=/opt/rustwide/cargo-home" "-e" "RUSTUP_HOME=/opt/rustwide/rustup-home" "-e" "CARGO_TARGET_DIR=/opt/rustwide/target" "-e" "CARGO_INCREMENTAL=0" "-e" "RUST_BACKTRACE=full" "-e" "RUSTFLAGS=--cap-lints=warn" "-e" "RUSTDOCFLAGS=--cap-lints=warn" "-w" "/opt/rustwide/workdir" "--user" "0:0" "c6de2b360cebc906053379ad33f24d780474d4c9fa12fd048622795959fc8d1a" "/opt/rustwide/cargo-home/bin/cargo" "+1.100.0-beta.1" "test" "--frozen" "--release", kill_on_drop: false }`
[INFO] [stderr]     Finished `release` profile [optimized] target(s) in 0.24s
[INFO] [stderr]      Running unittests src/main.rs (/opt/rustwide/target/release/build/decibri-cli/c880904cb91b675c/out/decibri-c880904cb91b675c)
[INFO] [stdout] 
[INFO] [stdout] running 21 tests
[INFO] [stdout] test commands::process::tests::parse_output_accepts_every_writable_extension ... ok
[INFO] [stdout] test commands::process::tests::parse_output_rejects_unwritable_extensions ... ok
[INFO] [stdout] test commands::process::tests::output_format_names_are_stable ... ok
[INFO] [stdout] test commands::play::tests::samples_to_seconds_basic ... ok
[INFO] [stdout] test conditioning::tests::highpass_filter_maps_validated_cutoffs ... ok
[INFO] [stdout] test conditioning::tests::parse_highpass_rejects_unsupported_values ... ok
[INFO] [stdout] test conditioning::tests::parse_limiter_accepts_range_bounds ... ok
[INFO] [stdout] test conditioning::tests::parse_agc_rejects_out_of_range ... ok
[INFO] [stdout] test conditioning::tests::parse_limiter_rejects_out_of_range ... ok
[INFO] [stdout] test device_resolve::tests::parse_numeric_index ... ok
[INFO] [stdout] test conditioning::tests::parse_agc_accepts_range_bounds ... ok
[INFO] [stdout] test conditioning::tests::parse_highpass_accepts_supported_cutoffs ... ok
[INFO] [stdout] test device_resolve::tests::parse_negative_falls_to_name ... ok
[INFO] [stdout] test conditioning::tests::conditioning_report_serializes_empty_when_all_off ... ok
[INFO] [stdout] test device_resolve::tests::selector_from_flags_precedence ... ok
[INFO] [stdout] test conditioning::tests::parse_rate_accepts_range_bounds ... ok
[INFO] [stdout] test device_resolve::tests::parse_name_substring ... ok
[INFO] [stdout] test commands::play::tests::i16_to_f32_boundary_values ... ok
[INFO] [stdout] test conditioning::tests::conditioning_report_serializes_active_stages_only ... ok
[INFO] [stderr]      Running tests/capture_snapshot.rs (/opt/rustwide/target/release/build/decibri-cli/8331425d72a43dc3/out/capture_snapshot-8331425d72a43dc3)
[INFO] [stdout] test commands::play::tests::played_samples_selection ... ok
[INFO] [stdout] test conditioning::tests::parse_rate_rejects_out_of_range ... ok
[INFO] [stdout] 
[INFO] [stdout] test result: ok. 21 passed; 0 failed; 0 ignored; 0 measured; 0 filtered out; finished in 0.01s
[INFO] [stdout] 
[INFO] [stdout] 
[INFO] [stdout] running 13 tests
[INFO] [stdout] test capture_rejects_invalid_duration ... FAILED
[INFO] [stdout] test capture_rejects_out_of_range_agc ... FAILED
[INFO] [stdout] test capture_rejects_multichannel ... FAILED
[INFO] [stdout] test empty_wav_finalizes_cleanly ... ok
[INFO] [stdout] test capture_help_documents_all_flags ... FAILED
[INFO] [stdout] test capture_accepts_negative_conditioning_values ... FAILED
[INFO] [stdout] test capture_rejects_negative_duration ... FAILED
[INFO] [stdout] test capture_device_id_no_match_is_device_not_found ... FAILED
[INFO] [stdout] test capture_rejects_out_of_range_limiter ... FAILED
[INFO] [stdout] test synthetic_f32_to_wav_roundtrip ... ok
[INFO] [stdout] test capture_rejects_unsupported_highpass_cutoff ... FAILED
[INFO] [stdout] test capture_rejects_device_and_device_id_together ... FAILED
[INFO] [stderr] error: test failed, to rerun pass `--test capture_snapshot`
[INFO] [stdout] test capture_requires_output ... FAILED
[INFO] [stdout] 
[INFO] [stdout] failures:
[INFO] [stdout] 
[INFO] [stdout] ---- capture_rejects_invalid_duration stdout ----
[INFO] [stdout] 
[INFO] [stdout] thread 'capture_rejects_invalid_duration' (2122) panicked at tests/capture_snapshot.rs:239:10:
[INFO] [stdout] failed to execute decibri binary: Os { code: 2, kind: NotFound, message: "No such file or directory" }
[INFO] [stdout] stack backtrace:
[INFO] [stdout]    0:     0x5a4ada92c297 - <unknown>
[INFO] [stdout]    1:     0x5a4ada915a84 - <unknown>
[INFO] [stdout]    2:     0x5a4ada92b85b - <unknown>
[INFO] [stdout]    3:     0x5a4ada92b459 - <unknown>
[INFO] [stdout]    4:     0x5a4ada92b0da - <unknown>
[INFO] [stdout]    5:     0x5a4ada92ac0b - <unknown>
[INFO] [stdout]    6:     0x5a4ada950a81 - <unknown>
[INFO] [stdout]    7:     0x5a4ada950a39 - <unknown>
[INFO] [stdout]    8:     0x5a4ada950f2c - <unknown>
[INFO] [stdout]    9:     0x5a4ada91591b - <unknown>
[INFO] [stdout]   10:     0x5a4ada918611 - <unknown>
[INFO] [stdout]   11:     0x5a4ada910b6b - <unknown>
[INFO] [stdout]   12:     0x5a4ada913425 - <unknown>
[INFO] [stdout]   13:     0x5a4ada96741b - <unknown>
[INFO] [stdout]   14:     0x5a4ada9636a6 - <unknown>
[INFO] [stdout]   15:     0x5a4ada962ecc - <unknown>
[INFO] [stdout]   16:     0x5a4ada9812fc - <unknown>
[INFO] [stdout]   17:     0x5a4ada952648 - <unknown>
[INFO] [stdout]   18:     0x7c586db98dfa - <unknown>
[INFO] [stdout]   19:     0x7c586dc2c3d4 - clone
[INFO] [stdout]   20:                0x0 - <unknown>
[INFO] [stdout] 
[INFO] [stdout] ---- capture_rejects_out_of_range_agc stdout ----
[INFO] [stdout] 
[INFO] [stdout] thread 'capture_rejects_out_of_range_agc' (2125) panicked at tests/capture_snapshot.rs:150:14:
[INFO] [stdout] failed to execute decibri binary: Os { code: 2, kind: NotFound, message: "No such file or directory" }
[INFO] [stdout] stack backtrace:
[INFO] [stdout]    0:     0x5a4ada92c297 - <unknown>
[INFO] [stdout]    1:     0x5a4ada915a84 - <unknown>
[INFO] [stdout]    2:     0x5a4ada92b85b - <unknown>
[INFO] [stdout]    3:     0x5a4ada92b459 - <unknown>
[INFO] [stdout]    4:     0x5a4ada92b0da - <unknown>
[INFO] [stdout]    5:     0x5a4ada92ac0b - <unknown>
[INFO] [stdout]    6:     0x5a4ada950a81 - <unknown>
[INFO] [stdout]    7:     0x5a4ada950a39 - <unknown>
[INFO] [stdout]    8:     0x5a4ada950f2c - <unknown>
[INFO] [stdout]    9:     0x5a4ada91591b - <unknown>
[INFO] [stdout]   10:     0x5a4ada918611 - <unknown>
[INFO] [stdout]   11:     0x5a4ada910b6b - <unknown>
[INFO] [stdout]   12:     0x5a4ada913684 - <unknown>
[INFO] [stdout]   13:     0x5a4ada96741b - <unknown>
[INFO] [stdout]   14:     0x5a4ada9636a6 - <unknown>
[INFO] [stdout]   15:     0x5a4ada962ecc - <unknown>
[INFO] [stdout]   16:     0x5a4ada9812fc - <unknown>
[INFO] [stdout]   17:     0x5a4ada952648 - <unknown>
[INFO] [stdout]   18:     0x7c586db98dfa - <unknown>
[INFO] [stdout]   19:     0x7c586dc2c3d4 - clone
[INFO] [stdout]   20:                0x0 - <unknown>
[INFO] [stdout] 
[INFO] [stdout] ---- capture_rejects_multichannel stdout ----
[INFO] [stdout] 
[INFO] [stdout] thread 'capture_rejects_multichannel' (2123) panicked at tests/capture_snapshot.rs:64:10:
[INFO] [stdout] failed to execute decibri binary: Os { code: 2, kind: NotFound, message: "No such file or directory" }
[INFO] [stdout] stack backtrace:
[INFO] [stdout]    0:     0x5a4ada92c297 - <unknown>
[INFO] [stdout]    1:     0x5a4ada915a84 - <unknown>
[INFO] [stdout]    2:     0x5a4ada92b85b - <unknown>
[INFO] [stdout]    3:     0x5a4ada92b459 - <unknown>
[INFO] [stdout]    4:     0x5a4ada92b0da - <unknown>
[INFO] [stdout]    5:     0x5a4ada92ac0b - <unknown>
[INFO] [stdout]    6:     0x5a4ada950a81 - <unknown>
[INFO] [stdout]    7:     0x5a4ada950a39 - <unknown>
[INFO] [stdout]    8:     0x5a4ada950f2c - <unknown>
[INFO] [stdout]    9:     0x5a4ada91591b - <unknown>
[INFO] [stdout]   10:     0x5a4ada918611 - <unknown>
[INFO] [stdout]   11:     0x5a4ada910b6b - <unknown>
[INFO] [stdout]   12:     0x5a4ada9128bb - <unknown>
[INFO] [stdout]   13:     0x5a4ada96741b - <unknown>
[INFO] [stdout]   14:     0x5a4ada9636a6 - <unknown>
[INFO] [stdout]   15:     0x5a4ada962ecc - <unknown>
[INFO] [stdout]   16:     0x5a4ada9812fc - <unknown>
[INFO] [stdout]   17:     0x5a4ada952648 - <unknown>
[INFO] [stdout]   18:     0x7c586db98dfa - <unknown>
[INFO] [stdout]   19:     0x7c586dc2c3d4 - clone
[INFO] [stdout]   20:                0x0 - <unknown>
[INFO] [stdout] 
[INFO] [stdout] ---- capture_help_documents_all_flags stdout ----
[INFO] [stdout] 
[INFO] [stdout] thread 'capture_help_documents_all_flags' (2120) panicked at tests/capture_snapshot.rs:34:10:
[INFO] [stdout] failed to execute decibri binary; run `cargo build` first: Os { code: 2, kind: NotFound, message: "No such file or directory" }
[INFO] [stdout] stack backtrace:
[INFO] [stdout]    0:     0x5a4ada92c297 - <unknown>
[INFO] [stdout]    1:     0x5a4ada915a84 - <unknown>
[INFO] [stdout]    2:     0x5a4ada92b85b - <unknown>
[INFO] [stdout]    3:     0x5a4ada92b459 - <unknown>
[INFO] [stdout]    4:     0x5a4ada92b0da - <unknown>
[INFO] [stdout]    5:     0x5a4ada92ac0b - <unknown>
[INFO] [stdout]    6:     0x5a4ada950a81 - <unknown>
[INFO] [stdout]    7:     0x5a4ada950a39 - <unknown>
[INFO] [stdout]    8:     0x5a4ada950f2c - <unknown>
[INFO] [stdout]    9:     0x5a4ada91591b - <unknown>
[INFO] [stdout]   10:     0x5a4ada918611 - <unknown>
[INFO] [stdout]   11:     0x5a4ada910b6b - <unknown>
[INFO] [stdout]   12:     0x5a4ada91315e - <unknown>
[INFO] [stdout]   13:     0x5a4ada96741b - <unknown>
[INFO] [stdout]   14:     0x5a4ada9636a6 - <unknown>
[INFO] [stdout]   15:     0x5a4ada962ecc - <unknown>
[INFO] [stdout]   16:     0x5a4ada9812fc - <unknown>
[INFO] [stdout]   17:     0x5a4ada952648 - <unknown>
[INFO] [stdout]   18:     0x7c586db98dfa - <unknown>
[INFO] [stdout]   19:     0x7c586dc2c3d4 - clone
[INFO] [stdout]   20:                0x0 - <unknown>
[INFO] [stdout] 
[INFO] [stdout] ---- capture_accepts_negative_conditioning_values stdout ----
[INFO] [stdout] 
[INFO] [stdout] thread 'capture_accepts_negative_conditioning_values' (2118) panicked at tests/capture_snapshot.rs:211:10:
[INFO] [stdout] failed to execute decibri binary: Os { code: 2, kind: NotFound, message: "No such file or directory" }
[INFO] [stdout] stack backtrace:
[INFO] [stdout]    0:     0x5a4ada92c297 - <unknown>
[INFO] [stdout]    1:     0x5a4ada915a84 - <unknown>
[INFO] [stdout]    2:     0x5a4ada92b85b - <unknown>
[INFO] [stdout]    3:     0x5a4ada92b459 - <unknown>
[INFO] [stdout]    4:     0x5a4ada92b0da - <unknown>
[INFO] [stdout]    5:     0x5a4ada92ac0b - <unknown>
[INFO] [stdout]    6:     0x5a4ada950a81 - <unknown>
[INFO] [stdout]    7:     0x5a4ada950a39 - <unknown>
[INFO] [stdout]    8:     0x5a4ada950f2c - <unknown>
[INFO] [stdout]    9:     0x5a4ada91591b - <unknown>
[INFO] [stdout]   10:     0x5a4ada918611 - <unknown>
[INFO] [stdout]   11:     0x5a4ada910b6b - <unknown>
[INFO] [stdout]   12:     0x5a4ada913fe5 - <unknown>
[INFO] [stdout]   13:     0x5a4ada96741b - <unknown>
[INFO] [stdout]   14:     0x5a4ada9636a6 - <unknown>
[INFO] [stdout]   15:     0x5a4ada962ecc - <unknown>
[INFO] [stdout]   16:     0x5a4ada9812fc - <unknown>
[INFO] [stdout]   17:     0x5a4ada952648 - <unknown>
[INFO] [stdout]   18:     0x7c586db98dfa - <unknown>
[INFO] [stdout]   19:     0x7c586dc2c3d4 - clone
[INFO] [stdout]   20:                0x0 - <unknown>
[INFO] [stdout] 
[INFO] [stdout] ---- capture_rejects_negative_duration stdout ----
[INFO] [stdout] 
[INFO] [stdout] thread 'capture_rejects_negative_duration' (2124) panicked at tests/capture_snapshot.rs:253:10:
[INFO] [stdout] failed to execute decibri binary: Os { code: 2, kind: NotFound, message: "No such file or directory" }
[INFO] [stdout] stack backtrace:
[INFO] [stdout]    0:     0x5a4ada92c297 - <unknown>
[INFO] [stdout]    1:     0x5a4ada915a84 - <unknown>
[INFO] [stdout]    2:     0x5a4ada92b85b - <unknown>
[INFO] [stdout]    3:     0x5a4ada92b459 - <unknown>
[INFO] [stdout]    4:     0x5a4ada92b0da - <unknown>
[INFO] [stdout]    5:     0x5a4ada92ac0b - <unknown>
[INFO] [stdout]    6:     0x5a4ada950a81 - <unknown>
[INFO] [stdout]    7:     0x5a4ada950a39 - <unknown>
[INFO] [stdout]    8:     0x5a4ada950f2c - <unknown>
[INFO] [stdout]    9:     0x5a4ada91591b - <unknown>
[INFO] [stdout]   10:     0x5a4ada918611 - <unknown>
[INFO] [stdout]   11:     0x5a4ada910b6b - <unknown>
[INFO] [stdout]   12:     0x5a4ada9138ed - <unknown>
[INFO] [stdout]   13:     0x5a4ada96741b - <unknown>
[INFO] [stdout]   14:     0x5a4ada9636a6 - <unknown>
[INFO] [stdout]   15:     0x5a4ada962ecc - <unknown>
[INFO] [stdout]   16:     0x5a4ada9812fc - <unknown>
[INFO] [stdout]   17:     0x5a4ada952648 - <unknown>
[INFO] [stdout]   18:     0x7c586db98dfa - <unknown>
[INFO] [stdout]   19:     0x7c586dc2c3d4 - clone
[INFO] [stdout]   20:                0x0 - <unknown>
[INFO] [stdout] 
[INFO] [stdout] ---- capture_device_id_no_match_is_device_not_found stdout ----
[INFO] [stdout] 
[INFO] [stdout] thread 'capture_device_id_no_match_is_device_not_found' (2119) panicked at tests/capture_snapshot.rs:93:10:
[INFO] [stdout] failed to execute decibri binary: Os { code: 2, kind: NotFound, message: "No such file or directory" }
[INFO] [stdout] stack backtrace:
[INFO] [stdout]    0:     0x5a4ada92c297 - <unknown>
[INFO] [stdout]    1:     0x5a4ada915a84 - <unknown>
[INFO] [stdout]    2:     0x5a4ada92b85b - <unknown>
[INFO] [stdout]    3:     0x5a4ada92b459 - <unknown>
[INFO] [stdout]    4:     0x5a4ada92b0da - <unknown>
[INFO] [stdout]    5:     0x5a4ada92ac0b - <unknown>
[INFO] [stdout]    6:     0x5a4ada950a81 - <unknown>
[INFO] [stdout]    7:     0x5a4ada950a39 - <unknown>
[INFO] [stdout]    8:     0x5a4ada950f2c - <unknown>
[INFO] [stdout]    9:     0x5a4ada91591b - <unknown>
[INFO] [stdout]   10:     0x5a4ada918611 - <unknown>
[INFO] [stdout]   11:     0x5a4ada910b6b - <unknown>
[INFO] [stdout]   12:     0x5a4ada914341 - <unknown>
[INFO] [stdout]   13:     0x5a4ada96741b - <unknown>
[INFO] [stdout]   14:     0x5a4ada9636a6 - <unknown>
[INFO] [stdout]   15:     0x5a4ada962ecc - <unknown>
[INFO] [stdout]   16:     0x5a4ada9812fc - <unknown>
[INFO] [stdout]   17:     0x5a4ada952648 - <unknown>
[INFO] [stdout]   18:     0x7c586db98dfa - <unknown>
[INFO] [stdout]   19:     0x7c586dc2c3d4 - clone
[INFO] [stdout]   20:                0x0 - <unknown>
[INFO] [stdout] 
[INFO] [stdout] ---- capture_rejects_out_of_range_limiter stdout ----
[INFO] [stdout] 
[INFO] [stdout] thread 'capture_rejects_out_of_range_limiter' (2133) panicked at tests/capture_snapshot.rs:173:14:
[INFO] [stdout] failed to execute decibri binary: Os { code: 2, kind: NotFound, message: "No such file or directory" }
[INFO] [stdout] stack backtrace:
[INFO] [stdout]    0:     0x5a4ada92c297 - <unknown>
[INFO] [stdout]    1:     0x5a4ada915a84 - <unknown>
[INFO] [stdout]    2:     0x5a4ada92b85b - <unknown>
[INFO] [stdout]    3:     0x5a4ada92b459 - <unknown>
[INFO] [stdout]    4:     0x5a4ada92b0da - <unknown>
[INFO] [stdout]    5:     0x5a4ada92ac0b - <unknown>
[INFO] [stdout]    6:     0x5a4ada950a81 - <unknown>
[INFO] [stdout]    7:     0x5a4ada950a39 - <unknown>
[INFO] [stdout]    8:     0x5a4ada950f2c - <unknown>
[INFO] [stdout]    9:     0x5a4ada91591b - <unknown>
[INFO] [stdout]   10:     0x5a4ada918611 - <unknown>
[INFO] [stdout]   11:     0x5a4ada910b6b - <unknown>
[INFO] [stdout]   12:     0x5a4ada913a93 - <unknown>
[INFO] [stdout]   13:     0x5a4ada96741b - <unknown>
[INFO] [stdout]   14:     0x5a4ada9636a6 - <unknown>
[INFO] [stdout]   15:     0x5a4ada962ecc - <unknown>
[INFO] [stdout]   16:     0x5a4ada9812fc - <unknown>
[INFO] [stdout]   17:     0x5a4ada952648 - <unknown>
[INFO] [stdout]   18:     0x7c586db98dfa - <unknown>
[INFO] [stdout]   19:     0x7c586dc2c3d4 - clone
[INFO] [stdout]   20:                0x0 - <unknown>
[INFO] [stdout] 
[INFO] [stdout] ---- capture_rejects_unsupported_highpass_cutoff stdout ----
[INFO] [stdout] 
[INFO] [stdout] thread 'capture_rejects_unsupported_highpass_cutoff' (2134) panicked at tests/capture_snapshot.rs:131:10:
[INFO] [stdout] failed to execute decibri binary: Os { code: 2, kind: NotFound, message: "No such file or directory" }
[INFO] [stdout] stack backtrace:
[INFO] [stdout]    0:     0x5a4ada92c297 - <unknown>
[INFO] [stdout]    1:     0x5a4ada915a84 - <unknown>
[INFO] [stdout]    2:     0x5a4ada92b85b - <unknown>
[INFO] [stdout]    3:     0x5a4ada92b459 - <unknown>
[INFO] [stdout]    4:     0x5a4ada92b0da - <unknown>
[INFO] [stdout]    5:     0x5a4ada92ac0b - <unknown>
[INFO] [stdout]    6:     0x5a4ada950a81 - <unknown>
[INFO] [stdout]    7:     0x5a4ada950a39 - <unknown>
[INFO] [stdout]    8:     0x5a4ada950f2c - <unknown>
[INFO] [stdout]    9:     0x5a4ada91591b - <unknown>
[INFO] [stdout]   10:     0x5a4ada918611 - <unknown>
[INFO] [stdout]   11:     0x5a4ada910b6b - <unknown>
[INFO] [stdout]   12:     0x5a4ada913d02 - <unknown>
[INFO] [stdout]   13:     0x5a4ada96741b - <unknown>
[INFO] [stdout]   14:     0x5a4ada9636a6 - <unknown>
[INFO] [stdout]   15:     0x5a4ada962ecc - <unknown>
[INFO] [stdout]   16:     0x5a4ada9812fc - <unknown>
[INFO] [stdout]   17:     0x5a4ada952648 - <unknown>
[INFO] [stdout]   18:     0x7c586db98dfa - <unknown>
[INFO] [stdout]   19:     0x7c586dc2c3d4 - clone
[INFO] [stdout]   20:                0x0 - <unknown>
[INFO] [stdout] 
[INFO] [stdout] ---- capture_rejects_device_and_device_id_together stdout ----
[INFO] [stdout] 
[INFO] [stdout] thread 'capture_rejects_device_and_device_id_together' (2121) panicked at tests/capture_snapshot.rs:117:10:
[INFO] [stdout] failed to execute decibri binary: Os { code: 2, kind: NotFound, message: "No such file or directory" }
[INFO] [stdout] stack backtrace:
[INFO] [stdout]    0:     0x5a4ada92c297 - <unknown>
[INFO] [stdout]    1:     0x5a4ada915a84 - <unknown>
[INFO] [stdout]    2:     0x5a4ada92b85b - <unknown>
[INFO] [stdout]    3:     0x5a4ada92b459 - <unknown>
[INFO] [stdout]    4:     0x5a4ada92b0da - <unknown>
[INFO] [stdout]    5:     0x5a4ada92ac0b - <unknown>
[INFO] [stdout]    6:     0x5a4ada950a81 - <unknown>
[INFO] [stdout]    7:     0x5a4ada950a39 - <unknown>
[INFO] [stdout]    8:     0x5a4ada950f2c - <unknown>
[INFO] [stdout]    9:     0x5a4ada91591b - <unknown>
[INFO] [stdout]   10:     0x5a4ada918611 - <unknown>
[INFO] [stdout]   11:     0x5a4ada910b6b - <unknown>
[INFO] [stdout]   12:     0x5a4ada914192 - <unknown>
[INFO] [stdout]   13:     0x5a4ada96741b - <unknown>
[INFO] [stdout]   14:     0x5a4ada9636a6 - <unknown>
[INFO] [stdout]   15:     0x5a4ada962ecc - <unknown>
[INFO] [stdout]   16:     0x5a4ada9812fc - <unknown>
[INFO] [stdout]   17:     0x5a4ada952648 - <unknown>
[INFO] [stdout]   18:     0x7c586db98dfa - <unknown>
[INFO] [stdout]   19:     0x7c586dc2c3d4 - clone
[INFO] [stdout]   20:                0x0 - <unknown>
[INFO] [stdout] 
[INFO] [stdout] ---- capture_requires_output stdout ----
[INFO] [stdout] 
[INFO] [stdout] thread 'capture_requires_output' (2135) panicked at tests/capture_snapshot.rs:225:10:
[INFO] [stdout] failed to execute decibri binary: Os { code: 2, kind: NotFound, message: "No such file or directory" }
[INFO] [stdout] stack backtrace:
[INFO] [stdout]    0:     0x5a4ada92c297 - <unknown>
[INFO] [stdout]    1:     0x5a4ada915a84 - <unknown>
[INFO] [stdout]    2:     0x5a4ada92b85b - <unknown>
[INFO] [stdout]    3:     0x5a4ada92b459 - <unknown>
[INFO] [stdout]    4:     0x5a4ada92b0da - <unknown>
[INFO] [stdout]    5:     0x5a4ada92ac0b - <unknown>
[INFO] [stdout]    6:     0x5a4ada950a81 - <unknown>
[INFO] [stdout]    7:     0x5a4ada950a39 - <unknown>
[INFO] [stdout]    8:     0x5a4ada950f2c - <unknown>
[INFO] [stdout]    9:     0x5a4ada91591b - <unknown>
[INFO] [stdout]   10:     0x5a4ada918611 - <unknown>
[INFO] [stdout]   11:     0x5a4ada910b6b - <unknown>
[INFO] [stdout]   12:     0x5a4ada91258d - <unknown>
[INFO] [stdout]   13:     0x5a4ada96741b - <unknown>
[INFO] [stdout]   14:     0x5a4ada9636a6 - <unknown>
[INFO] [stdout]   15:     0x5a4ada962ecc - <unknown>
[INFO] [stdout]   16:     0x5a4ada9812fc - <unknown>
[INFO] [stdout]   17:     0x5a4ada952648 - <unknown>
[INFO] [stdout]   18:     0x7c586db98dfa - <unknown>
[INFO] [stdout]   19:     0x7c586dc2c3d4 - clone
[INFO] [stdout]   20:                0x0 - <unknown>
[INFO] [stdout] 
[INFO] [stdout] 
[INFO] [stdout] failures:
[INFO] [stdout]     capture_accepts_negative_conditioning_values
[INFO] [stdout]     capture_device_id_no_match_is_device_not_found
[INFO] [stdout]     capture_help_documents_all_flags
[INFO] [stdout]     capture_rejects_device_and_device_id_together
[INFO] [stdout]     capture_rejects_invalid_duration
[INFO] [stdout]     capture_rejects_multichannel
[INFO] [stdout]     capture_rejects_negative_duration
[INFO] [stdout]     capture_rejects_out_of_range_agc
[INFO] [stdout]     capture_rejects_out_of_range_limiter
[INFO] [stdout]     capture_rejects_unsupported_highpass_cutoff
[INFO] [stdout]     capture_requires_output
[INFO] [stdout] 
[INFO] [stdout] test result: FAILED. 2 passed; 11 failed; 0 ignored; 0 measured; 0 filtered out; finished in 0.01s
[INFO] [stdout] 
[INFO] running `Command { std: "docker" "inspect" "c6de2b360cebc906053379ad33f24d780474d4c9fa12fd048622795959fc8d1a", kill_on_drop: false }`
[INFO] running `Command { std: "docker" "rm" "-f" "c6de2b360cebc906053379ad33f24d780474d4c9fa12fd048622795959fc8d1a", kill_on_drop: false }`
[INFO] [stdout] c6de2b360cebc906053379ad33f24d780474d4c9fa12fd048622795959fc8d1a
