[INFO] fetching crate dec-number-sys 0.0.28...
[INFO] testing dec-number-sys-0.0.28 against 1.100.0-beta.1+cargoflags=--release for beta-release-1.100-2
[INFO] extracting crate dec-number-sys 0.0.28 into /workspace/builds/worker-1-tc2/source
[INFO] started tweaking crates.io crate dec-number-sys 0.0.28
[INFO] finished tweaking crates.io crate dec-number-sys 0.0.28
[INFO] tweaked toml for crates.io crate dec-number-sys 0.0.28 written to /workspace/builds/worker-1-tc2/source/Cargo.toml
[INFO] validating manifest of crates.io crate dec-number-sys 0.0.28 on toolchain 1.100.0-beta.1
[INFO] running `Command { std: CARGO_HOME="/workspace/cargo-home" RUSTUP_HOME="/workspace/rustup-home" "/workspace/cargo-home/bin/cargo" "+1.100.0-beta.1" "metadata" "--manifest-path" "Cargo.toml" "--no-deps", kill_on_drop: false }`
[INFO] running `Command { std: CARGO_HOME="/workspace/cargo-home" RUSTUP_HOME="/workspace/rustup-home" "/workspace/cargo-home/bin/cargo" "+1.100.0-beta.1" "generate-lockfile" "--manifest-path" "Cargo.toml", kill_on_drop: false }`
[INFO] [stderr]     Updating crates.io index
[INFO] [stderr]      Locking 4 packages to highest compatible versions
[INFO] running `Command { std: CARGO_HOME="/workspace/cargo-home" RUSTUP_HOME="/workspace/rustup-home" "/workspace/cargo-home/bin/cargo" "+1.100.0-beta.1" "fetch" "--manifest-path" "Cargo.toml", kill_on_drop: false }`
[INFO] running `Command { std: "docker" "create" "-v" "/var/lib/crater-agent-workspace/builds/worker-1-tc2/source:/opt/rustwide/workdir:ro,Z" "-v" "/var/lib/crater-agent-workspace/builds/worker-1-tc2/target:/opt/rustwide/target:rw,Z" "-v" "/var/lib/crater-agent-workspace/cargo-home:/opt/rustwide/cargo-home:ro,Z" "-v" "/var/lib/crater-agent-workspace/rustup-home:/opt/rustwide/rustup-home:ro,Z" "-m" "1610612736" "--network" "none" "ghcr.io/rust-lang/crates-build-env/linux@sha256:77db811e55d90add9212f6832c23229e3de5f1c1f9905e8cb07319ea15df73ac" "sleep" "infinity", kill_on_drop: false }`
[INFO] [stdout] b1376eda457504ed2f513fc694eb1456ce6258e3bdd0f789a0290cc17c0140b0
[INFO] running `Command { std: "docker" "start" "b1376eda457504ed2f513fc694eb1456ce6258e3bdd0f789a0290cc17c0140b0", kill_on_drop: false }`
[INFO] running `Command { std: "docker" "inspect" "b1376eda457504ed2f513fc694eb1456ce6258e3bdd0f789a0290cc17c0140b0", kill_on_drop: false }`
[INFO] running `Command { std: "docker" "exec" "-e" "SOURCE_DIR=/opt/rustwide/workdir" "-e" "CARGO_HOME=/opt/rustwide/cargo-home" "-e" "RUSTUP_HOME=/opt/rustwide/rustup-home" "-e" "CARGO_TARGET_DIR=/opt/rustwide/target" "-w" "/opt/rustwide/workdir" "--user" "0:0" "b1376eda457504ed2f513fc694eb1456ce6258e3bdd0f789a0290cc17c0140b0" "/opt/rustwide/cargo-home/bin/cargo" "+1.100.0-beta.1" "metadata" "--no-deps" "--format-version=1", kill_on_drop: false }`
[INFO] running `Command { std: "docker" "inspect" "b1376eda457504ed2f513fc694eb1456ce6258e3bdd0f789a0290cc17c0140b0", kill_on_drop: false }`
[INFO] running `Command { std: "docker" "exec" "-e" "SOURCE_DIR=/opt/rustwide/workdir" "-e" "CARGO_HOME=/opt/rustwide/cargo-home" "-e" "RUSTUP_HOME=/opt/rustwide/rustup-home" "-e" "CARGO_TARGET_DIR=/opt/rustwide/target" "-e" "CARGO_INCREMENTAL=0" "-e" "RUST_BACKTRACE=full" "-e" "RUSTFLAGS=--cap-lints=warn" "-e" "RUSTDOCFLAGS=--cap-lints=warn" "-w" "/opt/rustwide/workdir" "--user" "0:0" "b1376eda457504ed2f513fc694eb1456ce6258e3bdd0f789a0290cc17c0140b0" "/opt/rustwide/cargo-home/bin/cargo" "+1.100.0-beta.1" "build" "--frozen" "--message-format=json" "--release", kill_on_drop: false }`
[INFO] [stderr]    Compiling find-msvc-tools v0.1.14
[INFO] [stderr]    Compiling cc v1.8.0
[INFO] [stderr]    Compiling dec-number-sys v0.0.28 (/opt/rustwide/workdir)
[INFO] [stderr]     Finished `release` profile [optimized] target(s) in 12.39s
[INFO] running `Command { std: "docker" "inspect" "b1376eda457504ed2f513fc694eb1456ce6258e3bdd0f789a0290cc17c0140b0", kill_on_drop: false }`
[INFO] running `Command { std: "docker" "exec" "-e" "SOURCE_DIR=/opt/rustwide/workdir" "-e" "CARGO_HOME=/opt/rustwide/cargo-home" "-e" "RUSTUP_HOME=/opt/rustwide/rustup-home" "-e" "CARGO_TARGET_DIR=/opt/rustwide/target" "-e" "CARGO_INCREMENTAL=0" "-e" "RUST_BACKTRACE=full" "-e" "RUSTFLAGS=--cap-lints=warn" "-e" "RUSTDOCFLAGS=--cap-lints=warn" "-w" "/opt/rustwide/workdir" "--user" "0:0" "b1376eda457504ed2f513fc694eb1456ce6258e3bdd0f789a0290cc17c0140b0" "/opt/rustwide/cargo-home/bin/cargo" "+1.100.0-beta.1" "test" "--frozen" "--no-run" "--message-format=json" "--release", kill_on_drop: false }`
[INFO] [stderr]    Compiling dec-number-sys v0.0.28 (/opt/rustwide/workdir)
[INFO] [stderr]     Finished `release` profile [optimized] target(s) in 1.43s
[INFO] running `Command { std: "docker" "inspect" "b1376eda457504ed2f513fc694eb1456ce6258e3bdd0f789a0290cc17c0140b0", kill_on_drop: false }`
[INFO] running `Command { std: "docker" "exec" "-e" "SOURCE_DIR=/opt/rustwide/workdir" "-e" "CARGO_HOME=/opt/rustwide/cargo-home" "-e" "RUSTUP_HOME=/opt/rustwide/rustup-home" "-e" "CARGO_TARGET_DIR=/opt/rustwide/target" "-e" "CARGO_INCREMENTAL=0" "-e" "RUST_BACKTRACE=full" "-e" "RUSTFLAGS=--cap-lints=warn" "-e" "RUSTDOCFLAGS=--cap-lints=warn" "-w" "/opt/rustwide/workdir" "--user" "0:0" "b1376eda457504ed2f513fc694eb1456ce6258e3bdd0f789a0290cc17c0140b0" "/opt/rustwide/cargo-home/bin/cargo" "+1.100.0-beta.1" "test" "--frozen" "--release", kill_on_drop: false }`
[INFO] [stderr]     Finished `release` profile [optimized] target(s) in 0.03s
[INFO] [stderr]      Running unittests src/lib.rs (/opt/rustwide/target/release/build/dec-number-sys/62b546c4edb0a07d/out/dec_number_sys-62b546c4edb0a07d)
[INFO] [stderr]      Running tests/dec_common.rs (/opt/rustwide/target/release/build/dec-number-sys/3b8e046fa3cef6d3/out/dec_common-3b8e046fa3cef6d3)
[INFO] [stdout] 
[INFO] [stdout] running 0 tests
[INFO] [stdout] 
[INFO] [stdout] test result: ok. 0 passed; 0 failed; 0 ignored; 0 measured; 0 filtered out; finished in 0.00s
[INFO] [stdout] 
[INFO] [stdout] 
[INFO] [stdout] running 1 test
[INFO] [stdout] test dec_common_bcd ... ok
[INFO] [stderr]      Running tests/dec_context.rs (/opt/rustwide/target/release/build/dec-number-sys/571270eaee23a317/out/dec_context-571270eaee23a317)
[INFO] [stdout] 
[INFO] [stdout] test result: ok. 1 passed; 0 failed; 0 ignored; 0 measured; 0 filtered out; finished in 0.00s
[INFO] [stdout] 
[INFO] [stdout] 
[INFO] [stdout] running 9 tests
[INFO] [stdout] test test_dec_context_decimal_64_002 ... ok
[INFO] [stdout] test test_dec_context_decimal_128_002 ... ok
[INFO] [stdout] test test_dec_context_decimal_32_002 ... ok
[INFO] [stdout] test test_dec_context_decimal_base ... ok
[INFO] [stdout] test test_dec_context_decimal_32_001 ... ok
[INFO] [stdout] test test_dec_context_decimal_64_001 ... ok
[INFO] [stdout] test test_dec_context_clone ... ok
[INFO] [stdout] test test_dec_context_zero_status ... ok
[INFO] [stdout] test test_dec_context_decimal_128_001 ... ok
[INFO] [stdout] 
[INFO] [stdout] test result: ok. 9 passed; 0 failed; 0 ignored; 0 measured; 0 filtered out; finished in 0.01s
[INFO] [stdout] 
[INFO] [stderr]      Running tests/dec_conversion.rs (/opt/rustwide/target/release/build/dec-number-sys/46fab02f6d5ea9ab/out/dec_conversion-46fab02f6d5ea9ab)
[INFO] [stdout] 
[INFO] [stdout] running 6 tests
[INFO] [stdout] test test_decimal128_from_number ... ok
[INFO] [stdout] test test_decimal64_to_number ... ok
[INFO] [stdout] test test_decimal64_from_number ... ok
[INFO] [stdout] test test_decimal32_to_number ... ok
[INFO] [stderr]      Running tests/dec_double.rs (/opt/rustwide/target/release/build/dec-number-sys/5aa29381e32075a7/out/dec_double-5aa29381e32075a7)
[INFO] [stdout] test test_decimal128_to_number ... ok
[INFO] [stdout] test test_decimal32_from_number ... ok
[INFO] [stdout] 
[INFO] [stdout] test result: ok. 6 passed; 0 failed; 0 ignored; 0 measured; 0 filtered out; finished in 0.01s
[INFO] [stdout] 
[INFO] [stdout] 
[INFO] [stdout] running 4 tests
[INFO] [stderr]      Running tests/dec_number.rs (/opt/rustwide/target/release/build/dec-number-sys/200ddb22a720c996/out/dec_number-200ddb22a720c996)
[INFO] [stdout] test test_dec_double_add ... ok
[INFO] [stdout] test test_dec_double_zero ... ok
[INFO] [stdout] test test_dec_double_copy_clone ... ok
[INFO] [stdout] test test_dec_double_constants ... ok
[INFO] [stdout] 
[INFO] [stdout] test result: ok. 4 passed; 0 failed; 0 ignored; 0 measured; 0 filtered out; finished in 0.00s
[INFO] [stdout] 
[INFO] [stdout] 
[INFO] [stdout] running 22 tests
[INFO] [stdout] test test_dec_number_add ... ok
[INFO] [stderr]      Running tests/dec_quad.rs (/opt/rustwide/target/release/build/dec-number-sys/89c946a52023e514/out/dec_quad-89c946a52023e514)
[INFO] [stdout] test test_dec_number_divide ... ok
[INFO] [stdout] test test_dec_number_from_i32 ... ok
[INFO] [stdout] test test_dec_number_from_u32 ... ok
[INFO] [stdout] test test_dec_number_is_zero ... ok
[INFO] [stdout] test test_dec_number_is_negative ... ok
[INFO] [stdout] test test_dec_number_exp ... ok
[INFO] [stdout] test test_dec_number_compare ... ok
[INFO] [stdout] test test_dec_number_ln ... ok
[INFO] [stdout] test test_dec_number_reduce ... ok
[INFO] [stdout] test test_dec_number_plus ... ok
[INFO] [stdout] test test_dec_number_quantize ... ok
[INFO] [stdout] test test_dec_number_rescale ... ok
[INFO] [stdout] test test_dec_number_scale_b ... ok
[INFO] [stdout] test test_dec_number_subtract ... ok
[INFO] [stdout] test test_dec_number_square_root ... ok
[INFO] [stdout] test test_dec_number_zero ... ok
[INFO] [stdout] test test_dec_number_copy_clone ... ok
[INFO] [stdout] test test_dec_quad_constants ... ok
[INFO] [stdout] test test_dec_number_multiply ... ok
[INFO] [stdout] test test_dec_number_power ... ok
[INFO] [stdout] test test_dec_number_minus ... ok
[INFO] [stdout] 
[INFO] [stdout] test result: ok. 22 passed; 0 failed; 0 ignored; 0 measured; 0 filtered out; finished in 0.00s
[INFO] [stdout] 
[INFO] [stdout] 
[INFO] [stdout] running 48 tests
[INFO] [stdout] test test_dec_quad_canonical ... ok
[INFO] [stdout] test test_dec_quad_compare_signal ... ok
[INFO] [stdout] test test_dec_quad_compare_total ... ok
[INFO] [stdout] test test_dec_quad_add ... ok
[INFO] [stdout] test test_dec_quad_copy ... ok
[INFO] [stdout] test test_dec_quad_copy_abs ... ok
[INFO] [stdout] test test_dec_quad_copy_clone ... ok
[INFO] [stdout] test test_dec_quad_divide_integer ... ok
[INFO] [stdout] test test_dec_quad_copy_negate ... ok
[INFO] [stdout] test test_dec_quad_divide_fma ... ok
[INFO] [stdout] test test_dec_quad_divide ... ok
[INFO] [stdout] test test_dec_quad_from_i32 ... ok
[INFO] [stdout] test test_dec_quad_from_u32 ... ok
[INFO] [stdout] test test_dec_quad_and ... ok
[INFO] [stdout] test test_dec_quad_compare ... ok
[INFO] [stdout] test test_dec_quad_is_canonical ... ok
[INFO] [stdout] test test_dec_quad_abs ... ok
[INFO] [stdout] test test_dec_quad_is_finite ... ok
[INFO] [stdout] test test_dec_quad_get_coefficient ... ok
[INFO] [stdout] test test_dec_quad_invert ... ok
[INFO] [stdout] test test_dec_quad_is_logical ... ok
[INFO] [stdout] test test_dec_quad_is_signaling ... ok
[INFO] [stdout] test test_dec_quad_is_normal ... ok
[INFO] [stdout] test test_dec_quad_is_negative ... ok
[INFO] [stdout] test test_dec_quad_is_positive ... ok
[INFO] [stdout] test test_dec_quad_is_nan ... ok
[INFO] [stdout] test test_dec_quad_get_exponent ... FAILED
[INFO] [stdout] test test_dec_quad_is_integer ... ok
[INFO] [stdout] test test_dec_quad_compare_total_mag ... ok
[INFO] [stdout] test test_dec_quad_from_bcd ... ok
[INFO] [stdout] test test_dec_quad_constants ... ok
[INFO] [stdout] test test_dec_quad_remainder ... ok
[INFO] [stdout] test test_dec_quad_scale_b ... ok
[INFO] [stdout] test test_dec_quad_to_int32 ... ok
[INFO] [stdout] test test_dec_quad_to_integral_value ... ok
[INFO] [stdout] test test_dec_quad_zero ... ok
[INFO] [stdout] test test_dec_quad_to_uint32 ... ok
[INFO] [stderr] error: test failed, to rerun pass `--test dec_quad`
[INFO] [stdout] test test_dec_quad_is_zero ... ok
[INFO] [stdout] test test_dec_quad_minus ... ok
[INFO] [stdout] test test_dec_quad_copy_sign ... ok
[INFO] [stdout] test test_dec_quad_digits ... ok
[INFO] [stdout] test test_dec_quad_is_infinite ... ok
[INFO] [stdout] test test_dec_quad_quantize ... ok
[INFO] [stdout] test test_dec_quad_is_signalling ... ok
[INFO] [stdout] test test_dec_quad_multiply ... ok
[INFO] [stdout] test test_dec_quad_plus ... ok
[INFO] [stdout] test test_dec_quad_reduce ... ok
[INFO] [stdout] test test_dec_quad_subtract ... ok
[INFO] [stdout] 
[INFO] [stdout] failures:
[INFO] [stdout] 
[INFO] [stdout] ---- test_dec_quad_get_exponent stdout ----
[INFO] [stdout] 
[INFO] [stdout] thread 'test_dec_quad_get_exponent' (498) panicked at tests/dec_quad.rs:296:3:
[INFO] [stdout] assertion `left == right` failed
[INFO] [stdout]   left: "4.0000000000000000000000E-6154"
[INFO] [stdout]  right: "8.85172068180400000000000000000000E-6143"
[INFO] [stdout] stack backtrace:
[INFO] [stdout]    0:     0x60f3c8722201 - <<std[617be2ca0a6fd877]::sys::backtrace::BacktraceLock>::print::DisplayBacktrace as core[a373ad73a504971]::fmt::Display>::fmt
[INFO] [stdout]    1:     0x60f3c873621a - core[a373ad73a504971]::fmt::write
[INFO] [stdout]    2:     0x60f3c872641c - <alloc[2e1b2a31b91974c5]::vec::Vec<u8> as core[a373ad73a504971]::io::write::Write>::write_fmt
[INFO] [stdout]    3:     0x60f3c86fe666 - std[617be2ca0a6fd877]::panicking::default_hook::{closure#0}
[INFO] [stdout]    4:     0x60f3c871a899 - std[617be2ca0a6fd877]::panicking::default_hook
[INFO] [stdout]    5:     0x60f3c86ac580 - test[aada8e7e76ba119b]::test_main_inner::{closure#0}
[INFO] [stdout]    6:     0x60f3c871aa52 - std[617be2ca0a6fd877]::panicking::panic_with_hook
[INFO] [stdout]    7:     0x60f3c86fe712 - std[617be2ca0a6fd877]::panicking::panic_handler::{closure#0}
[INFO] [stdout]    8:     0x60f3c86f7429 - std[617be2ca0a6fd877]::sys::backtrace::__rust_end_short_backtrace::<std[617be2ca0a6fd877]::panicking::panic_handler::{closure#0}, !>
[INFO] [stdout]    9:     0x60f3c86ff31d - __rustc[ea4f61d10b84890b]::rust_begin_unwind
[INFO] [stdout]   10:     0x60f3c873694c - core[a373ad73a504971]::panicking::panic_fmt
[INFO] [stdout]   11:     0x60f3c8736863 - core[a373ad73a504971]::panicking::assert_failed_inner
[INFO] [stdout]   12:     0x60f3c869939e - core[a373ad73a504971]::panicking::assert_failed::<&str, alloc[2e1b2a31b91974c5]::string::String>
[INFO] [stdout]   13:     0x60f3c869e26a - <dec_quad[c86d5d57422f8d4f]::test_dec_quad_get_exponent::{closure#0} as core[a373ad73a504971]::ops::function::FnOnce<()>>::call_once
[INFO] [stdout]   14:     0x60f3c869f9cb - test[aada8e7e76ba119b]::__rust_begin_short_backtrace::<core[a373ad73a504971]::result::Result<(), alloc[2e1b2a31b91974c5]::string::String>, fn() -> core[a373ad73a504971]::result::Result<(), alloc[2e1b2a31b91974c5]::string::String>>
[INFO] [stdout]   15:     0x60f3c86acba5 - test[aada8e7e76ba119b]::run_test::{closure#0}
[INFO] [stdout]   16:     0x60f3c86a6494 - std[617be2ca0a6fd877]::sys::backtrace::__rust_begin_short_backtrace::<test[aada8e7e76ba119b]::run_test::{closure#1}, ()>
[INFO] [stdout]   17:     0x60f3c86afc32 - <std[617be2ca0a6fd877]::thread::lifecycle::spawn_unchecked<test[aada8e7e76ba119b]::run_test::{closure#1}, ()>::{closure#1} as core[a373ad73a504971]::ops::function::FnOnce<()>>::call_once::{shim:vtable#0}
[INFO] [stdout]   18:     0x60f3c8721a5f - <std[617be2ca0a6fd877]::sys::thread::unix::Thread>::new::thread_start
[INFO] [stdout]   19:     0x72b372f50dfa - <unknown>
[INFO] [stdout]   20:     0x72b372fe43d4 - clone
[INFO] [stdout]   21:                0x0 - <unknown>
[INFO] [stdout] 
[INFO] [stdout] 
[INFO] [stdout] failures:
[INFO] [stdout]     test_dec_quad_get_exponent
[INFO] [stdout] 
[INFO] [stdout] test result: FAILED. 47 passed; 1 failed; 0 ignored; 0 measured; 0 filtered out; finished in 0.02s
[INFO] [stdout] 
[INFO] running `Command { std: "docker" "inspect" "b1376eda457504ed2f513fc694eb1456ce6258e3bdd0f789a0290cc17c0140b0", kill_on_drop: false }`
[INFO] running `Command { std: "docker" "rm" "-f" "b1376eda457504ed2f513fc694eb1456ce6258e3bdd0f789a0290cc17c0140b0", kill_on_drop: false }`
[INFO] [stdout] b1376eda457504ed2f513fc694eb1456ce6258e3bdd0f789a0290cc17c0140b0
